[INFO] fetching crate miniserde-miku 0.1.23...
[INFO] testing miniserde-miku-0.1.23 against 1.75.0 for beta-1.76-1
[INFO] extracting crate miniserde-miku 0.1.23 into /workspace/builds/worker-4-tc1/source
[INFO] validating manifest of crates.io crate miniserde-miku 0.1.23 on toolchain 1.75.0
[INFO] running `Command { std: CARGO_HOME="/workspace/cargo-home" RUSTUP_HOME="/workspace/rustup-home" "/workspace/cargo-home/bin/cargo" "+1.75.0" "metadata" "--manifest-path" "Cargo.toml" "--no-deps", kill_on_drop: false }`
[INFO] started tweaking crates.io crate miniserde-miku 0.1.23
[INFO] finished tweaking crates.io crate miniserde-miku 0.1.23
[INFO] tweaked toml for crates.io crate miniserde-miku 0.1.23 written to /workspace/builds/worker-4-tc1/source/Cargo.toml
[INFO] running `Command { std: CARGO_HOME="/workspace/cargo-home" RUSTUP_HOME="/workspace/rustup-home" "/workspace/cargo-home/bin/cargo" "+1.75.0" "generate-lockfile" "--manifest-path" "Cargo.toml", kill_on_drop: false }`
[INFO] [stderr]     Updating crates.io index
[INFO] running `Command { std: CARGO_HOME="/workspace/cargo-home" RUSTUP_HOME="/workspace/rustup-home" "/workspace/cargo-home/bin/cargo" "+1.75.0" "fetch" "--manifest-path" "Cargo.toml", kill_on_drop: false }`
[INFO] [stderr]  Downloading crates ...
[INFO] [stderr]   Downloaded mini-internal-miku v0.1.23
[INFO] [stderr]   Downloaded automod v1.0.14
[INFO] running `Command { std: "docker" "create" "-v" "/var/lib/crater-agent-workspace/builds/worker-4-tc1/target:/opt/rustwide/target:rw,Z" "-v" "/var/lib/crater-agent-workspace/builds/worker-4-tc1/source:/opt/rustwide/workdir:ro,Z" "-v" "/var/lib/crater-agent-workspace/cargo-home:/opt/rustwide/cargo-home:ro,Z" "-v" "/var/lib/crater-agent-workspace/rustup-home:/opt/rustwide/rustup-home:ro,Z" "-e" "SOURCE_DIR=/opt/rustwide/workdir" "-e" "CARGO_TARGET_DIR=/opt/rustwide/target" "-e" "CARGO_HOME=/opt/rustwide/cargo-home" "-e" "RUSTUP_HOME=/opt/rustwide/rustup-home" "-w" "/opt/rustwide/workdir" "-m" "1610612736" "--user" "0:0" "--network" "none" "ghcr.io/rust-lang/crates-build-env/linux@sha256:2788e3201cd34a07e3172128adcd8b3090168a8e3bcc40d7c032b9dda1df7d1c" "/opt/rustwide/cargo-home/bin/cargo" "+1.75.0" "metadata" "--no-deps" "--format-version=1", kill_on_drop: false }`
[INFO] [stdout] 3353b260e3fab114bf8b525021822504dc38891b9fbe3ca30263d9c40cdba652
[INFO] running `Command { std: "docker" "start" "-a" "3353b260e3fab114bf8b525021822504dc38891b9fbe3ca30263d9c40cdba652", kill_on_drop: false }`
[INFO] running `Command { std: "docker" "inspect" "3353b260e3fab114bf8b525021822504dc38891b9fbe3ca30263d9c40cdba652", kill_on_drop: false }`
[INFO] running `Command { std: "docker" "rm" "-f" "3353b260e3fab114bf8b525021822504dc38891b9fbe3ca30263d9c40cdba652", kill_on_drop: false }`
[INFO] [stdout] 3353b260e3fab114bf8b525021822504dc38891b9fbe3ca30263d9c40cdba652
[INFO] running `Command { std: "docker" "create" "-v" "/var/lib/crater-agent-workspace/builds/worker-4-tc1/target:/opt/rustwide/target:rw,Z" "-v" "/var/lib/crater-agent-workspace/builds/worker-4-tc1/source:/opt/rustwide/workdir:ro,Z" "-v" "/var/lib/crater-agent-workspace/cargo-home:/opt/rustwide/cargo-home:ro,Z" "-v" "/var/lib/crater-agent-workspace/rustup-home:/opt/rustwide/rustup-home:ro,Z" "-e" "SOURCE_DIR=/opt/rustwide/workdir" "-e" "CARGO_TARGET_DIR=/opt/rustwide/target" "-e" "CARGO_INCREMENTAL=0" "-e" "RUST_BACKTRACE=full" "-e" "RUSTFLAGS=--cap-lints=warn" "-e" "RUSTDOCFLAGS=--cap-lints=warn" "-e" "CARGO_HOME=/opt/rustwide/cargo-home" "-e" "RUSTUP_HOME=/opt/rustwide/rustup-home" "-w" "/opt/rustwide/workdir" "-m" "1610612736" "--user" "0:0" "--network" "none" "ghcr.io/rust-lang/crates-build-env/linux@sha256:2788e3201cd34a07e3172128adcd8b3090168a8e3bcc40d7c032b9dda1df7d1c" "/opt/rustwide/cargo-home/bin/cargo" "+1.75.0" "build" "--frozen" "--message-format=json", kill_on_drop: false }`
[INFO] [stdout] 518476fd7857809eb29a14772d0c714efad275805459bba180e9cf9f58199757
[INFO] running `Command { std: "docker" "start" "-a" "518476fd7857809eb29a14772d0c714efad275805459bba180e9cf9f58199757", kill_on_drop: false }`
[INFO] [stderr]    Compiling ryu v1.0.16
[INFO] [stderr]    Compiling itoa v1.0.10
[INFO] [stderr]    Compiling arrayvec v0.7.4
[INFO] [stderr]    Compiling syn v1.0.109
[INFO] [stderr]    Compiling mini-internal-miku v0.1.23
[INFO] [stderr]    Compiling miniserde-miku v0.1.23 (/opt/rustwide/workdir)
[INFO] [stderr]     Finished dev [unoptimized + debuginfo] target(s) in 3.52s
[INFO] running `Command { std: "docker" "inspect" "518476fd7857809eb29a14772d0c714efad275805459bba180e9cf9f58199757", kill_on_drop: false }`
[INFO] running `Command { std: "docker" "rm" "-f" "518476fd7857809eb29a14772d0c714efad275805459bba180e9cf9f58199757", kill_on_drop: false }`
[INFO] [stdout] 518476fd7857809eb29a14772d0c714efad275805459bba180e9cf9f58199757
[INFO] running `Command { std: "docker" "create" "-v" "/var/lib/crater-agent-workspace/builds/worker-4-tc1/target:/opt/rustwide/target:rw,Z" "-v" "/var/lib/crater-agent-workspace/builds/worker-4-tc1/source:/opt/rustwide/workdir:ro,Z" "-v" "/var/lib/crater-agent-workspace/cargo-home:/opt/rustwide/cargo-home:ro,Z" "-v" "/var/lib/crater-agent-workspace/rustup-home:/opt/rustwide/rustup-home:ro,Z" "-e" "SOURCE_DIR=/opt/rustwide/workdir" "-e" "CARGO_TARGET_DIR=/opt/rustwide/target" "-e" "CARGO_INCREMENTAL=0" "-e" "RUST_BACKTRACE=full" "-e" "RUSTFLAGS=--cap-lints=warn" "-e" "RUSTDOCFLAGS=--cap-lints=warn" "-e" "CARGO_HOME=/opt/rustwide/cargo-home" "-e" "RUSTUP_HOME=/opt/rustwide/rustup-home" "-w" "/opt/rustwide/workdir" "-m" "1610612736" "--user" "0:0" "--network" "none" "ghcr.io/rust-lang/crates-build-env/linux@sha256:2788e3201cd34a07e3172128adcd8b3090168a8e3bcc40d7c032b9dda1df7d1c" "/opt/rustwide/cargo-home/bin/cargo" "+1.75.0" "test" "--frozen" "--no-run" "--message-format=json", kill_on_drop: false }`
[INFO] [stdout] 8fa9c13a61ec0e8f27d153167228392e503d69059459ce512376f967fdf53c2e
[INFO] running `Command { std: "docker" "start" "-a" "8fa9c13a61ec0e8f27d153167228392e503d69059459ce512376f967fdf53c2e", kill_on_drop: false }`
[INFO] [stderr]    Compiling serde v1.0.194
[INFO] [stderr]    Compiling serde_json v1.0.111
[INFO] [stderr]    Compiling trybuild v1.0.87
[INFO] [stderr]    Compiling rustversion v1.0.14
[INFO] [stderr]    Compiling once_cell v1.19.0
[INFO] [stderr]    Compiling termcolor v1.4.0
[INFO] [stderr]    Compiling dissimilar v1.0.7
[INFO] [stderr]    Compiling glob v0.3.1
[INFO] [stderr]    Compiling automod v1.0.14
[INFO] [stderr]    Compiling basic-toml v0.1.8
[INFO] [stderr]    Compiling miniserde-miku v0.1.23 (/opt/rustwide/workdir)
[INFO] [stdout] error[E0432]: unresolved import `miniserde`
[INFO] [stdout]  --> tests/test_number.rs:1:5
[INFO] [stdout]   |
[INFO] [stdout] 1 | use miniserde::json;
[INFO] [stdout]   |     ^^^^^^^^^ use of undeclared crate or module `miniserde`
[INFO] [stdout] 
[INFO] [stdout] 
[INFO] [stdout] error[E0433]: failed to resolve: use of undeclared crate or module `miniserde`
[INFO] [stdout]  --> tests/test_nested.rs:1:5
[INFO] [stdout]   |
[INFO] [stdout] 1 | use miniserde::json::{self, Value};
[INFO] [stdout]   |     ^^^^^^^^^ use of undeclared crate or module `miniserde`
[INFO] [stdout] 
[INFO] [stdout] 
[INFO] [stdout] error[E0432]: unresolved import `miniserde`
[INFO] [stdout]  --> tests/test_nested.rs:1:5
[INFO] [stdout]   |
[INFO] [stdout] 1 | use miniserde::json::{self, Value};
[INFO] [stdout]   |     ^^^^^^^^^ use of undeclared crate or module `miniserde`
[INFO] [stdout] 
[INFO] [stdout] 
[INFO] [stdout] error: aborting due to previous error
[INFO] [stdout] 
[INFO] [stdout] 
[INFO] [stdout] error[E0432]: unresolved import `miniserde`
[INFO] [stdout]  --> tests/test_derive.rs:1:5
[INFO] [stdout]   |
[INFO] [stdout] 1 | use miniserde::{json, Deserialize, Serialize};
[INFO] [stdout]   |     ^^^^^^^^^ use of undeclared crate or module `miniserde`
[INFO] [stdout] 
[INFO] [stdout] 
[INFO] [stdout] For more information about this error, try `rustc --explain E0432`.
[INFO] [stdout] 
[INFO] [stdout] error: cannot determine resolution for the derive macro `Serialize`
[INFO] [stdout]  --> tests/test_derive.rs:3:28
[INFO] [stdout]   |
[INFO] [stdout] 3 | #[derive(PartialEq, Debug, Serialize, Deserialize)]
[INFO] [stdout]   |                            ^^^^^^^^^
[INFO] [stdout]   |
[INFO] [stdout]   = note: import resolution is stuck, try simplifying macro imports
[INFO] [stdout] 
[INFO] [stdout] 
[INFO] [stderr] error: could not compile `miniserde-miku` (test "test_number") due to 2 previous errors
[INFO] [stderr] warning: build failed, waiting for other jobs to finish...
[INFO] [stdout] error: cannot determine resolution for the derive macro `Deserialize`
[INFO] [stdout]  --> tests/test_derive.rs:3:39
[INFO] [stdout]   |
[INFO] [stdout] 3 | #[derive(PartialEq, Debug, Serialize, Deserialize)]
[INFO] [stdout]   |                                       ^^^^^^^^^^^
[INFO] [stdout]   |
[INFO] [stdout]   = note: import resolution is stuck, try simplifying macro imports
[INFO] [stdout] 
[INFO] [stdout] 
[INFO] [stdout] error: aborting due to 2 previous errors
[INFO] [stdout] 
[INFO] [stdout] 
[INFO] [stdout] Some errors have detailed explanations: E0432, E0433.
[INFO] [stdout] 
[INFO] [stdout] For more information about an error, try `rustc --explain E0432`.
[INFO] [stdout] 
[INFO] [stdout] error: cannot find attribute `serde` in this scope
[INFO] [stdout]  --> tests/test_derive.rs:6:7
[INFO] [stdout]   |
[INFO] [stdout] 6 |     #[serde(rename = "renamedB")]
[INFO] [stdout]   |       ^^^^^
[INFO] [stdout]   |
[INFO] [stdout]   = note: `serde` is in scope, but it is a crate, not an attribute
[INFO] [stdout] 
[INFO] [stdout] 
[INFO] [stdout] error: cannot determine resolution for the derive macro `Serialize`
[INFO] [stdout]   --> tests/test_derive.rs:10:28
[INFO] [stdout]    |
[INFO] [stdout] 10 | #[derive(PartialEq, Debug, Serialize, Deserialize)]
[INFO] [stdout]    |                            ^^^^^^^^^
[INFO] [stdout]    |
[INFO] [stdout]    = note: import resolution is stuck, try simplifying macro imports
[INFO] [stdout] 
[INFO] [stdout] 
[INFO] [stdout] error: cannot determine resolution for the derive macro `Deserialize`
[INFO] [stdout]   --> tests/test_derive.rs:10:39
[INFO] [stdout]    |
[INFO] [stdout] 10 | #[derive(PartialEq, Debug, Serialize, Deserialize)]
[INFO] [stdout]    |                                       ^^^^^^^^^^^
[INFO] [stdout]    |
[INFO] [stdout]    = note: import resolution is stuck, try simplifying macro imports
[INFO] [stdout] 
[INFO] [stdout] 
[INFO] [stdout] error: cannot determine resolution for the derive macro `Serialize`
[INFO] [stdout]   --> tests/test_derive.rs:18:28
[INFO] [stdout]    |
[INFO] [stdout] 18 | #[derive(PartialEq, Debug, Serialize, Deserialize)]
[INFO] [stdout]    |                            ^^^^^^^^^
[INFO] [stdout]    |
[INFO] [stdout]    = note: import resolution is stuck, try simplifying macro imports
[INFO] [stdout] 
[INFO] [stdout] 
[INFO] [stdout] error: cannot determine resolution for the derive macro `Deserialize`
[INFO] [stdout]   --> tests/test_derive.rs:18:39
[INFO] [stdout]    |
[INFO] [stdout] 18 | #[derive(PartialEq, Debug, Serialize, Deserialize)]
[INFO] [stdout]    |                                       ^^^^^^^^^^^
[INFO] [stdout]    |
[INFO] [stdout]    = note: import resolution is stuck, try simplifying macro imports
[INFO] [stdout] 
[INFO] [stdout] 
[INFO] [stderr] error: could not compile `miniserde-miku` (test "test_nested") due to 3 previous errors
[INFO] [stdout] error[E0432]: unresolved import `miniserde`
[INFO] [stdout]  --> tests/regression/issue9.rs:1:5
[INFO] [stdout]   |
[INFO] [stdout] 1 | use miniserde::json;
[INFO] [stdout]   |     ^^^^^^^^^ use of undeclared crate or module `miniserde`
[INFO] [stdout] 
[INFO] [stdout] 
[INFO] [stdout] error[E0432]: unresolved import `miniserde`
[INFO] [stdout]  --> tests/regression/issue24.rs:1:5
[INFO] [stdout]   |
[INFO] [stdout] 1 | use miniserde::{json, Deserialize};
[INFO] [stdout]   |     ^^^^^^^^^ use of undeclared crate or module `miniserde`
[INFO] [stdout] 
[INFO] [stdout] 
[INFO] [stdout] error: cannot determine resolution for the derive macro `Deserialize`
[INFO] [stdout]  --> tests/regression/issue24.rs:3:10
[INFO] [stdout]   |
[INFO] [stdout] 3 | #[derive(Deserialize)]
[INFO] [stdout]   |          ^^^^^^^^^^^
[INFO] [stdout]   |
[INFO] [stdout]   = note: import resolution is stuck, try simplifying macro imports
[INFO] [stdout] 
[INFO] [stdout] 
[INFO] [stdout] error: aborting due to 3 previous errors
[INFO] [stdout] 
[INFO] [stdout] 
[INFO] [stdout] For more information about this error, try `rustc --explain E0432`.
[INFO] [stdout] 
[INFO] [stderr] error: could not compile `miniserde-miku` (test "regression") due to 4 previous errors
[INFO] [stdout] error: aborting due to 8 previous errors
[INFO] [stdout] 
[INFO] [stdout] 
[INFO] [stdout] For more information about this error, try `rustc --explain E0432`.
[INFO] [stdout] 
[INFO] [stderr] error: could not compile `miniserde-miku` (test "test_derive") due to 9 previous errors
[INFO] running `Command { std: "docker" "inspect" "8fa9c13a61ec0e8f27d153167228392e503d69059459ce512376f967fdf53c2e", kill_on_drop: false }`
[INFO] running `Command { std: "docker" "rm" "-f" "8fa9c13a61ec0e8f27d153167228392e503d69059459ce512376f967fdf53c2e", kill_on_drop: false }`
[INFO] [stdout] 8fa9c13a61ec0e8f27d153167228392e503d69059459ce512376f967fdf53c2e
