[INFO] fetching crate microdsp 0.1.2...
[INFO] testing microdsp-0.1.2 against 1.75.0 for beta-1.76-1
[INFO] extracting crate microdsp 0.1.2 into /workspace/builds/worker-3-tc1/source
[INFO] validating manifest of crates.io crate microdsp 0.1.2 on toolchain 1.75.0
[INFO] running `Command { std: CARGO_HOME="/workspace/cargo-home" RUSTUP_HOME="/workspace/rustup-home" "/workspace/cargo-home/bin/cargo" "+1.75.0" "metadata" "--manifest-path" "Cargo.toml" "--no-deps", kill_on_drop: false }`
[INFO] started tweaking crates.io crate microdsp 0.1.2
[INFO] finished tweaking crates.io crate microdsp 0.1.2
[INFO] tweaked toml for crates.io crate microdsp 0.1.2 written to /workspace/builds/worker-3-tc1/source/Cargo.toml
[INFO] crate crates.io crate microdsp 0.1.2 already has a lockfile, it will not be regenerated
[INFO] running `Command { std: CARGO_HOME="/workspace/cargo-home" RUSTUP_HOME="/workspace/rustup-home" "/workspace/cargo-home/bin/cargo" "+1.75.0" "fetch" "--manifest-path" "Cargo.toml", kill_on_drop: false }`
[INFO] [stderr]     Updating crates.io index
[INFO] [stderr]  Downloading crates ...
[INFO] [stderr]   Downloaded criterion v0.3.5
[INFO] [stderr]   Downloaded criterion-plot v0.4.4
[INFO] [stderr]   Downloaded microfft v0.4.0
[INFO] [stderr]   Downloaded crossbeam-epoch v0.9.6
[INFO] [stderr]   Downloaded plotters-backend v0.3.2
[INFO] [stderr]   Downloaded semver v1.0.4
[INFO] [stderr]   Downloaded micromath v2.0.0
[INFO] [stderr]   Downloaded num-complex v0.4.0
[INFO] [stderr]   Downloaded plotters-svg v0.3.1
[INFO] [stderr]   Downloaded plotters v0.3.1
[INFO] running `Command { std: "docker" "create" "-v" "/var/lib/crater-agent-workspace/builds/worker-3-tc1/target:/opt/rustwide/target:rw,Z" "-v" "/var/lib/crater-agent-workspace/builds/worker-3-tc1/source:/opt/rustwide/workdir:ro,Z" "-v" "/var/lib/crater-agent-workspace/cargo-home:/opt/rustwide/cargo-home:ro,Z" "-v" "/var/lib/crater-agent-workspace/rustup-home:/opt/rustwide/rustup-home:ro,Z" "-e" "SOURCE_DIR=/opt/rustwide/workdir" "-e" "CARGO_TARGET_DIR=/opt/rustwide/target" "-e" "CARGO_HOME=/opt/rustwide/cargo-home" "-e" "RUSTUP_HOME=/opt/rustwide/rustup-home" "-w" "/opt/rustwide/workdir" "-m" "1610612736" "--user" "0:0" "--network" "none" "ghcr.io/rust-lang/crates-build-env/linux@sha256:2788e3201cd34a07e3172128adcd8b3090168a8e3bcc40d7c032b9dda1df7d1c" "/opt/rustwide/cargo-home/bin/cargo" "+1.75.0" "metadata" "--no-deps" "--format-version=1", kill_on_drop: false }`
[INFO] [stdout] cb7a392bdf3ea1d49f6a81c4093000b7478a7db9639bc03f62d9a4bc04b9d36c
[INFO] running `Command { std: "docker" "start" "-a" "cb7a392bdf3ea1d49f6a81c4093000b7478a7db9639bc03f62d9a4bc04b9d36c", kill_on_drop: false }`
[INFO] running `Command { std: "docker" "inspect" "cb7a392bdf3ea1d49f6a81c4093000b7478a7db9639bc03f62d9a4bc04b9d36c", kill_on_drop: false }`
[INFO] running `Command { std: "docker" "rm" "-f" "cb7a392bdf3ea1d49f6a81c4093000b7478a7db9639bc03f62d9a4bc04b9d36c", kill_on_drop: false }`
[INFO] [stdout] cb7a392bdf3ea1d49f6a81c4093000b7478a7db9639bc03f62d9a4bc04b9d36c
[INFO] running `Command { std: "docker" "create" "-v" "/var/lib/crater-agent-workspace/builds/worker-3-tc1/target:/opt/rustwide/target:rw,Z" "-v" "/var/lib/crater-agent-workspace/builds/worker-3-tc1/source:/opt/rustwide/workdir:ro,Z" "-v" "/var/lib/crater-agent-workspace/cargo-home:/opt/rustwide/cargo-home:ro,Z" "-v" "/var/lib/crater-agent-workspace/rustup-home:/opt/rustwide/rustup-home:ro,Z" "-e" "SOURCE_DIR=/opt/rustwide/workdir" "-e" "CARGO_TARGET_DIR=/opt/rustwide/target" "-e" "CARGO_INCREMENTAL=0" "-e" "RUST_BACKTRACE=full" "-e" "RUSTFLAGS=--cap-lints=warn" "-e" "RUSTDOCFLAGS=--cap-lints=warn" "-e" "CARGO_HOME=/opt/rustwide/cargo-home" "-e" "RUSTUP_HOME=/opt/rustwide/rustup-home" "-w" "/opt/rustwide/workdir" "-m" "1610612736" "--user" "0:0" "--network" "none" "ghcr.io/rust-lang/crates-build-env/linux@sha256:2788e3201cd34a07e3172128adcd8b3090168a8e3bcc40d7c032b9dda1df7d1c" "/opt/rustwide/cargo-home/bin/cargo" "+1.75.0" "build" "--frozen" "--message-format=json", kill_on_drop: false }`
[INFO] [stdout] a48cfa3b844611999d9dc4be2da675bcdc6237c99a2cc9abe6698060470737fb
[INFO] running `Command { std: "docker" "start" "-a" "a48cfa3b844611999d9dc4be2da675bcdc6237c99a2cc9abe6698060470737fb", kill_on_drop: false }`
[INFO] [stderr]    Compiling autocfg v1.0.1
[INFO] [stderr]    Compiling static_assertions v1.1.0
[INFO] [stderr]    Compiling micromath v2.0.0
[INFO] [stderr]    Compiling num-traits v0.2.14
[INFO] [stderr]    Compiling num-complex v0.4.0
[INFO] [stderr]    Compiling microfft v0.4.0
[INFO] [stderr]    Compiling microdsp v0.1.2 (/opt/rustwide/workdir)
[INFO] [stderr]     Finished dev [unoptimized + debuginfo] target(s) in 1.05s
[INFO] running `Command { std: "docker" "inspect" "a48cfa3b844611999d9dc4be2da675bcdc6237c99a2cc9abe6698060470737fb", kill_on_drop: false }`
[INFO] running `Command { std: "docker" "rm" "-f" "a48cfa3b844611999d9dc4be2da675bcdc6237c99a2cc9abe6698060470737fb", kill_on_drop: false }`
[INFO] [stdout] a48cfa3b844611999d9dc4be2da675bcdc6237c99a2cc9abe6698060470737fb
[INFO] running `Command { std: "docker" "create" "-v" "/var/lib/crater-agent-workspace/builds/worker-3-tc1/target:/opt/rustwide/target:rw,Z" "-v" "/var/lib/crater-agent-workspace/builds/worker-3-tc1/source:/opt/rustwide/workdir:ro,Z" "-v" "/var/lib/crater-agent-workspace/cargo-home:/opt/rustwide/cargo-home:ro,Z" "-v" "/var/lib/crater-agent-workspace/rustup-home:/opt/rustwide/rustup-home:ro,Z" "-e" "SOURCE_DIR=/opt/rustwide/workdir" "-e" "CARGO_TARGET_DIR=/opt/rustwide/target" "-e" "CARGO_INCREMENTAL=0" "-e" "RUST_BACKTRACE=full" "-e" "RUSTFLAGS=--cap-lints=warn" "-e" "RUSTDOCFLAGS=--cap-lints=warn" "-e" "CARGO_HOME=/opt/rustwide/cargo-home" "-e" "RUSTUP_HOME=/opt/rustwide/rustup-home" "-w" "/opt/rustwide/workdir" "-m" "1610612736" "--user" "0:0" "--network" "none" "ghcr.io/rust-lang/crates-build-env/linux@sha256:2788e3201cd34a07e3172128adcd8b3090168a8e3bcc40d7c032b9dda1df7d1c" "/opt/rustwide/cargo-home/bin/cargo" "+1.75.0" "test" "--frozen" "--no-run" "--message-format=json", kill_on_drop: false }`
[INFO] [stdout] 172b1e3129ccc7ae0223d99e19184884261c5f1a1756f0791c657c577608916d
[INFO] running `Command { std: "docker" "start" "-a" "172b1e3129ccc7ae0223d99e19184884261c5f1a1756f0791c657c577608916d", kill_on_drop: false }`
[INFO] [stderr]    Compiling libc v0.2.138
[INFO] [stderr]    Compiling cfg-if v1.0.0
[INFO] [stderr]    Compiling lazy_static v1.4.0
[INFO] [stderr]    Compiling semver v1.0.4
[INFO] [stderr]    Compiling crossbeam-utils v0.8.6
[INFO] [stderr]    Compiling serde v1.0.136
[INFO] [stderr]    Compiling memoffset v0.6.5
[INFO] [stderr]    Compiling num-traits v0.2.14
[INFO] [stderr]    Compiling memchr v2.4.1
[INFO] [stderr]    Compiling proc-macro2 v1.0.36
[INFO] [stderr]    Compiling crossbeam-epoch v0.9.6
[INFO] [stderr]    Compiling scopeguard v1.1.0
[INFO] [stderr]    Compiling rayon-core v1.9.1
[INFO] [stderr]    Compiling unicode-xid v0.2.2
[INFO] [stderr]    Compiling rustc_version v0.4.0
[INFO] [stderr]    Compiling ryu v1.0.9
[INFO] [stderr]    Compiling cast v0.2.7
[INFO] [stderr]    Compiling syn v1.0.86
[INFO] [stderr]    Compiling either v1.6.1
[INFO] [stderr]    Compiling serde_json v1.0.78
[INFO] [stderr]    Compiling getrandom v0.2.8
[INFO] [stderr]    Compiling num_cpus v1.13.1
[INFO] [stderr]    Compiling quote v1.0.15
[INFO] [stderr]    Compiling crossbeam-deque v0.8.1
[INFO] [stderr]    Compiling crossbeam-channel v0.5.2
[INFO] [stderr]    Compiling rayon v1.5.1
[INFO] [stderr]    Compiling itoa v1.0.1
[INFO] [stderr]    Compiling unicode-width v0.1.9
[INFO] [stderr]    Compiling plotters-backend v0.3.2
[INFO] [stderr]    Compiling regex-automata v0.1.10
[INFO] [stderr]    Compiling serde_derive v1.0.136
[INFO] [stderr]    Compiling textwrap v0.11.0
[INFO] [stderr]    Compiling plotters-svg v0.3.1
[INFO] [stderr]    Compiling rand_core v0.6.4
[INFO] [stderr]    Compiling itertools v0.10.3
[INFO] [stderr]    Compiling csv-core v0.1.10
[INFO] [stderr]    Compiling num-complex v0.4.0
[INFO] [stderr]    Compiling bitflags v1.3.2
[INFO] [stderr]    Compiling half v1.8.2
[INFO] [stderr]    Compiling ppv-lite86 v0.2.17
[INFO] [stderr]    Compiling same-file v1.0.6
[INFO] [stderr]    Compiling regex-syntax v0.6.25
[INFO] [stderr]    Compiling itoa v0.4.8
[INFO] [stderr]    Compiling rand_chacha v0.3.1
[INFO] [stderr]    Compiling microfft v0.4.0
[INFO] [stderr]    Compiling walkdir v2.3.2
[INFO] [stderr]    Compiling clap v2.34.0
[INFO] [stderr]    Compiling plotters v0.3.1
[INFO] [stderr]    Compiling regex v1.5.4
[INFO] [stderr]    Compiling bstr v0.2.17
[INFO] [stderr]    Compiling csv v1.1.6
[INFO] [stderr]    Compiling tinytemplate v1.2.1
[INFO] [stderr]    Compiling serde_cbor v0.11.2
[INFO] [stderr]    Compiling criterion-plot v0.4.4
[INFO] [stderr]    Compiling atty v0.2.14
[INFO] [stderr]    Compiling oorandom v11.1.3
[INFO] [stderr]    Compiling rand v0.8.5
[INFO] [stderr]    Compiling microdsp v0.1.2 (/opt/rustwide/workdir)
[INFO] [stderr]    Compiling criterion v0.3.5
[INFO] [stdout] error[E0432]: unresolved import `dev_helpers`
[INFO] [stdout]  --> examples/mpm.rs:4:5
[INFO] [stdout]   |
[INFO] [stdout] 4 | use dev_helpers::note_number_to_string;
[INFO] [stdout]   |     ^^^^^^^^^^^ use of undeclared crate or module `dev_helpers`
[INFO] [stdout] 
[INFO] [stdout] 
[INFO] [stdout] error[E0432]: unresolved import `dev_helpers`
[INFO] [stdout]  --> examples/nlms_delay_estimate.rs:1:5
[INFO] [stdout]   |
[INFO] [stdout] 1 | use dev_helpers::wav;
[INFO] [stdout]   |     ^^^^^^^^^^^ use of undeclared crate or module `dev_helpers`
[INFO] [stdout] 
[INFO] [stdout] 
[INFO] [stdout] error[E0432]: unresolved import `dev_helpers`
[INFO] [stdout]  --> examples/mpm.rs:5:5
[INFO] [stdout]   |
[INFO] [stdout] 5 | use dev_helpers::AudioHost;
[INFO] [stdout]   |     ^^^^^^^^^^^ use of undeclared crate or module `dev_helpers`
[INFO] [stdout] 
[INFO] [stdout] 
[INFO] [stdout] error[E0432]: unresolved import `dev_helpers`
[INFO] [stdout]  --> examples/mpm.rs:6:5
[INFO] [stdout]   |
[INFO] [stdout] 6 | use dev_helpers::AudioProcessor;
[INFO] [stdout]   |     ^^^^^^^^^^^ use of undeclared crate or module `dev_helpers`
[INFO] [stdout] 
[INFO] [stdout] 
[INFO] [stdout] error[E0432]: unresolved import `dev_helpers`
[INFO] [stdout]  --> examples/sfnov.rs:1:5
[INFO] [stdout]   |
[INFO] [stdout] 1 | use dev_helpers::rtrb;
[INFO] [stdout]   |     ^^^^^^^^^^^ use of undeclared crate or module `dev_helpers`
[INFO] [stdout] 
[INFO] [stdout] 
[INFO] [stdout] error[E0432]: unresolved import `dev_helpers`
[INFO] [stdout]  --> examples/sfnov.rs:2:5
[INFO] [stdout]   |
[INFO] [stdout] 2 | use dev_helpers::{AudioHost, AudioProcessor};
[INFO] [stdout]   |     ^^^^^^^^^^^ use of undeclared crate or module `dev_helpers`
[INFO] [stdout] 
[INFO] [stdout] 
[INFO] [stdout] error[E0432]: unresolved import `dev_helpers`
[INFO] [stdout]  --> examples/nlms_cancellation.rs:1:5
[INFO] [stdout]   |
[INFO] [stdout] 1 | use dev_helpers::wav;
[INFO] [stdout]   |     ^^^^^^^^^^^ use of undeclared crate or module `dev_helpers`
[INFO] [stdout] 
[INFO] [stdout] 
[INFO] [stdout] error: aborting due to 2 previous errors
[INFO] [stdout] 
[INFO] [stdout] 
[INFO] [stdout] For more information about this error, try `rustc --explain E0432`.
[INFO] [stdout] 
[INFO] [stderr] error: could not compile `microdsp` (example "sfnov") due to 3 previous errors
[INFO] [stderr] warning: build failed, waiting for other jobs to finish...
[INFO] [stdout] error[E0433]: failed to resolve: use of undeclared crate or module `dev_helpers`
[INFO] [stdout]   --> examples/mpm.rs:33:30
[INFO] [stdout]    |
[INFO] [stdout] 33 |         to_main_thread: &mut dev_helpers::rtrb::Producer<PitchReading>,
[INFO] [stdout]    |                              ^^^^^^^^^^^ use of undeclared crate or module `dev_helpers`
[INFO] [stdout] 
[INFO] [stdout] 
[INFO] [stdout] error[E0433]: failed to resolve: use of undeclared crate or module `dev_helpers`
[INFO] [stdout]   --> examples/mpm.rs:34:17
[INFO] [stdout]    |
[INFO] [stdout] 34 |         _: &mut dev_helpers::rtrb::Consumer<PitchReading>,
[INFO] [stdout]    |                 ^^^^^^^^^^^ use of undeclared crate or module `dev_helpers`
[INFO] [stdout] 
[INFO] [stdout] 
[INFO] [stdout] error: aborting due to previous error
[INFO] [stdout] 
[INFO] [stdout] 
[INFO] [stdout] For more information about this error, try `rustc --explain E0432`.
[INFO] [stdout] 
[INFO] [stdout] error: aborting due to 5 previous errors
[INFO] [stdout] 
[INFO] [stdout] 
[INFO] [stdout] Some errors have detailed explanations: E0432, E0433.
[INFO] [stdout] 
[INFO] [stdout] For more information about an error, try `rustc --explain E0432`.
[INFO] [stdout] 
[INFO] [stderr] error: could not compile `microdsp` (example "nlms_cancellation") due to 2 previous errors
[INFO] [stderr] error: could not compile `microdsp` (example "mpm") due to 6 previous errors
[INFO] [stdout] error: aborting due to previous error
[INFO] [stdout] 
[INFO] [stdout] 
[INFO] [stdout] For more information about this error, try `rustc --explain E0432`.
[INFO] [stdout] 
[INFO] [stderr] error: could not compile `microdsp` (example "nlms_delay_estimate") due to 2 previous errors
[INFO] running `Command { std: "docker" "inspect" "172b1e3129ccc7ae0223d99e19184884261c5f1a1756f0791c657c577608916d", kill_on_drop: false }`
[INFO] running `Command { std: "docker" "rm" "-f" "172b1e3129ccc7ae0223d99e19184884261c5f1a1756f0791c657c577608916d", kill_on_drop: false }`
[INFO] [stdout] 172b1e3129ccc7ae0223d99e19184884261c5f1a1756f0791c657c577608916d
