[INFO] fetching crate meteoritus 0.2.0...
[INFO] testing meteoritus-0.2.0 against 1.75.0 for beta-1.76-1
[INFO] extracting crate meteoritus 0.2.0 into /workspace/builds/worker-1-tc1/source
[INFO] validating manifest of crates.io crate meteoritus 0.2.0 on toolchain 1.75.0
[INFO] running `Command { std: CARGO_HOME="/workspace/cargo-home" RUSTUP_HOME="/workspace/rustup-home" "/workspace/cargo-home/bin/cargo" "+1.75.0" "metadata" "--manifest-path" "Cargo.toml" "--no-deps", kill_on_drop: false }`
[INFO] started tweaking crates.io crate meteoritus 0.2.0
[INFO] finished tweaking crates.io crate meteoritus 0.2.0
[INFO] tweaked toml for crates.io crate meteoritus 0.2.0 written to /workspace/builds/worker-1-tc1/source/Cargo.toml
[INFO] running `Command { std: CARGO_HOME="/workspace/cargo-home" RUSTUP_HOME="/workspace/rustup-home" "/workspace/cargo-home/bin/cargo" "+1.75.0" "generate-lockfile" "--manifest-path" "Cargo.toml", kill_on_drop: false }`
[INFO] [stderr]     Updating crates.io index
[INFO] running `Command { std: CARGO_HOME="/workspace/cargo-home" RUSTUP_HOME="/workspace/rustup-home" "/workspace/cargo-home/bin/cargo" "+1.75.0" "fetch" "--manifest-path" "Cargo.toml", kill_on_drop: false }`
[INFO] [stderr]  Downloading crates ...
[INFO] [stderr]   Downloaded pear_codegen v0.2.8
[INFO] [stderr]   Downloaded state v0.6.0
[INFO] [stderr]   Downloaded pear v0.2.8
[INFO] [stderr]   Downloaded devise v0.4.1
[INFO] [stderr]   Downloaded devise_codegen v0.4.1
[INFO] [stderr]   Downloaded devise_core v0.4.1
[INFO] [stderr]   Downloaded uuid-macro-internal v1.6.1
[INFO] [stderr]   Downloaded rocket_http v0.5.0
[INFO] [stderr]   Downloaded figment v0.10.13
[INFO] [stderr]   Downloaded rocket_codegen v0.5.0
[INFO] [stderr]   Downloaded rocket v0.5.0
[INFO] [stderr]   Downloaded atomic v0.6.0
[INFO] running `Command { std: "docker" "create" "-v" "/var/lib/crater-agent-workspace/builds/worker-1-tc1/target:/opt/rustwide/target:rw,Z" "-v" "/var/lib/crater-agent-workspace/builds/worker-1-tc1/source:/opt/rustwide/workdir:ro,Z" "-v" "/var/lib/crater-agent-workspace/cargo-home:/opt/rustwide/cargo-home:ro,Z" "-v" "/var/lib/crater-agent-workspace/rustup-home:/opt/rustwide/rustup-home:ro,Z" "-e" "SOURCE_DIR=/opt/rustwide/workdir" "-e" "CARGO_TARGET_DIR=/opt/rustwide/target" "-e" "CARGO_HOME=/opt/rustwide/cargo-home" "-e" "RUSTUP_HOME=/opt/rustwide/rustup-home" "-w" "/opt/rustwide/workdir" "-m" "1610612736" "--user" "0:0" "--network" "none" "ghcr.io/rust-lang/crates-build-env/linux@sha256:2788e3201cd34a07e3172128adcd8b3090168a8e3bcc40d7c032b9dda1df7d1c" "/opt/rustwide/cargo-home/bin/cargo" "+1.75.0" "metadata" "--no-deps" "--format-version=1", kill_on_drop: false }`
[INFO] [stdout] 0e7f7bde68ae15fecf7f2e786e5d953c645adaf105684233df56cb874d3324c0
[INFO] running `Command { std: "docker" "start" "-a" "0e7f7bde68ae15fecf7f2e786e5d953c645adaf105684233df56cb874d3324c0", kill_on_drop: false }`
[INFO] running `Command { std: "docker" "inspect" "0e7f7bde68ae15fecf7f2e786e5d953c645adaf105684233df56cb874d3324c0", kill_on_drop: false }`
[INFO] running `Command { std: "docker" "rm" "-f" "0e7f7bde68ae15fecf7f2e786e5d953c645adaf105684233df56cb874d3324c0", kill_on_drop: false }`
[INFO] [stdout] 0e7f7bde68ae15fecf7f2e786e5d953c645adaf105684233df56cb874d3324c0
[INFO] running `Command { std: "docker" "create" "-v" "/var/lib/crater-agent-workspace/builds/worker-1-tc1/target:/opt/rustwide/target:rw,Z" "-v" "/var/lib/crater-agent-workspace/builds/worker-1-tc1/source:/opt/rustwide/workdir:ro,Z" "-v" "/var/lib/crater-agent-workspace/cargo-home:/opt/rustwide/cargo-home:ro,Z" "-v" "/var/lib/crater-agent-workspace/rustup-home:/opt/rustwide/rustup-home:ro,Z" "-e" "SOURCE_DIR=/opt/rustwide/workdir" "-e" "CARGO_TARGET_DIR=/opt/rustwide/target" "-e" "CARGO_INCREMENTAL=0" "-e" "RUST_BACKTRACE=full" "-e" "RUSTFLAGS=--cap-lints=warn" "-e" "RUSTDOCFLAGS=--cap-lints=warn" "-e" "CARGO_HOME=/opt/rustwide/cargo-home" "-e" "RUSTUP_HOME=/opt/rustwide/rustup-home" "-w" "/opt/rustwide/workdir" "-m" "1610612736" "--user" "0:0" "--network" "none" "ghcr.io/rust-lang/crates-build-env/linux@sha256:2788e3201cd34a07e3172128adcd8b3090168a8e3bcc40d7c032b9dda1df7d1c" "/opt/rustwide/cargo-home/bin/cargo" "+1.75.0" "build" "--frozen" "--message-format=json", kill_on_drop: false }`
[INFO] [stdout] b8b1aaebacbb3463150ed0065ef3d52d656debb549e95f62a31b90412c2e1f8b
[INFO] running `Command { std: "docker" "start" "-a" "b8b1aaebacbb3463150ed0065ef3d52d656debb549e95f62a31b90412c2e1f8b", kill_on_drop: false }`
[INFO] [stderr]    Compiling proc-macro2 v1.0.75
[INFO] [stderr]    Compiling serde v1.0.194
[INFO] [stderr]    Compiling rustix v0.38.28
[INFO] [stderr]    Compiling linux-raw-sys v0.4.12
[INFO] [stderr]    Compiling proc-macro2-diagnostics v0.10.1
[INFO] [stderr]    Compiling signal-hook-registry v1.4.1
[INFO] [stderr]    Compiling mio v0.8.10
[INFO] [stderr]    Compiling tracing-core v0.1.32
[INFO] [stderr]    Compiling futures-channel v0.3.30
[INFO] [stderr]    Compiling uncased v0.9.9
[INFO] [stderr]    Compiling time-macros v0.2.16
[INFO] [stderr]    Compiling futures-util v0.3.30
[INFO] [stderr]    Compiling quote v1.0.35
[INFO] [stderr]    Compiling cookie v0.18.0
[INFO] [stderr]    Compiling syn v2.0.48
[INFO] [stderr]    Compiling try-lock v0.2.5
[INFO] [stderr]    Compiling inlinable_string v0.1.15
[INFO] [stderr]    Compiling ref-cast v1.0.22
[INFO] [stderr]    Compiling want v0.3.1
[INFO] [stderr]    Compiling http-body v0.4.6
[INFO] [stderr]    Compiling log v0.4.20
[INFO] [stderr]    Compiling stable-pattern v0.1.0
[INFO] [stderr]    Compiling multer v2.1.0
[INFO] [stderr]    Compiling figment v0.10.13
[INFO] [stderr]    Compiling state v0.6.0
[INFO] [stderr]    Compiling rocket v0.5.0
[INFO] [stderr]    Compiling spin v0.9.8
[INFO] [stderr]    Compiling glob v0.3.1
[INFO] [stderr]    Compiling unicode-xid v0.2.4
[INFO] [stderr]    Compiling binascii v0.1.4
[INFO] [stderr]    Compiling atomic v0.5.3
[INFO] [stderr]    Compiling time v0.3.31
[INFO] [stderr]    Compiling is-terminal v0.4.10
[INFO] [stderr]    Compiling tempfile v3.9.0
[INFO] [stderr]    Compiling yansi v1.0.0-rc.1
[INFO] [stderr]    Compiling futures v0.3.30
[INFO] [stderr]    Compiling devise_core v0.4.1
[INFO] [stderr]    Compiling serde_derive v1.0.194
[INFO] [stderr]    Compiling tokio-macros v2.2.0
[INFO] [stderr]    Compiling tracing-attributes v0.1.27
[INFO] [stderr]    Compiling pear_codegen v0.2.8
[INFO] [stderr]    Compiling ref-cast-impl v1.0.22
[INFO] [stderr]    Compiling async-stream-impl v0.3.5
[INFO] [stderr]    Compiling uuid-macro-internal v1.6.1
[INFO] [stderr]    Compiling devise_codegen v0.4.1
[INFO] [stderr]    Compiling async-trait v0.1.77
[INFO] [stderr]    Compiling uuid v1.6.1
[INFO] [stderr]    Compiling async-stream v0.3.5
[INFO] [stderr]    Compiling tokio v1.35.1
[INFO] [stderr]    Compiling pear v0.2.8
[INFO] [stderr]    Compiling devise v0.4.1
[INFO] [stderr]    Compiling tracing v0.1.40
[INFO] [stderr]    Compiling tokio-util v0.7.10
[INFO] [stderr]    Compiling tokio-stream v0.1.14
[INFO] [stderr]    Compiling indexmap v2.1.0
[INFO] [stderr]    Compiling toml_datetime v0.6.5
[INFO] [stderr]    Compiling serde_spanned v0.6.5
[INFO] [stderr]    Compiling ubyte v0.10.4
[INFO] [stderr]    Compiling serde_json v1.0.111
[INFO] [stderr]    Compiling h2 v0.3.22
[INFO] [stderr]    Compiling toml_edit v0.21.0
[INFO] [stderr]    Compiling toml v0.8.8
[INFO] [stderr]    Compiling hyper v0.14.28
[INFO] [stderr]    Compiling rocket_http v0.5.0
[INFO] [stderr]    Compiling rocket_codegen v0.5.0
[INFO] [stderr]    Compiling meteoritus v0.2.0 (/opt/rustwide/workdir)
[INFO] [stdout] error[E0599]: no variant or associated item named `Failure` found for enum `Outcome` in the current scope
[INFO] [stdout]   --> src/handlers/creation.rs:96:29
[INFO] [stdout]    |
[INFO] [stdout] 96 |             return Outcome::Failure((
[INFO] [stdout]    |                             ^^^^^^^ variant or associated item not found in `Outcome<_, (Status, _), Status>`
[INFO] [stdout] 
[INFO] [stdout] 
[INFO] [stdout] error[E0599]: no variant or associated item named `Failure` found for enum `Outcome` in the current scope
[INFO] [stdout]    --> src/handlers/creation.rs:106:37
[INFO] [stdout]     |
[INFO] [stdout] 106 |                     return Outcome::Failure((
[INFO] [stdout]     |                                     ^^^^^^^ variant or associated item not found in `Outcome<_, (Status, _), Status>`
[INFO] [stdout] 
[INFO] [stdout] 
[INFO] [stdout] error[E0599]: no variant or associated item named `Failure` found for enum `Outcome` in the current scope
[INFO] [stdout]    --> src/handlers/creation.rs:113:33
[INFO] [stdout]     |
[INFO] [stdout] 113 |                 return Outcome::Failure((
[INFO] [stdout]     |                                 ^^^^^^^ variant or associated item not found in `Outcome<_, (Status, _), Status>`
[INFO] [stdout] 
[INFO] [stdout] 
[INFO] [stdout] error[E0599]: no variant or associated item named `Failure` found for enum `Outcome` in the current scope
[INFO] [stdout]    --> src/handlers/creation.rs:121:29
[INFO] [stdout]     |
[INFO] [stdout] 121 |             return Outcome::Failure((
[INFO] [stdout]     |                             ^^^^^^^ variant or associated item not found in `Outcome<_, (Status, _), Status>`
[INFO] [stdout] 
[INFO] [stdout] 
[INFO] [stdout] error[E0599]: no variant or associated item named `Failure` found for enum `Outcome` in the current scope
[INFO] [stdout]   --> src/handlers/upload.rs:76:29
[INFO] [stdout]    |
[INFO] [stdout] 76 |             return Outcome::Failure((
[INFO] [stdout]    |                             ^^^^^^^ variant or associated item not found in `Outcome<_, (Status, _), Status>`
[INFO] [stdout] 
[INFO] [stdout] 
[INFO] [stdout] error[E0599]: no variant or associated item named `Failure` found for enum `Outcome` in the current scope
[INFO] [stdout]   --> src/handlers/upload.rs:86:37
[INFO] [stdout]    |
[INFO] [stdout] 86 |                     return Outcome::Failure((
[INFO] [stdout]    |                                     ^^^^^^^ variant or associated item not found in `Outcome<_, (Status, _), Status>`
[INFO] [stdout] 
[INFO] [stdout] 
[INFO] [stdout] error[E0599]: no variant or associated item named `Failure` found for enum `Outcome` in the current scope
[INFO] [stdout]   --> src/handlers/upload.rs:93:33
[INFO] [stdout]    |
[INFO] [stdout] 93 |                 return Outcome::Failure((
[INFO] [stdout]    |                                 ^^^^^^^ variant or associated item not found in `Outcome<_, (Status, _), Status>`
[INFO] [stdout] 
[INFO] [stdout] 
[INFO] [stdout] error[E0599]: no variant or associated item named `Failure` found for enum `Outcome` in the current scope
[INFO] [stdout]    --> src/handlers/upload.rs:102:33
[INFO] [stdout]     |
[INFO] [stdout] 102 |                 return Outcome::Failure((
[INFO] [stdout]     |                                 ^^^^^^^ variant or associated item not found in `Outcome<_, (Status, _), Status>`
[INFO] [stdout] 
[INFO] [stdout] 
[INFO] [stdout] error[E0599]: no variant or associated item named `Failure` found for enum `Outcome` in the current scope
[INFO] [stdout]    --> src/handlers/upload.rs:114:33
[INFO] [stdout]     |
[INFO] [stdout] 114 |                 return Outcome::Failure((
[INFO] [stdout]     |                                 ^^^^^^^ variant or associated item not found in `Outcome<_, (Status, _), Status>`
[INFO] [stdout] 
[INFO] [stdout] 
[INFO] [stdout] error: aborting due to 9 previous errors
[INFO] [stdout] 
[INFO] [stdout] 
[INFO] [stdout] For more information about this error, try `rustc --explain E0599`.
[INFO] [stdout] 
[INFO] [stderr] error: could not compile `meteoritus` (lib) due to 10 previous errors
[INFO] [stderr] warning: build failed, waiting for other jobs to finish...
[INFO] running `Command { std: "docker" "inspect" "b8b1aaebacbb3463150ed0065ef3d52d656debb549e95f62a31b90412c2e1f8b", kill_on_drop: false }`
[INFO] running `Command { std: "docker" "rm" "-f" "b8b1aaebacbb3463150ed0065ef3d52d656debb549e95f62a31b90412c2e1f8b", kill_on_drop: false }`
[INFO] [stdout] b8b1aaebacbb3463150ed0065ef3d52d656debb549e95f62a31b90412c2e1f8b
[INFO] testing meteoritus-0.2.0 against beta-2023-12-22 for beta-1.76-1
[INFO] extracting crate meteoritus 0.2.0 into /workspace/builds/worker-1-tc2/source
[INFO] validating manifest of crates.io crate meteoritus 0.2.0 on toolchain beta-2023-12-22
[INFO] running `Command { std: CARGO_HOME="/workspace/cargo-home" RUSTUP_HOME="/workspace/rustup-home" "/workspace/cargo-home/bin/cargo" "+beta-2023-12-22" "metadata" "--manifest-path" "Cargo.toml" "--no-deps", kill_on_drop: false }`
[INFO] started tweaking crates.io crate meteoritus 0.2.0
[INFO] finished tweaking crates.io crate meteoritus 0.2.0
[INFO] tweaked toml for crates.io crate meteoritus 0.2.0 written to /workspace/builds/worker-1-tc2/source/Cargo.toml
[INFO] running `Command { std: CARGO_HOME="/workspace/cargo-home" RUSTUP_HOME="/workspace/rustup-home" "/workspace/cargo-home/bin/cargo" "+beta-2023-12-22" "generate-lockfile" "--manifest-path" "Cargo.toml", kill_on_drop: false }`
[INFO] [stderr]     Updating crates.io index
[INFO] running `Command { std: CARGO_HOME="/workspace/cargo-home" RUSTUP_HOME="/workspace/rustup-home" "/workspace/cargo-home/bin/cargo" "+beta-2023-12-22" "fetch" "--manifest-path" "Cargo.toml", kill_on_drop: false }`
[INFO] running `Command { std: "docker" "create" "-v" "/var/lib/crater-agent-workspace/builds/worker-1-tc2/target:/opt/rustwide/target:rw,Z" "-v" "/var/lib/crater-agent-workspace/builds/worker-1-tc2/source:/opt/rustwide/workdir:ro,Z" "-v" "/var/lib/crater-agent-workspace/cargo-home:/opt/rustwide/cargo-home:ro,Z" "-v" "/var/lib/crater-agent-workspace/rustup-home:/opt/rustwide/rustup-home:ro,Z" "-e" "SOURCE_DIR=/opt/rustwide/workdir" "-e" "CARGO_TARGET_DIR=/opt/rustwide/target" "-e" "CARGO_HOME=/opt/rustwide/cargo-home" "-e" "RUSTUP_HOME=/opt/rustwide/rustup-home" "-w" "/opt/rustwide/workdir" "-m" "1610612736" "--user" "0:0" "--network" "none" "ghcr.io/rust-lang/crates-build-env/linux@sha256:2788e3201cd34a07e3172128adcd8b3090168a8e3bcc40d7c032b9dda1df7d1c" "/opt/rustwide/cargo-home/bin/cargo" "+beta-2023-12-22" "metadata" "--no-deps" "--format-version=1", kill_on_drop: false }`
[INFO] [stdout] 7968ec21e7fed2d89f60c119c7aca0eb6bebf3dd013e68bb18381bd8ab283136
[INFO] running `Command { std: "docker" "start" "-a" "7968ec21e7fed2d89f60c119c7aca0eb6bebf3dd013e68bb18381bd8ab283136", kill_on_drop: false }`
[INFO] running `Command { std: "docker" "inspect" "7968ec21e7fed2d89f60c119c7aca0eb6bebf3dd013e68bb18381bd8ab283136", kill_on_drop: false }`
[INFO] running `Command { std: "docker" "rm" "-f" "7968ec21e7fed2d89f60c119c7aca0eb6bebf3dd013e68bb18381bd8ab283136", kill_on_drop: false }`
[INFO] [stdout] 7968ec21e7fed2d89f60c119c7aca0eb6bebf3dd013e68bb18381bd8ab283136
[INFO] running `Command { std: "docker" "create" "-v" "/var/lib/crater-agent-workspace/builds/worker-1-tc2/target:/opt/rustwide/target:rw,Z" "-v" "/var/lib/crater-agent-workspace/builds/worker-1-tc2/source:/opt/rustwide/workdir:ro,Z" "-v" "/var/lib/crater-agent-workspace/cargo-home:/opt/rustwide/cargo-home:ro,Z" "-v" "/var/lib/crater-agent-workspace/rustup-home:/opt/rustwide/rustup-home:ro,Z" "-e" "SOURCE_DIR=/opt/rustwide/workdir" "-e" "CARGO_TARGET_DIR=/opt/rustwide/target" "-e" "CARGO_INCREMENTAL=0" "-e" "RUST_BACKTRACE=full" "-e" "RUSTFLAGS=--cap-lints=warn" "-e" "RUSTDOCFLAGS=--cap-lints=warn" "-e" "CARGO_HOME=/opt/rustwide/cargo-home" "-e" "RUSTUP_HOME=/opt/rustwide/rustup-home" "-w" "/opt/rustwide/workdir" "-m" "1610612736" "--user" "0:0" "--network" "none" "ghcr.io/rust-lang/crates-build-env/linux@sha256:2788e3201cd34a07e3172128adcd8b3090168a8e3bcc40d7c032b9dda1df7d1c" "/opt/rustwide/cargo-home/bin/cargo" "+beta-2023-12-22" "build" "--frozen" "--message-format=json", kill_on_drop: false }`
[INFO] [stdout] 18a714a92a8cbc3fb5e415a3ac842089001dc6635b235063e815c4ba72ed6455
[INFO] running `Command { std: "docker" "start" "-a" "18a714a92a8cbc3fb5e415a3ac842089001dc6635b235063e815c4ba72ed6455", kill_on_drop: false }`
[INFO] [stderr]    Compiling proc-macro2 v1.0.75
[INFO] [stderr]    Compiling serde v1.0.194
[INFO] [stderr]    Compiling rustix v0.38.28
[INFO] [stderr]    Compiling linux-raw-sys v0.4.12
[INFO] [stderr]    Compiling proc-macro2-diagnostics v0.10.1
[INFO] [stderr]    Compiling signal-hook-registry v1.4.1
[INFO] [stderr]    Compiling mio v0.8.10
[INFO] [stderr]    Compiling tracing-core v0.1.32
[INFO] [stderr]    Compiling futures-channel v0.3.30
[INFO] [stderr]    Compiling uncased v0.9.9
[INFO] [stderr]    Compiling quote v1.0.35
[INFO] [stderr]    Compiling futures-util v0.3.30
[INFO] [stderr]    Compiling syn v2.0.48
[INFO] [stderr]    Compiling time-macros v0.2.16
[INFO] [stderr]    Compiling cookie v0.18.0
[INFO] [stderr]    Compiling ref-cast v1.0.22
[INFO] [stderr]    Compiling try-lock v0.2.5
[INFO] [stderr]    Compiling inlinable_string v0.1.15
[INFO] [stderr]    Compiling want v0.3.1
[INFO] [stderr]    Compiling http-body v0.4.6
[INFO] [stderr]    Compiling log v0.4.20
[INFO] [stderr]    Compiling stable-pattern v0.1.0
[INFO] [stderr]    Compiling figment v0.10.13
[INFO] [stderr]    Compiling multer v2.1.0
[INFO] [stderr]    Compiling state v0.6.0
[INFO] [stderr]    Compiling rocket v0.5.0
[INFO] [stderr]    Compiling glob v0.3.1
[INFO] [stderr]    Compiling unicode-xid v0.2.4
[INFO] [stderr]    Compiling spin v0.9.8
[INFO] [stderr]    Compiling binascii v0.1.4
[INFO] [stderr]    Compiling atomic v0.5.3
[INFO] [stderr]    Compiling time v0.3.31
[INFO] [stderr]    Compiling is-terminal v0.4.10
[INFO] [stderr]    Compiling tempfile v3.9.0
[INFO] [stderr]    Compiling yansi v1.0.0-rc.1
[INFO] [stderr]    Compiling futures v0.3.30
[INFO] [stderr]    Compiling devise_core v0.4.1
[INFO] [stderr]    Compiling serde_derive v1.0.194
[INFO] [stderr]    Compiling tokio-macros v2.2.0
[INFO] [stderr]    Compiling tracing-attributes v0.1.27
[INFO] [stderr]    Compiling pear_codegen v0.2.8
[INFO] [stderr]    Compiling ref-cast-impl v1.0.22
[INFO] [stderr]    Compiling devise_codegen v0.4.1
[INFO] [stderr]    Compiling async-stream-impl v0.3.5
[INFO] [stderr]    Compiling async-trait v0.1.77
[INFO] [stderr]    Compiling devise v0.4.1
[INFO] [stderr]    Compiling uuid-macro-internal v1.6.1
[INFO] [stderr]    Compiling async-stream v0.3.5
[INFO] [stderr]    Compiling tokio v1.35.1
[INFO] [stderr]    Compiling pear v0.2.8
[INFO] [stderr]    Compiling uuid v1.6.1
[INFO] [stderr]    Compiling tracing v0.1.40
[INFO] [stderr]    Compiling tokio-util v0.7.10
[INFO] [stderr]    Compiling tokio-stream v0.1.14
[INFO] [stderr]    Compiling indexmap v2.1.0
[INFO] [stderr]    Compiling serde_spanned v0.6.5
[INFO] [stderr]    Compiling toml_datetime v0.6.5
[INFO] [stderr]    Compiling ubyte v0.10.4
[INFO] [stderr]    Compiling serde_json v1.0.111
[INFO] [stderr]    Compiling h2 v0.3.22
[INFO] [stderr]    Compiling toml_edit v0.21.0
[INFO] [stderr]    Compiling toml v0.8.8
[INFO] [stderr]    Compiling hyper v0.14.28
[INFO] [stderr]    Compiling rocket_http v0.5.0
[INFO] [stderr]    Compiling rocket_codegen v0.5.0
[INFO] [stderr]    Compiling meteoritus v0.2.0 (/opt/rustwide/workdir)
[INFO] [stdout] error[E0599]: no variant or associated item named `Failure` found for enum `Outcome` in the current scope
[INFO] [stdout]   --> src/handlers/creation.rs:96:29
[INFO] [stdout]    |
[INFO] [stdout] 96 |             return Outcome::Failure((
[INFO] [stdout]    |                             ^^^^^^^ variant or associated item not found in `Outcome<_, (Status, _), Status>`
[INFO] [stdout] 
[INFO] [stdout] 
[INFO] [stdout] error[E0599]: no variant or associated item named `Failure` found for enum `Outcome` in the current scope
[INFO] [stdout]    --> src/handlers/creation.rs:106:37
[INFO] [stdout]     |
[INFO] [stdout] 106 |                     return Outcome::Failure((
[INFO] [stdout]     |                                     ^^^^^^^ variant or associated item not found in `Outcome<_, (Status, _), Status>`
[INFO] [stdout] 
[INFO] [stdout] 
[INFO] [stdout] error[E0599]: no variant or associated item named `Failure` found for enum `Outcome` in the current scope
[INFO] [stdout]    --> src/handlers/creation.rs:113:33
[INFO] [stdout]     |
[INFO] [stdout] 113 |                 return Outcome::Failure((
[INFO] [stdout]     |                                 ^^^^^^^ variant or associated item not found in `Outcome<_, (Status, _), Status>`
[INFO] [stdout] 
[INFO] [stdout] 
[INFO] [stdout] error[E0599]: no variant or associated item named `Failure` found for enum `Outcome` in the current scope
[INFO] [stdout]    --> src/handlers/creation.rs:121:29
[INFO] [stdout]     |
[INFO] [stdout] 121 |             return Outcome::Failure((
[INFO] [stdout]     |                             ^^^^^^^ variant or associated item not found in `Outcome<_, (Status, _), Status>`
[INFO] [stdout] 
[INFO] [stdout] 
[INFO] [stdout] error[E0599]: no variant or associated item named `Failure` found for enum `Outcome` in the current scope
[INFO] [stdout]   --> src/handlers/upload.rs:76:29
[INFO] [stdout]    |
[INFO] [stdout] 76 |             return Outcome::Failure((
[INFO] [stdout]    |                             ^^^^^^^ variant or associated item not found in `Outcome<_, (Status, _), Status>`
[INFO] [stdout] 
[INFO] [stdout] 
[INFO] [stdout] error[E0599]: no variant or associated item named `Failure` found for enum `Outcome` in the current scope
[INFO] [stdout]   --> src/handlers/upload.rs:86:37
[INFO] [stdout]    |
[INFO] [stdout] 86 |                     return Outcome::Failure((
[INFO] [stdout]    |                                     ^^^^^^^ variant or associated item not found in `Outcome<_, (Status, _), Status>`
[INFO] [stdout] 
[INFO] [stdout] 
[INFO] [stdout] error[E0599]: no variant or associated item named `Failure` found for enum `Outcome` in the current scope
[INFO] [stdout]   --> src/handlers/upload.rs:93:33
[INFO] [stdout]    |
[INFO] [stdout] 93 |                 return Outcome::Failure((
[INFO] [stdout]    |                                 ^^^^^^^ variant or associated item not found in `Outcome<_, (Status, _), Status>`
[INFO] [stdout] 
[INFO] [stdout] 
[INFO] [stdout] error[E0599]: no variant or associated item named `Failure` found for enum `Outcome` in the current scope
[INFO] [stdout]    --> src/handlers/upload.rs:102:33
[INFO] [stdout]     |
[INFO] [stdout] 102 |                 return Outcome::Failure((
[INFO] [stdout]     |                                 ^^^^^^^ variant or associated item not found in `Outcome<_, (Status, _), Status>`
[INFO] [stdout] 
[INFO] [stdout] 
[INFO] [stdout] error[E0599]: no variant or associated item named `Failure` found for enum `Outcome` in the current scope
[INFO] [stdout]    --> src/handlers/upload.rs:114:33
[INFO] [stdout]     |
[INFO] [stdout] 114 |                 return Outcome::Failure((
[INFO] [stdout]     |                                 ^^^^^^^ variant or associated item not found in `Outcome<_, (Status, _), Status>`
[INFO] [stdout] 
[INFO] [stdout] 
[INFO] [stdout] error: aborting due to 9 previous errors
[INFO] [stdout] 
[INFO] [stdout] 
[INFO] [stdout] For more information about this error, try `rustc --explain E0599`.
[INFO] [stdout] 
[INFO] [stderr] error: could not compile `meteoritus` (lib) due to 10 previous errors
[INFO] [stderr] warning: build failed, waiting for other jobs to finish...
[INFO] running `Command { std: "docker" "inspect" "18a714a92a8cbc3fb5e415a3ac842089001dc6635b235063e815c4ba72ed6455", kill_on_drop: false }`
[INFO] running `Command { std: "docker" "rm" "-f" "18a714a92a8cbc3fb5e415a3ac842089001dc6635b235063e815c4ba72ed6455", kill_on_drop: false }`
[INFO] [stdout] 18a714a92a8cbc3fb5e415a3ac842089001dc6635b235063e815c4ba72ed6455
