[INFO] fetching crate metaplex 0.0.1...
[INFO] testing metaplex-0.0.1 against 1.75.0 for beta-1.76-1
[INFO] extracting crate metaplex 0.0.1 into /workspace/builds/worker-0-tc1/source
[INFO] validating manifest of crates.io crate metaplex 0.0.1 on toolchain 1.75.0
[INFO] running `Command { std: CARGO_HOME="/workspace/cargo-home" RUSTUP_HOME="/workspace/rustup-home" "/workspace/cargo-home/bin/cargo" "+1.75.0" "metadata" "--manifest-path" "Cargo.toml" "--no-deps", kill_on_drop: false }`
[INFO] started tweaking crates.io crate metaplex 0.0.1
[INFO] finished tweaking crates.io crate metaplex 0.0.1
[INFO] tweaked toml for crates.io crate metaplex 0.0.1 written to /workspace/builds/worker-0-tc1/source/Cargo.toml
[INFO] running `Command { std: CARGO_HOME="/workspace/cargo-home" RUSTUP_HOME="/workspace/rustup-home" "/workspace/cargo-home/bin/cargo" "+1.75.0" "generate-lockfile" "--manifest-path" "Cargo.toml", kill_on_drop: false }`
[INFO] [stderr]     Updating crates.io index
[INFO] running `Command { std: CARGO_HOME="/workspace/cargo-home" RUSTUP_HOME="/workspace/rustup-home" "/workspace/cargo-home/bin/cargo" "+1.75.0" "fetch" "--manifest-path" "Cargo.toml", kill_on_drop: false }`
[INFO] [stderr]  Downloading crates ...
[INFO] [stderr]   Downloaded metaplex-auction v0.0.1
[INFO] [stderr]   Downloaded metaplex-token-metadata v0.0.1
[INFO] [stderr]   Downloaded metaplex-token-vault v0.0.1
[INFO] running `Command { std: "docker" "create" "-v" "/var/lib/crater-agent-workspace/builds/worker-0-tc1/target:/opt/rustwide/target:rw,Z" "-v" "/var/lib/crater-agent-workspace/builds/worker-0-tc1/source:/opt/rustwide/workdir:ro,Z" "-v" "/var/lib/crater-agent-workspace/cargo-home:/opt/rustwide/cargo-home:ro,Z" "-v" "/var/lib/crater-agent-workspace/rustup-home:/opt/rustwide/rustup-home:ro,Z" "-e" "SOURCE_DIR=/opt/rustwide/workdir" "-e" "CARGO_TARGET_DIR=/opt/rustwide/target" "-e" "CARGO_HOME=/opt/rustwide/cargo-home" "-e" "RUSTUP_HOME=/opt/rustwide/rustup-home" "-w" "/opt/rustwide/workdir" "-m" "1610612736" "--user" "0:0" "--network" "none" "ghcr.io/rust-lang/crates-build-env/linux@sha256:2788e3201cd34a07e3172128adcd8b3090168a8e3bcc40d7c032b9dda1df7d1c" "/opt/rustwide/cargo-home/bin/cargo" "+1.75.0" "metadata" "--no-deps" "--format-version=1", kill_on_drop: false }`
[INFO] [stdout] b97d33c3ee51f0416f24498b9b187df1fbb89a9a957dc8d300f573ddae1f7285
[INFO] running `Command { std: "docker" "start" "-a" "b97d33c3ee51f0416f24498b9b187df1fbb89a9a957dc8d300f573ddae1f7285", kill_on_drop: false }`
[INFO] running `Command { std: "docker" "inspect" "b97d33c3ee51f0416f24498b9b187df1fbb89a9a957dc8d300f573ddae1f7285", kill_on_drop: false }`
[INFO] running `Command { std: "docker" "rm" "-f" "b97d33c3ee51f0416f24498b9b187df1fbb89a9a957dc8d300f573ddae1f7285", kill_on_drop: false }`
[INFO] [stdout] b97d33c3ee51f0416f24498b9b187df1fbb89a9a957dc8d300f573ddae1f7285
[INFO] running `Command { std: "docker" "create" "-v" "/var/lib/crater-agent-workspace/builds/worker-0-tc1/target:/opt/rustwide/target:rw,Z" "-v" "/var/lib/crater-agent-workspace/builds/worker-0-tc1/source:/opt/rustwide/workdir:ro,Z" "-v" "/var/lib/crater-agent-workspace/cargo-home:/opt/rustwide/cargo-home:ro,Z" "-v" "/var/lib/crater-agent-workspace/rustup-home:/opt/rustwide/rustup-home:ro,Z" "-e" "SOURCE_DIR=/opt/rustwide/workdir" "-e" "CARGO_TARGET_DIR=/opt/rustwide/target" "-e" "CARGO_INCREMENTAL=0" "-e" "RUST_BACKTRACE=full" "-e" "RUSTFLAGS=--cap-lints=warn" "-e" "RUSTDOCFLAGS=--cap-lints=warn" "-e" "CARGO_HOME=/opt/rustwide/cargo-home" "-e" "RUSTUP_HOME=/opt/rustwide/rustup-home" "-w" "/opt/rustwide/workdir" "-m" "1610612736" "--user" "0:0" "--network" "none" "ghcr.io/rust-lang/crates-build-env/linux@sha256:2788e3201cd34a07e3172128adcd8b3090168a8e3bcc40d7c032b9dda1df7d1c" "/opt/rustwide/cargo-home/bin/cargo" "+1.75.0" "build" "--frozen" "--message-format=json", kill_on_drop: false }`
[INFO] [stdout] 295f4c19abedb8a3051c9f215c1ad922df2321d9e797c568dbfc2ba1cfb4fff9
[INFO] running `Command { std: "docker" "start" "-a" "295f4c19abedb8a3051c9f215c1ad922df2321d9e797c568dbfc2ba1cfb4fff9", kill_on_drop: false }`
[INFO] [stderr]    Compiling syn v2.0.48
[INFO] [stderr]    Compiling serde v1.0.194
[INFO] [stderr]    Compiling libc v0.2.151
[INFO] [stderr]    Compiling cfg-if v1.0.0
[INFO] [stderr]    Compiling typenum v1.17.0
[INFO] [stderr]    Compiling generic-array v0.14.7
[INFO] [stderr]    Compiling syn v1.0.109
[INFO] [stderr]    Compiling subtle v2.5.0
[INFO] [stderr]    Compiling once_cell v1.19.0
[INFO] [stderr]    Compiling ppv-lite86 v0.2.17
[INFO] [stderr]    Compiling num-traits v0.2.17
[INFO] [stderr]    Compiling semver v1.0.21
[INFO] [stderr]    Compiling num-integer v0.1.45
[INFO] [stderr]    Compiling num-bigint v0.4.4
[INFO] [stderr]    Compiling ahash v0.8.7
[INFO] [stderr]    Compiling either v1.9.0
[INFO] [stderr]    Compiling rustc_version v0.4.0
[INFO] [stderr]    Compiling getrandom v0.1.16
[INFO] [stderr]    Compiling crunchy v0.2.2
[INFO] [stderr]    Compiling zerocopy v0.7.32
[INFO] [stderr]    Compiling crossbeam-utils v0.8.18
[INFO] [stderr]    Compiling paste v1.0.14
[INFO] [stderr]    Compiling wasm-bindgen-shared v0.2.89
[INFO] [stderr]    Compiling itertools v0.10.5
[INFO] [stderr]    Compiling getrandom v0.2.11
[INFO] [stderr]    Compiling rand_core v0.6.4
[INFO] [stderr]    Compiling rand_chacha v0.3.1
[INFO] [stderr]    Compiling jobserver v0.1.27
[INFO] [stderr]    Compiling rand v0.8.5
[INFO] [stderr]    Compiling cc v1.0.83
[INFO] [stderr]    Compiling hashbrown v0.13.2
[INFO] [stderr]    Compiling rand_core v0.5.1
[INFO] [stderr]    Compiling crossbeam-epoch v0.9.17
[INFO] [stderr]    Compiling cpufeatures v0.2.12
[INFO] [stderr]    Compiling log v0.4.20
[INFO] [stderr]    Compiling rayon-core v1.12.0
[INFO] [stderr]    Compiling ark-std v0.4.0
[INFO] [stderr]    Compiling crossbeam-deque v0.8.4
[INFO] [stderr]    Compiling ahash v0.7.7
[INFO] [stderr]    Compiling feature-probe v0.1.1
[INFO] [stderr]    Compiling bumpalo v3.14.0
[INFO] [stderr]    Compiling hashbrown v0.14.3
[INFO] [stderr]    Compiling equivalent v1.0.1
[INFO] [stderr]    Compiling bv v0.11.1
[INFO] [stderr]    Compiling rand_chacha v0.2.2
[INFO] [stderr]    Compiling bitmaps v2.1.0
[INFO] [stderr]    Compiling wasm-bindgen-backend v0.2.89
[INFO] [stderr]    Compiling indexmap v2.1.0
[INFO] [stderr]    Compiling solana-frozen-abi-macro v1.17.14
[INFO] [stderr]    Compiling im v15.1.0
[INFO] [stderr]    Compiling anyhow v1.0.79
[INFO] [stderr]    Compiling arrayref v0.3.7
[INFO] [stderr]    Compiling blake3 v1.5.0
[INFO] [stderr]    Compiling tinyvec_macros v0.1.1
[INFO] [stderr]    Compiling winnow v0.5.32
[INFO] [stderr]    Compiling opaque-debug v0.3.0
[INFO] [stderr]    Compiling rustversion v1.0.14
[INFO] [stderr]    Compiling serde_json v1.0.111
[INFO] [stderr]    Compiling toml_datetime v0.6.5
[INFO] [stderr]    Compiling wasm-bindgen-macro-support v0.2.89
[INFO] [stderr]    Compiling tinyvec v1.6.0
[INFO] [stderr]    Compiling sized-chunks v0.6.5
[INFO] [stderr]    Compiling borsh-schema-derive-internal v0.10.3
[INFO] [stderr]    Compiling borsh-schema-derive-internal v0.9.3
[INFO] [stderr]    Compiling borsh-derive-internal v0.10.3
[INFO] [stderr]    Compiling borsh-derive-internal v0.9.3
[INFO] [stderr]    Compiling rayon v1.8.0
[INFO] [stderr]    Compiling rand v0.7.3
[INFO] [stderr]    Compiling rand_xoshiro v0.6.0
[INFO] [stderr]    Compiling solana-frozen-abi v1.17.14
[INFO] [stderr]    Compiling memoffset v0.9.0
[INFO] [stderr]    Compiling serde_derive v1.0.194
[INFO] [stderr]    Compiling zeroize_derive v1.4.2
[INFO] [stderr]    Compiling thiserror-impl v1.0.56
[INFO] [stderr]    Compiling toml_edit v0.19.15
[INFO] [stderr]    Compiling constant_time_eq v0.3.0
[INFO] [stderr]    Compiling arrayvec v0.7.4
[INFO] [stderr]    Compiling itoa v1.0.10
[INFO] [stderr]    Compiling byteorder v1.5.0
[INFO] [stderr]    Compiling bs58 v0.4.0
[INFO] [stderr]    Compiling wasm-bindgen v0.2.89
[INFO] [stderr]    Compiling ark-serialize-derive v0.4.2
[INFO] [stderr]    Compiling ark-ff-macros v0.4.2
[INFO] [stderr]    Compiling derivative v2.2.0
[INFO] [stderr]    Compiling zeroize v1.3.0
[INFO] [stderr]    Compiling ark-ff-asm v0.4.2
[INFO] [stderr]    Compiling proc-macro-crate v1.3.1
[INFO] [stderr]    Compiling thiserror v1.0.56
[INFO] [stderr]    Compiling wasm-bindgen-macro v0.2.89
[INFO] [stderr]    Compiling bytemuck_derive v1.5.0
[INFO] [stderr]    Compiling hashbrown v0.11.2
[INFO] [stderr]    Compiling unicode-normalization v0.1.22
[INFO] [stderr]    Compiling solana-program v1.17.14
[INFO] [stderr]    Compiling memmap2 v0.5.10
[INFO] [stderr]    Compiling keccak v0.1.4
[INFO] [stderr]    Compiling base64 v0.12.3
[INFO] [stderr]    Compiling lazy_static v1.4.0
[INFO] [stderr]    Compiling rustc-hash v1.1.0
[INFO] [stderr]    Compiling solana-sdk-macro v1.17.14
[INFO] [stderr]    Compiling num-derive v0.3.3
[INFO] [stderr]    Compiling base64 v0.21.5
[INFO] [stderr]    Compiling bytemuck v1.14.0
[INFO] [stderr]    Compiling num_enum_derive v0.5.11
[INFO] [stderr]    Compiling num_enum v0.5.11
[INFO] [stderr]    Compiling toml v0.5.11
[INFO] [stderr]    Compiling serde_bytes v0.11.14
[INFO] [stderr]    Compiling bincode v1.3.3
[INFO] [stderr]    Compiling bitflags v2.4.1
[INFO] [stderr]    Compiling digest v0.9.0
[INFO] [stderr]    Compiling crypto-common v0.1.6
[INFO] [stderr]    Compiling block-buffer v0.10.4
[INFO] [stderr]    Compiling libsecp256k1-core v0.2.2
[INFO] [stderr]    Compiling digest v0.10.7
[INFO] [stderr]    Compiling crypto-mac v0.8.0
[INFO] [stderr]    Compiling block-buffer v0.9.0
[INFO] [stderr]    Compiling hmac v0.8.1
[INFO] [stderr]    Compiling sha2 v0.9.9
[INFO] [stderr]    Compiling hmac-drbg v0.3.0
[INFO] [stderr]    Compiling pbkdf2 v0.4.0
[INFO] [stderr]    Compiling curve25519-dalek v3.2.1
[INFO] [stderr]    Compiling ark-serialize v0.4.2
[INFO] [stderr]    Compiling sha2 v0.10.8
[INFO] [stderr]    Compiling ark-ff v0.4.2
[INFO] [stderr]    Compiling proc-macro-crate v0.1.5
[INFO] [stderr]    Compiling tiny-bip39 v0.8.2
[INFO] [stderr]    Compiling libsecp256k1-gen-ecmult v0.2.1
[INFO] [stderr]    Compiling libsecp256k1-gen-genmult v0.2.1
[INFO] [stderr]    Compiling sha3 v0.10.8
[INFO] [stderr]    Compiling borsh-derive v0.9.3
[INFO] [stderr]    Compiling borsh-derive v0.10.3
[INFO] [stderr]    Compiling libsecp256k1 v0.6.0
[INFO] [stderr]    Compiling borsh v0.9.3
[INFO] [stderr]    Compiling borsh v0.10.3
[INFO] [stderr]    Compiling ark-poly v0.4.2
[INFO] [stderr]    Compiling ark-ec v0.4.2
[INFO] [stderr]    Compiling ark-bn254 v0.4.0
[INFO] [stderr]    Compiling light-poseidon v0.2.0
[INFO] [stderr]    Compiling spl-token v3.5.0
[INFO] [stderr]    Compiling metaplex-token-vault v0.0.1
[INFO] [stderr]    Compiling metaplex-auction v0.0.1
[INFO] [stdout] error[E0277]: the trait bound `T: borsh::de::BorshDeserialize` is not satisfied
[INFO] [stdout]    --> /opt/rustwide/cargo-home/registry/src/index.crates.io-6f17d22bba15001f/metaplex-token-vault-0.0.1/src/utils.rs:261:21
[INFO] [stdout]     |
[INFO] [stdout] 261 |     let result: T = try_from_slice_unchecked(data)?;
[INFO] [stdout]     |                     ^^^^^^^^^^^^^^^^^^^^^^^^ the trait `borsh::de::BorshDeserialize` is not implemented for `T`
[INFO] [stdout]     |
[INFO] [stdout] note: required by a bound in `solana_program::borsh::try_from_slice_unchecked`
[INFO] [stdout]    --> /opt/rustwide/cargo-home/registry/src/index.crates.io-6f17d22bba15001f/solana-program-1.17.14/src/borsh.rs:38:36
[INFO] [stdout]     |
[INFO] [stdout] 38  | pub fn try_from_slice_unchecked<T: BorshDeserialize>(data: &[u8]) -> Result<T, Error> {
[INFO] [stdout]     |                                    ^^^^^^^^^^^^^^^^ required by this bound in `try_from_slice_unchecked`
[INFO] [stdout] help: consider further restricting this bound
[INFO] [stdout]     |
[INFO] [stdout] 250 | pub fn try_from_slice_checked<T: BorshDeserialize + borsh::de::BorshDeserialize>(
[INFO] [stdout]     |                                                   +++++++++++++++++++++++++++++
[INFO] [stdout] 
[INFO] [stdout] 
[INFO] [stdout] error: aborting due to previous error
[INFO] [stdout] 
[INFO] [stdout] 
[INFO] [stdout] For more information about this error, try `rustc --explain E0277`.
[INFO] [stdout] 
[INFO] [stdout] error[E0277]: the trait bound `solana_program::hash::Hash: BorshSerialize` is not satisfied
[INFO] [stdout]   --> /opt/rustwide/cargo-home/registry/src/index.crates.io-6f17d22bba15001f/metaplex-auction-0.0.1/src/instruction.rs:15:17
[INFO] [stdout]    |
[INFO] [stdout] 15 | #[derive(Clone, BorshSerialize, BorshDeserialize, PartialEq)]
[INFO] [stdout]    |                 ^^^^^^^^^^^^^^ the trait `BorshSerialize` is not implemented for `solana_program::hash::Hash`
[INFO] [stdout]    |
[INFO] [stdout]    = help: the following other types implement trait `BorshSerialize`:
[INFO] [stdout]              bool
[INFO] [stdout]              i8
[INFO] [stdout]              i16
[INFO] [stdout]              i32
[INFO] [stdout]              i64
[INFO] [stdout]              i128
[INFO] [stdout]              usize
[INFO] [stdout]              u8
[INFO] [stdout]            and 120 others
[INFO] [stdout] note: required for `PriceFloor` to implement `BorshSerialize`
[INFO] [stdout]   --> /opt/rustwide/cargo-home/registry/src/index.crates.io-6f17d22bba15001f/metaplex-auction-0.0.1/src/processor.rs:52:17
[INFO] [stdout]    |
[INFO] [stdout] 52 | #[derive(Clone, BorshSerialize, BorshDeserialize, PartialEq, Debug)]
[INFO] [stdout]    |                 ^^^^^^^^^^^^^^ unsatisfied trait bound introduced in this `derive` macro
[INFO] [stdout] 53 | pub enum PriceFloor {
[INFO] [stdout]    |          ^^^^^^^^^^
[INFO] [stdout]    = note: 1 redundant requirement hidden
[INFO] [stdout]    = note: required for `CreateAuctionArgsV2` to implement `BorshSerialize`
[INFO] [stdout]    = help: see issue #48214
[INFO] [stdout]    = note: this error originates in the derive macro `BorshSerialize` (in Nightly builds, run with -Z macro-backtrace for more info)
[INFO] [stdout] 
[INFO] [stdout] 
[INFO] [stdout] error[E0277]: the trait bound `solana_program::hash::Hash: BorshDeserialize` is not satisfied
[INFO] [stdout]   --> /opt/rustwide/cargo-home/registry/src/index.crates.io-6f17d22bba15001f/metaplex-auction-0.0.1/src/instruction.rs:15:33
[INFO] [stdout]    |
[INFO] [stdout] 15 | #[derive(Clone, BorshSerialize, BorshDeserialize, PartialEq)]
[INFO] [stdout]    |                                 ^^^^^^^^^^^^^^^^ the trait `BorshDeserialize` is not implemented for `solana_program::hash::Hash`
[INFO] [stdout]    |
[INFO] [stdout]    = help: the following other types implement trait `BorshDeserialize`:
[INFO] [stdout]              bool
[INFO] [stdout]              i8
[INFO] [stdout]              i16
[INFO] [stdout]              i32
[INFO] [stdout]              i64
[INFO] [stdout]              i128
[INFO] [stdout]              usize
[INFO] [stdout]              u8
[INFO] [stdout]            and 117 others
[INFO] [stdout] note: required for `PriceFloor` to implement `BorshDeserialize`
[INFO] [stdout]   --> /opt/rustwide/cargo-home/registry/src/index.crates.io-6f17d22bba15001f/metaplex-auction-0.0.1/src/processor.rs:52:33
[INFO] [stdout]    |
[INFO] [stdout] 52 | #[derive(Clone, BorshSerialize, BorshDeserialize, PartialEq, Debug)]
[INFO] [stdout]    |                                 ^^^^^^^^^^^^^^^^ unsatisfied trait bound introduced in this `derive` macro
[INFO] [stdout] 53 | pub enum PriceFloor {
[INFO] [stdout]    |          ^^^^^^^^^^
[INFO] [stdout]    = note: 1 redundant requirement hidden
[INFO] [stdout]    = note: required for `CreateAuctionArgsV2` to implement `BorshDeserialize`
[INFO] [stdout]    = help: see issue #48214
[INFO] [stdout]    = note: this error originates in the derive macro `BorshDeserialize` (in Nightly builds, run with -Z macro-backtrace for more info)
[INFO] [stdout] 
[INFO] [stdout] 
[INFO] [stdout] error[E0277]: the trait bound `solana_program::hash::Hash: BorshSerialize` is not satisfied
[INFO] [stdout]   --> /opt/rustwide/cargo-home/registry/src/index.crates.io-6f17d22bba15001f/metaplex-auction-0.0.1/src/processor.rs:52:17
[INFO] [stdout]    |
[INFO] [stdout] 52 | #[derive(Clone, BorshSerialize, BorshDeserialize, PartialEq, Debug)]
[INFO] [stdout]    |                 ^^^^^^^^^^^^^^ the trait `BorshSerialize` is not implemented for `solana_program::hash::Hash`
[INFO] [stdout]    |
[INFO] [stdout]    = help: the following other types implement trait `BorshSerialize`:
[INFO] [stdout]              bool
[INFO] [stdout]              i8
[INFO] [stdout]              i16
[INFO] [stdout]              i32
[INFO] [stdout]              i64
[INFO] [stdout]              i128
[INFO] [stdout]              usize
[INFO] [stdout]              u8
[INFO] [stdout]            and 120 others
[INFO] [stdout]    = help: see issue #48214
[INFO] [stdout]    = note: this error originates in the derive macro `BorshSerialize` (in Nightly builds, run with -Z macro-backtrace for more info)
[INFO] [stdout] 
[INFO] [stdout] 
[INFO] [stdout] error[E0277]: the trait bound `solana_program::hash::Hash: BorshDeserialize` is not satisfied
[INFO] [stdout]   --> /opt/rustwide/cargo-home/registry/src/index.crates.io-6f17d22bba15001f/metaplex-auction-0.0.1/src/processor.rs:52:33
[INFO] [stdout]    |
[INFO] [stdout] 52 | #[derive(Clone, BorshSerialize, BorshDeserialize, PartialEq, Debug)]
[INFO] [stdout]    |                                 ^^^^^^^^^^^^^^^^ the trait `BorshDeserialize` is not implemented for `solana_program::hash::Hash`
[INFO] [stdout]    |
[INFO] [stdout]    = help: the following other types implement trait `BorshDeserialize`:
[INFO] [stdout]              bool
[INFO] [stdout]              i8
[INFO] [stdout]              i16
[INFO] [stdout]              i32
[INFO] [stdout]              i64
[INFO] [stdout]              i128
[INFO] [stdout]              usize
[INFO] [stdout]              u8
[INFO] [stdout]            and 117 others
[INFO] [stdout]    = help: see issue #48214
[INFO] [stdout]    = note: this error originates in the derive macro `BorshDeserialize` (in Nightly builds, run with -Z macro-backtrace for more info)
[INFO] [stdout] 
[INFO] [stdout] 
[INFO] [stdout] error[E0277]: the trait bound `solana_program::hash::Hash: BorshSerialize` is not satisfied
[INFO] [stdout]   --> /opt/rustwide/cargo-home/registry/src/index.crates.io-6f17d22bba15001f/metaplex-auction-0.0.1/src/processor.rs:71:17
[INFO] [stdout]    |
[INFO] [stdout] 71 | #[derive(Clone, BorshSerialize, BorshDeserialize, PartialEq, Debug)]
[INFO] [stdout]    |                 ^^^^^^^^^^^^^^ the trait `BorshSerialize` is not implemented for `solana_program::hash::Hash`
[INFO] [stdout]    |
[INFO] [stdout]    = help: the following other types implement trait `BorshSerialize`:
[INFO] [stdout]              bool
[INFO] [stdout]              i8
[INFO] [stdout]              i16
[INFO] [stdout]              i32
[INFO] [stdout]              i64
[INFO] [stdout]              i128
[INFO] [stdout]              usize
[INFO] [stdout]              u8
[INFO] [stdout]            and 120 others
[INFO] [stdout] note: required for `PriceFloor` to implement `BorshSerialize`
[INFO] [stdout]   --> /opt/rustwide/cargo-home/registry/src/index.crates.io-6f17d22bba15001f/metaplex-auction-0.0.1/src/processor.rs:52:17
[INFO] [stdout]    |
[INFO] [stdout] 52 | #[derive(Clone, BorshSerialize, BorshDeserialize, PartialEq, Debug)]
[INFO] [stdout]    |                 ^^^^^^^^^^^^^^ unsatisfied trait bound introduced in this `derive` macro
[INFO] [stdout] 53 | pub enum PriceFloor {
[INFO] [stdout]    |          ^^^^^^^^^^
[INFO] [stdout]    = help: see issue #48214
[INFO] [stdout]    = note: this error originates in the derive macro `BorshSerialize` (in Nightly builds, run with -Z macro-backtrace for more info)
[INFO] [stdout] 
[INFO] [stdout] 
[INFO] [stdout] error[E0277]: the trait bound `solana_program::hash::Hash: BorshDeserialize` is not satisfied
[INFO] [stdout]   --> /opt/rustwide/cargo-home/registry/src/index.crates.io-6f17d22bba15001f/metaplex-auction-0.0.1/src/processor.rs:71:33
[INFO] [stdout]    |
[INFO] [stdout] 71 | #[derive(Clone, BorshSerialize, BorshDeserialize, PartialEq, Debug)]
[INFO] [stdout]    |                                 ^^^^^^^^^^^^^^^^ the trait `BorshDeserialize` is not implemented for `solana_program::hash::Hash`
[INFO] [stdout]    |
[INFO] [stdout]    = help: the following other types implement trait `BorshDeserialize`:
[INFO] [stdout]              bool
[INFO] [stdout]              i8
[INFO] [stdout]              i16
[INFO] [stdout]              i32
[INFO] [stdout]              i64
[INFO] [stdout]              i128
[INFO] [stdout]              usize
[INFO] [stdout]              u8
[INFO] [stdout]            and 117 others
[INFO] [stdout] note: required for `PriceFloor` to implement `BorshDeserialize`
[INFO] [stdout]   --> /opt/rustwide/cargo-home/registry/src/index.crates.io-6f17d22bba15001f/metaplex-auction-0.0.1/src/processor.rs:52:33
[INFO] [stdout]    |
[INFO] [stdout] 52 | #[derive(Clone, BorshSerialize, BorshDeserialize, PartialEq, Debug)]
[INFO] [stdout]    |                                 ^^^^^^^^^^^^^^^^ unsatisfied trait bound introduced in this `derive` macro
[INFO] [stdout] 53 | pub enum PriceFloor {
[INFO] [stdout]    |          ^^^^^^^^^^
[INFO] [stdout]    = help: see issue #48214
[INFO] [stdout]    = note: this error originates in the derive macro `BorshDeserialize` (in Nightly builds, run with -Z macro-backtrace for more info)
[INFO] [stdout] 
[INFO] [stdout] 
[INFO] [stdout] error[E0277]: the trait bound `solana_program::hash::Hash: BorshSerialize` is not satisfied
[INFO] [stdout]   --> /opt/rustwide/cargo-home/registry/src/index.crates.io-6f17d22bba15001f/metaplex-auction-0.0.1/src/processor/create_auction.rs:27:17
[INFO] [stdout]    |
[INFO] [stdout] 27 | #[derive(Clone, BorshSerialize, BorshDeserialize, PartialEq)]
[INFO] [stdout]    |                 ^^^^^^^^^^^^^^ the trait `BorshSerialize` is not implemented for `solana_program::hash::Hash`
[INFO] [stdout]    |
[INFO] [stdout]    = help: the following other types implement trait `BorshSerialize`:
[INFO] [stdout]              bool
[INFO] [stdout]              i8
[INFO] [stdout]              i16
[INFO] [stdout]              i32
[INFO] [stdout]              i64
[INFO] [stdout]              i128
[INFO] [stdout]              usize
[INFO] [stdout]              u8
[INFO] [stdout]            and 120 others
[INFO] [stdout] note: required for `PriceFloor` to implement `BorshSerialize`
[INFO] [stdout]   --> /opt/rustwide/cargo-home/registry/src/index.crates.io-6f17d22bba15001f/metaplex-auction-0.0.1/src/processor.rs:52:17
[INFO] [stdout]    |
[INFO] [stdout] 52 | #[derive(Clone, BorshSerialize, BorshDeserialize, PartialEq, Debug)]
[INFO] [stdout]    |                 ^^^^^^^^^^^^^^ unsatisfied trait bound introduced in this `derive` macro
[INFO] [stdout] 53 | pub enum PriceFloor {
[INFO] [stdout]    |          ^^^^^^^^^^
[INFO] [stdout]    = help: see issue #48214
[INFO] [stdout]    = note: this error originates in the derive macro `BorshSerialize` (in Nightly builds, run with -Z macro-backtrace for more info)
[INFO] [stdout] 
[INFO] [stdout] 
[INFO] [stdout] error[E0277]: the trait bound `solana_program::hash::Hash: BorshDeserialize` is not satisfied
[INFO] [stdout]   --> /opt/rustwide/cargo-home/registry/src/index.crates.io-6f17d22bba15001f/metaplex-auction-0.0.1/src/processor/create_auction.rs:27:33
[INFO] [stdout]    |
[INFO] [stdout] 27 | #[derive(Clone, BorshSerialize, BorshDeserialize, PartialEq)]
[INFO] [stdout]    |                                 ^^^^^^^^^^^^^^^^ the trait `BorshDeserialize` is not implemented for `solana_program::hash::Hash`
[INFO] [stdout]    |
[INFO] [stdout]    = help: the following other types implement trait `BorshDeserialize`:
[INFO] [stdout]              bool
[INFO] [stdout]              i8
[INFO] [stdout]              i16
[INFO] [stdout]              i32
[INFO] [stdout]              i64
[INFO] [stdout]              i128
[INFO] [stdout]              usize
[INFO] [stdout]              u8
[INFO] [stdout]            and 117 others
[INFO] [stdout] note: required for `PriceFloor` to implement `BorshDeserialize`
[INFO] [stdout]   --> /opt/rustwide/cargo-home/registry/src/index.crates.io-6f17d22bba15001f/metaplex-auction-0.0.1/src/processor.rs:52:33
[INFO] [stdout]    |
[INFO] [stdout] 52 | #[derive(Clone, BorshSerialize, BorshDeserialize, PartialEq, Debug)]
[INFO] [stdout]    |                                 ^^^^^^^^^^^^^^^^ unsatisfied trait bound introduced in this `derive` macro
[INFO] [stdout] 53 | pub enum PriceFloor {
[INFO] [stdout]    |          ^^^^^^^^^^
[INFO] [stdout]    = help: see issue #48214
[INFO] [stdout]    = note: this error originates in the derive macro `BorshDeserialize` (in Nightly builds, run with -Z macro-backtrace for more info)
[INFO] [stdout] 
[INFO] [stdout] 
[INFO] [stdout] error[E0277]: the trait bound `solana_program::hash::Hash: BorshSerialize` is not satisfied
[INFO] [stdout]   --> /opt/rustwide/cargo-home/registry/src/index.crates.io-6f17d22bba15001f/metaplex-auction-0.0.1/src/processor/create_auction_v2.rs:28:17
[INFO] [stdout]    |
[INFO] [stdout] 28 | #[derive(Clone, BorshSerialize, BorshDeserialize, PartialEq)]
[INFO] [stdout]    |                 ^^^^^^^^^^^^^^ the trait `BorshSerialize` is not implemented for `solana_program::hash::Hash`
[INFO] [stdout]    |
[INFO] [stdout]    = help: the following other types implement trait `BorshSerialize`:
[INFO] [stdout]              bool
[INFO] [stdout]              i8
[INFO] [stdout]              i16
[INFO] [stdout]              i32
[INFO] [stdout]              i64
[INFO] [stdout]              i128
[INFO] [stdout]              usize
[INFO] [stdout]              u8
[INFO] [stdout]            and 120 others
[INFO] [stdout] note: required for `PriceFloor` to implement `BorshSerialize`
[INFO] [stdout]   --> /opt/rustwide/cargo-home/registry/src/index.crates.io-6f17d22bba15001f/metaplex-auction-0.0.1/src/processor.rs:52:17
[INFO] [stdout]    |
[INFO] [stdout] 52 | #[derive(Clone, BorshSerialize, BorshDeserialize, PartialEq, Debug)]
[INFO] [stdout]    |                 ^^^^^^^^^^^^^^ unsatisfied trait bound introduced in this `derive` macro
[INFO] [stdout] 53 | pub enum PriceFloor {
[INFO] [stdout]    |          ^^^^^^^^^^
[INFO] [stdout]    = help: see issue #48214
[INFO] [stdout]    = note: this error originates in the derive macro `BorshSerialize` (in Nightly builds, run with -Z macro-backtrace for more info)
[INFO] [stdout] 
[INFO] [stdout] 
[INFO] [stdout] error[E0277]: the trait bound `solana_program::hash::Hash: BorshDeserialize` is not satisfied
[INFO] [stdout]   --> /opt/rustwide/cargo-home/registry/src/index.crates.io-6f17d22bba15001f/metaplex-auction-0.0.1/src/processor/create_auction_v2.rs:28:33
[INFO] [stdout]    |
[INFO] [stdout] 28 | #[derive(Clone, BorshSerialize, BorshDeserialize, PartialEq)]
[INFO] [stdout]    |                                 ^^^^^^^^^^^^^^^^ the trait `BorshDeserialize` is not implemented for `solana_program::hash::Hash`
[INFO] [stdout]    |
[INFO] [stdout]    = help: the following other types implement trait `BorshDeserialize`:
[INFO] [stdout]              bool
[INFO] [stdout]              i8
[INFO] [stdout]              i16
[INFO] [stdout]              i32
[INFO] [stdout]              i64
[INFO] [stdout]              i128
[INFO] [stdout]              usize
[INFO] [stdout]              u8
[INFO] [stdout]            and 117 others
[INFO] [stdout] note: required for `PriceFloor` to implement `BorshDeserialize`
[INFO] [stdout]   --> /opt/rustwide/cargo-home/registry/src/index.crates.io-6f17d22bba15001f/metaplex-auction-0.0.1/src/processor.rs:52:33
[INFO] [stdout]    |
[INFO] [stdout] 52 | #[derive(Clone, BorshSerialize, BorshDeserialize, PartialEq, Debug)]
[INFO] [stdout]    |                                 ^^^^^^^^^^^^^^^^ unsatisfied trait bound introduced in this `derive` macro
[INFO] [stdout] 53 | pub enum PriceFloor {
[INFO] [stdout]    |          ^^^^^^^^^^
[INFO] [stdout]    = help: see issue #48214
[INFO] [stdout]    = note: this error originates in the derive macro `BorshDeserialize` (in Nightly builds, run with -Z macro-backtrace for more info)
[INFO] [stdout] 
[INFO] [stdout] 
[INFO] [stdout] error: aborting due to 10 previous errors
[INFO] [stdout] 
[INFO] [stdout] 
[INFO] [stdout] For more information about this error, try `rustc --explain E0277`.
[INFO] [stdout] 
[INFO] [stderr] error: could not compile `metaplex-token-vault` (lib) due to 2 previous errors
[INFO] [stderr] warning: build failed, waiting for other jobs to finish...
[INFO] [stderr] error: could not compile `metaplex-auction` (lib) due to 11 previous errors
[INFO] running `Command { std: "docker" "inspect" "295f4c19abedb8a3051c9f215c1ad922df2321d9e797c568dbfc2ba1cfb4fff9", kill_on_drop: false }`
[INFO] running `Command { std: "docker" "rm" "-f" "295f4c19abedb8a3051c9f215c1ad922df2321d9e797c568dbfc2ba1cfb4fff9", kill_on_drop: false }`
[INFO] [stdout] 295f4c19abedb8a3051c9f215c1ad922df2321d9e797c568dbfc2ba1cfb4fff9
[INFO] testing metaplex-0.0.1 against beta-2023-12-22 for beta-1.76-1
[INFO] extracting crate metaplex 0.0.1 into /workspace/builds/worker-0-tc2/source
[INFO] validating manifest of crates.io crate metaplex 0.0.1 on toolchain beta-2023-12-22
[INFO] running `Command { std: CARGO_HOME="/workspace/cargo-home" RUSTUP_HOME="/workspace/rustup-home" "/workspace/cargo-home/bin/cargo" "+beta-2023-12-22" "metadata" "--manifest-path" "Cargo.toml" "--no-deps", kill_on_drop: false }`
[INFO] started tweaking crates.io crate metaplex 0.0.1
[INFO] finished tweaking crates.io crate metaplex 0.0.1
[INFO] tweaked toml for crates.io crate metaplex 0.0.1 written to /workspace/builds/worker-0-tc2/source/Cargo.toml
[INFO] running `Command { std: CARGO_HOME="/workspace/cargo-home" RUSTUP_HOME="/workspace/rustup-home" "/workspace/cargo-home/bin/cargo" "+beta-2023-12-22" "generate-lockfile" "--manifest-path" "Cargo.toml", kill_on_drop: false }`
[INFO] [stderr]     Updating crates.io index
[INFO] running `Command { std: CARGO_HOME="/workspace/cargo-home" RUSTUP_HOME="/workspace/rustup-home" "/workspace/cargo-home/bin/cargo" "+beta-2023-12-22" "fetch" "--manifest-path" "Cargo.toml", kill_on_drop: false }`
[INFO] running `Command { std: "docker" "create" "-v" "/var/lib/crater-agent-workspace/builds/worker-0-tc2/target:/opt/rustwide/target:rw,Z" "-v" "/var/lib/crater-agent-workspace/builds/worker-0-tc2/source:/opt/rustwide/workdir:ro,Z" "-v" "/var/lib/crater-agent-workspace/cargo-home:/opt/rustwide/cargo-home:ro,Z" "-v" "/var/lib/crater-agent-workspace/rustup-home:/opt/rustwide/rustup-home:ro,Z" "-e" "SOURCE_DIR=/opt/rustwide/workdir" "-e" "CARGO_TARGET_DIR=/opt/rustwide/target" "-e" "CARGO_HOME=/opt/rustwide/cargo-home" "-e" "RUSTUP_HOME=/opt/rustwide/rustup-home" "-w" "/opt/rustwide/workdir" "-m" "1610612736" "--user" "0:0" "--network" "none" "ghcr.io/rust-lang/crates-build-env/linux@sha256:2788e3201cd34a07e3172128adcd8b3090168a8e3bcc40d7c032b9dda1df7d1c" "/opt/rustwide/cargo-home/bin/cargo" "+beta-2023-12-22" "metadata" "--no-deps" "--format-version=1", kill_on_drop: false }`
[INFO] [stdout] e9cb8d9ab28f9403355920a6314f4500ddb20b2eff0ef878b090ec71490bc10b
[INFO] running `Command { std: "docker" "start" "-a" "e9cb8d9ab28f9403355920a6314f4500ddb20b2eff0ef878b090ec71490bc10b", kill_on_drop: false }`
[INFO] running `Command { std: "docker" "inspect" "e9cb8d9ab28f9403355920a6314f4500ddb20b2eff0ef878b090ec71490bc10b", kill_on_drop: false }`
[INFO] running `Command { std: "docker" "rm" "-f" "e9cb8d9ab28f9403355920a6314f4500ddb20b2eff0ef878b090ec71490bc10b", kill_on_drop: false }`
[INFO] [stdout] e9cb8d9ab28f9403355920a6314f4500ddb20b2eff0ef878b090ec71490bc10b
[INFO] running `Command { std: "docker" "create" "-v" "/var/lib/crater-agent-workspace/builds/worker-0-tc2/target:/opt/rustwide/target:rw,Z" "-v" "/var/lib/crater-agent-workspace/builds/worker-0-tc2/source:/opt/rustwide/workdir:ro,Z" "-v" "/var/lib/crater-agent-workspace/cargo-home:/opt/rustwide/cargo-home:ro,Z" "-v" "/var/lib/crater-agent-workspace/rustup-home:/opt/rustwide/rustup-home:ro,Z" "-e" "SOURCE_DIR=/opt/rustwide/workdir" "-e" "CARGO_TARGET_DIR=/opt/rustwide/target" "-e" "CARGO_INCREMENTAL=0" "-e" "RUST_BACKTRACE=full" "-e" "RUSTFLAGS=--cap-lints=warn" "-e" "RUSTDOCFLAGS=--cap-lints=warn" "-e" "CARGO_HOME=/opt/rustwide/cargo-home" "-e" "RUSTUP_HOME=/opt/rustwide/rustup-home" "-w" "/opt/rustwide/workdir" "-m" "1610612736" "--user" "0:0" "--network" "none" "ghcr.io/rust-lang/crates-build-env/linux@sha256:2788e3201cd34a07e3172128adcd8b3090168a8e3bcc40d7c032b9dda1df7d1c" "/opt/rustwide/cargo-home/bin/cargo" "+beta-2023-12-22" "build" "--frozen" "--message-format=json", kill_on_drop: false }`
[INFO] [stdout] 3ac7f61b0d7f4a162aea3d2e4b53ae44e93694fde3a824631caac27c72dfee3a
[INFO] running `Command { std: "docker" "start" "-a" "3ac7f61b0d7f4a162aea3d2e4b53ae44e93694fde3a824631caac27c72dfee3a", kill_on_drop: false }`
[INFO] [stderr]    Compiling serde v1.0.194
[INFO] [stderr]    Compiling libc v0.2.151
[INFO] [stderr]    Compiling cfg-if v1.0.0
[INFO] [stderr]    Compiling typenum v1.17.0
[INFO] [stderr]    Compiling syn v1.0.109
[INFO] [stderr]    Compiling generic-array v0.14.7
[INFO] [stderr]    Compiling subtle v2.5.0
[INFO] [stderr]    Compiling syn v2.0.48
[INFO] [stderr]    Compiling once_cell v1.19.0
[INFO] [stderr]    Compiling ppv-lite86 v0.2.17
[INFO] [stderr]    Compiling num-traits v0.2.17
[INFO] [stderr]    Compiling semver v1.0.21
[INFO] [stderr]    Compiling num-integer v0.1.45
[INFO] [stderr]    Compiling num-bigint v0.4.4
[INFO] [stderr]    Compiling ahash v0.8.7
[INFO] [stderr]    Compiling either v1.9.0
[INFO] [stderr]    Compiling rustc_version v0.4.0
[INFO] [stderr]    Compiling crunchy v0.2.2
[INFO] [stderr]    Compiling getrandom v0.1.16
[INFO] [stderr]    Compiling crossbeam-utils v0.8.18
[INFO] [stderr]    Compiling zerocopy v0.7.32
[INFO] [stderr]    Compiling paste v1.0.14
[INFO] [stderr]    Compiling wasm-bindgen-shared v0.2.89
[INFO] [stderr]    Compiling itertools v0.10.5
[INFO] [stderr]    Compiling getrandom v0.2.11
[INFO] [stderr]    Compiling jobserver v0.1.27
[INFO] [stderr]    Compiling rand_core v0.6.4
[INFO] [stderr]    Compiling rand_chacha v0.3.1
[INFO] [stderr]    Compiling cc v1.0.83
[INFO] [stderr]    Compiling rand v0.8.5
[INFO] [stderr]    Compiling rand_core v0.5.1
[INFO] [stderr]    Compiling ark-std v0.4.0
[INFO] [stderr]    Compiling hashbrown v0.13.2
[INFO] [stderr]    Compiling crossbeam-epoch v0.9.17
[INFO] [stderr]    Compiling log v0.4.20
[INFO] [stderr]    Compiling cpufeatures v0.2.12
[INFO] [stderr]    Compiling rayon-core v1.12.0
[INFO] [stderr]    Compiling crossbeam-deque v0.8.4
[INFO] [stderr]    Compiling ahash v0.7.7
[INFO] [stderr]    Compiling equivalent v1.0.1
[INFO] [stderr]    Compiling hashbrown v0.14.3
[INFO] [stderr]    Compiling bumpalo v3.14.0
[INFO] [stderr]    Compiling feature-probe v0.1.1
[INFO] [stderr]    Compiling bv v0.11.1
[INFO] [stderr]    Compiling wasm-bindgen-backend v0.2.89
[INFO] [stderr]    Compiling rand_chacha v0.2.2
[INFO] [stderr]    Compiling bitmaps v2.1.0
[INFO] [stderr]    Compiling indexmap v2.1.0
[INFO] [stderr]    Compiling solana-frozen-abi-macro v1.17.14
[INFO] [stderr]    Compiling blake3 v1.5.0
[INFO] [stderr]    Compiling im v15.1.0
[INFO] [stderr]    Compiling anyhow v1.0.79
[INFO] [stderr]    Compiling arrayref v0.3.7
[INFO] [stderr]    Compiling tinyvec_macros v0.1.1
[INFO] [stderr]    Compiling opaque-debug v0.3.0
[INFO] [stderr]    Compiling winnow v0.5.32
[INFO] [stderr]    Compiling serde_json v1.0.111
[INFO] [stderr]    Compiling rustversion v1.0.14
[INFO] [stderr]    Compiling toml_datetime v0.6.5
[INFO] [stderr]    Compiling tinyvec v1.6.0
[INFO] [stderr]    Compiling wasm-bindgen-macro-support v0.2.89
[INFO] [stderr]    Compiling sized-chunks v0.6.5
[INFO] [stderr]    Compiling rayon v1.8.0
[INFO] [stderr]    Compiling rand v0.7.3
[INFO] [stderr]    Compiling ark-serialize-derive v0.4.2
[INFO] [stderr]    Compiling ark-ff-macros v0.4.2
[INFO] [stderr]    Compiling derivative v2.2.0
[INFO] [stderr]    Compiling ark-ff-asm v0.4.2
[INFO] [stderr]    Compiling serde_derive v1.0.194
[INFO] [stderr]    Compiling zeroize_derive v1.4.2
[INFO] [stderr]    Compiling thiserror-impl v1.0.56
[INFO] [stderr]    Compiling toml_edit v0.19.15
[INFO] [stderr]    Compiling borsh-derive-internal v0.10.3
[INFO] [stderr]    Compiling borsh-schema-derive-internal v0.9.3
[INFO] [stderr]    Compiling borsh-derive-internal v0.9.3
[INFO] [stderr]    Compiling borsh-schema-derive-internal v0.10.3
[INFO] [stderr]    Compiling zeroize v1.3.0
[INFO] [stderr]    Compiling rand_xoshiro v0.6.0
[INFO] [stderr]    Compiling solana-frozen-abi v1.17.14
[INFO] [stderr]    Compiling memoffset v0.9.0
[INFO] [stderr]    Compiling arrayvec v0.7.4
[INFO] [stderr]    Compiling constant_time_eq v0.3.0
[INFO] [stderr]    Compiling itoa v1.0.10
[INFO] [stderr]    Compiling bs58 v0.4.0
[INFO] [stderr]    Compiling wasm-bindgen v0.2.89
[INFO] [stderr]    Compiling byteorder v1.5.0
[INFO] [stderr]    Compiling bytemuck_derive v1.5.0
[INFO] [stderr]    Compiling wasm-bindgen-macro v0.2.89
[INFO] [stderr]    Compiling unicode-normalization v0.1.22
[INFO] [stderr]    Compiling thiserror v1.0.56
[INFO] [stderr]    Compiling hashbrown v0.11.2
[INFO] [stderr]    Compiling proc-macro-crate v1.3.1
[INFO] [stderr]    Compiling solana-program v1.17.14
[INFO] [stderr]    Compiling memmap2 v0.5.10
[INFO] [stderr]    Compiling lazy_static v1.4.0
[INFO] [stderr]    Compiling rustc-hash v1.1.0
[INFO] [stderr]    Compiling keccak v0.1.4
[INFO] [stderr]    Compiling base64 v0.12.3
[INFO] [stderr]    Compiling num-derive v0.3.3
[INFO] [stderr]    Compiling solana-sdk-macro v1.17.14
[INFO] [stderr]    Compiling base64 v0.21.5
[INFO] [stderr]    Compiling bytemuck v1.14.0
[INFO] [stderr]    Compiling num_enum_derive v0.5.11
[INFO] [stderr]    Compiling num_enum v0.5.11
[INFO] [stderr]    Compiling toml v0.5.11
[INFO] [stderr]    Compiling serde_bytes v0.11.14
[INFO] [stderr]    Compiling bitflags v2.4.1
[INFO] [stderr]    Compiling bincode v1.3.3
[INFO] [stderr]    Compiling block-buffer v0.10.4
[INFO] [stderr]    Compiling digest v0.9.0
[INFO] [stderr]    Compiling crypto-common v0.1.6
[INFO] [stderr]    Compiling crypto-mac v0.8.0
[INFO] [stderr]    Compiling block-buffer v0.9.0
[INFO] [stderr]    Compiling libsecp256k1-core v0.2.2
[INFO] [stderr]    Compiling digest v0.10.7
[INFO] [stderr]    Compiling hmac v0.8.1
[INFO] [stderr]    Compiling pbkdf2 v0.4.0
[INFO] [stderr]    Compiling sha2 v0.9.9
[INFO] [stderr]    Compiling proc-macro-crate v0.1.5
[INFO] [stderr]    Compiling curve25519-dalek v3.2.1
[INFO] [stderr]    Compiling ark-serialize v0.4.2
[INFO] [stderr]    Compiling sha2 v0.10.8
[INFO] [stderr]    Compiling ark-ff v0.4.2
[INFO] [stderr]    Compiling hmac-drbg v0.3.0
[INFO] [stderr]    Compiling tiny-bip39 v0.8.2
[INFO] [stderr]    Compiling sha3 v0.10.8
[INFO] [stderr]    Compiling borsh-derive v0.10.3
[INFO] [stderr]    Compiling borsh-derive v0.9.3
[INFO] [stderr]    Compiling libsecp256k1-gen-genmult v0.2.1
[INFO] [stderr]    Compiling libsecp256k1-gen-ecmult v0.2.1
[INFO] [stderr]    Compiling borsh v0.10.3
[INFO] [stderr]    Compiling libsecp256k1 v0.6.0
[INFO] [stderr]    Compiling borsh v0.9.3
[INFO] [stderr]    Compiling ark-poly v0.4.2
[INFO] [stderr]    Compiling ark-ec v0.4.2
[INFO] [stderr]    Compiling ark-bn254 v0.4.0
[INFO] [stderr]    Compiling light-poseidon v0.2.0
[INFO] [stderr]    Compiling spl-token v3.5.0
[INFO] [stderr]    Compiling metaplex-token-vault v0.0.1
[INFO] [stderr]    Compiling metaplex-auction v0.0.1
[INFO] [stdout] error[E0277]: the trait bound `T: borsh::de::BorshDeserialize` is not satisfied
[INFO] [stdout]    --> /opt/rustwide/cargo-home/registry/src/index.crates.io-6f17d22bba15001f/metaplex-token-vault-0.0.1/src/utils.rs:261:21
[INFO] [stdout]     |
[INFO] [stdout] 261 |     let result: T = try_from_slice_unchecked(data)?;
[INFO] [stdout]     |                     ^^^^^^^^^^^^^^^^^^^^^^^^ the trait `borsh::de::BorshDeserialize` is not implemented for `T`
[INFO] [stdout]     |
[INFO] [stdout] note: required by a bound in `solana_program::borsh::try_from_slice_unchecked`
[INFO] [stdout]    --> /opt/rustwide/cargo-home/registry/src/index.crates.io-6f17d22bba15001f/solana-program-1.17.14/src/borsh.rs:38:36
[INFO] [stdout]     |
[INFO] [stdout] 38  | pub fn try_from_slice_unchecked<T: BorshDeserialize>(data: &[u8]) -> Result<T, Error> {
[INFO] [stdout]     |                                    ^^^^^^^^^^^^^^^^ required by this bound in `try_from_slice_unchecked`
[INFO] [stdout] help: consider further restricting this bound
[INFO] [stdout]     |
[INFO] [stdout] 250 | pub fn try_from_slice_checked<T: BorshDeserialize + borsh::de::BorshDeserialize>(
[INFO] [stdout]     |                                                   +++++++++++++++++++++++++++++
[INFO] [stdout] 
[INFO] [stdout] 
[INFO] [stdout] error[E0277]: the trait bound `solana_program::hash::Hash: BorshSerialize` is not satisfied
[INFO] [stdout]   --> /opt/rustwide/cargo-home/registry/src/index.crates.io-6f17d22bba15001f/metaplex-auction-0.0.1/src/instruction.rs:15:17
[INFO] [stdout]    |
[INFO] [stdout] 15 | #[derive(Clone, BorshSerialize, BorshDeserialize, PartialEq)]
[INFO] [stdout]    |                 ^^^^^^^^^^^^^^ the trait `BorshSerialize` is not implemented for `solana_program::hash::Hash`
[INFO] [stdout]    |
[INFO] [stdout]    = help: the following other types implement trait `BorshSerialize`:
[INFO] [stdout]              bool
[INFO] [stdout]              i8
[INFO] [stdout]              i16
[INFO] [stdout]              i32
[INFO] [stdout]              i64
[INFO] [stdout]              i128
[INFO] [stdout]              usize
[INFO] [stdout]              u8
[INFO] [stdout]            and 120 others
[INFO] [stdout] note: required for `PriceFloor` to implement `BorshSerialize`
[INFO] [stdout]   --> /opt/rustwide/cargo-home/registry/src/index.crates.io-6f17d22bba15001f/metaplex-auction-0.0.1/src/processor.rs:52:17
[INFO] [stdout]    |
[INFO] [stdout] 52 | #[derive(Clone, BorshSerialize, BorshDeserialize, PartialEq, Debug)]
[INFO] [stdout]    |                 ^^^^^^^^^^^^^^ unsatisfied trait bound introduced in this `derive` macro
[INFO] [stdout] 53 | pub enum PriceFloor {
[INFO] [stdout]    |          ^^^^^^^^^^
[INFO] [stdout]    = note: 1 redundant requirement hidden
[INFO] [stdout]    = note: required for `CreateAuctionArgsV2` to implement `BorshSerialize`
[INFO] [stdout]    = help: see issue #48214
[INFO] [stdout]    = note: this error originates in the derive macro `BorshSerialize` (in Nightly builds, run with -Z macro-backtrace for more info)
[INFO] [stdout] 
[INFO] [stdout] 
[INFO] [stdout] error[E0277]: the trait bound `solana_program::hash::Hash: BorshDeserialize` is not satisfied
[INFO] [stdout]   --> /opt/rustwide/cargo-home/registry/src/index.crates.io-6f17d22bba15001f/metaplex-auction-0.0.1/src/instruction.rs:15:33
[INFO] [stdout]    |
[INFO] [stdout] 15 | #[derive(Clone, BorshSerialize, BorshDeserialize, PartialEq)]
[INFO] [stdout]    |                                 ^^^^^^^^^^^^^^^^ the trait `BorshDeserialize` is not implemented for `solana_program::hash::Hash`
[INFO] [stdout]    |
[INFO] [stdout]    = help: the following other types implement trait `BorshDeserialize`:
[INFO] [stdout]              bool
[INFO] [stdout]              i8
[INFO] [stdout]              i16
[INFO] [stdout]              i32
[INFO] [stdout]              i64
[INFO] [stdout]              i128
[INFO] [stdout]              usize
[INFO] [stdout]              u8
[INFO] [stdout]            and 117 others
[INFO] [stdout] note: required for `PriceFloor` to implement `BorshDeserialize`
[INFO] [stdout]   --> /opt/rustwide/cargo-home/registry/src/index.crates.io-6f17d22bba15001f/metaplex-auction-0.0.1/src/processor.rs:52:33
[INFO] [stdout]    |
[INFO] [stdout] 52 | #[derive(Clone, BorshSerialize, BorshDeserialize, PartialEq, Debug)]
[INFO] [stdout]    |                                 ^^^^^^^^^^^^^^^^ unsatisfied trait bound introduced in this `derive` macro
[INFO] [stdout] 53 | pub enum PriceFloor {
[INFO] [stdout]    |          ^^^^^^^^^^
[INFO] [stdout]    = note: 1 redundant requirement hidden
[INFO] [stdout]    = note: required for `CreateAuctionArgsV2` to implement `BorshDeserialize`
[INFO] [stdout]    = help: see issue #48214
[INFO] [stdout]    = note: this error originates in the derive macro `BorshDeserialize` (in Nightly builds, run with -Z macro-backtrace for more info)
[INFO] [stdout] 
[INFO] [stdout] 
[INFO] [stdout] error[E0277]: the trait bound `solana_program::hash::Hash: BorshSerialize` is not satisfied
[INFO] [stdout]   --> /opt/rustwide/cargo-home/registry/src/index.crates.io-6f17d22bba15001f/metaplex-auction-0.0.1/src/processor.rs:52:17
[INFO] [stdout]    |
[INFO] [stdout] 52 | #[derive(Clone, BorshSerialize, BorshDeserialize, PartialEq, Debug)]
[INFO] [stdout]    |                 ^^^^^^^^^^^^^^ the trait `BorshSerialize` is not implemented for `solana_program::hash::Hash`
[INFO] [stdout]    |
[INFO] [stdout]    = help: the following other types implement trait `BorshSerialize`:
[INFO] [stdout]              bool
[INFO] [stdout]              i8
[INFO] [stdout]              i16
[INFO] [stdout]              i32
[INFO] [stdout]              i64
[INFO] [stdout]              i128
[INFO] [stdout]              usize
[INFO] [stdout]              u8
[INFO] [stdout]            and 120 others
[INFO] [stdout]    = help: see issue #48214
[INFO] [stdout]    = note: this error originates in the derive macro `BorshSerialize` (in Nightly builds, run with -Z macro-backtrace for more info)
[INFO] [stdout] 
[INFO] [stdout] 
[INFO] [stdout] error[E0277]: the trait bound `solana_program::hash::Hash: BorshDeserialize` is not satisfied
[INFO] [stdout]   --> /opt/rustwide/cargo-home/registry/src/index.crates.io-6f17d22bba15001f/metaplex-auction-0.0.1/src/processor.rs:52:33
[INFO] [stdout]    |
[INFO] [stdout] 52 | #[derive(Clone, BorshSerialize, BorshDeserialize, PartialEq, Debug)]
[INFO] [stdout]    |                                 ^^^^^^^^^^^^^^^^ the trait `BorshDeserialize` is not implemented for `solana_program::hash::Hash`
[INFO] [stdout]    |
[INFO] [stdout]    = help: the following other types implement trait `BorshDeserialize`:
[INFO] [stdout]              bool
[INFO] [stdout]              i8
[INFO] [stdout]              i16
[INFO] [stdout]              i32
[INFO] [stdout]              i64
[INFO] [stdout]              i128
[INFO] [stdout]              usize
[INFO] [stdout]              u8
[INFO] [stdout]            and 117 others
[INFO] [stdout]    = help: see issue #48214
[INFO] [stdout]    = note: this error originates in the derive macro `BorshDeserialize` (in Nightly builds, run with -Z macro-backtrace for more info)
[INFO] [stdout] 
[INFO] [stdout] 
[INFO] [stdout] error[E0277]: the trait bound `solana_program::hash::Hash: BorshSerialize` is not satisfied
[INFO] [stdout]   --> /opt/rustwide/cargo-home/registry/src/index.crates.io-6f17d22bba15001f/metaplex-auction-0.0.1/src/processor.rs:71:17
[INFO] [stdout]    |
[INFO] [stdout] 71 | #[derive(Clone, BorshSerialize, BorshDeserialize, PartialEq, Debug)]
[INFO] [stdout]    |                 ^^^^^^^^^^^^^^ the trait `BorshSerialize` is not implemented for `solana_program::hash::Hash`
[INFO] [stdout]    |
[INFO] [stdout]    = help: the following other types implement trait `BorshSerialize`:
[INFO] [stdout]              bool
[INFO] [stdout]              i8
[INFO] [stdout]              i16
[INFO] [stdout]              i32
[INFO] [stdout]              i64
[INFO] [stdout]              i128
[INFO] [stdout]              usize
[INFO] [stdout]              u8
[INFO] [stdout]            and 120 others
[INFO] [stdout] note: required for `PriceFloor` to implement `BorshSerialize`
[INFO] [stdout]   --> /opt/rustwide/cargo-home/registry/src/index.crates.io-6f17d22bba15001f/metaplex-auction-0.0.1/src/processor.rs:52:17
[INFO] [stdout]    |
[INFO] [stdout] 52 | #[derive(Clone, BorshSerialize, BorshDeserialize, PartialEq, Debug)]
[INFO] [stdout]    |                 ^^^^^^^^^^^^^^ unsatisfied trait bound introduced in this `derive` macro
[INFO] [stdout] 53 | pub enum PriceFloor {
[INFO] [stdout]    |          ^^^^^^^^^^
[INFO] [stdout]    = help: see issue #48214
[INFO] [stdout]    = note: this error originates in the derive macro `BorshSerialize` (in Nightly builds, run with -Z macro-backtrace for more info)
[INFO] [stdout] 
[INFO] [stdout] 
[INFO] [stdout] error: aborting due to 1 previous error
[INFO] [stdout] 
[INFO] [stdout] 
[INFO] [stdout] For more information about this error, try `rustc --explain E0277`.
[INFO] [stdout] 
[INFO] [stdout] error[E0277]: the trait bound `solana_program::hash::Hash: BorshDeserialize` is not satisfied
[INFO] [stdout]   --> /opt/rustwide/cargo-home/registry/src/index.crates.io-6f17d22bba15001f/metaplex-auction-0.0.1/src/processor.rs:71:33
[INFO] [stdout]    |
[INFO] [stdout] 71 | #[derive(Clone, BorshSerialize, BorshDeserialize, PartialEq, Debug)]
[INFO] [stdout]    |                                 ^^^^^^^^^^^^^^^^ the trait `BorshDeserialize` is not implemented for `solana_program::hash::Hash`
[INFO] [stdout]    |
[INFO] [stdout]    = help: the following other types implement trait `BorshDeserialize`:
[INFO] [stdout]              bool
[INFO] [stdout]              i8
[INFO] [stdout]              i16
[INFO] [stdout]              i32
[INFO] [stdout]              i64
[INFO] [stdout]              i128
[INFO] [stdout]              usize
[INFO] [stdout]              u8
[INFO] [stdout]            and 117 others
[INFO] [stdout] note: required for `PriceFloor` to implement `BorshDeserialize`
[INFO] [stdout]   --> /opt/rustwide/cargo-home/registry/src/index.crates.io-6f17d22bba15001f/metaplex-auction-0.0.1/src/processor.rs:52:33
[INFO] [stdout]    |
[INFO] [stdout] 52 | #[derive(Clone, BorshSerialize, BorshDeserialize, PartialEq, Debug)]
[INFO] [stdout]    |                                 ^^^^^^^^^^^^^^^^ unsatisfied trait bound introduced in this `derive` macro
[INFO] [stdout] 53 | pub enum PriceFloor {
[INFO] [stdout]    |          ^^^^^^^^^^
[INFO] [stdout]    = help: see issue #48214
[INFO] [stdout]    = note: this error originates in the derive macro `BorshDeserialize` (in Nightly builds, run with -Z macro-backtrace for more info)
[INFO] [stdout] 
[INFO] [stdout] 
[INFO] [stdout] error[E0277]: the trait bound `solana_program::hash::Hash: BorshSerialize` is not satisfied
[INFO] [stdout]   --> /opt/rustwide/cargo-home/registry/src/index.crates.io-6f17d22bba15001f/metaplex-auction-0.0.1/src/processor/create_auction.rs:27:17
[INFO] [stdout]    |
[INFO] [stdout] 27 | #[derive(Clone, BorshSerialize, BorshDeserialize, PartialEq)]
[INFO] [stdout]    |                 ^^^^^^^^^^^^^^ the trait `BorshSerialize` is not implemented for `solana_program::hash::Hash`
[INFO] [stdout]    |
[INFO] [stdout]    = help: the following other types implement trait `BorshSerialize`:
[INFO] [stdout]              bool
[INFO] [stdout]              i8
[INFO] [stdout]              i16
[INFO] [stdout]              i32
[INFO] [stdout]              i64
[INFO] [stdout]              i128
[INFO] [stdout]              usize
[INFO] [stdout]              u8
[INFO] [stdout]            and 120 others
[INFO] [stdout] note: required for `PriceFloor` to implement `BorshSerialize`
[INFO] [stdout]   --> /opt/rustwide/cargo-home/registry/src/index.crates.io-6f17d22bba15001f/metaplex-auction-0.0.1/src/processor.rs:52:17
[INFO] [stdout]    |
[INFO] [stdout] 52 | #[derive(Clone, BorshSerialize, BorshDeserialize, PartialEq, Debug)]
[INFO] [stdout]    |                 ^^^^^^^^^^^^^^ unsatisfied trait bound introduced in this `derive` macro
[INFO] [stdout] 53 | pub enum PriceFloor {
[INFO] [stdout]    |          ^^^^^^^^^^
[INFO] [stdout]    = help: see issue #48214
[INFO] [stdout]    = note: this error originates in the derive macro `BorshSerialize` (in Nightly builds, run with -Z macro-backtrace for more info)
[INFO] [stdout] 
[INFO] [stdout] 
[INFO] [stderr] error: could not compile `metaplex-token-vault` (lib) due to 2 previous errors
[INFO] [stderr] warning: build failed, waiting for other jobs to finish...
[INFO] [stdout] error[E0277]: the trait bound `solana_program::hash::Hash: BorshDeserialize` is not satisfied
[INFO] [stdout]   --> /opt/rustwide/cargo-home/registry/src/index.crates.io-6f17d22bba15001f/metaplex-auction-0.0.1/src/processor/create_auction.rs:27:33
[INFO] [stdout]    |
[INFO] [stdout] 27 | #[derive(Clone, BorshSerialize, BorshDeserialize, PartialEq)]
[INFO] [stdout]    |                                 ^^^^^^^^^^^^^^^^ the trait `BorshDeserialize` is not implemented for `solana_program::hash::Hash`
[INFO] [stdout]    |
[INFO] [stdout]    = help: the following other types implement trait `BorshDeserialize`:
[INFO] [stdout]              bool
[INFO] [stdout]              i8
[INFO] [stdout]              i16
[INFO] [stdout]              i32
[INFO] [stdout]              i64
[INFO] [stdout]              i128
[INFO] [stdout]              usize
[INFO] [stdout]              u8
[INFO] [stdout]            and 117 others
[INFO] [stdout] note: required for `PriceFloor` to implement `BorshDeserialize`
[INFO] [stdout]   --> /opt/rustwide/cargo-home/registry/src/index.crates.io-6f17d22bba15001f/metaplex-auction-0.0.1/src/processor.rs:52:33
[INFO] [stdout]    |
[INFO] [stdout] 52 | #[derive(Clone, BorshSerialize, BorshDeserialize, PartialEq, Debug)]
[INFO] [stdout]    |                                 ^^^^^^^^^^^^^^^^ unsatisfied trait bound introduced in this `derive` macro
[INFO] [stdout] 53 | pub enum PriceFloor {
[INFO] [stdout]    |          ^^^^^^^^^^
[INFO] [stdout]    = help: see issue #48214
[INFO] [stdout]    = note: this error originates in the derive macro `BorshDeserialize` (in Nightly builds, run with -Z macro-backtrace for more info)
[INFO] [stdout] 
[INFO] [stdout] 
[INFO] [stdout] error[E0277]: the trait bound `solana_program::hash::Hash: BorshSerialize` is not satisfied
[INFO] [stdout]   --> /opt/rustwide/cargo-home/registry/src/index.crates.io-6f17d22bba15001f/metaplex-auction-0.0.1/src/processor/create_auction_v2.rs:28:17
[INFO] [stdout]    |
[INFO] [stdout] 28 | #[derive(Clone, BorshSerialize, BorshDeserialize, PartialEq)]
[INFO] [stdout]    |                 ^^^^^^^^^^^^^^ the trait `BorshSerialize` is not implemented for `solana_program::hash::Hash`
[INFO] [stdout]    |
[INFO] [stdout]    = help: the following other types implement trait `BorshSerialize`:
[INFO] [stdout]              bool
[INFO] [stdout]              i8
[INFO] [stdout]              i16
[INFO] [stdout]              i32
[INFO] [stdout]              i64
[INFO] [stdout]              i128
[INFO] [stdout]              usize
[INFO] [stdout]              u8
[INFO] [stdout]            and 120 others
[INFO] [stdout] note: required for `PriceFloor` to implement `BorshSerialize`
[INFO] [stdout]   --> /opt/rustwide/cargo-home/registry/src/index.crates.io-6f17d22bba15001f/metaplex-auction-0.0.1/src/processor.rs:52:17
[INFO] [stdout]    |
[INFO] [stdout] 52 | #[derive(Clone, BorshSerialize, BorshDeserialize, PartialEq, Debug)]
[INFO] [stdout]    |                 ^^^^^^^^^^^^^^ unsatisfied trait bound introduced in this `derive` macro
[INFO] [stdout] 53 | pub enum PriceFloor {
[INFO] [stdout]    |          ^^^^^^^^^^
[INFO] [stdout]    = help: see issue #48214
[INFO] [stdout]    = note: this error originates in the derive macro `BorshSerialize` (in Nightly builds, run with -Z macro-backtrace for more info)
[INFO] [stdout] 
[INFO] [stdout] 
[INFO] [stdout] error[E0277]: the trait bound `solana_program::hash::Hash: BorshDeserialize` is not satisfied
[INFO] [stdout]   --> /opt/rustwide/cargo-home/registry/src/index.crates.io-6f17d22bba15001f/metaplex-auction-0.0.1/src/processor/create_auction_v2.rs:28:33
[INFO] [stdout]    |
[INFO] [stdout] 28 | #[derive(Clone, BorshSerialize, BorshDeserialize, PartialEq)]
[INFO] [stdout]    |                                 ^^^^^^^^^^^^^^^^ the trait `BorshDeserialize` is not implemented for `solana_program::hash::Hash`
[INFO] [stdout]    |
[INFO] [stdout]    = help: the following other types implement trait `BorshDeserialize`:
[INFO] [stdout]              bool
[INFO] [stdout]              i8
[INFO] [stdout]              i16
[INFO] [stdout]              i32
[INFO] [stdout]              i64
[INFO] [stdout]              i128
[INFO] [stdout]              usize
[INFO] [stdout]              u8
[INFO] [stdout]            and 117 others
[INFO] [stdout] note: required for `PriceFloor` to implement `BorshDeserialize`
[INFO] [stdout]   --> /opt/rustwide/cargo-home/registry/src/index.crates.io-6f17d22bba15001f/metaplex-auction-0.0.1/src/processor.rs:52:33
[INFO] [stdout]    |
[INFO] [stdout] 52 | #[derive(Clone, BorshSerialize, BorshDeserialize, PartialEq, Debug)]
[INFO] [stdout]    |                                 ^^^^^^^^^^^^^^^^ unsatisfied trait bound introduced in this `derive` macro
[INFO] [stdout] 53 | pub enum PriceFloor {
[INFO] [stdout]    |          ^^^^^^^^^^
[INFO] [stdout]    = help: see issue #48214
[INFO] [stdout]    = note: this error originates in the derive macro `BorshDeserialize` (in Nightly builds, run with -Z macro-backtrace for more info)
[INFO] [stdout] 
[INFO] [stdout] 
[INFO] [stdout] error: aborting due to 10 previous errors
[INFO] [stdout] 
[INFO] [stdout] 
[INFO] [stdout] For more information about this error, try `rustc --explain E0277`.
[INFO] [stdout] 
[INFO] [stderr] error: could not compile `metaplex-auction` (lib) due to 11 previous errors
[INFO] running `Command { std: "docker" "inspect" "3ac7f61b0d7f4a162aea3d2e4b53ae44e93694fde3a824631caac27c72dfee3a", kill_on_drop: false }`
[INFO] running `Command { std: "docker" "rm" "-f" "3ac7f61b0d7f4a162aea3d2e4b53ae44e93694fde3a824631caac27c72dfee3a", kill_on_drop: false }`
[INFO] [stdout] 3ac7f61b0d7f4a162aea3d2e4b53ae44e93694fde3a824631caac27c72dfee3a
