[INFO] fetching crate metaplex-pulsar 4.1.1...
[INFO] testing metaplex-pulsar-4.1.1 against 1.75.0 for beta-1.76-1
[INFO] extracting crate metaplex-pulsar 4.1.1 into /workspace/builds/worker-5-tc1/source
[INFO] validating manifest of crates.io crate metaplex-pulsar 4.1.1 on toolchain 1.75.0
[INFO] running `Command { std: CARGO_HOME="/workspace/cargo-home" RUSTUP_HOME="/workspace/rustup-home" "/workspace/cargo-home/bin/cargo" "+1.75.0" "metadata" "--manifest-path" "Cargo.toml" "--no-deps", kill_on_drop: false }`
[INFO] started tweaking crates.io crate metaplex-pulsar 4.1.1
[INFO] finished tweaking crates.io crate metaplex-pulsar 4.1.1
[INFO] tweaked toml for crates.io crate metaplex-pulsar 4.1.1 written to /workspace/builds/worker-5-tc1/source/Cargo.toml
[INFO] crate crates.io crate metaplex-pulsar 4.1.1 already has a lockfile, it will not be regenerated
[INFO] running `Command { std: CARGO_HOME="/workspace/cargo-home" RUSTUP_HOME="/workspace/rustup-home" "/workspace/cargo-home/bin/cargo" "+1.75.0" "fetch" "--manifest-path" "Cargo.toml", kill_on_drop: false }`
[INFO] [stderr]     Updating crates.io index
[INFO] [stderr]  Downloading crates ...
[INFO] [stderr]   Downloaded anyhow v1.0.61
[INFO] [stderr]   Downloaded android_system_properties v0.1.4
[INFO] [stderr]   Downloaded iana-time-zone v0.1.44
[INFO] [stderr]   Downloaded async-trait v0.1.57
[INFO] [stderr]   Downloaded thiserror-impl v1.0.32
[INFO] [stderr]   Downloaded wasm-bindgen-futures v0.4.32
[INFO] [stderr]   Downloaded lz4 v1.23.3
[INFO] [stderr]   Downloaded crc-catalog v2.1.0
[INFO] [stderr]   Downloaded async-process v1.4.0
[INFO] [stderr]   Downloaded crc v3.0.0
[INFO] [stderr]   Downloaded serde_path_to_error v0.1.8
[INFO] [stderr]   Downloaded async-native-tls v0.3.3
[INFO] [stderr]   Downloaded cmake v0.1.48
[INFO] [stderr]   Downloaded serde v1.0.143
[INFO] [stderr]   Downloaded serde_json v1.0.83
[INFO] [stderr]   Downloaded openidconnect v2.3.2
[INFO] [stderr]   Downloaded lz4-sys v1.9.3
[INFO] [stderr]   Downloaded webpki-roots v0.22.4
[INFO] [stderr]   Downloaded openssl v0.10.41
[INFO] [stderr]   Downloaded chrono v0.4.21
[INFO] [stderr]   Downloaded oauth2 v4.2.3
[INFO] [stderr]   Downloaded snap v1.0.5
[INFO] [stderr]   Downloaded asynchronous-codec v0.6.0
[INFO] [stderr]   Downloaded data-url v0.1.1
[INFO] [stderr]   Downloaded concurrent-queue v1.2.4
[INFO] [stderr]   Downloaded pem v1.1.0
[INFO] [stderr]   Downloaded thiserror v1.0.32
[INFO] [stderr]   Downloaded async-channel v1.7.1
[INFO] [stderr]   Downloaded which v4.2.5
[INFO] [stderr]   Downloaded openssl-sys v0.9.75
[INFO] [stderr]   Downloaded serde_derive v1.0.143
[INFO] running `Command { std: "docker" "create" "-v" "/var/lib/crater-agent-workspace/builds/worker-5-tc1/target:/opt/rustwide/target:rw,Z" "-v" "/var/lib/crater-agent-workspace/builds/worker-5-tc1/source:/opt/rustwide/workdir:ro,Z" "-v" "/var/lib/crater-agent-workspace/cargo-home:/opt/rustwide/cargo-home:ro,Z" "-v" "/var/lib/crater-agent-workspace/rustup-home:/opt/rustwide/rustup-home:ro,Z" "-e" "SOURCE_DIR=/opt/rustwide/workdir" "-e" "CARGO_TARGET_DIR=/opt/rustwide/target" "-e" "CARGO_HOME=/opt/rustwide/cargo-home" "-e" "RUSTUP_HOME=/opt/rustwide/rustup-home" "-w" "/opt/rustwide/workdir" "-m" "1610612736" "--user" "0:0" "--network" "none" "ghcr.io/rust-lang/crates-build-env/linux@sha256:2788e3201cd34a07e3172128adcd8b3090168a8e3bcc40d7c032b9dda1df7d1c" "/opt/rustwide/cargo-home/bin/cargo" "+1.75.0" "metadata" "--no-deps" "--format-version=1", kill_on_drop: false }`
[INFO] [stdout] eb922d90e1957e58b5b84f70749070b3dc00ad0553bf7b8630df3ec4bdeda5cf
[INFO] running `Command { std: "docker" "start" "-a" "eb922d90e1957e58b5b84f70749070b3dc00ad0553bf7b8630df3ec4bdeda5cf", kill_on_drop: false }`
[INFO] running `Command { std: "docker" "inspect" "eb922d90e1957e58b5b84f70749070b3dc00ad0553bf7b8630df3ec4bdeda5cf", kill_on_drop: false }`
[INFO] running `Command { std: "docker" "rm" "-f" "eb922d90e1957e58b5b84f70749070b3dc00ad0553bf7b8630df3ec4bdeda5cf", kill_on_drop: false }`
[INFO] [stdout] eb922d90e1957e58b5b84f70749070b3dc00ad0553bf7b8630df3ec4bdeda5cf
[INFO] running `Command { std: "docker" "create" "-v" "/var/lib/crater-agent-workspace/builds/worker-5-tc1/target:/opt/rustwide/target:rw,Z" "-v" "/var/lib/crater-agent-workspace/builds/worker-5-tc1/source:/opt/rustwide/workdir:ro,Z" "-v" "/var/lib/crater-agent-workspace/cargo-home:/opt/rustwide/cargo-home:ro,Z" "-v" "/var/lib/crater-agent-workspace/rustup-home:/opt/rustwide/rustup-home:ro,Z" "-e" "SOURCE_DIR=/opt/rustwide/workdir" "-e" "CARGO_TARGET_DIR=/opt/rustwide/target" "-e" "CARGO_INCREMENTAL=0" "-e" "RUST_BACKTRACE=full" "-e" "RUSTFLAGS=--cap-lints=warn" "-e" "RUSTDOCFLAGS=--cap-lints=warn" "-e" "CARGO_HOME=/opt/rustwide/cargo-home" "-e" "RUSTUP_HOME=/opt/rustwide/rustup-home" "-w" "/opt/rustwide/workdir" "-m" "1610612736" "--user" "0:0" "--network" "none" "ghcr.io/rust-lang/crates-build-env/linux@sha256:2788e3201cd34a07e3172128adcd8b3090168a8e3bcc40d7c032b9dda1df7d1c" "/opt/rustwide/cargo-home/bin/cargo" "+1.75.0" "build" "--frozen" "--message-format=json", kill_on_drop: false }`
[INFO] [stdout] 18079fc4a563d4e7f9e8c9e25021df6efa6421f47d190edb490b167c1561e68c
[INFO] running `Command { std: "docker" "start" "-a" "18079fc4a563d4e7f9e8c9e25021df6efa6421f47d190edb490b167c1561e68c", kill_on_drop: false }`
[INFO] [stderr]    Compiling libc v0.2.131
[INFO] [stderr]    Compiling proc-macro2 v1.0.43
[INFO] [stderr]    Compiling quote v1.0.21
[INFO] [stderr]    Compiling unicode-ident v1.0.3
[INFO] [stderr]    Compiling syn v1.0.99
[INFO] [stderr]    Compiling log v0.4.17
[INFO] [stderr]    Compiling futures-io v0.3.21
[INFO] [stderr]    Compiling bytes v1.2.1
[INFO] [stderr]    Compiling serde_derive v1.0.143
[INFO] [stderr]    Compiling value-bag v1.0.0-alpha.9
[INFO] [stderr]    Compiling fastrand v1.8.0
[INFO] [stderr]    Compiling serde v1.0.143
[INFO] [stderr]    Compiling tokio v1.20.1
[INFO] [stderr]    Compiling futures-util v0.3.21
[INFO] [stderr]    Compiling either v1.7.0
[INFO] [stderr]    Compiling untrusted v0.7.1
[INFO] [stderr]    Compiling itoa v1.0.3
[INFO] [stderr]    Compiling spin v0.5.2
[INFO] [stderr]    Compiling num-traits v0.2.15
[INFO] [stderr]    Compiling cache-padded v1.2.0
[INFO] [stderr]    Compiling pkg-config v0.3.25
[INFO] [stderr]    Compiling concurrent-queue v1.2.4
[INFO] [stderr]    Compiling tracing-core v0.1.29
[INFO] [stderr]    Compiling generic-array v0.14.6
[INFO] [stderr]    Compiling anyhow v1.0.61
[INFO] [stderr]    Compiling parking v2.0.0
[INFO] [stderr]    Compiling waker-fn v1.1.0
[INFO] [stderr]    Compiling itertools v0.10.3
[INFO] [stderr]    Compiling event-listener v2.5.3
[INFO] [stderr]    Compiling rustls v0.20.6
[INFO] [stderr]    Compiling num-integer v0.1.45
[INFO] [stderr]    Compiling futures-lite v1.12.0
[INFO] [stderr]    Compiling signal-hook v0.3.14
[INFO] [stderr]    Compiling openssl v0.10.41
[INFO] [stderr]    Compiling foreign-types-shared v0.1.1
[INFO] [stderr]    Compiling http v0.2.8
[INFO] [stderr]    Compiling encoding_rs v0.8.31
[INFO] [stderr]    Compiling async-task v4.3.0
[INFO] [stderr]    Compiling ryu v1.0.11
[INFO] [stderr]    Compiling foreign-types v0.3.2
[INFO] [stderr]    Compiling tracing v0.1.36
[INFO] [stderr]    Compiling async-channel v1.7.1
[INFO] [stderr]    Compiling remove_dir_all v0.5.3
[INFO] [stderr]    Compiling atomic-waker v1.0.0
[INFO] [stderr]    Compiling fixedbitset v0.4.2
[INFO] [stderr]    Compiling crossbeam-utils v0.8.11
[INFO] [stderr]    Compiling serde_json v1.0.83
[INFO] [stderr]    Compiling native-tls v0.2.10
[INFO] [stderr]    Compiling async-lock v2.5.0
[INFO] [stderr]    Compiling petgraph v0.6.2
[INFO] [stderr]    Compiling jobserver v0.1.24
[INFO] [stderr]    Compiling socket2 v0.4.4
[INFO] [stderr]    Compiling num_cpus v1.13.1
[INFO] [stderr]    Compiling which v4.2.5
[INFO] [stderr]    Compiling getrandom v0.2.7
[INFO] [stderr]    Compiling signal-hook-registry v1.4.0
[INFO] [stderr]    Compiling crypto-common v0.1.6
[INFO] [stderr]    Compiling block-buffer v0.10.2
[INFO] [stderr]    Compiling blocking v1.2.0
[INFO] [stderr]    Compiling cc v1.0.73
[INFO] [stderr]    Compiling rand_core v0.6.3
[INFO] [stderr]    Compiling digest v0.10.3
[INFO] [stderr]    Compiling async-executor v1.4.1
[INFO] [stderr]    Compiling http-body v0.4.5
[INFO] [stderr]    Compiling rand_chacha v0.3.1
[INFO] [stderr]    Compiling tempfile v3.3.0
[INFO] [stderr]    Compiling time v0.1.44
[INFO] [stderr]    Compiling rustls-pemfile v1.0.1
[INFO] [stderr]    Compiling num-bigint v0.4.3
[INFO] [stderr]    Compiling openssl-probe v0.1.5
[INFO] [stderr]    Compiling multimap v0.8.3
[INFO] [stderr]    Compiling cmake v0.1.48
[INFO] [stderr]    Compiling ipnet v2.5.0
[INFO] [stderr]    Compiling iana-time-zone v0.1.44
[INFO] [stderr]    Compiling heck v0.4.0
[INFO] [stderr]    Compiling crc32fast v1.3.2
[INFO] [stderr]    Compiling zstd-safe v5.0.2+zstd.1.5.2
[INFO] [stderr]    Compiling sha2 v0.10.2
[INFO] [stderr]    Compiling rand v0.8.5
[INFO] [stderr]    Compiling ordered-float v2.10.0
[INFO] [stderr]    Compiling adler v1.0.2
[INFO] [stderr]    Compiling snap v1.0.5
[INFO] [stderr]    Compiling async-trait v0.1.57
[INFO] [stderr]    Compiling miniz_oxide v0.5.3
[INFO] [stderr]    Compiling crc-catalog v2.1.0
[INFO] [stderr]    Compiling minimal-lexical v0.2.1
[INFO] [stderr]    Compiling crc v3.0.0
[INFO] [stderr]    Compiling pem v1.1.0
[INFO] [stderr]    Compiling data-url v0.1.1
[INFO] [stderr]    Compiling futures-timer v3.0.2
[INFO] [stderr]    Compiling ring v0.16.20
[INFO] [stderr]    Compiling openssl-sys v0.9.75
[INFO] [stderr]    Compiling zstd-sys v2.0.1+zstd.1.5.2
[INFO] [stderr]    Compiling prost-build v0.10.4
[INFO] [stderr]    Compiling lz4-sys v1.9.3
[INFO] [stderr]    Compiling flate2 v1.0.24
[INFO] [stderr]    Compiling nom v7.1.1
[INFO] [stderr]    Compiling bit-vec v0.6.3
[INFO] [stderr]    Compiling webpki v0.22.0
[INFO] [stderr]    Compiling sct v0.7.0
[INFO] [stderr]    Compiling webpki-roots v0.22.4
[INFO] [stderr]    Compiling ctor v0.1.23
[INFO] [stderr]    Compiling futures-macro v0.3.21
[INFO] [stderr]    Compiling tokio-macros v1.8.0
[INFO] [stderr]    Compiling prost-derive v0.10.1
[INFO] [stderr]    Compiling thiserror-impl v1.0.32
[INFO] [stderr]    Compiling openssl-macros v0.1.0
[INFO] [stderr]    Compiling async-attributes v1.1.2
[INFO] [stderr]    Compiling mio v0.8.4
[INFO] [stderr]    Compiling want v0.3.0
[INFO] [stderr]    Compiling polling v2.2.0
[INFO] [stderr]    Compiling kv-log-macro v1.0.7
[INFO] [stderr]    Compiling async-io v1.7.0
[INFO] [stderr]    Compiling thiserror v1.0.32
[INFO] [stderr]    Compiling async-global-executor v2.2.0
[INFO] [stderr]    Compiling async-process v1.4.0
[INFO] [stderr]    Compiling lz4 v1.23.3
[INFO] [stderr]    Compiling prost v0.10.4
[INFO] [stderr]    Compiling async-std v1.12.0
[INFO] [stderr]    Compiling prost-types v0.10.1
[INFO] [stderr]    Compiling metaplex-pulsar v4.1.1 (/opt/rustwide/workdir)
[INFO] [stderr]    Compiling futures-executor v0.3.21
[INFO] [stderr]    Compiling asynchronous-codec v0.6.0
[INFO] [stderr]    Compiling futures v0.3.21
[INFO] [stderr]    Compiling tokio-util v0.7.3
[INFO] [stderr]    Compiling tokio-rustls v0.23.4
[INFO] [stderr]    Compiling tokio-native-tls v0.3.0
[INFO] [stderr]    Compiling h2 v0.3.13
[INFO] [stderr]    Compiling url v2.2.2
[INFO] [stderr]    Compiling serde_urlencoded v0.7.1
[INFO] [stderr]    Compiling chrono v0.4.21
[INFO] [stderr]    Compiling serde_path_to_error v0.1.8
[INFO] [stderr]    Compiling serde-value v0.7.0
[INFO] [stderr]    Compiling async-native-tls v0.3.3
[INFO] [stderr]    Compiling hyper v0.14.20
[INFO] [stderr]    Compiling hyper-rustls v0.23.0
[INFO] [stderr]    Compiling reqwest v0.11.11
[INFO] [stderr]    Compiling zstd v0.11.2+zstd.1.5.2
[INFO] [stderr]    Compiling oauth2 v4.2.3
[INFO] [stderr]    Compiling openidconnect v2.3.2
[INFO] [stdout] warning: unused import: `self`
[INFO] [stdout]   --> src/producer.rs:10:25
[INFO] [stdout]    |
[INFO] [stdout] 10 | use crate::connection::{self, Connection, SerialId};
[INFO] [stdout]    |                         ^^^^
[INFO] [stdout]    |
[INFO] [stdout]    = note: `#[warn(unused_imports)]` on by default
[INFO] [stdout] 
[INFO] [stdout] 
[INFO] [stdout] warning: unused import: `crate::error::ServiceDiscoveryError::NotFound`
[INFO] [stdout]   --> src/service_discovery.rs:11:5
[INFO] [stdout]    |
[INFO] [stdout] 11 | use crate::error::ServiceDiscoveryError::NotFound;
[INFO] [stdout]    |     ^^^^^^^^^^^^^^^^^^^^^^^^^^^^^^^^^^^^^^^^^^^^^
[INFO] [stdout] 
[INFO] [stdout] 
[INFO] [stdout] warning: unreachable statement
[INFO] [stdout]    --> src/consumer.rs:897:29
[INFO] [stdout]     |
[INFO] [stdout] 896 | ...                   panic!("ConsumerEngine got Disconnected");
[INFO] [stdout]     |                       ----------------------------------------- any code following this expression is unreachable
[INFO] [stdout] 897 | ...                   self.reconnect().await?;
[INFO] [stdout]     |                       ^^^^^^^^^^^^^^^^^^^^^^^^ unreachable statement
[INFO] [stdout]     |
[INFO] [stdout]     = note: `#[warn(unreachable_code)]` on by default
[INFO] [stdout] 
[INFO] [stdout] 
[INFO] [stdout] warning: unused variable: `u`
[INFO] [stdout]    --> src/service_discovery.rs:274:14
[INFO] [stdout]     |
[INFO] [stdout] 274 |         Some(u) => Some(Url::parse(&response.broker_service_url.clone().unwrap()).map_err(|e| {
[INFO] [stdout]     |              ^ help: if this is intentional, prefix it with an underscore: `_u`
[INFO] [stdout]     |
[INFO] [stdout]     = note: `#[warn(unused_variables)]` on by default
[INFO] [stdout] 
[INFO] [stdout] 
[INFO] [stdout] warning: field `client_email` is never read
[INFO] [stdout]   --> src/authentication.rs:75:9
[INFO] [stdout]    |
[INFO] [stdout] 72 |     struct OAuth2PrivateParams {
[INFO] [stdout]    |            ------------------- field in this struct
[INFO] [stdout] ...
[INFO] [stdout] 75 |         client_email: Option<String>,
[INFO] [stdout]    |         ^^^^^^^^^^^^
[INFO] [stdout]    |
[INFO] [stdout]    = note: `OAuth2PrivateParams` has a derived impl for the trait `Debug`, but this is intentionally ignored during dead code analysis
[INFO] [stdout]    = note: `#[warn(dead_code)]` on by default
[INFO] [stdout] 
[INFO] [stdout] 
[INFO] [stdout] warning: 5 warnings emitted
[INFO] [stdout] 
[INFO] [stdout] 
[INFO] [stderr]     Finished dev [unoptimized + debuginfo] target(s) in 35.58s
[INFO] running `Command { std: "docker" "inspect" "18079fc4a563d4e7f9e8c9e25021df6efa6421f47d190edb490b167c1561e68c", kill_on_drop: false }`
[INFO] running `Command { std: "docker" "rm" "-f" "18079fc4a563d4e7f9e8c9e25021df6efa6421f47d190edb490b167c1561e68c", kill_on_drop: false }`
[INFO] [stdout] 18079fc4a563d4e7f9e8c9e25021df6efa6421f47d190edb490b167c1561e68c
[INFO] running `Command { std: "docker" "create" "-v" "/var/lib/crater-agent-workspace/builds/worker-5-tc1/target:/opt/rustwide/target:rw,Z" "-v" "/var/lib/crater-agent-workspace/builds/worker-5-tc1/source:/opt/rustwide/workdir:ro,Z" "-v" "/var/lib/crater-agent-workspace/cargo-home:/opt/rustwide/cargo-home:ro,Z" "-v" "/var/lib/crater-agent-workspace/rustup-home:/opt/rustwide/rustup-home:ro,Z" "-e" "SOURCE_DIR=/opt/rustwide/workdir" "-e" "CARGO_TARGET_DIR=/opt/rustwide/target" "-e" "CARGO_INCREMENTAL=0" "-e" "RUST_BACKTRACE=full" "-e" "RUSTFLAGS=--cap-lints=warn" "-e" "RUSTDOCFLAGS=--cap-lints=warn" "-e" "CARGO_HOME=/opt/rustwide/cargo-home" "-e" "RUSTUP_HOME=/opt/rustwide/rustup-home" "-w" "/opt/rustwide/workdir" "-m" "1610612736" "--user" "0:0" "--network" "none" "ghcr.io/rust-lang/crates-build-env/linux@sha256:2788e3201cd34a07e3172128adcd8b3090168a8e3bcc40d7c032b9dda1df7d1c" "/opt/rustwide/cargo-home/bin/cargo" "+1.75.0" "test" "--frozen" "--no-run" "--message-format=json", kill_on_drop: false }`
[INFO] [stdout] d66c55b3ce35b592b51c150c02bbad841989fe19c45435d7fac0c4d6bf472a83
[INFO] running `Command { std: "docker" "start" "-a" "d66c55b3ce35b592b51c150c02bbad841989fe19c45435d7fac0c4d6bf472a83", kill_on_drop: false }`
[INFO] [stderr]    Compiling atty v0.2.14
[INFO] [stdout] warning: unused import: `self`
[INFO] [stdout]   --> src/producer.rs:10:25
[INFO] [stdout]    |
[INFO] [stdout] 10 | use crate::connection::{self, Connection, SerialId};
[INFO] [stdout]    |                         ^^^^
[INFO] [stdout]    |
[INFO] [stdout]    = note: `#[warn(unused_imports)]` on by default
[INFO] [stdout] 
[INFO] [stdout] 
[INFO] [stdout] warning: unused import: `crate::error::ServiceDiscoveryError::NotFound`
[INFO] [stdout]   --> src/service_discovery.rs:11:5
[INFO] [stdout]    |
[INFO] [stdout] 11 | use crate::error::ServiceDiscoveryError::NotFound;
[INFO] [stdout]    |     ^^^^^^^^^^^^^^^^^^^^^^^^^^^^^^^^^^^^^^^^^^^^^
[INFO] [stdout] 
[INFO] [stdout] 
[INFO] [stdout] warning: unreachable statement
[INFO] [stdout]    --> src/consumer.rs:897:29
[INFO] [stdout]     |
[INFO] [stdout] 896 | ...                   panic!("ConsumerEngine got Disconnected");
[INFO] [stdout]     |                       ----------------------------------------- any code following this expression is unreachable
[INFO] [stdout] 897 | ...                   self.reconnect().await?;
[INFO] [stdout]     |                       ^^^^^^^^^^^^^^^^^^^^^^^^ unreachable statement
[INFO] [stdout]     |
[INFO] [stdout]     = note: `#[warn(unreachable_code)]` on by default
[INFO] [stdout] 
[INFO] [stdout] 
[INFO] [stdout] warning: unused variable: `u`
[INFO] [stdout]    --> src/service_discovery.rs:274:14
[INFO] [stdout]     |
[INFO] [stdout] 274 |         Some(u) => Some(Url::parse(&response.broker_service_url.clone().unwrap()).map_err(|e| {
[INFO] [stdout]     |              ^ help: if this is intentional, prefix it with an underscore: `_u`
[INFO] [stdout]     |
[INFO] [stdout]     = note: `#[warn(unused_variables)]` on by default
[INFO] [stdout] 
[INFO] [stdout] 
[INFO] [stdout] warning: field `client_email` is never read
[INFO] [stdout]   --> src/authentication.rs:75:9
[INFO] [stdout]    |
[INFO] [stdout] 72 |     struct OAuth2PrivateParams {
[INFO] [stdout]    |            ------------------- field in this struct
[INFO] [stdout] ...
[INFO] [stdout] 75 |         client_email: Option<String>,
[INFO] [stdout]    |         ^^^^^^^^^^^^
[INFO] [stdout]    |
[INFO] [stdout]    = note: `OAuth2PrivateParams` has a derived impl for the trait `Debug`, but this is intentionally ignored during dead code analysis
[INFO] [stdout]    = note: `#[warn(dead_code)]` on by default
[INFO] [stdout] 
[INFO] [stdout] 
[INFO] [stdout] warning: 5 warnings emitted
[INFO] [stdout] 
[INFO] [stdout] 
[INFO] [stderr]    Compiling env_logger v0.9.0
[INFO] [stderr]    Compiling metaplex-pulsar v4.1.1 (/opt/rustwide/workdir)
[INFO] [stdout] error[E0433]: failed to resolve: use of undeclared crate or module `pulsar`
[INFO] [stdout]  --> examples/producer.rs:3:5
[INFO] [stdout]   |
[INFO] [stdout] 3 | use pulsar::{
[INFO] [stdout]   |     ^^^^^^ use of undeclared crate or module `pulsar`
[INFO] [stdout] 
[INFO] [stdout] 
[INFO] [stdout] error[E0433]: failed to resolve: use of undeclared crate or module `pulsar`
[INFO] [stdout]  --> examples/round_trip.rs:4:5
[INFO] [stdout]   |
[INFO] [stdout] 4 | use pulsar::{
[INFO] [stdout]   |     ^^^^^^ use of undeclared crate or module `pulsar`
[INFO] [stdout] 
[INFO] [stdout] 
[INFO] [stdout] error[E0433]: failed to resolve: use of undeclared crate or module `pulsar`
[INFO] [stdout]  --> examples/batching.rs:4:5
[INFO] [stdout]   |
[INFO] [stdout] 4 | use pulsar::{
[INFO] [stdout]   |     ^^^^^^ use of undeclared crate or module `pulsar`
[INFO] [stdout] 
[INFO] [stdout] 
[INFO] [stdout] error[E0433]: failed to resolve: use of undeclared crate or module `pulsar`
[INFO] [stdout]  --> examples/reader.rs:4:5
[INFO] [stdout]   |
[INFO] [stdout] 4 | use pulsar::{
[INFO] [stdout]   |     ^^^^^^ use of undeclared crate or module `pulsar`
[INFO] [stdout] 
[INFO] [stdout] 
[INFO] [stdout] error[E0432]: unresolved import `pulsar`
[INFO] [stdout]  --> examples/batching.rs:4:5
[INFO] [stdout]   |
[INFO] [stdout] 4 | use pulsar::{
[INFO] [stdout]   |     ^^^^^^ use of undeclared crate or module `pulsar`
[INFO] [stdout] 
[INFO] [stdout] 
[INFO] [stdout] error[E0433]: failed to resolve: use of undeclared crate or module `pulsar`
[INFO] [stdout]  --> examples/producer.rs:8:5
[INFO] [stdout]   |
[INFO] [stdout] 8 | use pulsar::authentication::oauth2::{OAuth2Authentication};
[INFO] [stdout]   |     ^^^^^^ use of undeclared crate or module `pulsar`
[INFO] [stdout] 
[INFO] [stdout] 
[INFO] [stdout] error[E0432]: unresolved import `pulsar`
[INFO] [stdout]  --> examples/producer.rs:3:5
[INFO] [stdout]   |
[INFO] [stdout] 3 | use pulsar::{
[INFO] [stdout]   |     ^^^^^^ use of undeclared crate or module `pulsar`
[INFO] [stdout] 
[INFO] [stdout] 
[INFO] [stdout] error[E0432]: unresolved import `pulsar`
[INFO] [stdout]  --> examples/round_trip.rs:4:5
[INFO] [stdout]   |
[INFO] [stdout] 4 | use pulsar::{
[INFO] [stdout]   |     ^^^^^^ use of undeclared crate or module `pulsar`
[INFO] [stdout] 
[INFO] [stdout] 
[INFO] [stdout] error[E0433]: failed to resolve: use of undeclared crate or module `pulsar`
[INFO] [stdout]  --> examples/consumer.rs:8:5
[INFO] [stdout]   |
[INFO] [stdout] 8 | use pulsar::authentication::oauth2::{OAuth2Authentication};
[INFO] [stdout]   |     ^^^^^^ use of undeclared crate or module `pulsar`
[INFO] [stdout] 
[INFO] [stdout] 
[INFO] [stdout] error[E0432]: unresolved import `pulsar`
[INFO] [stdout]  --> examples/consumer.rs:4:5
[INFO] [stdout]   |
[INFO] [stdout] 4 | use pulsar::{
[INFO] [stdout]   |     ^^^^^^ use of undeclared crate or module `pulsar`
[INFO] [stdout] 
[INFO] [stdout] 
[INFO] [stdout] error[E0432]: unresolved import `pulsar`
[INFO] [stdout]  --> examples/reader.rs:4:5
[INFO] [stdout]   |
[INFO] [stdout] 4 | use pulsar::{
[INFO] [stdout]   |     ^^^^^^ use of undeclared crate or module `pulsar`
[INFO] [stdout] 
[INFO] [stdout] 
[INFO] [stdout] error[E0433]: failed to resolve: use of undeclared crate or module `pulsar`
[INFO] [stdout]   --> examples/reader.rs:51:21
[INFO] [stdout]    |
[INFO] [stdout] 51 |             r#type: pulsar::proto::schema::Type::String as i32,
[INFO] [stdout]    |                     ^^^^^^ use of undeclared crate or module `pulsar`
[INFO] [stdout]    |
[INFO] [stdout] help: consider importing one of these items
[INFO] [stdout]    |
[INFO] [stdout] 3  + use metaplex_pulsar::proto::base_command::Type;
[INFO] [stdout]    |
[INFO] [stdout] 3  + use metaplex_pulsar::proto::schema::Type;
[INFO] [stdout]    |
[INFO] [stdout] help: if you import `Type`, refer to it directly
[INFO] [stdout]    |
[INFO] [stdout] 51 -             r#type: pulsar::proto::schema::Type::String as i32,
[INFO] [stdout] 51 +             r#type: Type::String as i32,
[INFO] [stdout]    |
[INFO] [stdout] 
[INFO] [stdout] 
[INFO] [stdout] error[E0433]: failed to resolve: use of undeclared crate or module `pulsar`
[INFO] [stdout]   --> examples/reader.rs:23:31
[INFO] [stdout]    |
[INFO] [stdout] 23 | async fn main() -> Result<(), pulsar::Error> {
[INFO] [stdout]    |                               ^^^^^^ use of undeclared crate or module `pulsar`
[INFO] [stdout] 
[INFO] [stdout] 
[INFO] [stdout] error: aborting due to 4 previous errors
[INFO] [stdout] 
[INFO] [stdout] 
[INFO] [stdout] Some errors have detailed explanations: E0432, E0433.
[INFO] [stdout] 
[INFO] [stdout] For more information about an error, try `rustc --explain E0432`.
[INFO] [stdout] 
[INFO] [stdout] error[E0433]: failed to resolve: use of undeclared crate or module `pulsar`
[INFO] [stdout]   --> examples/round_trip.rs:33:31
[INFO] [stdout]    |
[INFO] [stdout] 33 | async fn main() -> Result<(), pulsar::Error> {
[INFO] [stdout]    |                               ^^^^^^ use of undeclared crate or module `pulsar`
[INFO] [stdout] 
[INFO] [stdout] 
[INFO] [stdout] error: aborting due to 3 previous errors
[INFO] [stdout] 
[INFO] [stdout] 
[INFO] [stdout] Some errors have detailed explanations: E0432, E0433.
[INFO] [stdout] 
[INFO] [stdout] For more information about an error, try `rustc --explain E0432`.
[INFO] [stdout] 
[INFO] [stdout] error[E0433]: failed to resolve: use of undeclared crate or module `pulsar`
[INFO] [stdout]   --> examples/batching.rs:33:31
[INFO] [stdout]    |
[INFO] [stdout] 33 | async fn main() -> Result<(), pulsar::Error> {
[INFO] [stdout]    |                               ^^^^^^ use of undeclared crate or module `pulsar`
[INFO] [stdout] 
[INFO] [stdout] 
[INFO] [stdout] error: aborting due to 3 previous errors
[INFO] [stdout] 
[INFO] [stdout] 
[INFO] [stdout] Some errors have detailed explanations: E0432, E0433.
[INFO] [stdout] 
[INFO] [stdout] For more information about an error, try `rustc --explain E0432`.
[INFO] [stdout] 
[INFO] [stdout] error[E0433]: failed to resolve: use of undeclared crate or module `pulsar`
[INFO] [stdout]   --> examples/producer.rs:26:31
[INFO] [stdout]    |
[INFO] [stdout] 26 | async fn main() -> Result<(), pulsar::Error> {
[INFO] [stdout]    |                               ^^^^^^ use of undeclared crate or module `pulsar`
[INFO] [stdout] 
[INFO] [stdout] 
[INFO] [stdout] error: aborting due to 4 previous errors
[INFO] [stdout] 
[INFO] [stdout] 
[INFO] [stdout] Some errors have detailed explanations: E0432, E0433.
[INFO] [stdout] 
[INFO] [stdout] For more information about an error, try `rustc --explain E0432`.
[INFO] [stdout] 
[INFO] [stdout] error[E0433]: failed to resolve: use of undeclared crate or module `pulsar`
[INFO] [stdout]   --> examples/consumer.rs:24:31
[INFO] [stdout]    |
[INFO] [stdout] 24 | async fn main() -> Result<(), pulsar::Error> {
[INFO] [stdout]    |                               ^^^^^^ use of undeclared crate or module `pulsar`
[INFO] [stdout] 
[INFO] [stdout] 
[INFO] [stdout] error: aborting due to 3 previous errors
[INFO] [stdout] 
[INFO] [stdout] 
[INFO] [stdout] Some errors have detailed explanations: E0432, E0433.
[INFO] [stdout] 
[INFO] [stdout] For more information about an error, try `rustc --explain E0432`.
[INFO] [stdout] 
[INFO] [stderr] error: could not compile `metaplex-pulsar` (example "reader") due to 5 previous errors
[INFO] [stderr] warning: build failed, waiting for other jobs to finish...
[INFO] [stderr] error: could not compile `metaplex-pulsar` (example "batching") due to 4 previous errors
[INFO] [stderr] error: could not compile `metaplex-pulsar` (example "consumer") due to 4 previous errors
[INFO] [stderr] error: could not compile `metaplex-pulsar` (example "round_trip") due to 4 previous errors
[INFO] [stderr] error: could not compile `metaplex-pulsar` (example "producer") due to 5 previous errors
[INFO] [stdout] warning: unused import: `self`
[INFO] [stdout]   --> src/producer.rs:10:25
[INFO] [stdout]    |
[INFO] [stdout] 10 | use crate::connection::{self, Connection, SerialId};
[INFO] [stdout]    |                         ^^^^
[INFO] [stdout]    |
[INFO] [stdout]    = note: `#[warn(unused_imports)]` on by default
[INFO] [stdout] 
[INFO] [stdout] 
[INFO] [stdout] warning: unused import: `crate::error::ServiceDiscoveryError::NotFound`
[INFO] [stdout]   --> src/service_discovery.rs:11:5
[INFO] [stdout]    |
[INFO] [stdout] 11 | use crate::error::ServiceDiscoveryError::NotFound;
[INFO] [stdout]    |     ^^^^^^^^^^^^^^^^^^^^^^^^^^^^^^^^^^^^^^^^^^^^^
[INFO] [stdout] 
[INFO] [stdout] 
[INFO] [stdout] warning: unreachable statement
[INFO] [stdout]    --> src/consumer.rs:897:29
[INFO] [stdout]     |
[INFO] [stdout] 896 | ...                   panic!("ConsumerEngine got Disconnected");
[INFO] [stdout]     |                       ----------------------------------------- any code following this expression is unreachable
[INFO] [stdout] 897 | ...                   self.reconnect().await?;
[INFO] [stdout]     |                       ^^^^^^^^^^^^^^^^^^^^^^^^ unreachable statement
[INFO] [stdout]     |
[INFO] [stdout]     = note: `#[warn(unreachable_code)]` on by default
[INFO] [stdout] 
[INFO] [stdout] 
[INFO] [stdout] warning: unused variable: `u`
[INFO] [stdout]    --> src/service_discovery.rs:274:14
[INFO] [stdout]     |
[INFO] [stdout] 274 |         Some(u) => Some(Url::parse(&response.broker_service_url.clone().unwrap()).map_err(|e| {
[INFO] [stdout]     |              ^ help: if this is intentional, prefix it with an underscore: `_u`
[INFO] [stdout]     |
[INFO] [stdout]     = note: `#[warn(unused_variables)]` on by default
[INFO] [stdout] 
[INFO] [stdout] 
[INFO] [stdout] warning: 4 warnings emitted
[INFO] [stdout] 
[INFO] [stdout] 
[INFO] running `Command { std: "docker" "inspect" "d66c55b3ce35b592b51c150c02bbad841989fe19c45435d7fac0c4d6bf472a83", kill_on_drop: false }`
[INFO] running `Command { std: "docker" "rm" "-f" "d66c55b3ce35b592b51c150c02bbad841989fe19c45435d7fac0c4d6bf472a83", kill_on_drop: false }`
[INFO] [stdout] d66c55b3ce35b592b51c150c02bbad841989fe19c45435d7fac0c4d6bf472a83
[INFO] testing metaplex-pulsar-4.1.1 against beta-2023-12-22 for beta-1.76-1
[INFO] extracting crate metaplex-pulsar 4.1.1 into /workspace/builds/worker-5-tc2/source
[INFO] validating manifest of crates.io crate metaplex-pulsar 4.1.1 on toolchain beta-2023-12-22
[INFO] running `Command { std: CARGO_HOME="/workspace/cargo-home" RUSTUP_HOME="/workspace/rustup-home" "/workspace/cargo-home/bin/cargo" "+beta-2023-12-22" "metadata" "--manifest-path" "Cargo.toml" "--no-deps", kill_on_drop: false }`
[INFO] started tweaking crates.io crate metaplex-pulsar 4.1.1
[INFO] finished tweaking crates.io crate metaplex-pulsar 4.1.1
[INFO] tweaked toml for crates.io crate metaplex-pulsar 4.1.1 written to /workspace/builds/worker-5-tc2/source/Cargo.toml
[INFO] crate crates.io crate metaplex-pulsar 4.1.1 already has a lockfile, it will not be regenerated
[INFO] running `Command { std: CARGO_HOME="/workspace/cargo-home" RUSTUP_HOME="/workspace/rustup-home" "/workspace/cargo-home/bin/cargo" "+beta-2023-12-22" "fetch" "--manifest-path" "Cargo.toml", kill_on_drop: false }`
[INFO] running `Command { std: "docker" "create" "-v" "/var/lib/crater-agent-workspace/builds/worker-5-tc2/target:/opt/rustwide/target:rw,Z" "-v" "/var/lib/crater-agent-workspace/builds/worker-5-tc2/source:/opt/rustwide/workdir:ro,Z" "-v" "/var/lib/crater-agent-workspace/cargo-home:/opt/rustwide/cargo-home:ro,Z" "-v" "/var/lib/crater-agent-workspace/rustup-home:/opt/rustwide/rustup-home:ro,Z" "-e" "SOURCE_DIR=/opt/rustwide/workdir" "-e" "CARGO_TARGET_DIR=/opt/rustwide/target" "-e" "CARGO_HOME=/opt/rustwide/cargo-home" "-e" "RUSTUP_HOME=/opt/rustwide/rustup-home" "-w" "/opt/rustwide/workdir" "-m" "1610612736" "--user" "0:0" "--network" "none" "ghcr.io/rust-lang/crates-build-env/linux@sha256:2788e3201cd34a07e3172128adcd8b3090168a8e3bcc40d7c032b9dda1df7d1c" "/opt/rustwide/cargo-home/bin/cargo" "+beta-2023-12-22" "metadata" "--no-deps" "--format-version=1", kill_on_drop: false }`
[INFO] [stdout] 77f07ea3c419b58955e2d8e14cc2ff1c4213f5c8e5f9111a358350aad39eff04
[INFO] running `Command { std: "docker" "start" "-a" "77f07ea3c419b58955e2d8e14cc2ff1c4213f5c8e5f9111a358350aad39eff04", kill_on_drop: false }`
[INFO] running `Command { std: "docker" "inspect" "77f07ea3c419b58955e2d8e14cc2ff1c4213f5c8e5f9111a358350aad39eff04", kill_on_drop: false }`
[INFO] running `Command { std: "docker" "rm" "-f" "77f07ea3c419b58955e2d8e14cc2ff1c4213f5c8e5f9111a358350aad39eff04", kill_on_drop: false }`
[INFO] [stdout] 77f07ea3c419b58955e2d8e14cc2ff1c4213f5c8e5f9111a358350aad39eff04
[INFO] running `Command { std: "docker" "create" "-v" "/var/lib/crater-agent-workspace/builds/worker-5-tc2/target:/opt/rustwide/target:rw,Z" "-v" "/var/lib/crater-agent-workspace/builds/worker-5-tc2/source:/opt/rustwide/workdir:ro,Z" "-v" "/var/lib/crater-agent-workspace/cargo-home:/opt/rustwide/cargo-home:ro,Z" "-v" "/var/lib/crater-agent-workspace/rustup-home:/opt/rustwide/rustup-home:ro,Z" "-e" "SOURCE_DIR=/opt/rustwide/workdir" "-e" "CARGO_TARGET_DIR=/opt/rustwide/target" "-e" "CARGO_INCREMENTAL=0" "-e" "RUST_BACKTRACE=full" "-e" "RUSTFLAGS=--cap-lints=warn" "-e" "RUSTDOCFLAGS=--cap-lints=warn" "-e" "CARGO_HOME=/opt/rustwide/cargo-home" "-e" "RUSTUP_HOME=/opt/rustwide/rustup-home" "-w" "/opt/rustwide/workdir" "-m" "1610612736" "--user" "0:0" "--network" "none" "ghcr.io/rust-lang/crates-build-env/linux@sha256:2788e3201cd34a07e3172128adcd8b3090168a8e3bcc40d7c032b9dda1df7d1c" "/opt/rustwide/cargo-home/bin/cargo" "+beta-2023-12-22" "build" "--frozen" "--message-format=json", kill_on_drop: false }`
[INFO] [stdout] ff2ea66ae20ff514358fe0d53876ff9925a684f7033ee51fd0e91320d897a278
[INFO] running `Command { std: "docker" "start" "-a" "ff2ea66ae20ff514358fe0d53876ff9925a684f7033ee51fd0e91320d897a278", kill_on_drop: false }`
[INFO] [stderr]    Compiling libc v0.2.131
[INFO] [stderr]    Compiling proc-macro2 v1.0.43
[INFO] [stderr]    Compiling quote v1.0.21
[INFO] [stderr]    Compiling unicode-ident v1.0.3
[INFO] [stderr]    Compiling syn v1.0.99
[INFO] [stderr]    Compiling log v0.4.17
[INFO] [stderr]    Compiling futures-io v0.3.21
[INFO] [stderr]    Compiling bytes v1.2.1
[INFO] [stderr]    Compiling serde_derive v1.0.143
[INFO] [stderr]    Compiling value-bag v1.0.0-alpha.9
[INFO] [stderr]    Compiling serde v1.0.143
[INFO] [stderr]    Compiling fastrand v1.8.0
[INFO] [stderr]    Compiling tokio v1.20.1
[INFO] [stderr]    Compiling either v1.7.0
[INFO] [stderr]    Compiling futures-util v0.3.21
[INFO] [stderr]    Compiling itoa v1.0.3
[INFO] [stderr]    Compiling spin v0.5.2
[INFO] [stderr]    Compiling untrusted v0.7.1
[INFO] [stderr]    Compiling num-traits v0.2.15
[INFO] [stderr]    Compiling cache-padded v1.2.0
[INFO] [stderr]    Compiling pkg-config v0.3.25
[INFO] [stderr]    Compiling generic-array v0.14.6
[INFO] [stderr]    Compiling tracing-core v0.1.29
[INFO] [stderr]    Compiling anyhow v1.0.61
[INFO] [stderr]    Compiling parking v2.0.0
[INFO] [stderr]    Compiling concurrent-queue v1.2.4
[INFO] [stderr]    Compiling waker-fn v1.1.0
[INFO] [stderr]    Compiling itertools v0.10.3
[INFO] [stderr]    Compiling event-listener v2.5.3
[INFO] [stderr]    Compiling rustls v0.20.6
[INFO] [stderr]    Compiling num-integer v0.1.45
[INFO] [stderr]    Compiling encoding_rs v0.8.31
[INFO] [stderr]    Compiling signal-hook v0.3.14
[INFO] [stderr]    Compiling futures-lite v1.12.0
[INFO] [stderr]    Compiling ryu v1.0.11
[INFO] [stderr]    Compiling openssl v0.10.41
[INFO] [stderr]    Compiling async-task v4.3.0
[INFO] [stderr]    Compiling http v0.2.8
[INFO] [stderr]    Compiling foreign-types-shared v0.1.1
[INFO] [stderr]    Compiling async-channel v1.7.1
[INFO] [stderr]    Compiling foreign-types v0.3.2
[INFO] [stderr]    Compiling native-tls v0.2.10
[INFO] [stderr]    Compiling tracing v0.1.36
[INFO] [stderr]    Compiling crossbeam-utils v0.8.11
[INFO] [stderr]    Compiling remove_dir_all v0.5.3
[INFO] [stderr]    Compiling serde_json v1.0.83
[INFO] [stderr]    Compiling atomic-waker v1.0.0
[INFO] [stderr]    Compiling fixedbitset v0.4.2
[INFO] [stderr]    Compiling rustls-pemfile v1.0.1
[INFO] [stderr]    Compiling petgraph v0.6.2
[INFO] [stderr]    Compiling async-lock v2.5.0
[INFO] [stderr]    Compiling num-bigint v0.4.3
[INFO] [stderr]    Compiling iana-time-zone v0.1.44
[INFO] [stderr]    Compiling jobserver v0.1.24
[INFO] [stderr]    Compiling socket2 v0.4.4
[INFO] [stderr]    Compiling num_cpus v1.13.1
[INFO] [stderr]    Compiling getrandom v0.2.7
[INFO] [stderr]    Compiling which v4.2.5
[INFO] [stderr]    Compiling crypto-common v0.1.6
[INFO] [stderr]    Compiling block-buffer v0.10.2
[INFO] [stderr]    Compiling signal-hook-registry v1.4.0
[INFO] [stderr]    Compiling cc v1.0.73
[INFO] [stderr]    Compiling http-body v0.4.5
[INFO] [stderr]    Compiling rand_core v0.6.3
[INFO] [stderr]    Compiling digest v0.10.3
[INFO] [stderr]    Compiling rand_chacha v0.3.1
[INFO] [stderr]    Compiling tempfile v3.3.0
[INFO] [stderr]    Compiling time v0.1.44
[INFO] [stderr]    Compiling blocking v1.2.0
[INFO] [stderr]    Compiling async-executor v1.4.1
[INFO] [stderr]    Compiling crc32fast v1.3.2
[INFO] [stderr]    Compiling zstd-safe v5.0.2+zstd.1.5.2
[INFO] [stderr]    Compiling multimap v0.8.3
[INFO] [stderr]    Compiling cmake v0.1.48
[INFO] [stderr]    Compiling ipnet v2.5.0
[INFO] [stderr]    Compiling openssl-probe v0.1.5
[INFO] [stderr]    Compiling heck v0.4.0
[INFO] [stderr]    Compiling sha2 v0.10.2
[INFO] [stderr]    Compiling rand v0.8.5
[INFO] [stderr]    Compiling ordered-float v2.10.0
[INFO] [stderr]    Compiling adler v1.0.2
[INFO] [stderr]    Compiling async-trait v0.1.57
[INFO] [stderr]    Compiling snap v1.0.5
[INFO] [stderr]    Compiling miniz_oxide v0.5.3
[INFO] [stderr]    Compiling crc-catalog v2.1.0
[INFO] [stderr]    Compiling minimal-lexical v0.2.1
[INFO] [stderr]    Compiling pem v1.1.0
[INFO] [stderr]    Compiling crc v3.0.0
[INFO] [stderr]    Compiling data-url v0.1.1
[INFO] [stderr]    Compiling bit-vec v0.6.3
[INFO] [stderr]    Compiling futures-timer v3.0.2
[INFO] [stderr]    Compiling ring v0.16.20
[INFO] [stderr]    Compiling openssl-sys v0.9.75
[INFO] [stderr]    Compiling zstd-sys v2.0.1+zstd.1.5.2
[INFO] [stderr]    Compiling prost-build v0.10.4
[INFO] [stderr]    Compiling lz4-sys v1.9.3
[INFO] [stderr]    Compiling nom v7.1.1
[INFO] [stderr]    Compiling flate2 v1.0.24
[INFO] [stderr]    Compiling webpki v0.22.0
[INFO] [stderr]    Compiling sct v0.7.0
[INFO] [stderr]    Compiling ctor v0.1.23
[INFO] [stderr]    Compiling tokio-macros v1.8.0
[INFO] [stderr]    Compiling futures-macro v0.3.21
[INFO] [stderr]    Compiling prost-derive v0.10.1
[INFO] [stderr]    Compiling thiserror-impl v1.0.32
[INFO] [stderr]    Compiling openssl-macros v0.1.0
[INFO] [stderr]    Compiling webpki-roots v0.22.4
[INFO] [stderr]    Compiling async-attributes v1.1.2
[INFO] [stderr]    Compiling mio v0.8.4
[INFO] [stderr]    Compiling polling v2.2.0
[INFO] [stderr]    Compiling want v0.3.0
[INFO] [stderr]    Compiling async-io v1.7.0
[INFO] [stderr]    Compiling thiserror v1.0.32
[INFO] [stderr]    Compiling kv-log-macro v1.0.7
[INFO] [stderr]    Compiling async-global-executor v2.2.0
[INFO] [stderr]    Compiling async-process v1.4.0
[INFO] [stderr]    Compiling prost v0.10.4
[INFO] [stderr]    Compiling lz4 v1.23.3
[INFO] [stderr]    Compiling async-std v1.12.0
[INFO] [stderr]    Compiling prost-types v0.10.1
[INFO] [stderr]    Compiling futures-executor v0.3.21
[INFO] [stderr]    Compiling asynchronous-codec v0.6.0
[INFO] [stderr]    Compiling futures v0.3.21
[INFO] [stderr]    Compiling metaplex-pulsar v4.1.1 (/opt/rustwide/workdir)
[INFO] [stderr]    Compiling tokio-util v0.7.3
[INFO] [stderr]    Compiling tokio-rustls v0.23.4
[INFO] [stderr]    Compiling tokio-native-tls v0.3.0
[INFO] [stderr]    Compiling h2 v0.3.13
[INFO] [stderr]    Compiling url v2.2.2
[INFO] [stderr]    Compiling serde_urlencoded v0.7.1
[INFO] [stderr]    Compiling serde_path_to_error v0.1.8
[INFO] [stderr]    Compiling chrono v0.4.21
[INFO] [stderr]    Compiling serde-value v0.7.0
[INFO] [stderr]    Compiling async-native-tls v0.3.3
[INFO] [stderr]    Compiling hyper v0.14.20
[INFO] [stderr]    Compiling hyper-rustls v0.23.0
[INFO] [stderr]    Compiling reqwest v0.11.11
[INFO] [stderr]    Compiling zstd v0.11.2+zstd.1.5.2
[INFO] [stderr]    Compiling oauth2 v4.2.3
[INFO] [stderr]    Compiling openidconnect v2.3.2
[INFO] [stdout] warning: unused import: `self`
[INFO] [stdout]   --> src/producer.rs:10:25
[INFO] [stdout]    |
[INFO] [stdout] 10 | use crate::connection::{self, Connection, SerialId};
[INFO] [stdout]    |                         ^^^^
[INFO] [stdout]    |
[INFO] [stdout]    = note: `#[warn(unused_imports)]` on by default
[INFO] [stdout] 
[INFO] [stdout] 
[INFO] [stdout] warning: unused import: `crate::error::ServiceDiscoveryError::NotFound`
[INFO] [stdout]   --> src/service_discovery.rs:11:5
[INFO] [stdout]    |
[INFO] [stdout] 11 | use crate::error::ServiceDiscoveryError::NotFound;
[INFO] [stdout]    |     ^^^^^^^^^^^^^^^^^^^^^^^^^^^^^^^^^^^^^^^^^^^^^
[INFO] [stdout] 
[INFO] [stdout] 
[INFO] [stdout] warning: unreachable statement
[INFO] [stdout]    --> src/consumer.rs:897:29
[INFO] [stdout]     |
[INFO] [stdout] 896 | ...                   panic!("ConsumerEngine got Disconnected");
[INFO] [stdout]     |                       ----------------------------------------- any code following this expression is unreachable
[INFO] [stdout] 897 | ...                   self.reconnect().await?;
[INFO] [stdout]     |                       ^^^^^^^^^^^^^^^^^^^^^^^^ unreachable statement
[INFO] [stdout]     |
[INFO] [stdout]     = note: `#[warn(unreachable_code)]` on by default
[INFO] [stdout] 
[INFO] [stdout] 
[INFO] [stderr] error: could not compile `metaplex-pulsar` (lib); 3 warnings emitted
[INFO] [stderr] 
[INFO] [stderr] Caused by:
[INFO] [stderr]   process didn't exit successfully: `/opt/rustwide/rustup-home/toolchains/beta-2023-12-22-x86_64-unknown-linux-gnu/bin/rustc --crate-name metaplex_pulsar --edition=2018 src/lib.rs --error-format=json --json=diagnostic-rendered-ansi,artifacts,future-incompat --crate-type lib --emit=dep-info,metadata,link -C embed-bitcode=no -C debuginfo=2 --cfg 'feature="async-native-tls"' --cfg 'feature="async-std"' --cfg 'feature="async-std-runtime"' --cfg 'feature="asynchronous-codec"' --cfg 'feature="auth-oauth2"' --cfg 'feature="compression"' --cfg 'feature="data-url"' --cfg 'feature="default"' --cfg 'feature="flate2"' --cfg 'feature="lz4"' --cfg 'feature="oauth2"' --cfg 'feature="openidconnect"' --cfg 'feature="serde"' --cfg 'feature="serde_json"' --cfg 'feature="snap"' --cfg 'feature="tokio"' --cfg 'feature="tokio-native-tls"' --cfg 'feature="tokio-runtime"' --cfg 'feature="tokio-util"' --cfg 'feature="zstd"' -C metadata=e645fe9925f33a50 -C extra-filename=-e645fe9925f33a50 --out-dir /opt/rustwide/target/debug/deps -L dependency=/opt/rustwide/target/debug/deps --extern async_native_tls=/opt/rustwide/target/debug/deps/libasync_native_tls-4453fc62a4acfd3b.rmeta --extern async_std=/opt/rustwide/target/debug/deps/libasync_std-0899cb582979ca88.rmeta --extern async_trait=/opt/rustwide/target/debug/deps/libasync_trait-cc659dc7a67be4c2.so --extern asynchronous_codec=/opt/rustwide/target/debug/deps/libasynchronous_codec-ec5e0f65e2e280e7.rmeta --extern bit_vec=/opt/rustwide/target/debug/deps/libbit_vec-66b280c55763b85c.rmeta --extern bytes=/opt/rustwide/target/debug/deps/libbytes-f67657259700e1e6.rmeta --extern chrono=/opt/rustwide/target/debug/deps/libchrono-79df67800f2845b7.rmeta --extern crc=/opt/rustwide/target/debug/deps/libcrc-ce9d0ebcc4fa5b0e.rmeta --extern data_url=/opt/rustwide/target/debug/deps/libdata_url-fe7b68a9a6c47fb4.rmeta --extern flate2=/opt/rustwide/target/debug/deps/libflate2-29240848de4d83a1.rmeta --extern futures=/opt/rustwide/target/debug/deps/libfutures-aeb6bd9c70002c45.rmeta --extern futures_io=/opt/rustwide/target/debug/deps/libfutures_io-df8c91c791714b94.rmeta --extern futures_timer=/opt/rustwide/target/debug/deps/libfutures_timer-105eb334315356f5.rmeta --extern log=/opt/rustwide/target/debug/deps/liblog-cdd9f7bb6d50baee.rmeta --extern lz4=/opt/rustwide/target/debug/deps/liblz4-a27a035482cb9190.rmeta --extern native_tls=/opt/rustwide/target/debug/deps/libnative_tls-bfa5b656ca1fb4e8.rmeta --extern nom=/opt/rustwide/target/debug/deps/libnom-d5605e8bd58b5cab.rmeta --extern oauth2=/opt/rustwide/target/debug/deps/liboauth2-d879fe8fa2b38ed5.rmeta --extern openidconnect=/opt/rustwide/target/debug/deps/libopenidconnect-94517a22709482d9.rmeta --extern pem=/opt/rustwide/target/debug/deps/libpem-35423ab6ee86b9b5.rmeta --extern prost=/opt/rustwide/target/debug/deps/libprost-8d96dba547bc2209.rmeta --extern prost_derive=/opt/rustwide/target/debug/deps/libprost_derive-a78a7a7404a2e2d1.so --extern rand=/opt/rustwide/target/debug/deps/librand-7280c50781e589b3.rmeta --extern regex=/opt/rustwide/target/debug/deps/libregex-4cb04c7ec0429417.rmeta --extern serde=/opt/rustwide/target/debug/deps/libserde-f952f8d3cdb75362.rmeta --extern serde_json=/opt/rustwide/target/debug/deps/libserde_json-02d3294755d51f4b.rmeta --extern snap=/opt/rustwide/target/debug/deps/libsnap-654f41909c56f0b0.rmeta --extern tokio=/opt/rustwide/target/debug/deps/libtokio-04667bfb4ac64b60.rmeta --extern tokio_native_tls=/opt/rustwide/target/debug/deps/libtokio_native_tls-a5e44678e38dc712.rmeta --extern tokio_util=/opt/rustwide/target/debug/deps/libtokio_util-af1c6b3108a98724.rmeta --extern url=/opt/rustwide/target/debug/deps/liburl-2ff47da17f39e9c0.rmeta --extern zstd=/opt/rustwide/target/debug/deps/libzstd-4874c9aef52357f9.rmeta --cap-lints=warn -L native=/opt/rustwide/target/debug/build/lz4-sys-714df8f488607a4d/out -L native=/opt/rustwide/target/debug/build/ring-057c497f0cfc6b75/out -L native=/opt/rustwide/target/debug/build/zstd-sys-5f8cd5d9abcfac72/out` (signal: 9, SIGKILL: kill)
[INFO] running `Command { std: "docker" "inspect" "ff2ea66ae20ff514358fe0d53876ff9925a684f7033ee51fd0e91320d897a278", kill_on_drop: false }`
[INFO] running `Command { std: "docker" "rm" "-f" "ff2ea66ae20ff514358fe0d53876ff9925a684f7033ee51fd0e91320d897a278", kill_on_drop: false }`
[INFO] [stdout] ff2ea66ae20ff514358fe0d53876ff9925a684f7033ee51fd0e91320d897a278
