[INFO] fetching crate merfolk_frontend_derive 0.1.0...
[INFO] testing merfolk_frontend_derive-0.1.0 against 1.75.0 for beta-1.76-1
[INFO] extracting crate merfolk_frontend_derive 0.1.0 into /workspace/builds/worker-1-tc1/source
[INFO] validating manifest of crates.io crate merfolk_frontend_derive 0.1.0 on toolchain 1.75.0
[INFO] running `Command { std: CARGO_HOME="/workspace/cargo-home" RUSTUP_HOME="/workspace/rustup-home" "/workspace/cargo-home/bin/cargo" "+1.75.0" "metadata" "--manifest-path" "Cargo.toml" "--no-deps", kill_on_drop: false }`
[INFO] started tweaking crates.io crate merfolk_frontend_derive 0.1.0
[INFO] removed 0 missing tests
[INFO] finished tweaking crates.io crate merfolk_frontend_derive 0.1.0
[INFO] tweaked toml for crates.io crate merfolk_frontend_derive 0.1.0 written to /workspace/builds/worker-1-tc1/source/Cargo.toml
[INFO] running `Command { std: CARGO_HOME="/workspace/cargo-home" RUSTUP_HOME="/workspace/rustup-home" "/workspace/cargo-home/bin/cargo" "+1.75.0" "generate-lockfile" "--manifest-path" "Cargo.toml", kill_on_drop: false }`
[INFO] [stderr]     Updating crates.io index
[INFO] running `Command { std: CARGO_HOME="/workspace/cargo-home" RUSTUP_HOME="/workspace/rustup-home" "/workspace/cargo-home/bin/cargo" "+1.75.0" "fetch" "--manifest-path" "Cargo.toml", kill_on_drop: false }`
[INFO] [stderr]  Downloading crates ...
[INFO] [stderr]   Downloaded spin v0.7.1
[INFO] [stderr]   Downloaded merfolk v0.1.4
[INFO] [stderr]   Downloaded merfolk_frontend_derive_macros v0.1.0
[INFO] running `Command { std: "docker" "create" "-v" "/var/lib/crater-agent-workspace/builds/worker-1-tc1/target:/opt/rustwide/target:rw,Z" "-v" "/var/lib/crater-agent-workspace/builds/worker-1-tc1/source:/opt/rustwide/workdir:ro,Z" "-v" "/var/lib/crater-agent-workspace/cargo-home:/opt/rustwide/cargo-home:ro,Z" "-v" "/var/lib/crater-agent-workspace/rustup-home:/opt/rustwide/rustup-home:ro,Z" "-e" "SOURCE_DIR=/opt/rustwide/workdir" "-e" "CARGO_TARGET_DIR=/opt/rustwide/target" "-e" "CARGO_HOME=/opt/rustwide/cargo-home" "-e" "RUSTUP_HOME=/opt/rustwide/rustup-home" "-w" "/opt/rustwide/workdir" "-m" "1610612736" "--user" "0:0" "--network" "none" "ghcr.io/rust-lang/crates-build-env/linux@sha256:2788e3201cd34a07e3172128adcd8b3090168a8e3bcc40d7c032b9dda1df7d1c" "/opt/rustwide/cargo-home/bin/cargo" "+1.75.0" "metadata" "--no-deps" "--format-version=1", kill_on_drop: false }`
[INFO] [stdout] 0e6c7caab5b54b87cc3426a6496e0e5c5a35cd06aedf265fda8f29ff9067fe37
[INFO] running `Command { std: "docker" "start" "-a" "0e6c7caab5b54b87cc3426a6496e0e5c5a35cd06aedf265fda8f29ff9067fe37", kill_on_drop: false }`
[INFO] running `Command { std: "docker" "inspect" "0e6c7caab5b54b87cc3426a6496e0e5c5a35cd06aedf265fda8f29ff9067fe37", kill_on_drop: false }`
[INFO] running `Command { std: "docker" "rm" "-f" "0e6c7caab5b54b87cc3426a6496e0e5c5a35cd06aedf265fda8f29ff9067fe37", kill_on_drop: false }`
[INFO] [stdout] 0e6c7caab5b54b87cc3426a6496e0e5c5a35cd06aedf265fda8f29ff9067fe37
[INFO] running `Command { std: "docker" "create" "-v" "/var/lib/crater-agent-workspace/builds/worker-1-tc1/target:/opt/rustwide/target:rw,Z" "-v" "/var/lib/crater-agent-workspace/builds/worker-1-tc1/source:/opt/rustwide/workdir:ro,Z" "-v" "/var/lib/crater-agent-workspace/cargo-home:/opt/rustwide/cargo-home:ro,Z" "-v" "/var/lib/crater-agent-workspace/rustup-home:/opt/rustwide/rustup-home:ro,Z" "-e" "SOURCE_DIR=/opt/rustwide/workdir" "-e" "CARGO_TARGET_DIR=/opt/rustwide/target" "-e" "CARGO_INCREMENTAL=0" "-e" "RUST_BACKTRACE=full" "-e" "RUSTFLAGS=--cap-lints=warn" "-e" "RUSTDOCFLAGS=--cap-lints=warn" "-e" "CARGO_HOME=/opt/rustwide/cargo-home" "-e" "RUSTUP_HOME=/opt/rustwide/rustup-home" "-w" "/opt/rustwide/workdir" "-m" "1610612736" "--user" "0:0" "--network" "none" "ghcr.io/rust-lang/crates-build-env/linux@sha256:2788e3201cd34a07e3172128adcd8b3090168a8e3bcc40d7c032b9dda1df7d1c" "/opt/rustwide/cargo-home/bin/cargo" "+1.75.0" "build" "--frozen" "--message-format=json", kill_on_drop: false }`
[INFO] [stdout] d9fc049f8beced08312b4dc567899742771245b910b9bd5bc37e5f21265540ff
[INFO] running `Command { std: "docker" "start" "-a" "d9fc049f8beced08312b4dc567899742771245b910b9bd5bc37e5f21265540ff", kill_on_drop: false }`
[INFO] [stderr]    Compiling syn v1.0.109
[INFO] [stderr]    Compiling ident_case v1.0.1
[INFO] [stderr]    Compiling strsim v0.10.0
[INFO] [stderr]    Compiling fnv v1.0.7
[INFO] [stderr]    Compiling anyhow v1.0.79
[INFO] [stderr]    Compiling thiserror v1.0.56
[INFO] [stderr]    Compiling syn v2.0.48
[INFO] [stderr]    Compiling spin v0.7.1
[INFO] [stderr]    Compiling thiserror-impl v1.0.56
[INFO] [stderr]    Compiling darling_core v0.12.4
[INFO] [stderr]    Compiling darling_macro v0.12.4
[INFO] [stderr]    Compiling darling v0.12.4
[INFO] [stderr]    Compiling derive_builder_core v0.10.2
[INFO] [stderr]    Compiling merfolk_frontend_derive_macros v0.1.0
[INFO] [stderr]    Compiling derive_builder_macro v0.10.2
[INFO] [stderr]    Compiling derive_builder v0.10.2
[INFO] [stderr]    Compiling merfolk v0.1.4
[INFO] [stderr]    Compiling merfolk_frontend_derive v0.1.0 (/opt/rustwide/workdir)
[INFO] [stderr]     Finished dev [unoptimized + debuginfo] target(s) in 6.37s
[INFO] running `Command { std: "docker" "inspect" "d9fc049f8beced08312b4dc567899742771245b910b9bd5bc37e5f21265540ff", kill_on_drop: false }`
[INFO] running `Command { std: "docker" "rm" "-f" "d9fc049f8beced08312b4dc567899742771245b910b9bd5bc37e5f21265540ff", kill_on_drop: false }`
[INFO] [stdout] d9fc049f8beced08312b4dc567899742771245b910b9bd5bc37e5f21265540ff
[INFO] running `Command { std: "docker" "create" "-v" "/var/lib/crater-agent-workspace/builds/worker-1-tc1/target:/opt/rustwide/target:rw,Z" "-v" "/var/lib/crater-agent-workspace/builds/worker-1-tc1/source:/opt/rustwide/workdir:ro,Z" "-v" "/var/lib/crater-agent-workspace/cargo-home:/opt/rustwide/cargo-home:ro,Z" "-v" "/var/lib/crater-agent-workspace/rustup-home:/opt/rustwide/rustup-home:ro,Z" "-e" "SOURCE_DIR=/opt/rustwide/workdir" "-e" "CARGO_TARGET_DIR=/opt/rustwide/target" "-e" "CARGO_INCREMENTAL=0" "-e" "RUST_BACKTRACE=full" "-e" "RUSTFLAGS=--cap-lints=warn" "-e" "RUSTDOCFLAGS=--cap-lints=warn" "-e" "CARGO_HOME=/opt/rustwide/cargo-home" "-e" "RUSTUP_HOME=/opt/rustwide/rustup-home" "-w" "/opt/rustwide/workdir" "-m" "1610612736" "--user" "0:0" "--network" "none" "ghcr.io/rust-lang/crates-build-env/linux@sha256:2788e3201cd34a07e3172128adcd8b3090168a8e3bcc40d7c032b9dda1df7d1c" "/opt/rustwide/cargo-home/bin/cargo" "+1.75.0" "test" "--frozen" "--no-run" "--message-format=json", kill_on_drop: false }`
[INFO] [stdout] 05ca83a424bec0b837efa4c2e6540a4a7484960b860bca42303f3af6df102a2f
[INFO] running `Command { std: "docker" "start" "-a" "05ca83a424bec0b837efa4c2e6540a4a7484960b860bca42303f3af6df102a2f", kill_on_drop: false }`
[INFO] [stderr]    Compiling fnv v1.0.7
[INFO] [stderr]    Compiling libc v0.2.151
[INFO] [stderr]    Compiling pin-project-lite v0.2.13
[INFO] [stderr]    Compiling itoa v1.0.10
[INFO] [stderr]    Compiling once_cell v1.19.0
[INFO] [stderr]    Compiling bytes v1.5.0
[INFO] [stderr]    Compiling futures-core v0.3.30
[INFO] [stderr]    Compiling ppv-lite86 v0.2.17
[INFO] [stderr]    Compiling darling_core v0.12.4
[INFO] [stderr]    Compiling futures-task v0.3.30
[INFO] [stderr]    Compiling try-lock v0.2.5
[INFO] [stderr]    Compiling pin-utils v0.1.0
[INFO] [stderr]    Compiling futures-util v0.3.30
[INFO] [stderr]    Compiling want v0.3.1
[INFO] [stderr]    Compiling futures-channel v0.3.30
[INFO] [stderr]    Compiling tracing-core v0.1.32
[INFO] [stderr]    Compiling tokio v1.35.1
[INFO] [stderr]    Compiling tower-service v0.3.2
[INFO] [stderr]    Compiling httpdate v1.0.3
[INFO] [stderr]    Compiling http v0.2.11
[INFO] [stderr]    Compiling tracing v0.1.40
[INFO] [stderr]    Compiling getrandom v0.2.11
[INFO] [stderr]    Compiling rand_core v0.6.4
[INFO] [stderr]    Compiling http-body v0.4.6
[INFO] [stderr]    Compiling rand_chacha v0.3.1
[INFO] [stderr]    Compiling rand v0.8.5
[INFO] [stderr]    Compiling hyper v0.14.28
[INFO] [stderr]    Compiling darling_macro v0.12.4
[INFO] [stderr]    Compiling darling v0.12.4
[INFO] [stderr]    Compiling derive_builder_core v0.10.2
[INFO] [stderr]    Compiling merfolk_frontend_derive_macros v0.1.0
[INFO] [stderr]    Compiling derive_builder_macro v0.10.2
[INFO] [stderr]    Compiling derive_builder v0.10.2
[INFO] [stderr]    Compiling merfolk v0.1.4
[INFO] [stderr]    Compiling merfolk_frontend_derive v0.1.0 (/opt/rustwide/workdir)
[INFO] [stdout] error[E0433]: failed to resolve: use of undeclared crate or module `merfolk_backend_in_process`
[INFO] [stdout]   --> test/tests.rs:34:14
[INFO] [stdout]    |
[INFO] [stdout] 34 |     .backend(merfolk_backend_in_process::InProcess::builder().to(to).build().unwrap())
[INFO] [stdout]    |              ^^^^^^^^^^^^^^^^^^^^^^^^^^ use of undeclared crate or module `merfolk_backend_in_process`
[INFO] [stdout] 
[INFO] [stdout] 
[INFO] [stdout] error[E0433]: failed to resolve: use of undeclared crate or module `merfolk_backend_in_process`
[INFO] [stdout]   --> test/tests.rs:40:14
[INFO] [stdout]    |
[INFO] [stdout] 40 |     .backend(merfolk_backend_in_process::InProcess::builder().from(from).build().unwrap())
[INFO] [stdout]    |              ^^^^^^^^^^^^^^^^^^^^^^^^^^ use of undeclared crate or module `merfolk_backend_in_process`
[INFO] [stdout] 
[INFO] [stdout] 
[INFO] [stdout] error[E0433]: failed to resolve: use of undeclared crate or module `merfolk_backend_in_process`
[INFO] [stdout]   --> test/tests.rs:75:14
[INFO] [stdout]    |
[INFO] [stdout] 75 |     .backend(merfolk_backend_in_process::InProcess::builder().to(to).build().unwrap())
[INFO] [stdout]    |              ^^^^^^^^^^^^^^^^^^^^^^^^^^ use of undeclared crate or module `merfolk_backend_in_process`
[INFO] [stdout] 
[INFO] [stdout] 
[INFO] [stdout] error[E0433]: failed to resolve: use of undeclared crate or module `merfolk_backend_in_process`
[INFO] [stdout]   --> test/tests.rs:81:14
[INFO] [stdout]    |
[INFO] [stdout] 81 |     .backend(merfolk_backend_in_process::InProcess::builder().from(from).build().unwrap())
[INFO] [stdout]    |              ^^^^^^^^^^^^^^^^^^^^^^^^^^ use of undeclared crate or module `merfolk_backend_in_process`
[INFO] [stdout] 
[INFO] [stdout] 
[INFO] [stdout] error[E0433]: failed to resolve: use of undeclared crate or module `merfolk_backend_http`
[INFO] [stdout]    --> test/tests.rs:113:14
[INFO] [stdout]     |
[INFO] [stdout] 113 |     .backend(merfolk_backend_http::Http::builder().speak("http://localhost:8083".parse::<hyper::Uri>().unwrap()).build().unwrap())
[INFO] [stdout]     |              ^^^^^^^^^^^^^^^^^^^^ use of undeclared crate or module `merfolk_backend_http`
[INFO] [stdout] 
[INFO] [stdout] 
[INFO] [stdout] error[E0433]: failed to resolve: use of undeclared crate or module `merfolk_backend_http`
[INFO] [stdout]    --> test/tests.rs:120:7
[INFO] [stdout]     |
[INFO] [stdout] 120 |       merfolk_backend_http::Http::builder()
[INFO] [stdout]     |       ^^^^^^^^^^^^^^^^^^^^ use of undeclared crate or module `merfolk_backend_http`
[INFO] [stdout] 
[INFO] [stdout] 
[INFO] [stdout] error[E0433]: failed to resolve: use of undeclared crate or module `merfolk_backend_in_process`
[INFO] [stdout]   --> test/tests.rs:29:31
[INFO] [stdout]    |
[INFO] [stdout] 29 |     tokio::sync::mpsc::Sender<merfolk_backend_in_process::InProcessChannel>,
[INFO] [stdout]    |                               ^^^^^^^^^^^^^^^^^^^^^^^^^^ use of undeclared crate or module `merfolk_backend_in_process`
[INFO] [stdout] 
[INFO] [stdout] 
[INFO] [stdout] error[E0433]: failed to resolve: use of undeclared crate or module `merfolk_backend_in_process`
[INFO] [stdout]   --> test/tests.rs:30:33
[INFO] [stdout]    |
[INFO] [stdout] 30 |     tokio::sync::mpsc::Receiver<merfolk_backend_in_process::InProcessChannel>,
[INFO] [stdout]    |                                 ^^^^^^^^^^^^^^^^^^^^^^^^^^ use of undeclared crate or module `merfolk_backend_in_process`
[INFO] [stdout] 
[INFO] [stdout] 
[INFO] [stdout] error[E0433]: failed to resolve: use of undeclared crate or module `merfolk_backend_in_process`
[INFO] [stdout]   --> test/tests.rs:70:31
[INFO] [stdout]    |
[INFO] [stdout] 70 |     tokio::sync::mpsc::Sender<merfolk_backend_in_process::InProcessChannel>,
[INFO] [stdout]    |                               ^^^^^^^^^^^^^^^^^^^^^^^^^^ use of undeclared crate or module `merfolk_backend_in_process`
[INFO] [stdout] 
[INFO] [stdout] 
[INFO] [stdout] error[E0433]: failed to resolve: use of undeclared crate or module `merfolk_backend_in_process`
[INFO] [stdout]   --> test/tests.rs:71:33
[INFO] [stdout]    |
[INFO] [stdout] 71 |     tokio::sync::mpsc::Receiver<merfolk_backend_in_process::InProcessChannel>,
[INFO] [stdout]    |                                 ^^^^^^^^^^^^^^^^^^^^^^^^^^ use of undeclared crate or module `merfolk_backend_in_process`
[INFO] [stdout] 
[INFO] [stdout] 
[INFO] [stdout] error: aborting due to 10 previous errors
[INFO] [stdout] 
[INFO] [stdout] 
[INFO] [stdout] For more information about this error, try `rustc --explain E0433`.
[INFO] [stdout] 
[INFO] [stderr] error: could not compile `merfolk_frontend_derive` (test "test") due to 11 previous errors
[INFO] running `Command { std: "docker" "inspect" "05ca83a424bec0b837efa4c2e6540a4a7484960b860bca42303f3af6df102a2f", kill_on_drop: false }`
[INFO] running `Command { std: "docker" "rm" "-f" "05ca83a424bec0b837efa4c2e6540a4a7484960b860bca42303f3af6df102a2f", kill_on_drop: false }`
[INFO] [stdout] 05ca83a424bec0b837efa4c2e6540a4a7484960b860bca42303f3af6df102a2f
[INFO] testing merfolk_frontend_derive-0.1.0 against beta-2023-12-22 for beta-1.76-1
[INFO] extracting crate merfolk_frontend_derive 0.1.0 into /workspace/builds/worker-1-tc2/source
[INFO] validating manifest of crates.io crate merfolk_frontend_derive 0.1.0 on toolchain beta-2023-12-22
[INFO] running `Command { std: CARGO_HOME="/workspace/cargo-home" RUSTUP_HOME="/workspace/rustup-home" "/workspace/cargo-home/bin/cargo" "+beta-2023-12-22" "metadata" "--manifest-path" "Cargo.toml" "--no-deps", kill_on_drop: false }`
[INFO] started tweaking crates.io crate merfolk_frontend_derive 0.1.0
[INFO] removed 0 missing tests
[INFO] finished tweaking crates.io crate merfolk_frontend_derive 0.1.0
[INFO] tweaked toml for crates.io crate merfolk_frontend_derive 0.1.0 written to /workspace/builds/worker-1-tc2/source/Cargo.toml
[INFO] running `Command { std: CARGO_HOME="/workspace/cargo-home" RUSTUP_HOME="/workspace/rustup-home" "/workspace/cargo-home/bin/cargo" "+beta-2023-12-22" "generate-lockfile" "--manifest-path" "Cargo.toml", kill_on_drop: false }`
[INFO] [stderr]     Updating crates.io index
[INFO] running `Command { std: CARGO_HOME="/workspace/cargo-home" RUSTUP_HOME="/workspace/rustup-home" "/workspace/cargo-home/bin/cargo" "+beta-2023-12-22" "fetch" "--manifest-path" "Cargo.toml", kill_on_drop: false }`
[INFO] running `Command { std: "docker" "create" "-v" "/var/lib/crater-agent-workspace/builds/worker-1-tc2/target:/opt/rustwide/target:rw,Z" "-v" "/var/lib/crater-agent-workspace/builds/worker-1-tc2/source:/opt/rustwide/workdir:ro,Z" "-v" "/var/lib/crater-agent-workspace/cargo-home:/opt/rustwide/cargo-home:ro,Z" "-v" "/var/lib/crater-agent-workspace/rustup-home:/opt/rustwide/rustup-home:ro,Z" "-e" "SOURCE_DIR=/opt/rustwide/workdir" "-e" "CARGO_TARGET_DIR=/opt/rustwide/target" "-e" "CARGO_HOME=/opt/rustwide/cargo-home" "-e" "RUSTUP_HOME=/opt/rustwide/rustup-home" "-w" "/opt/rustwide/workdir" "-m" "1610612736" "--user" "0:0" "--network" "none" "ghcr.io/rust-lang/crates-build-env/linux@sha256:2788e3201cd34a07e3172128adcd8b3090168a8e3bcc40d7c032b9dda1df7d1c" "/opt/rustwide/cargo-home/bin/cargo" "+beta-2023-12-22" "metadata" "--no-deps" "--format-version=1", kill_on_drop: false }`
[INFO] [stdout] 8d80862f463129225ff77dba4c1bca8efa5bfdea6644e26946264dc511b619a2
[INFO] running `Command { std: "docker" "start" "-a" "8d80862f463129225ff77dba4c1bca8efa5bfdea6644e26946264dc511b619a2", kill_on_drop: false }`
[INFO] running `Command { std: "docker" "inspect" "8d80862f463129225ff77dba4c1bca8efa5bfdea6644e26946264dc511b619a2", kill_on_drop: false }`
[INFO] running `Command { std: "docker" "rm" "-f" "8d80862f463129225ff77dba4c1bca8efa5bfdea6644e26946264dc511b619a2", kill_on_drop: false }`
[INFO] [stdout] 8d80862f463129225ff77dba4c1bca8efa5bfdea6644e26946264dc511b619a2
[INFO] running `Command { std: "docker" "create" "-v" "/var/lib/crater-agent-workspace/builds/worker-1-tc2/target:/opt/rustwide/target:rw,Z" "-v" "/var/lib/crater-agent-workspace/builds/worker-1-tc2/source:/opt/rustwide/workdir:ro,Z" "-v" "/var/lib/crater-agent-workspace/cargo-home:/opt/rustwide/cargo-home:ro,Z" "-v" "/var/lib/crater-agent-workspace/rustup-home:/opt/rustwide/rustup-home:ro,Z" "-e" "SOURCE_DIR=/opt/rustwide/workdir" "-e" "CARGO_TARGET_DIR=/opt/rustwide/target" "-e" "CARGO_INCREMENTAL=0" "-e" "RUST_BACKTRACE=full" "-e" "RUSTFLAGS=--cap-lints=warn" "-e" "RUSTDOCFLAGS=--cap-lints=warn" "-e" "CARGO_HOME=/opt/rustwide/cargo-home" "-e" "RUSTUP_HOME=/opt/rustwide/rustup-home" "-w" "/opt/rustwide/workdir" "-m" "1610612736" "--user" "0:0" "--network" "none" "ghcr.io/rust-lang/crates-build-env/linux@sha256:2788e3201cd34a07e3172128adcd8b3090168a8e3bcc40d7c032b9dda1df7d1c" "/opt/rustwide/cargo-home/bin/cargo" "+beta-2023-12-22" "build" "--frozen" "--message-format=json", kill_on_drop: false }`
[INFO] [stdout] addd02fb0ba51510d0f7f38015b19504249501879fc3ccccf9cef4c1b1e4cb93
[INFO] running `Command { std: "docker" "start" "-a" "addd02fb0ba51510d0f7f38015b19504249501879fc3ccccf9cef4c1b1e4cb93", kill_on_drop: false }`
[INFO] [stderr]    Compiling syn v1.0.109
[INFO] [stderr]    Compiling strsim v0.10.0
[INFO] [stderr]    Compiling ident_case v1.0.1
[INFO] [stderr]    Compiling fnv v1.0.7
[INFO] [stderr]    Compiling anyhow v1.0.79
[INFO] [stderr]    Compiling thiserror v1.0.56
[INFO] [stderr]    Compiling syn v2.0.48
[INFO] [stderr]    Compiling spin v0.7.1
[INFO] [stderr]    Compiling thiserror-impl v1.0.56
[INFO] [stderr]    Compiling darling_core v0.12.4
[INFO] [stderr]    Compiling darling_macro v0.12.4
[INFO] [stderr]    Compiling darling v0.12.4
[INFO] [stderr]    Compiling derive_builder_core v0.10.2
[INFO] [stderr]    Compiling merfolk_frontend_derive_macros v0.1.0
[INFO] [stderr]    Compiling derive_builder_macro v0.10.2
[INFO] [stderr]    Compiling derive_builder v0.10.2
[INFO] [stderr]    Compiling merfolk v0.1.4
[INFO] [stderr]    Compiling merfolk_frontend_derive v0.1.0 (/opt/rustwide/workdir)
[INFO] [stderr]     Finished dev [unoptimized + debuginfo] target(s) in 7.84s
[INFO] running `Command { std: "docker" "inspect" "addd02fb0ba51510d0f7f38015b19504249501879fc3ccccf9cef4c1b1e4cb93", kill_on_drop: false }`
[INFO] running `Command { std: "docker" "rm" "-f" "addd02fb0ba51510d0f7f38015b19504249501879fc3ccccf9cef4c1b1e4cb93", kill_on_drop: false }`
[INFO] [stdout] addd02fb0ba51510d0f7f38015b19504249501879fc3ccccf9cef4c1b1e4cb93
[INFO] running `Command { std: "docker" "create" "-v" "/var/lib/crater-agent-workspace/builds/worker-1-tc2/target:/opt/rustwide/target:rw,Z" "-v" "/var/lib/crater-agent-workspace/builds/worker-1-tc2/source:/opt/rustwide/workdir:ro,Z" "-v" "/var/lib/crater-agent-workspace/cargo-home:/opt/rustwide/cargo-home:ro,Z" "-v" "/var/lib/crater-agent-workspace/rustup-home:/opt/rustwide/rustup-home:ro,Z" "-e" "SOURCE_DIR=/opt/rustwide/workdir" "-e" "CARGO_TARGET_DIR=/opt/rustwide/target" "-e" "CARGO_INCREMENTAL=0" "-e" "RUST_BACKTRACE=full" "-e" "RUSTFLAGS=--cap-lints=warn" "-e" "RUSTDOCFLAGS=--cap-lints=warn" "-e" "CARGO_HOME=/opt/rustwide/cargo-home" "-e" "RUSTUP_HOME=/opt/rustwide/rustup-home" "-w" "/opt/rustwide/workdir" "-m" "1610612736" "--user" "0:0" "--network" "none" "ghcr.io/rust-lang/crates-build-env/linux@sha256:2788e3201cd34a07e3172128adcd8b3090168a8e3bcc40d7c032b9dda1df7d1c" "/opt/rustwide/cargo-home/bin/cargo" "+beta-2023-12-22" "test" "--frozen" "--no-run" "--message-format=json", kill_on_drop: false }`
[INFO] [stdout] 4e22928e22e55dcc538ad35a13f34563ee293583e7ad3757ea0c6927d67126c7
[INFO] running `Command { std: "docker" "start" "-a" "4e22928e22e55dcc538ad35a13f34563ee293583e7ad3757ea0c6927d67126c7", kill_on_drop: false }`
[INFO] [stderr]    Compiling fnv v1.0.7
[INFO] [stderr]    Compiling libc v0.2.151
[INFO] [stderr]    Compiling pin-project-lite v0.2.13
[INFO] [stderr]    Compiling futures-core v0.3.30
[INFO] [stderr]    Compiling bytes v1.5.0
[INFO] [stderr]    Compiling itoa v1.0.10
[INFO] [stderr]    Compiling once_cell v1.19.0
[INFO] [stderr]    Compiling ppv-lite86 v0.2.17
[INFO] [stderr]    Compiling darling_core v0.12.4
[INFO] [stderr]    Compiling pin-utils v0.1.0
[INFO] [stderr]    Compiling try-lock v0.2.5
[INFO] [stderr]    Compiling futures-task v0.3.30
[INFO] [stderr]    Compiling tracing-core v0.1.32
[INFO] [stderr]    Compiling futures-util v0.3.30
[INFO] [stderr]    Compiling want v0.3.1
[INFO] [stderr]    Compiling futures-channel v0.3.30
[INFO] [stderr]    Compiling tokio v1.35.1
[INFO] [stderr]    Compiling http v0.2.11
[INFO] [stderr]    Compiling tower-service v0.3.2
[INFO] [stderr]    Compiling httpdate v1.0.3
[INFO] [stderr]    Compiling tracing v0.1.40
[INFO] [stderr]    Compiling getrandom v0.2.11
[INFO] [stderr]    Compiling http-body v0.4.6
[INFO] [stderr]    Compiling rand_core v0.6.4
[INFO] [stderr]    Compiling rand_chacha v0.3.1
[INFO] [stderr]    Compiling hyper v0.14.28
[INFO] [stderr]    Compiling rand v0.8.5
[INFO] [stderr]    Compiling darling_macro v0.12.4
[INFO] [stderr]    Compiling darling v0.12.4
[INFO] [stderr]    Compiling derive_builder_core v0.10.2
[INFO] [stderr]    Compiling merfolk_frontend_derive_macros v0.1.0
[INFO] [stderr]    Compiling derive_builder_macro v0.10.2
[INFO] [stderr]    Compiling derive_builder v0.10.2
[INFO] [stderr]    Compiling merfolk v0.1.4
[INFO] [stderr]    Compiling merfolk_frontend_derive v0.1.0 (/opt/rustwide/workdir)
[INFO] [stdout] error[E0433]: failed to resolve: use of undeclared crate or module `merfolk_backend_in_process`
[INFO] [stdout]   --> test/tests.rs:34:14
[INFO] [stdout]    |
[INFO] [stdout] 34 |     .backend(merfolk_backend_in_process::InProcess::builder().to(to).build().unwrap())
[INFO] [stdout]    |              ^^^^^^^^^^^^^^^^^^^^^^^^^^ use of undeclared crate or module `merfolk_backend_in_process`
[INFO] [stdout] 
[INFO] [stdout] 
[INFO] [stdout] error[E0433]: failed to resolve: use of undeclared crate or module `merfolk_backend_in_process`
[INFO] [stdout]   --> test/tests.rs:40:14
[INFO] [stdout]    |
[INFO] [stdout] 40 |     .backend(merfolk_backend_in_process::InProcess::builder().from(from).build().unwrap())
[INFO] [stdout]    |              ^^^^^^^^^^^^^^^^^^^^^^^^^^ use of undeclared crate or module `merfolk_backend_in_process`
[INFO] [stdout] 
[INFO] [stdout] 
[INFO] [stdout] error[E0433]: failed to resolve: use of undeclared crate or module `merfolk_backend_in_process`
[INFO] [stdout]   --> test/tests.rs:75:14
[INFO] [stdout]    |
[INFO] [stdout] 75 |     .backend(merfolk_backend_in_process::InProcess::builder().to(to).build().unwrap())
[INFO] [stdout]    |              ^^^^^^^^^^^^^^^^^^^^^^^^^^ use of undeclared crate or module `merfolk_backend_in_process`
[INFO] [stdout] 
[INFO] [stdout] 
[INFO] [stdout] error[E0433]: failed to resolve: use of undeclared crate or module `merfolk_backend_in_process`
[INFO] [stdout]   --> test/tests.rs:81:14
[INFO] [stdout]    |
[INFO] [stdout] 81 |     .backend(merfolk_backend_in_process::InProcess::builder().from(from).build().unwrap())
[INFO] [stdout]    |              ^^^^^^^^^^^^^^^^^^^^^^^^^^ use of undeclared crate or module `merfolk_backend_in_process`
[INFO] [stdout] 
[INFO] [stdout] 
[INFO] [stdout] error[E0433]: failed to resolve: use of undeclared crate or module `merfolk_backend_http`
[INFO] [stdout]    --> test/tests.rs:113:14
[INFO] [stdout]     |
[INFO] [stdout] 113 |     .backend(merfolk_backend_http::Http::builder().speak("http://localhost:8083".parse::<hyper::Uri>().unwrap()).build().unwrap())
[INFO] [stdout]     |              ^^^^^^^^^^^^^^^^^^^^ use of undeclared crate or module `merfolk_backend_http`
[INFO] [stdout] 
[INFO] [stdout] 
[INFO] [stdout] error[E0433]: failed to resolve: use of undeclared crate or module `merfolk_backend_http`
[INFO] [stdout]    --> test/tests.rs:120:7
[INFO] [stdout]     |
[INFO] [stdout] 120 |       merfolk_backend_http::Http::builder()
[INFO] [stdout]     |       ^^^^^^^^^^^^^^^^^^^^ use of undeclared crate or module `merfolk_backend_http`
[INFO] [stdout] 
[INFO] [stdout] 
[INFO] [stdout] error[E0433]: failed to resolve: use of undeclared crate or module `merfolk_backend_in_process`
[INFO] [stdout]   --> test/tests.rs:29:31
[INFO] [stdout]    |
[INFO] [stdout] 29 |     tokio::sync::mpsc::Sender<merfolk_backend_in_process::InProcessChannel>,
[INFO] [stdout]    |                               ^^^^^^^^^^^^^^^^^^^^^^^^^^ use of undeclared crate or module `merfolk_backend_in_process`
[INFO] [stdout] 
[INFO] [stdout] 
[INFO] [stdout] error[E0433]: failed to resolve: use of undeclared crate or module `merfolk_backend_in_process`
[INFO] [stdout]   --> test/tests.rs:30:33
[INFO] [stdout]    |
[INFO] [stdout] 30 |     tokio::sync::mpsc::Receiver<merfolk_backend_in_process::InProcessChannel>,
[INFO] [stdout]    |                                 ^^^^^^^^^^^^^^^^^^^^^^^^^^ use of undeclared crate or module `merfolk_backend_in_process`
[INFO] [stdout] 
[INFO] [stdout] 
[INFO] [stdout] error[E0433]: failed to resolve: use of undeclared crate or module `merfolk_backend_in_process`
[INFO] [stdout]   --> test/tests.rs:70:31
[INFO] [stdout]    |
[INFO] [stdout] 70 |     tokio::sync::mpsc::Sender<merfolk_backend_in_process::InProcessChannel>,
[INFO] [stdout]    |                               ^^^^^^^^^^^^^^^^^^^^^^^^^^ use of undeclared crate or module `merfolk_backend_in_process`
[INFO] [stdout] 
[INFO] [stdout] 
[INFO] [stdout] error[E0433]: failed to resolve: use of undeclared crate or module `merfolk_backend_in_process`
[INFO] [stdout]   --> test/tests.rs:71:33
[INFO] [stdout]    |
[INFO] [stdout] 71 |     tokio::sync::mpsc::Receiver<merfolk_backend_in_process::InProcessChannel>,
[INFO] [stdout]    |                                 ^^^^^^^^^^^^^^^^^^^^^^^^^^ use of undeclared crate or module `merfolk_backend_in_process`
[INFO] [stdout] 
[INFO] [stdout] 
[INFO] [stdout] error: aborting due to 10 previous errors
[INFO] [stdout] 
[INFO] [stdout] 
[INFO] [stdout] For more information about this error, try `rustc --explain E0433`.
[INFO] [stdout] 
[INFO] [stderr] error: could not compile `merfolk_frontend_derive` (test "test") due to 11 previous errors
[INFO] [stderr] warning: build failed, waiting for other jobs to finish...
[INFO] running `Command { std: "docker" "inspect" "4e22928e22e55dcc538ad35a13f34563ee293583e7ad3757ea0c6927d67126c7", kill_on_drop: false }`
[INFO] running `Command { std: "docker" "rm" "-f" "4e22928e22e55dcc538ad35a13f34563ee293583e7ad3757ea0c6927d67126c7", kill_on_drop: false }`
[INFO] [stdout] 4e22928e22e55dcc538ad35a13f34563ee293583e7ad3757ea0c6927d67126c7
