[INFO] fetching crate mental-poker 0.1.0...
[INFO] testing mental-poker-0.1.0 against 1.75.0 for beta-1.76-1
[INFO] extracting crate mental-poker 0.1.0 into /workspace/builds/worker-2-tc1/source
[INFO] validating manifest of crates.io crate mental-poker 0.1.0 on toolchain 1.75.0
[INFO] running `Command { std: CARGO_HOME="/workspace/cargo-home" RUSTUP_HOME="/workspace/rustup-home" "/workspace/cargo-home/bin/cargo" "+1.75.0" "metadata" "--manifest-path" "Cargo.toml" "--no-deps", kill_on_drop: false }`
[INFO] started tweaking crates.io crate mental-poker 0.1.0
[INFO] finished tweaking crates.io crate mental-poker 0.1.0
[INFO] tweaked toml for crates.io crate mental-poker 0.1.0 written to /workspace/builds/worker-2-tc1/source/Cargo.toml
[INFO] crate crates.io crate mental-poker 0.1.0 already has a lockfile, it will not be regenerated
[INFO] running `Command { std: CARGO_HOME="/workspace/cargo-home" RUSTUP_HOME="/workspace/rustup-home" "/workspace/cargo-home/bin/cargo" "+1.75.0" "fetch" "--manifest-path" "Cargo.toml", kill_on_drop: false }`
[INFO] [stderr]     Updating crates.io index
[INFO] [stderr]  Downloading crates ...
[INFO] [stderr]   Downloaded predicates-tree v1.0.5
[INFO] [stderr]   Downloaded predicates v2.1.1
[INFO] [stderr]   Downloaded termtree v0.2.4
[INFO] [stderr]   Downloaded predicates-core v1.0.3
[INFO] [stderr]   Downloaded unwrap-infallible v0.1.5
[INFO] [stderr]   Downloaded libc v0.2.118
[INFO] [stderr]   Downloaded test-log v0.2.8
[INFO] [stderr]   Downloaded fragile v1.1.0
[INFO] [stderr]   Downloaded mockall v0.11.0
[INFO] [stderr]   Downloaded mockall_derive v0.11.0
[INFO] running `Command { std: "docker" "create" "-v" "/var/lib/crater-agent-workspace/builds/worker-2-tc1/target:/opt/rustwide/target:rw,Z" "-v" "/var/lib/crater-agent-workspace/builds/worker-2-tc1/source:/opt/rustwide/workdir:ro,Z" "-v" "/var/lib/crater-agent-workspace/cargo-home:/opt/rustwide/cargo-home:ro,Z" "-v" "/var/lib/crater-agent-workspace/rustup-home:/opt/rustwide/rustup-home:ro,Z" "-e" "SOURCE_DIR=/opt/rustwide/workdir" "-e" "CARGO_TARGET_DIR=/opt/rustwide/target" "-e" "CARGO_HOME=/opt/rustwide/cargo-home" "-e" "RUSTUP_HOME=/opt/rustwide/rustup-home" "-w" "/opt/rustwide/workdir" "-m" "1610612736" "--user" "0:0" "--network" "none" "ghcr.io/rust-lang/crates-build-env/linux@sha256:2788e3201cd34a07e3172128adcd8b3090168a8e3bcc40d7c032b9dda1df7d1c" "/opt/rustwide/cargo-home/bin/cargo" "+1.75.0" "metadata" "--no-deps" "--format-version=1", kill_on_drop: false }`
[INFO] [stdout] fbf99d2e39f539d4b07dfff9e1d535e3717d021226b3e912adb22986a8056adb
[INFO] running `Command { std: "docker" "start" "-a" "fbf99d2e39f539d4b07dfff9e1d535e3717d021226b3e912adb22986a8056adb", kill_on_drop: false }`
[INFO] running `Command { std: "docker" "inspect" "fbf99d2e39f539d4b07dfff9e1d535e3717d021226b3e912adb22986a8056adb", kill_on_drop: false }`
[INFO] running `Command { std: "docker" "rm" "-f" "fbf99d2e39f539d4b07dfff9e1d535e3717d021226b3e912adb22986a8056adb", kill_on_drop: false }`
[INFO] [stdout] fbf99d2e39f539d4b07dfff9e1d535e3717d021226b3e912adb22986a8056adb
[INFO] running `Command { std: "docker" "create" "-v" "/var/lib/crater-agent-workspace/builds/worker-2-tc1/target:/opt/rustwide/target:rw,Z" "-v" "/var/lib/crater-agent-workspace/builds/worker-2-tc1/source:/opt/rustwide/workdir:ro,Z" "-v" "/var/lib/crater-agent-workspace/cargo-home:/opt/rustwide/cargo-home:ro,Z" "-v" "/var/lib/crater-agent-workspace/rustup-home:/opt/rustwide/rustup-home:ro,Z" "-e" "SOURCE_DIR=/opt/rustwide/workdir" "-e" "CARGO_TARGET_DIR=/opt/rustwide/target" "-e" "CARGO_INCREMENTAL=0" "-e" "RUST_BACKTRACE=full" "-e" "RUSTFLAGS=--cap-lints=warn" "-e" "RUSTDOCFLAGS=--cap-lints=warn" "-e" "CARGO_HOME=/opt/rustwide/cargo-home" "-e" "RUSTUP_HOME=/opt/rustwide/rustup-home" "-w" "/opt/rustwide/workdir" "-m" "1610612736" "--user" "0:0" "--network" "none" "ghcr.io/rust-lang/crates-build-env/linux@sha256:2788e3201cd34a07e3172128adcd8b3090168a8e3bcc40d7c032b9dda1df7d1c" "/opt/rustwide/cargo-home/bin/cargo" "+1.75.0" "build" "--frozen" "--message-format=json", kill_on_drop: false }`
[INFO] [stdout] 0526354db3b58a51b15a4d660744250630121759fbfdaa42f050dbd596c014ec
[INFO] running `Command { std: "docker" "start" "-a" "0526354db3b58a51b15a4d660744250630121759fbfdaa42f050dbd596c014ec", kill_on_drop: false }`
[INFO] [stderr]    Compiling proc-macro2 v1.0.36
[INFO] [stderr]    Compiling typenum v1.15.0
[INFO] [stderr]    Compiling syn v1.0.86
[INFO] [stderr]    Compiling libc v0.2.118
[INFO] [stderr]    Compiling generic-array v0.14.5
[INFO] [stderr]    Compiling ppv-lite86 v0.2.16
[INFO] [stderr]    Compiling cpufeatures v0.2.1
[INFO] [stderr]    Compiling convert_case v0.4.0
[INFO] [stderr]    Compiling either v1.6.1
[INFO] [stderr]    Compiling quote v1.0.15
[INFO] [stderr]    Compiling getrandom v0.2.4
[INFO] [stderr]    Compiling rand_core v0.6.3
[INFO] [stderr]    Compiling rand_chacha v0.3.1
[INFO] [stderr]    Compiling rand v0.8.5
[INFO] [stderr]    Compiling crypto-common v0.1.3
[INFO] [stderr]    Compiling block-buffer v0.10.2
[INFO] [stderr]    Compiling digest v0.10.3
[INFO] [stderr]    Compiling sha2 v0.10.2
[INFO] [stderr]    Compiling thiserror-impl v1.0.30
[INFO] [stderr]    Compiling derivative v2.2.0
[INFO] [stderr]    Compiling derive_more v0.99.17
[INFO] [stderr]    Compiling thiserror v1.0.30
[INFO] [stderr]    Compiling mental-poker v0.1.0 (/opt/rustwide/workdir)
[INFO] [stdout] error[E0554]: `#![feature]` may not be used on the stable release channel
[INFO] [stdout]  --> src/lib.rs:2:1
[INFO] [stdout]   |
[INFO] [stdout] 2 | #![feature(step_trait)]
[INFO] [stdout]   | ^^^^^^^^^^^^^^^^^^^^^^^
[INFO] [stdout] 
[INFO] [stdout] 
[INFO] [stdout] error[E0554]: `#![feature]` may not be used on the stable release channel
[INFO] [stdout]  --> src/lib.rs:3:1
[INFO] [stdout]   |
[INFO] [stdout] 3 | #![feature(generic_const_exprs)]
[INFO] [stdout]   | ^^^^^^^^^^^^^^^^^^^^^^^^^^^^^^^^
[INFO] [stdout] 
[INFO] [stdout] 
[INFO] [stdout] error[E0554]: `#![feature]` may not be used on the stable release channel
[INFO] [stdout]  --> src/lib.rs:4:1
[INFO] [stdout]   |
[INFO] [stdout] 4 | #![feature(generic_associated_types)]
[INFO] [stdout]   | ^^^^^^^^^^^^^^^^^^^^^^^^^^^^^^^^^^^^^ help: remove the attribute
[INFO] [stdout]   |
[INFO] [stdout]   = help: the feature `generic_associated_types` has been stable since `1.65.0` and no longer requires an attribute to enable
[INFO] [stdout] 
[INFO] [stdout] 
[INFO] [stdout] error[E0554]: `#![feature]` may not be used on the stable release channel
[INFO] [stdout]  --> src/lib.rs:5:1
[INFO] [stdout]   |
[INFO] [stdout] 5 | #![feature(type_alias_impl_trait)]
[INFO] [stdout]   | ^^^^^^^^^^^^^^^^^^^^^^^^^^^^^^^^^^
[INFO] [stdout] 
[INFO] [stdout] 
[INFO] [stdout] error[E0658]: `impl Trait` in associated types is unstable
[INFO] [stdout]    --> src/game/message.rs:238:21
[INFO] [stdout]     |
[INFO] [stdout] 238 |     type IntoIter = impl Iterator<Item = Self::Item>;
[INFO] [stdout]     |                     ^^^^^^^^^^^^^^^^^^^^^^^^^^^^^^^^
[INFO] [stdout]     |
[INFO] [stdout]     = note: see issue #63063 <https://github.com/rust-lang/rust/issues/63063> for more information
[INFO] [stdout] 
[INFO] [stdout] 
[INFO] [stdout] error[E0658]: `impl Trait` in associated types is unstable
[INFO] [stdout]    --> src/game/message.rs:266:21
[INFO] [stdout]     |
[INFO] [stdout] 266 |     type IntoIter = impl Iterator<Item = Self::Item>;
[INFO] [stdout]     |                     ^^^^^^^^^^^^^^^^^^^^^^^^^^^^^^^^
[INFO] [stdout]     |
[INFO] [stdout]     = note: see issue #63063 <https://github.com/rust-lang/rust/issues/63063> for more information
[INFO] [stdout] 
[INFO] [stdout] 
[INFO] [stdout] error[E0658]: `impl Trait` in associated types is unstable
[INFO] [stdout]    --> src/game/trusting.rs:294:17
[INFO] [stdout]     |
[INFO] [stdout] 294 |     type Iter = impl Iterator<Item = PlayerId>;
[INFO] [stdout]     |                 ^^^^^^^^^^^^^^^^^^^^^^^^^^^^^^
[INFO] [stdout]     |
[INFO] [stdout]     = note: see issue #63063 <https://github.com/rust-lang/rust/issues/63063> for more information
[INFO] [stdout] 
[INFO] [stdout] 
[INFO] [stdout] error[E0658]: `impl Trait` in associated types is unstable
[INFO] [stdout]    --> src/game/trusting.rs:333:17
[INFO] [stdout]     |
[INFO] [stdout] 333 |     type Iter = impl Iterator<Item = &'s AttestedCard<D>>;
[INFO] [stdout]     |                 ^^^^^^^^^^^^^^^^^^^^^^^^^^^^^^^^^^^^^^^^^
[INFO] [stdout]     |
[INFO] [stdout]     = note: see issue #63063 <https://github.com/rust-lang/rust/issues/63063> for more information
[INFO] [stdout] 
[INFO] [stdout] 
[INFO] [stdout] warning: where clause not allowed here
[INFO] [stdout]    --> src/game/log.rs:152:5
[INFO] [stdout]     |
[INFO] [stdout] 152 | /     where
[INFO] [stdout] 153 | |         C: 'a,
[INFO] [stdout]     | |______________^
[INFO] [stdout]     |
[INFO] [stdout]     = note: see issue #89122 <https://github.com/rust-lang/rust/issues/89122> for more information
[INFO] [stdout]     = note: `#[warn(deprecated_where_clause_location)]` on by default
[INFO] [stdout] help: move it to the end of the type declaration
[INFO] [stdout]     |
[INFO] [stdout] 152 ~     
[INFO] [stdout] 153 ~     = FinishedLogIter<'a, C> where C: 'a;
[INFO] [stdout]     |
[INFO] [stdout] 
[INFO] [stdout] 
[INFO] [stdout] warning: the feature `generic_associated_types` has been stable since 1.65.0 and no longer requires an attribute to enable
[INFO] [stdout]  --> src/lib.rs:4:12
[INFO] [stdout]   |
[INFO] [stdout] 4 | #![feature(generic_associated_types)]
[INFO] [stdout]   |            ^^^^^^^^^^^^^^^^^^^^^^^^
[INFO] [stdout]   |
[INFO] [stdout]   = note: `#[warn(stable_features)]` on by default
[INFO] [stdout] 
[INFO] [stdout] 
[INFO] [stdout] error[E0554]: `#![feature]` may not be used on the stable release channel
[INFO] [stdout]  --> src/lib.rs:2:12
[INFO] [stdout]   |
[INFO] [stdout] 2 | #![feature(step_trait)]
[INFO] [stdout]   |            ^^^^^^^^^^
[INFO] [stdout] 
[INFO] [stdout] 
[INFO] [stdout] error: aborting due to 9 previous errors; 2 warnings emitted
[INFO] [stdout] 
[INFO] [stdout] 
[INFO] [stdout] Some errors have detailed explanations: E0554, E0658.
[INFO] [stdout] 
[INFO] [stdout] For more information about an error, try `rustc --explain E0554`.
[INFO] [stdout] 
[INFO] [stderr] error: could not compile `mental-poker` (lib) due to 10 previous errors; 2 warnings emitted
[INFO] running `Command { std: "docker" "inspect" "0526354db3b58a51b15a4d660744250630121759fbfdaa42f050dbd596c014ec", kill_on_drop: false }`
[INFO] running `Command { std: "docker" "rm" "-f" "0526354db3b58a51b15a4d660744250630121759fbfdaa42f050dbd596c014ec", kill_on_drop: false }`
[INFO] [stdout] 0526354db3b58a51b15a4d660744250630121759fbfdaa42f050dbd596c014ec
[INFO] testing mental-poker-0.1.0 against beta-2023-12-22 for beta-1.76-1
[INFO] extracting crate mental-poker 0.1.0 into /workspace/builds/worker-2-tc2/source
[INFO] validating manifest of crates.io crate mental-poker 0.1.0 on toolchain beta-2023-12-22
[INFO] running `Command { std: CARGO_HOME="/workspace/cargo-home" RUSTUP_HOME="/workspace/rustup-home" "/workspace/cargo-home/bin/cargo" "+beta-2023-12-22" "metadata" "--manifest-path" "Cargo.toml" "--no-deps", kill_on_drop: false }`
[INFO] started tweaking crates.io crate mental-poker 0.1.0
[INFO] finished tweaking crates.io crate mental-poker 0.1.0
[INFO] tweaked toml for crates.io crate mental-poker 0.1.0 written to /workspace/builds/worker-2-tc2/source/Cargo.toml
[INFO] crate crates.io crate mental-poker 0.1.0 already has a lockfile, it will not be regenerated
[INFO] running `Command { std: CARGO_HOME="/workspace/cargo-home" RUSTUP_HOME="/workspace/rustup-home" "/workspace/cargo-home/bin/cargo" "+beta-2023-12-22" "fetch" "--manifest-path" "Cargo.toml", kill_on_drop: false }`
[INFO] running `Command { std: "docker" "create" "-v" "/var/lib/crater-agent-workspace/builds/worker-2-tc2/target:/opt/rustwide/target:rw,Z" "-v" "/var/lib/crater-agent-workspace/builds/worker-2-tc2/source:/opt/rustwide/workdir:ro,Z" "-v" "/var/lib/crater-agent-workspace/cargo-home:/opt/rustwide/cargo-home:ro,Z" "-v" "/var/lib/crater-agent-workspace/rustup-home:/opt/rustwide/rustup-home:ro,Z" "-e" "SOURCE_DIR=/opt/rustwide/workdir" "-e" "CARGO_TARGET_DIR=/opt/rustwide/target" "-e" "CARGO_HOME=/opt/rustwide/cargo-home" "-e" "RUSTUP_HOME=/opt/rustwide/rustup-home" "-w" "/opt/rustwide/workdir" "-m" "1610612736" "--user" "0:0" "--network" "none" "ghcr.io/rust-lang/crates-build-env/linux@sha256:2788e3201cd34a07e3172128adcd8b3090168a8e3bcc40d7c032b9dda1df7d1c" "/opt/rustwide/cargo-home/bin/cargo" "+beta-2023-12-22" "metadata" "--no-deps" "--format-version=1", kill_on_drop: false }`
[INFO] [stdout] 0421700eff87355be05ce2c28d996ae5eace5ac74f97e57e4b708d9e16da09a4
[INFO] running `Command { std: "docker" "start" "-a" "0421700eff87355be05ce2c28d996ae5eace5ac74f97e57e4b708d9e16da09a4", kill_on_drop: false }`
[INFO] running `Command { std: "docker" "inspect" "0421700eff87355be05ce2c28d996ae5eace5ac74f97e57e4b708d9e16da09a4", kill_on_drop: false }`
[INFO] running `Command { std: "docker" "rm" "-f" "0421700eff87355be05ce2c28d996ae5eace5ac74f97e57e4b708d9e16da09a4", kill_on_drop: false }`
[INFO] [stdout] 0421700eff87355be05ce2c28d996ae5eace5ac74f97e57e4b708d9e16da09a4
[INFO] running `Command { std: "docker" "create" "-v" "/var/lib/crater-agent-workspace/builds/worker-2-tc2/target:/opt/rustwide/target:rw,Z" "-v" "/var/lib/crater-agent-workspace/builds/worker-2-tc2/source:/opt/rustwide/workdir:ro,Z" "-v" "/var/lib/crater-agent-workspace/cargo-home:/opt/rustwide/cargo-home:ro,Z" "-v" "/var/lib/crater-agent-workspace/rustup-home:/opt/rustwide/rustup-home:ro,Z" "-e" "SOURCE_DIR=/opt/rustwide/workdir" "-e" "CARGO_TARGET_DIR=/opt/rustwide/target" "-e" "CARGO_INCREMENTAL=0" "-e" "RUST_BACKTRACE=full" "-e" "RUSTFLAGS=--cap-lints=warn" "-e" "RUSTDOCFLAGS=--cap-lints=warn" "-e" "CARGO_HOME=/opt/rustwide/cargo-home" "-e" "RUSTUP_HOME=/opt/rustwide/rustup-home" "-w" "/opt/rustwide/workdir" "-m" "1610612736" "--user" "0:0" "--network" "none" "ghcr.io/rust-lang/crates-build-env/linux@sha256:2788e3201cd34a07e3172128adcd8b3090168a8e3bcc40d7c032b9dda1df7d1c" "/opt/rustwide/cargo-home/bin/cargo" "+beta-2023-12-22" "build" "--frozen" "--message-format=json", kill_on_drop: false }`
[INFO] [stdout] 338c02e712201c78ce50e7a958a7a308e62c2d29e25a88557998d593b3cebcbe
[INFO] running `Command { std: "docker" "start" "-a" "338c02e712201c78ce50e7a958a7a308e62c2d29e25a88557998d593b3cebcbe", kill_on_drop: false }`
[INFO] [stderr]    Compiling proc-macro2 v1.0.36
[INFO] [stderr]    Compiling typenum v1.15.0
[INFO] [stderr]    Compiling syn v1.0.86
[INFO] [stderr]    Compiling libc v0.2.118
[INFO] [stderr]    Compiling ppv-lite86 v0.2.16
[INFO] [stderr]    Compiling generic-array v0.14.5
[INFO] [stderr]    Compiling convert_case v0.4.0
[INFO] [stderr]    Compiling cpufeatures v0.2.1
[INFO] [stderr]    Compiling either v1.6.1
[INFO] [stderr]    Compiling quote v1.0.15
[INFO] [stderr]    Compiling getrandom v0.2.4
[INFO] [stderr]    Compiling rand_core v0.6.3
[INFO] [stderr]    Compiling rand_chacha v0.3.1
[INFO] [stderr]    Compiling rand v0.8.5
[INFO] [stderr]    Compiling block-buffer v0.10.2
[INFO] [stderr]    Compiling crypto-common v0.1.3
[INFO] [stderr]    Compiling digest v0.10.3
[INFO] [stderr]    Compiling sha2 v0.10.2
[INFO] [stderr]    Compiling thiserror-impl v1.0.30
[INFO] [stderr]    Compiling derive_more v0.99.17
[INFO] [stderr]    Compiling derivative v2.2.0
[INFO] [stderr]    Compiling thiserror v1.0.30
[INFO] [stderr]    Compiling mental-poker v0.1.0 (/opt/rustwide/workdir)
[INFO] [stdout] error[E0554]: `#![feature]` may not be used on the beta release channel
[INFO] [stdout]  --> src/lib.rs:2:1
[INFO] [stdout]   |
[INFO] [stdout] 2 | #![feature(step_trait)]
[INFO] [stdout]   | ^^^^^^^^^^^^^^^^^^^^^^^
[INFO] [stdout] 
[INFO] [stdout] 
[INFO] [stdout] error[E0554]: `#![feature]` may not be used on the beta release channel
[INFO] [stdout]  --> src/lib.rs:3:1
[INFO] [stdout]   |
[INFO] [stdout] 3 | #![feature(generic_const_exprs)]
[INFO] [stdout]   | ^^^^^^^^^^^^^^^^^^^^^^^^^^^^^^^^
[INFO] [stdout] 
[INFO] [stdout] 
[INFO] [stdout] error[E0554]: `#![feature]` may not be used on the beta release channel
[INFO] [stdout]  --> src/lib.rs:4:1
[INFO] [stdout]   |
[INFO] [stdout] 4 | #![feature(generic_associated_types)]
[INFO] [stdout]   | ^^^^^^^^^^^^^^^^^^^^^^^^^^^^^^^^^^^^^ help: remove the attribute
[INFO] [stdout]   |
[INFO] [stdout]   = help: the feature `generic_associated_types` has been stable since `1.65.0` and no longer requires an attribute to enable
[INFO] [stdout] 
[INFO] [stdout] 
[INFO] [stdout] error[E0554]: `#![feature]` may not be used on the beta release channel
[INFO] [stdout]  --> src/lib.rs:5:1
[INFO] [stdout]   |
[INFO] [stdout] 5 | #![feature(type_alias_impl_trait)]
[INFO] [stdout]   | ^^^^^^^^^^^^^^^^^^^^^^^^^^^^^^^^^^
[INFO] [stdout] 
[INFO] [stdout] 
[INFO] [stdout] error[E0658]: `impl Trait` in associated types is unstable
[INFO] [stdout]    --> src/game/message.rs:238:21
[INFO] [stdout]     |
[INFO] [stdout] 238 |     type IntoIter = impl Iterator<Item = Self::Item>;
[INFO] [stdout]     |                     ^^^^^^^^^^^^^^^^^^^^^^^^^^^^^^^^
[INFO] [stdout]     |
[INFO] [stdout]     = note: see issue #63063 <https://github.com/rust-lang/rust/issues/63063> for more information
[INFO] [stdout] 
[INFO] [stdout] 
[INFO] [stdout] error[E0658]: `impl Trait` in associated types is unstable
[INFO] [stdout]    --> src/game/message.rs:266:21
[INFO] [stdout]     |
[INFO] [stdout] 266 |     type IntoIter = impl Iterator<Item = Self::Item>;
[INFO] [stdout]     |                     ^^^^^^^^^^^^^^^^^^^^^^^^^^^^^^^^
[INFO] [stdout]     |
[INFO] [stdout]     = note: see issue #63063 <https://github.com/rust-lang/rust/issues/63063> for more information
[INFO] [stdout] 
[INFO] [stdout] 
[INFO] [stdout] error[E0658]: `impl Trait` in associated types is unstable
[INFO] [stdout]    --> src/game/trusting.rs:294:17
[INFO] [stdout]     |
[INFO] [stdout] 294 |     type Iter = impl Iterator<Item = PlayerId>;
[INFO] [stdout]     |                 ^^^^^^^^^^^^^^^^^^^^^^^^^^^^^^
[INFO] [stdout]     |
[INFO] [stdout]     = note: see issue #63063 <https://github.com/rust-lang/rust/issues/63063> for more information
[INFO] [stdout] 
[INFO] [stdout] 
[INFO] [stdout] error[E0658]: `impl Trait` in associated types is unstable
[INFO] [stdout]    --> src/game/trusting.rs:333:17
[INFO] [stdout]     |
[INFO] [stdout] 333 |     type Iter = impl Iterator<Item = &'s AttestedCard<D>>;
[INFO] [stdout]     |                 ^^^^^^^^^^^^^^^^^^^^^^^^^^^^^^^^^^^^^^^^^
[INFO] [stdout]     |
[INFO] [stdout]     = note: see issue #63063 <https://github.com/rust-lang/rust/issues/63063> for more information
[INFO] [stdout] 
[INFO] [stdout] 
[INFO] [stdout] warning: where clause not allowed here
[INFO] [stdout]    --> src/game/log.rs:152:5
[INFO] [stdout]     |
[INFO] [stdout] 152 | /     where
[INFO] [stdout] 153 | |         C: 'a,
[INFO] [stdout]     | |______________^
[INFO] [stdout]     |
[INFO] [stdout]     = note: see issue #89122 <https://github.com/rust-lang/rust/issues/89122> for more information
[INFO] [stdout]     = note: `#[warn(deprecated_where_clause_location)]` on by default
[INFO] [stdout] help: move it to the end of the type declaration
[INFO] [stdout]     |
[INFO] [stdout] 152 ~     
[INFO] [stdout] 153 ~     = FinishedLogIter<'a, C> where C: 'a;
[INFO] [stdout]     |
[INFO] [stdout] 
[INFO] [stdout] 
[INFO] [stdout] warning: the feature `generic_associated_types` has been stable since 1.65.0 and no longer requires an attribute to enable
[INFO] [stdout]  --> src/lib.rs:4:12
[INFO] [stdout]   |
[INFO] [stdout] 4 | #![feature(generic_associated_types)]
[INFO] [stdout]   |            ^^^^^^^^^^^^^^^^^^^^^^^^
[INFO] [stdout]   |
[INFO] [stdout]   = note: `#[warn(stable_features)]` on by default
[INFO] [stdout] 
[INFO] [stdout] 
[INFO] [stdout] error[E0554]: `#![feature]` may not be used on the beta release channel
[INFO] [stdout]  --> src/lib.rs:2:12
[INFO] [stdout]   |
[INFO] [stdout] 2 | #![feature(step_trait)]
[INFO] [stdout]   |            ^^^^^^^^^^
[INFO] [stdout] 
[INFO] [stdout] 
[INFO] [stdout] error: aborting due to 9 previous errors; 2 warnings emitted
[INFO] [stdout] 
[INFO] [stdout] 
[INFO] [stdout] Some errors have detailed explanations: E0554, E0658.
[INFO] [stdout] 
[INFO] [stdout] For more information about an error, try `rustc --explain E0554`.
[INFO] [stdout] 
[INFO] [stderr] error: could not compile `mental-poker` (lib) due to 10 previous errors; 2 warnings emitted
[INFO] running `Command { std: "docker" "inspect" "338c02e712201c78ce50e7a958a7a308e62c2d29e25a88557998d593b3cebcbe", kill_on_drop: false }`
[INFO] running `Command { std: "docker" "rm" "-f" "338c02e712201c78ce50e7a958a7a308e62c2d29e25a88557998d593b3cebcbe", kill_on_drop: false }`
[INFO] [stdout] 338c02e712201c78ce50e7a958a7a308e62c2d29e25a88557998d593b3cebcbe
