[INFO] fetching crate memoir-logger 0.1.2...
[INFO] testing memoir-logger-0.1.2 against 1.75.0 for beta-1.76-1
[INFO] extracting crate memoir-logger 0.1.2 into /workspace/builds/worker-5-tc1/source
[INFO] validating manifest of crates.io crate memoir-logger 0.1.2 on toolchain 1.75.0
[INFO] running `Command { std: CARGO_HOME="/workspace/cargo-home" RUSTUP_HOME="/workspace/rustup-home" "/workspace/cargo-home/bin/cargo" "+1.75.0" "metadata" "--manifest-path" "Cargo.toml" "--no-deps", kill_on_drop: false }`
[INFO] started tweaking crates.io crate memoir-logger 0.1.2
[INFO] finished tweaking crates.io crate memoir-logger 0.1.2
[INFO] tweaked toml for crates.io crate memoir-logger 0.1.2 written to /workspace/builds/worker-5-tc1/source/Cargo.toml
[INFO] running `Command { std: CARGO_HOME="/workspace/cargo-home" RUSTUP_HOME="/workspace/rustup-home" "/workspace/cargo-home/bin/cargo" "+1.75.0" "generate-lockfile" "--manifest-path" "Cargo.toml", kill_on_drop: false }`
[INFO] [stderr]     Updating crates.io index
[INFO] running `Command { std: CARGO_HOME="/workspace/cargo-home" RUSTUP_HOME="/workspace/rustup-home" "/workspace/cargo-home/bin/cargo" "+1.75.0" "fetch" "--manifest-path" "Cargo.toml", kill_on_drop: false }`
[INFO] running `Command { std: "docker" "create" "-v" "/var/lib/crater-agent-workspace/builds/worker-5-tc1/target:/opt/rustwide/target:rw,Z" "-v" "/var/lib/crater-agent-workspace/builds/worker-5-tc1/source:/opt/rustwide/workdir:ro,Z" "-v" "/var/lib/crater-agent-workspace/cargo-home:/opt/rustwide/cargo-home:ro,Z" "-v" "/var/lib/crater-agent-workspace/rustup-home:/opt/rustwide/rustup-home:ro,Z" "-e" "SOURCE_DIR=/opt/rustwide/workdir" "-e" "CARGO_TARGET_DIR=/opt/rustwide/target" "-e" "CARGO_HOME=/opt/rustwide/cargo-home" "-e" "RUSTUP_HOME=/opt/rustwide/rustup-home" "-w" "/opt/rustwide/workdir" "-m" "1610612736" "--user" "0:0" "--network" "none" "ghcr.io/rust-lang/crates-build-env/linux@sha256:2788e3201cd34a07e3172128adcd8b3090168a8e3bcc40d7c032b9dda1df7d1c" "/opt/rustwide/cargo-home/bin/cargo" "+1.75.0" "metadata" "--no-deps" "--format-version=1", kill_on_drop: false }`
[INFO] [stdout] a9ca182d9a75dad36e7fc56c963e49fc87d75c9779a47be29bdfa4fa3c9a7f8c
[INFO] running `Command { std: "docker" "start" "-a" "a9ca182d9a75dad36e7fc56c963e49fc87d75c9779a47be29bdfa4fa3c9a7f8c", kill_on_drop: false }`
[INFO] running `Command { std: "docker" "inspect" "a9ca182d9a75dad36e7fc56c963e49fc87d75c9779a47be29bdfa4fa3c9a7f8c", kill_on_drop: false }`
[INFO] running `Command { std: "docker" "rm" "-f" "a9ca182d9a75dad36e7fc56c963e49fc87d75c9779a47be29bdfa4fa3c9a7f8c", kill_on_drop: false }`
[INFO] [stdout] a9ca182d9a75dad36e7fc56c963e49fc87d75c9779a47be29bdfa4fa3c9a7f8c
[INFO] running `Command { std: "docker" "create" "-v" "/var/lib/crater-agent-workspace/builds/worker-5-tc1/target:/opt/rustwide/target:rw,Z" "-v" "/var/lib/crater-agent-workspace/builds/worker-5-tc1/source:/opt/rustwide/workdir:ro,Z" "-v" "/var/lib/crater-agent-workspace/cargo-home:/opt/rustwide/cargo-home:ro,Z" "-v" "/var/lib/crater-agent-workspace/rustup-home:/opt/rustwide/rustup-home:ro,Z" "-e" "SOURCE_DIR=/opt/rustwide/workdir" "-e" "CARGO_TARGET_DIR=/opt/rustwide/target" "-e" "CARGO_INCREMENTAL=0" "-e" "RUST_BACKTRACE=full" "-e" "RUSTFLAGS=--cap-lints=warn" "-e" "RUSTDOCFLAGS=--cap-lints=warn" "-e" "CARGO_HOME=/opt/rustwide/cargo-home" "-e" "RUSTUP_HOME=/opt/rustwide/rustup-home" "-w" "/opt/rustwide/workdir" "-m" "1610612736" "--user" "0:0" "--network" "none" "ghcr.io/rust-lang/crates-build-env/linux@sha256:2788e3201cd34a07e3172128adcd8b3090168a8e3bcc40d7c032b9dda1df7d1c" "/opt/rustwide/cargo-home/bin/cargo" "+1.75.0" "build" "--frozen" "--message-format=json", kill_on_drop: false }`
[INFO] [stdout] ea3e98173ad030724d7920dfaa8bae8690349e2c8d54be4acb55e23ef2f0a20b
[INFO] running `Command { std: "docker" "start" "-a" "ea3e98173ad030724d7920dfaa8bae8690349e2c8d54be4acb55e23ef2f0a20b", kill_on_drop: false }`
[INFO] [stderr]    Compiling iana-time-zone v0.1.59
[INFO] [stderr]    Compiling chrono v0.4.31
[INFO] [stderr]    Compiling memoir-logger v0.1.2 (/opt/rustwide/workdir)
[INFO] [stderr]     Finished dev [unoptimized + debuginfo] target(s) in 0.98s
[INFO] running `Command { std: "docker" "inspect" "ea3e98173ad030724d7920dfaa8bae8690349e2c8d54be4acb55e23ef2f0a20b", kill_on_drop: false }`
[INFO] running `Command { std: "docker" "rm" "-f" "ea3e98173ad030724d7920dfaa8bae8690349e2c8d54be4acb55e23ef2f0a20b", kill_on_drop: false }`
[INFO] [stdout] ea3e98173ad030724d7920dfaa8bae8690349e2c8d54be4acb55e23ef2f0a20b
[INFO] running `Command { std: "docker" "create" "-v" "/var/lib/crater-agent-workspace/builds/worker-5-tc1/target:/opt/rustwide/target:rw,Z" "-v" "/var/lib/crater-agent-workspace/builds/worker-5-tc1/source:/opt/rustwide/workdir:ro,Z" "-v" "/var/lib/crater-agent-workspace/cargo-home:/opt/rustwide/cargo-home:ro,Z" "-v" "/var/lib/crater-agent-workspace/rustup-home:/opt/rustwide/rustup-home:ro,Z" "-e" "SOURCE_DIR=/opt/rustwide/workdir" "-e" "CARGO_TARGET_DIR=/opt/rustwide/target" "-e" "CARGO_INCREMENTAL=0" "-e" "RUST_BACKTRACE=full" "-e" "RUSTFLAGS=--cap-lints=warn" "-e" "RUSTDOCFLAGS=--cap-lints=warn" "-e" "CARGO_HOME=/opt/rustwide/cargo-home" "-e" "RUSTUP_HOME=/opt/rustwide/rustup-home" "-w" "/opt/rustwide/workdir" "-m" "1610612736" "--user" "0:0" "--network" "none" "ghcr.io/rust-lang/crates-build-env/linux@sha256:2788e3201cd34a07e3172128adcd8b3090168a8e3bcc40d7c032b9dda1df7d1c" "/opt/rustwide/cargo-home/bin/cargo" "+1.75.0" "test" "--frozen" "--no-run" "--message-format=json", kill_on_drop: false }`
[INFO] [stdout] 108d6f7bd18aea18d193c5cea6c1ac4c685569d7b726f46fc4b120676fe909db
[INFO] running `Command { std: "docker" "start" "-a" "108d6f7bd18aea18d193c5cea6c1ac4c685569d7b726f46fc4b120676fe909db", kill_on_drop: false }`
[INFO] [stderr]    Compiling memoir-logger v0.1.2 (/opt/rustwide/workdir)
[INFO] [stdout] error[E0422]: cannot find struct, variant or union type `FileLogger` in this scope
[INFO] [stdout]   --> src/lib.rs:12:26
[INFO] [stdout]    |
[INFO] [stdout] 12 |         let mut logger = FileLogger {
[INFO] [stdout]    |                          ^^^^^^^^^^ not found in this scope
[INFO] [stdout]    |
[INFO] [stdout] help: consider importing this struct
[INFO] [stdout]    |
[INFO] [stdout] 7  +     use crate::logging_utility::logging_utility::FileLogger;
[INFO] [stdout]    |
[INFO] [stdout] 
[INFO] [stdout] 
[INFO] [stdout] error[E0433]: failed to resolve: use of undeclared type `LogLevel`
[INFO] [stdout]   --> src/lib.rs:14:29
[INFO] [stdout]    |
[INFO] [stdout] 14 |             whitelist: vec![LogLevel::Info, LogLevel::Debug],
[INFO] [stdout]    |                             ^^^^^^^^ use of undeclared type `LogLevel`
[INFO] [stdout]    |
[INFO] [stdout] help: consider importing this enum
[INFO] [stdout]    |
[INFO] [stdout] 7  +     use crate::logging_utility::logging_utility::LogLevel;
[INFO] [stdout]    |
[INFO] [stdout] 
[INFO] [stdout] 
[INFO] [stdout] error[E0433]: failed to resolve: use of undeclared type `LogLevel`
[INFO] [stdout]   --> src/lib.rs:14:45
[INFO] [stdout]    |
[INFO] [stdout] 14 |             whitelist: vec![LogLevel::Info, LogLevel::Debug],
[INFO] [stdout]    |                                             ^^^^^^^^ use of undeclared type `LogLevel`
[INFO] [stdout]    |
[INFO] [stdout] help: consider importing this enum
[INFO] [stdout]    |
[INFO] [stdout] 7  +     use crate::logging_utility::logging_utility::LogLevel;
[INFO] [stdout]    |
[INFO] [stdout] 
[INFO] [stdout] 
[INFO] [stdout] error[E0422]: cannot find struct, variant or union type `FileLogger` in this scope
[INFO] [stdout]   --> src/lib.rs:27:26
[INFO] [stdout]    |
[INFO] [stdout] 27 |         let mut logger = FileLogger {
[INFO] [stdout]    |                          ^^^^^^^^^^ not found in this scope
[INFO] [stdout]    |
[INFO] [stdout] help: consider importing this struct
[INFO] [stdout]    |
[INFO] [stdout] 7  +     use crate::logging_utility::logging_utility::FileLogger;
[INFO] [stdout]    |
[INFO] [stdout] 
[INFO] [stdout] 
[INFO] [stdout] error[E0433]: failed to resolve: use of undeclared type `LogLevel`
[INFO] [stdout]   --> src/lib.rs:29:29
[INFO] [stdout]    |
[INFO] [stdout] 29 |             whitelist: vec![LogLevel::Info, LogLevel::Debug],
[INFO] [stdout]    |                             ^^^^^^^^ use of undeclared type `LogLevel`
[INFO] [stdout]    |
[INFO] [stdout] help: consider importing this enum
[INFO] [stdout]    |
[INFO] [stdout] 7  +     use crate::logging_utility::logging_utility::LogLevel;
[INFO] [stdout]    |
[INFO] [stdout] 
[INFO] [stdout] 
[INFO] [stdout] error[E0433]: failed to resolve: use of undeclared type `LogLevel`
[INFO] [stdout]   --> src/lib.rs:29:45
[INFO] [stdout]    |
[INFO] [stdout] 29 |             whitelist: vec![LogLevel::Info, LogLevel::Debug],
[INFO] [stdout]    |                                             ^^^^^^^^ use of undeclared type `LogLevel`
[INFO] [stdout]    |
[INFO] [stdout] help: consider importing this enum
[INFO] [stdout]    |
[INFO] [stdout] 7  +     use crate::logging_utility::logging_utility::LogLevel;
[INFO] [stdout]    |
[INFO] [stdout] 
[INFO] [stdout] 
[INFO] [stdout] error[E0422]: cannot find struct, variant or union type `FileLogger` in this scope
[INFO] [stdout]   --> src/lib.rs:45:26
[INFO] [stdout]    |
[INFO] [stdout] 45 |         let mut logger = FileLogger {
[INFO] [stdout]    |                          ^^^^^^^^^^ not found in this scope
[INFO] [stdout]    |
[INFO] [stdout] help: consider importing this struct
[INFO] [stdout]    |
[INFO] [stdout] 7  +     use crate::logging_utility::logging_utility::FileLogger;
[INFO] [stdout]    |
[INFO] [stdout] 
[INFO] [stdout] 
[INFO] [stdout] error[E0433]: failed to resolve: use of undeclared type `LogLevel`
[INFO] [stdout]   --> src/lib.rs:47:29
[INFO] [stdout]    |
[INFO] [stdout] 47 |             whitelist: vec![LogLevel::Info, LogLevel::Debug],
[INFO] [stdout]    |                             ^^^^^^^^ use of undeclared type `LogLevel`
[INFO] [stdout]    |
[INFO] [stdout] help: consider importing this enum
[INFO] [stdout]    |
[INFO] [stdout] 7  +     use crate::logging_utility::logging_utility::LogLevel;
[INFO] [stdout]    |
[INFO] [stdout] 
[INFO] [stdout] 
[INFO] [stdout] error[E0433]: failed to resolve: use of undeclared type `LogLevel`
[INFO] [stdout]   --> src/lib.rs:47:45
[INFO] [stdout]    |
[INFO] [stdout] 47 |             whitelist: vec![LogLevel::Info, LogLevel::Debug],
[INFO] [stdout]    |                                             ^^^^^^^^ use of undeclared type `LogLevel`
[INFO] [stdout]    |
[INFO] [stdout] help: consider importing this enum
[INFO] [stdout]    |
[INFO] [stdout] 7  +     use crate::logging_utility::logging_utility::LogLevel;
[INFO] [stdout]    |
[INFO] [stdout] 
[INFO] [stdout] 
[INFO] [stdout] warning: unused import: `super::*`
[INFO] [stdout]  --> src/lib.rs:7:9
[INFO] [stdout]   |
[INFO] [stdout] 7 |     use super::*;
[INFO] [stdout]   |         ^^^^^^^^
[INFO] [stdout]   |
[INFO] [stdout]   = note: `#[warn(unused_imports)]` on by default
[INFO] [stdout] 
[INFO] [stdout] 
[INFO] [stdout] error: aborting due to 9 previous errors; 1 warning emitted
[INFO] [stdout] 
[INFO] [stdout] 
[INFO] [stdout] Some errors have detailed explanations: E0422, E0433.
[INFO] [stdout] 
[INFO] [stdout] For more information about an error, try `rustc --explain E0422`.
[INFO] [stdout] 
[INFO] [stderr] error: could not compile `memoir-logger` (lib test) due to 10 previous errors; 1 warning emitted
[INFO] running `Command { std: "docker" "inspect" "108d6f7bd18aea18d193c5cea6c1ac4c685569d7b726f46fc4b120676fe909db", kill_on_drop: false }`
[INFO] running `Command { std: "docker" "rm" "-f" "108d6f7bd18aea18d193c5cea6c1ac4c685569d7b726f46fc4b120676fe909db", kill_on_drop: false }`
[INFO] [stdout] 108d6f7bd18aea18d193c5cea6c1ac4c685569d7b726f46fc4b120676fe909db
