[INFO] fetching crate membrane 0.11.0...
[INFO] testing membrane-0.11.0 against 1.75.0 for beta-1.76-1
[INFO] extracting crate membrane 0.11.0 into /workspace/builds/worker-0-tc1/source
[INFO] validating manifest of crates.io crate membrane 0.11.0 on toolchain 1.75.0
[INFO] running `Command { std: CARGO_HOME="/workspace/cargo-home" RUSTUP_HOME="/workspace/rustup-home" "/workspace/cargo-home/bin/cargo" "+1.75.0" "metadata" "--manifest-path" "Cargo.toml" "--no-deps", kill_on_drop: false }`
[INFO] started tweaking crates.io crate membrane 0.11.0
[INFO] finished tweaking crates.io crate membrane 0.11.0
[INFO] tweaked toml for crates.io crate membrane 0.11.0 written to /workspace/builds/worker-0-tc1/source/Cargo.toml
[INFO] running `Command { std: CARGO_HOME="/workspace/cargo-home" RUSTUP_HOME="/workspace/rustup-home" "/workspace/cargo-home/bin/cargo" "+1.75.0" "generate-lockfile" "--manifest-path" "Cargo.toml", kill_on_drop: false }`
[INFO] [stderr]     Updating crates.io index
[INFO] running `Command { std: CARGO_HOME="/workspace/cargo-home" RUSTUP_HOME="/workspace/rustup-home" "/workspace/cargo-home/bin/cargo" "+1.75.0" "fetch" "--manifest-path" "Cargo.toml", kill_on_drop: false }`
[INFO] [stderr]  Downloading crates ...
[INFO] [stderr]   Downloaded git-version v0.3.9
[INFO] [stderr]   Downloaded include_dir_impl v0.6.2
[INFO] [stderr]   Downloaded ffi_helpers v0.3.0
[INFO] [stderr]   Downloaded serde-generate v0.25.1
[INFO] [stderr]   Downloaded allo-isolate v0.1.22
[INFO] [stderr]   Downloaded textwrap v0.13.4
[INFO] [stderr]   Downloaded git-version-macro v0.3.9
[INFO] [stderr]   Downloaded include_dir v0.6.2
[INFO] [stderr]   Downloaded serde-reflection v0.3.6
[INFO] [stderr]   Downloaded membrane_types v0.5.1
[INFO] [stderr]   Downloaded membrane_macro v0.9.0
[INFO] running `Command { std: "docker" "create" "-v" "/var/lib/crater-agent-workspace/builds/worker-0-tc1/target:/opt/rustwide/target:rw,Z" "-v" "/var/lib/crater-agent-workspace/builds/worker-0-tc1/source:/opt/rustwide/workdir:ro,Z" "-v" "/var/lib/crater-agent-workspace/cargo-home:/opt/rustwide/cargo-home:ro,Z" "-v" "/var/lib/crater-agent-workspace/rustup-home:/opt/rustwide/rustup-home:ro,Z" "-e" "SOURCE_DIR=/opt/rustwide/workdir" "-e" "CARGO_TARGET_DIR=/opt/rustwide/target" "-e" "CARGO_HOME=/opt/rustwide/cargo-home" "-e" "RUSTUP_HOME=/opt/rustwide/rustup-home" "-w" "/opt/rustwide/workdir" "-m" "1610612736" "--user" "0:0" "--network" "none" "ghcr.io/rust-lang/crates-build-env/linux@sha256:2788e3201cd34a07e3172128adcd8b3090168a8e3bcc40d7c032b9dda1df7d1c" "/opt/rustwide/cargo-home/bin/cargo" "+1.75.0" "metadata" "--no-deps" "--format-version=1", kill_on_drop: false }`
[INFO] [stdout] 20b44cece49888391e4382c3396bbff3e29102bc79d1848681fba53305f91430
[INFO] running `Command { std: "docker" "start" "-a" "20b44cece49888391e4382c3396bbff3e29102bc79d1848681fba53305f91430", kill_on_drop: false }`
[INFO] running `Command { std: "docker" "inspect" "20b44cece49888391e4382c3396bbff3e29102bc79d1848681fba53305f91430", kill_on_drop: false }`
[INFO] running `Command { std: "docker" "rm" "-f" "20b44cece49888391e4382c3396bbff3e29102bc79d1848681fba53305f91430", kill_on_drop: false }`
[INFO] [stdout] 20b44cece49888391e4382c3396bbff3e29102bc79d1848681fba53305f91430
[INFO] running `Command { std: "docker" "create" "-v" "/var/lib/crater-agent-workspace/builds/worker-0-tc1/target:/opt/rustwide/target:rw,Z" "-v" "/var/lib/crater-agent-workspace/builds/worker-0-tc1/source:/opt/rustwide/workdir:ro,Z" "-v" "/var/lib/crater-agent-workspace/cargo-home:/opt/rustwide/cargo-home:ro,Z" "-v" "/var/lib/crater-agent-workspace/rustup-home:/opt/rustwide/rustup-home:ro,Z" "-e" "SOURCE_DIR=/opt/rustwide/workdir" "-e" "CARGO_TARGET_DIR=/opt/rustwide/target" "-e" "CARGO_INCREMENTAL=0" "-e" "RUST_BACKTRACE=full" "-e" "RUSTFLAGS=--cap-lints=warn" "-e" "RUSTDOCFLAGS=--cap-lints=warn" "-e" "CARGO_HOME=/opt/rustwide/cargo-home" "-e" "RUSTUP_HOME=/opt/rustwide/rustup-home" "-w" "/opt/rustwide/workdir" "-m" "1610612736" "--user" "0:0" "--network" "none" "ghcr.io/rust-lang/crates-build-env/linux@sha256:2788e3201cd34a07e3172128adcd8b3090168a8e3bcc40d7c032b9dda1df7d1c" "/opt/rustwide/cargo-home/bin/cargo" "+1.75.0" "build" "--frozen" "--message-format=json", kill_on_drop: false }`
[INFO] [stdout] 9aa4f6629196e81c23a7f39763450a37854bd4b9727d7d2fc798c3751f084bfd
[INFO] running `Command { std: "docker" "start" "-a" "9aa4f6629196e81c23a7f39763450a37854bd4b9727d7d2fc798c3751f084bfd", kill_on_drop: false }`
[INFO] [stderr]    Compiling proc-macro2 v1.0.75
[INFO] [stderr]    Compiling unicode-ident v1.0.12
[INFO] [stderr]    Compiling syn v1.0.109
[INFO] [stderr]    Compiling proc-macro-hack v0.5.20+deprecated
[INFO] [stderr]    Compiling siphasher v0.3.11
[INFO] [stderr]    Compiling rustix v0.38.28
[INFO] [stderr]    Compiling bitflags v2.4.1
[INFO] [stderr]    Compiling futures-core v0.3.30
[INFO] [stderr]    Compiling linux-raw-sys v0.4.12
[INFO] [stderr]    Compiling futures-sink v0.3.30
[INFO] [stderr]    Compiling getrandom v0.2.11
[INFO] [stderr]    Compiling unicode-width v0.1.11
[INFO] [stderr]    Compiling glob v0.3.1
[INFO] [stderr]    Compiling smawk v0.3.2
[INFO] [stderr]    Compiling unicode-segmentation v1.10.1
[INFO] [stderr]    Compiling tracing-core v0.1.32
[INFO] [stderr]    Compiling atomic v0.5.3
[INFO] [stderr]    Compiling futures-channel v0.3.30
[INFO] [stderr]    Compiling libloading v0.8.1
[INFO] [stderr]    Compiling textwrap v0.13.4
[INFO] [stderr]    Compiling inventory v0.3.14
[INFO] [stderr]    Compiling rand_core v0.6.4
[INFO] [stderr]    Compiling phf_shared v0.10.0
[INFO] [stderr]    Compiling allo-isolate v0.1.22
[INFO] [stderr]    Compiling rand_chacha v0.3.1
[INFO] [stderr]    Compiling heck v0.3.3
[INFO] [stderr]    Compiling quote v1.0.35
[INFO] [stderr]    Compiling rand v0.8.5
[INFO] [stderr]    Compiling syn v2.0.48
[INFO] [stderr]    Compiling is-terminal v0.4.10
[INFO] [stderr]    Compiling env_logger v0.10.1
[INFO] [stderr]    Compiling phf_generator v0.10.0
[INFO] [stderr]    Compiling pretty_env_logger v0.5.0
[INFO] [stderr]    Compiling include_dir_impl v0.6.2
[INFO] [stderr]    Compiling phf_macros v0.10.0
[INFO] [stderr]    Compiling membrane_types v0.5.1
[INFO] [stderr]    Compiling include_dir v0.6.2
[INFO] [stderr]    Compiling phf v0.10.1
[INFO] [stderr]    Compiling serde_derive v1.0.194
[INFO] [stderr]    Compiling thiserror-impl v1.0.56
[INFO] [stderr]    Compiling futures-macro v0.3.30
[INFO] [stderr]    Compiling git-version-macro v0.3.9
[INFO] [stderr]    Compiling tracing-attributes v0.1.27
[INFO] [stderr]    Compiling git-version v0.3.9
[INFO] [stderr]    Compiling futures-util v0.3.30
[INFO] [stderr]    Compiling thiserror v1.0.56
[INFO] [stderr]    Compiling ffi_helpers v0.3.0
[INFO] [stderr]    Compiling tracing v0.1.40
[INFO] [stderr]    Compiling serde v1.0.194
[INFO] [stderr]    Compiling futures-executor v0.3.30
[INFO] [stderr]    Compiling futures v0.3.30
[INFO] [stderr]    Compiling toml v0.5.11
[INFO] [stderr]    Compiling serde-reflection v0.3.6
[INFO] [stderr]    Compiling bincode v1.3.3
[INFO] [stderr]    Compiling serde-generate v0.25.1
[INFO] [stderr]    Compiling membrane_macro v0.9.0
[INFO] [stderr]    Compiling membrane v0.11.0 (/opt/rustwide/workdir)
[INFO] [stderr]     Finished dev [unoptimized + debuginfo] target(s) in 11.25s
[INFO] running `Command { std: "docker" "inspect" "9aa4f6629196e81c23a7f39763450a37854bd4b9727d7d2fc798c3751f084bfd", kill_on_drop: false }`
[INFO] running `Command { std: "docker" "rm" "-f" "9aa4f6629196e81c23a7f39763450a37854bd4b9727d7d2fc798c3751f084bfd", kill_on_drop: false }`
[INFO] [stdout] 9aa4f6629196e81c23a7f39763450a37854bd4b9727d7d2fc798c3751f084bfd
[INFO] running `Command { std: "docker" "create" "-v" "/var/lib/crater-agent-workspace/builds/worker-0-tc1/target:/opt/rustwide/target:rw,Z" "-v" "/var/lib/crater-agent-workspace/builds/worker-0-tc1/source:/opt/rustwide/workdir:ro,Z" "-v" "/var/lib/crater-agent-workspace/cargo-home:/opt/rustwide/cargo-home:ro,Z" "-v" "/var/lib/crater-agent-workspace/rustup-home:/opt/rustwide/rustup-home:ro,Z" "-e" "SOURCE_DIR=/opt/rustwide/workdir" "-e" "CARGO_TARGET_DIR=/opt/rustwide/target" "-e" "CARGO_INCREMENTAL=0" "-e" "RUST_BACKTRACE=full" "-e" "RUSTFLAGS=--cap-lints=warn" "-e" "RUSTDOCFLAGS=--cap-lints=warn" "-e" "CARGO_HOME=/opt/rustwide/cargo-home" "-e" "RUSTUP_HOME=/opt/rustwide/rustup-home" "-w" "/opt/rustwide/workdir" "-m" "1610612736" "--user" "0:0" "--network" "none" "ghcr.io/rust-lang/crates-build-env/linux@sha256:2788e3201cd34a07e3172128adcd8b3090168a8e3bcc40d7c032b9dda1df7d1c" "/opt/rustwide/cargo-home/bin/cargo" "+1.75.0" "test" "--frozen" "--no-run" "--message-format=json", kill_on_drop: false }`
[INFO] [stdout] 2accc0263387863cbc7692eb7a10d9b4c6d734ef019dbb2b6cd4cfa14aab0b3b
[INFO] running `Command { std: "docker" "start" "-a" "2accc0263387863cbc7692eb7a10d9b4c6d734ef019dbb2b6cd4cfa14aab0b3b", kill_on_drop: false }`
[INFO] [stderr]    Compiling trybuild v1.0.87
[INFO] [stderr]    Compiling hashbrown v0.14.3
[INFO] [stderr]    Compiling serial_test_derive v2.0.0
[INFO] [stderr]    Compiling basic-toml v0.1.8
[INFO] [stderr]    Compiling serde_json v1.0.111
[INFO] [stderr]    Compiling diff v0.1.13
[INFO] [stderr]    Compiling yansi v0.5.1
[INFO] [stderr]    Compiling pretty_assertions v1.4.0
[INFO] [stderr]    Compiling dashmap v5.5.3
[INFO] [stderr]    Compiling serial_test v2.0.0
[INFO] [stderr]    Compiling membrane v0.11.0 (/opt/rustwide/workdir)
[INFO] [stdout] error[E0433]: failed to resolve: use of undeclared crate or module `example`
[INFO] [stdout]   --> tests/integration_tests.rs:48:5
[INFO] [stdout]    |
[INFO] [stdout] 48 |     example::load();
[INFO] [stdout]    |     ^^^^^^^ use of undeclared crate or module `example`
[INFO] [stdout] 
[INFO] [stdout] 
[INFO] [stdout] error[E0433]: failed to resolve: use of undeclared crate or module `example`
[INFO] [stdout]    --> tests/integration_tests.rs:156:5
[INFO] [stdout]     |
[INFO] [stdout] 156 |     example::load();
[INFO] [stdout]     |     ^^^^^^^ use of undeclared crate or module `example`
[INFO] [stdout] 
[INFO] [stdout] 
[INFO] [stdout] error: aborting due to 2 previous errors
[INFO] [stdout] 
[INFO] [stdout] 
[INFO] [stdout] For more information about this error, try `rustc --explain E0433`.
[INFO] [stdout] 
[INFO] [stderr] error: could not compile `membrane` (test "integration_tests") due to 3 previous errors
[INFO] [stderr] warning: build failed, waiting for other jobs to finish...
[INFO] running `Command { std: "docker" "inspect" "2accc0263387863cbc7692eb7a10d9b4c6d734ef019dbb2b6cd4cfa14aab0b3b", kill_on_drop: false }`
[INFO] running `Command { std: "docker" "rm" "-f" "2accc0263387863cbc7692eb7a10d9b4c6d734ef019dbb2b6cd4cfa14aab0b3b", kill_on_drop: false }`
[INFO] [stdout] 2accc0263387863cbc7692eb7a10d9b4c6d734ef019dbb2b6cd4cfa14aab0b3b
[INFO] testing membrane-0.11.0 against beta-2023-12-22 for beta-1.76-1
[INFO] extracting crate membrane 0.11.0 into /workspace/builds/worker-0-tc2/source
[INFO] validating manifest of crates.io crate membrane 0.11.0 on toolchain beta-2023-12-22
[INFO] running `Command { std: CARGO_HOME="/workspace/cargo-home" RUSTUP_HOME="/workspace/rustup-home" "/workspace/cargo-home/bin/cargo" "+beta-2023-12-22" "metadata" "--manifest-path" "Cargo.toml" "--no-deps", kill_on_drop: false }`
[INFO] started tweaking crates.io crate membrane 0.11.0
[INFO] finished tweaking crates.io crate membrane 0.11.0
[INFO] tweaked toml for crates.io crate membrane 0.11.0 written to /workspace/builds/worker-0-tc2/source/Cargo.toml
[INFO] running `Command { std: CARGO_HOME="/workspace/cargo-home" RUSTUP_HOME="/workspace/rustup-home" "/workspace/cargo-home/bin/cargo" "+beta-2023-12-22" "generate-lockfile" "--manifest-path" "Cargo.toml", kill_on_drop: false }`
[INFO] [stderr]     Updating crates.io index
[INFO] running `Command { std: CARGO_HOME="/workspace/cargo-home" RUSTUP_HOME="/workspace/rustup-home" "/workspace/cargo-home/bin/cargo" "+beta-2023-12-22" "fetch" "--manifest-path" "Cargo.toml", kill_on_drop: false }`
[INFO] [stderr]     Blocking waiting for file lock on package cache
[INFO] [stderr]     Blocking waiting for file lock on package cache
[INFO] running `Command { std: "docker" "create" "-v" "/var/lib/crater-agent-workspace/builds/worker-0-tc2/target:/opt/rustwide/target:rw,Z" "-v" "/var/lib/crater-agent-workspace/builds/worker-0-tc2/source:/opt/rustwide/workdir:ro,Z" "-v" "/var/lib/crater-agent-workspace/cargo-home:/opt/rustwide/cargo-home:ro,Z" "-v" "/var/lib/crater-agent-workspace/rustup-home:/opt/rustwide/rustup-home:ro,Z" "-e" "SOURCE_DIR=/opt/rustwide/workdir" "-e" "CARGO_TARGET_DIR=/opt/rustwide/target" "-e" "CARGO_HOME=/opt/rustwide/cargo-home" "-e" "RUSTUP_HOME=/opt/rustwide/rustup-home" "-w" "/opt/rustwide/workdir" "-m" "1610612736" "--user" "0:0" "--network" "none" "ghcr.io/rust-lang/crates-build-env/linux@sha256:2788e3201cd34a07e3172128adcd8b3090168a8e3bcc40d7c032b9dda1df7d1c" "/opt/rustwide/cargo-home/bin/cargo" "+beta-2023-12-22" "metadata" "--no-deps" "--format-version=1", kill_on_drop: false }`
[INFO] [stdout] 0cca99bef7f101f12640d1424eb0c806cceb7938497974607b03b87aab275cd6
[INFO] running `Command { std: "docker" "start" "-a" "0cca99bef7f101f12640d1424eb0c806cceb7938497974607b03b87aab275cd6", kill_on_drop: false }`
[INFO] running `Command { std: "docker" "inspect" "0cca99bef7f101f12640d1424eb0c806cceb7938497974607b03b87aab275cd6", kill_on_drop: false }`
[INFO] running `Command { std: "docker" "rm" "-f" "0cca99bef7f101f12640d1424eb0c806cceb7938497974607b03b87aab275cd6", kill_on_drop: false }`
[INFO] [stdout] 0cca99bef7f101f12640d1424eb0c806cceb7938497974607b03b87aab275cd6
[INFO] running `Command { std: "docker" "create" "-v" "/var/lib/crater-agent-workspace/builds/worker-0-tc2/target:/opt/rustwide/target:rw,Z" "-v" "/var/lib/crater-agent-workspace/builds/worker-0-tc2/source:/opt/rustwide/workdir:ro,Z" "-v" "/var/lib/crater-agent-workspace/cargo-home:/opt/rustwide/cargo-home:ro,Z" "-v" "/var/lib/crater-agent-workspace/rustup-home:/opt/rustwide/rustup-home:ro,Z" "-e" "SOURCE_DIR=/opt/rustwide/workdir" "-e" "CARGO_TARGET_DIR=/opt/rustwide/target" "-e" "CARGO_INCREMENTAL=0" "-e" "RUST_BACKTRACE=full" "-e" "RUSTFLAGS=--cap-lints=warn" "-e" "RUSTDOCFLAGS=--cap-lints=warn" "-e" "CARGO_HOME=/opt/rustwide/cargo-home" "-e" "RUSTUP_HOME=/opt/rustwide/rustup-home" "-w" "/opt/rustwide/workdir" "-m" "1610612736" "--user" "0:0" "--network" "none" "ghcr.io/rust-lang/crates-build-env/linux@sha256:2788e3201cd34a07e3172128adcd8b3090168a8e3bcc40d7c032b9dda1df7d1c" "/opt/rustwide/cargo-home/bin/cargo" "+beta-2023-12-22" "build" "--frozen" "--message-format=json", kill_on_drop: false }`
[INFO] [stdout] 5d6cf90002fe3ecf5fe15f0bdd7d1f6cc1b38f76fa6f2a1123ba4f68d5181288
[INFO] running `Command { std: "docker" "start" "-a" "5d6cf90002fe3ecf5fe15f0bdd7d1f6cc1b38f76fa6f2a1123ba4f68d5181288", kill_on_drop: false }`
[INFO] [stderr]    Compiling proc-macro2 v1.0.75
[INFO] [stderr]    Compiling unicode-ident v1.0.12
[INFO] [stderr]    Compiling syn v1.0.109
[INFO] [stderr]    Compiling proc-macro-hack v0.5.20+deprecated
[INFO] [stderr]    Compiling rustix v0.38.28
[INFO] [stderr]    Compiling siphasher v0.3.11
[INFO] [stderr]    Compiling bitflags v2.4.1
[INFO] [stderr]    Compiling linux-raw-sys v0.4.12
[INFO] [stderr]    Compiling futures-core v0.3.30
[INFO] [stderr]    Compiling futures-sink v0.3.30
[INFO] [stderr]    Compiling getrandom v0.2.11
[INFO] [stderr]    Compiling unicode-width v0.1.11
[INFO] [stderr]    Compiling smawk v0.3.2
[INFO] [stderr]    Compiling glob v0.3.1
[INFO] [stderr]    Compiling unicode-segmentation v1.10.1
[INFO] [stderr]    Compiling tracing-core v0.1.32
[INFO] [stderr]    Compiling atomic v0.5.3
[INFO] [stderr]    Compiling libloading v0.8.1
[INFO] [stderr]    Compiling phf_shared v0.10.0
[INFO] [stderr]    Compiling futures-channel v0.3.30
[INFO] [stderr]    Compiling rand_core v0.6.4
[INFO] [stderr]    Compiling textwrap v0.13.4
[INFO] [stderr]    Compiling inventory v0.3.14
[INFO] [stderr]    Compiling allo-isolate v0.1.22
[INFO] [stderr]    Compiling heck v0.3.3
[INFO] [stderr]    Compiling rand_chacha v0.3.1
[INFO] [stderr]    Compiling quote v1.0.35
[INFO] [stderr]    Compiling rand v0.8.5
[INFO] [stderr]    Compiling syn v2.0.48
[INFO] [stderr]    Compiling is-terminal v0.4.10
[INFO] [stderr]    Compiling phf_generator v0.10.0
[INFO] [stderr]    Compiling env_logger v0.10.1
[INFO] [stderr]    Compiling pretty_env_logger v0.5.0
[INFO] [stderr]    Compiling include_dir_impl v0.6.2
[INFO] [stderr]    Compiling phf_macros v0.10.0
[INFO] [stderr]    Compiling membrane_types v0.5.1
[INFO] [stderr]    Compiling include_dir v0.6.2
[INFO] [stderr]    Compiling phf v0.10.1
[INFO] [stderr]    Compiling serde_derive v1.0.194
[INFO] [stderr]    Compiling thiserror-impl v1.0.56
[INFO] [stderr]    Compiling futures-macro v0.3.30
[INFO] [stderr]    Compiling git-version-macro v0.3.9
[INFO] [stderr]    Compiling tracing-attributes v0.1.27
[INFO] [stderr]    Compiling git-version v0.3.9
[INFO] [stderr]    Compiling futures-util v0.3.30
[INFO] [stderr]    Compiling thiserror v1.0.56
[INFO] [stderr]    Compiling ffi_helpers v0.3.0
[INFO] [stderr]    Compiling tracing v0.1.40
[INFO] [stderr]    Compiling serde v1.0.194
[INFO] [stderr]    Compiling futures-executor v0.3.30
[INFO] [stderr]    Compiling futures v0.3.30
[INFO] [stderr]    Compiling toml v0.5.11
[INFO] [stderr]    Compiling serde-reflection v0.3.6
[INFO] [stderr]    Compiling bincode v1.3.3
[INFO] [stderr]    Compiling serde-generate v0.25.1
[INFO] [stderr]    Compiling membrane_macro v0.9.0
[INFO] [stderr]    Compiling membrane v0.11.0 (/opt/rustwide/workdir)
[INFO] [stderr]     Finished dev [unoptimized + debuginfo] target(s) in 17.35s
[INFO] running `Command { std: "docker" "inspect" "5d6cf90002fe3ecf5fe15f0bdd7d1f6cc1b38f76fa6f2a1123ba4f68d5181288", kill_on_drop: false }`
[INFO] running `Command { std: "docker" "rm" "-f" "5d6cf90002fe3ecf5fe15f0bdd7d1f6cc1b38f76fa6f2a1123ba4f68d5181288", kill_on_drop: false }`
[INFO] [stdout] 5d6cf90002fe3ecf5fe15f0bdd7d1f6cc1b38f76fa6f2a1123ba4f68d5181288
[INFO] running `Command { std: "docker" "create" "-v" "/var/lib/crater-agent-workspace/builds/worker-0-tc2/target:/opt/rustwide/target:rw,Z" "-v" "/var/lib/crater-agent-workspace/builds/worker-0-tc2/source:/opt/rustwide/workdir:ro,Z" "-v" "/var/lib/crater-agent-workspace/cargo-home:/opt/rustwide/cargo-home:ro,Z" "-v" "/var/lib/crater-agent-workspace/rustup-home:/opt/rustwide/rustup-home:ro,Z" "-e" "SOURCE_DIR=/opt/rustwide/workdir" "-e" "CARGO_TARGET_DIR=/opt/rustwide/target" "-e" "CARGO_INCREMENTAL=0" "-e" "RUST_BACKTRACE=full" "-e" "RUSTFLAGS=--cap-lints=warn" "-e" "RUSTDOCFLAGS=--cap-lints=warn" "-e" "CARGO_HOME=/opt/rustwide/cargo-home" "-e" "RUSTUP_HOME=/opt/rustwide/rustup-home" "-w" "/opt/rustwide/workdir" "-m" "1610612736" "--user" "0:0" "--network" "none" "ghcr.io/rust-lang/crates-build-env/linux@sha256:2788e3201cd34a07e3172128adcd8b3090168a8e3bcc40d7c032b9dda1df7d1c" "/opt/rustwide/cargo-home/bin/cargo" "+beta-2023-12-22" "test" "--frozen" "--no-run" "--message-format=json", kill_on_drop: false }`
[INFO] [stdout] def33a3f0a0f7d93ef3ee1b9d3bb1992ba00d61501e2d86e581a2743807fae7d
[INFO] running `Command { std: "docker" "start" "-a" "def33a3f0a0f7d93ef3ee1b9d3bb1992ba00d61501e2d86e581a2743807fae7d", kill_on_drop: false }`
[INFO] [stderr]    Compiling trybuild v1.0.87
[INFO] [stderr]    Compiling hashbrown v0.14.3
[INFO] [stderr]    Compiling serial_test_derive v2.0.0
[INFO] [stderr]    Compiling yansi v0.5.1
[INFO] [stderr]    Compiling basic-toml v0.1.8
[INFO] [stderr]    Compiling serde_json v1.0.111
[INFO] [stderr]    Compiling diff v0.1.13
[INFO] [stderr]    Compiling pretty_assertions v1.4.0
[INFO] [stderr]    Compiling dashmap v5.5.3
[INFO] [stderr]    Compiling serial_test v2.0.0
[INFO] [stderr]    Compiling membrane v0.11.0 (/opt/rustwide/workdir)
[INFO] [stdout] error[E0433]: failed to resolve: use of undeclared crate or module `example`
[INFO] [stdout]   --> tests/integration_tests.rs:48:5
[INFO] [stdout]    |
[INFO] [stdout] 48 |     example::load();
[INFO] [stdout]    |     ^^^^^^^ use of undeclared crate or module `example`
[INFO] [stdout] 
[INFO] [stdout] 
[INFO] [stdout] error[E0433]: failed to resolve: use of undeclared crate or module `example`
[INFO] [stdout]    --> tests/integration_tests.rs:156:5
[INFO] [stdout]     |
[INFO] [stdout] 156 |     example::load();
[INFO] [stdout]     |     ^^^^^^^ use of undeclared crate or module `example`
[INFO] [stdout] 
[INFO] [stdout] 
[INFO] [stdout] error: aborting due to 2 previous errors
[INFO] [stdout] 
[INFO] [stdout] 
[INFO] [stdout] For more information about this error, try `rustc --explain E0433`.
[INFO] [stdout] 
[INFO] [stderr] error: could not compile `membrane` (test "integration_tests") due to 3 previous errors
[INFO] [stderr] warning: build failed, waiting for other jobs to finish...
[INFO] running `Command { std: "docker" "inspect" "def33a3f0a0f7d93ef3ee1b9d3bb1992ba00d61501e2d86e581a2743807fae7d", kill_on_drop: false }`
[INFO] running `Command { std: "docker" "rm" "-f" "def33a3f0a0f7d93ef3ee1b9d3bb1992ba00d61501e2d86e581a2743807fae7d", kill_on_drop: false }`
[INFO] [stdout] def33a3f0a0f7d93ef3ee1b9d3bb1992ba00d61501e2d86e581a2743807fae7d
