[INFO] fetching crate mega_etl 0.1.1...
[INFO] testing mega_etl-0.1.1 against 1.75.0 for beta-1.76-1
[INFO] extracting crate mega_etl 0.1.1 into /workspace/builds/worker-3-tc1/source
[INFO] validating manifest of crates.io crate mega_etl 0.1.1 on toolchain 1.75.0
[INFO] running `Command { std: CARGO_HOME="/workspace/cargo-home" RUSTUP_HOME="/workspace/rustup-home" "/workspace/cargo-home/bin/cargo" "+1.75.0" "metadata" "--manifest-path" "Cargo.toml" "--no-deps", kill_on_drop: false }`
[INFO] started tweaking crates.io crate mega_etl 0.1.1
[INFO] finished tweaking crates.io crate mega_etl 0.1.1
[INFO] tweaked toml for crates.io crate mega_etl 0.1.1 written to /workspace/builds/worker-3-tc1/source/Cargo.toml
[INFO] running `Command { std: CARGO_HOME="/workspace/cargo-home" RUSTUP_HOME="/workspace/rustup-home" "/workspace/cargo-home/bin/cargo" "+1.75.0" "generate-lockfile" "--manifest-path" "Cargo.toml", kill_on_drop: false }`
[INFO] [stderr]     Updating crates.io index
[INFO] running `Command { std: CARGO_HOME="/workspace/cargo-home" RUSTUP_HOME="/workspace/rustup-home" "/workspace/cargo-home/bin/cargo" "+1.75.0" "fetch" "--manifest-path" "Cargo.toml", kill_on_drop: false }`
[INFO] [stderr]  Downloading crates ...
[INFO] [stderr]   Downloaded frunk_derives v0.4.2
[INFO] [stderr]   Downloaded frunk_proc_macro_helpers v0.1.2
[INFO] [stderr]   Downloaded frunk_proc_macros v0.1.2
[INFO] [stderr]   Downloaded saturating v0.1.0
[INFO] [stderr]   Downloaded mysql_common v0.29.2
[INFO] [stderr]   Downloaded lru v0.7.8
[INFO] [stderr]   Downloaded frunk v0.4.2
[INFO] [stderr]   Downloaded lexical v6.1.1
[INFO] [stderr]   Downloaded mio_wasi v0.8.9
[INFO] [stderr]   Downloaded tokio_wasi v1.25.2
[INFO] [stderr]   Downloaded wasmedge_wasi_socket v0.4.3
[INFO] [stderr]   Downloaded wasmedge_wasi_socket v0.5.3
[INFO] [stderr]   Downloaded tokio-util_wasi v0.7.5
[INFO] [stderr]   Downloaded h2_wasi v0.3.15
[INFO] [stderr]   Downloaded mysql_async_wasi v0.30.1
[INFO] [stderr]   Downloaded hyper_wasi v0.15.2
[INFO] running `Command { std: "docker" "create" "-v" "/var/lib/crater-agent-workspace/builds/worker-3-tc1/target:/opt/rustwide/target:rw,Z" "-v" "/var/lib/crater-agent-workspace/builds/worker-3-tc1/source:/opt/rustwide/workdir:ro,Z" "-v" "/var/lib/crater-agent-workspace/cargo-home:/opt/rustwide/cargo-home:ro,Z" "-v" "/var/lib/crater-agent-workspace/rustup-home:/opt/rustwide/rustup-home:ro,Z" "-e" "SOURCE_DIR=/opt/rustwide/workdir" "-e" "CARGO_TARGET_DIR=/opt/rustwide/target" "-e" "CARGO_HOME=/opt/rustwide/cargo-home" "-e" "RUSTUP_HOME=/opt/rustwide/rustup-home" "-w" "/opt/rustwide/workdir" "-m" "1610612736" "--user" "0:0" "--network" "none" "ghcr.io/rust-lang/crates-build-env/linux@sha256:2788e3201cd34a07e3172128adcd8b3090168a8e3bcc40d7c032b9dda1df7d1c" "/opt/rustwide/cargo-home/bin/cargo" "+1.75.0" "metadata" "--no-deps" "--format-version=1", kill_on_drop: false }`
[INFO] [stdout] a362c83a4e7aff90ab34331188e26c4d6cb333d942a063e42d49853b3472f1ab
[INFO] running `Command { std: "docker" "start" "-a" "a362c83a4e7aff90ab34331188e26c4d6cb333d942a063e42d49853b3472f1ab", kill_on_drop: false }`
[INFO] running `Command { std: "docker" "inspect" "a362c83a4e7aff90ab34331188e26c4d6cb333d942a063e42d49853b3472f1ab", kill_on_drop: false }`
[INFO] running `Command { std: "docker" "rm" "-f" "a362c83a4e7aff90ab34331188e26c4d6cb333d942a063e42d49853b3472f1ab", kill_on_drop: false }`
[INFO] [stdout] a362c83a4e7aff90ab34331188e26c4d6cb333d942a063e42d49853b3472f1ab
[INFO] running `Command { std: "docker" "create" "-v" "/var/lib/crater-agent-workspace/builds/worker-3-tc1/target:/opt/rustwide/target:rw,Z" "-v" "/var/lib/crater-agent-workspace/builds/worker-3-tc1/source:/opt/rustwide/workdir:ro,Z" "-v" "/var/lib/crater-agent-workspace/cargo-home:/opt/rustwide/cargo-home:ro,Z" "-v" "/var/lib/crater-agent-workspace/rustup-home:/opt/rustwide/rustup-home:ro,Z" "-e" "SOURCE_DIR=/opt/rustwide/workdir" "-e" "CARGO_TARGET_DIR=/opt/rustwide/target" "-e" "CARGO_INCREMENTAL=0" "-e" "RUST_BACKTRACE=full" "-e" "RUSTFLAGS=--cap-lints=warn" "-e" "RUSTDOCFLAGS=--cap-lints=warn" "-e" "CARGO_HOME=/opt/rustwide/cargo-home" "-e" "RUSTUP_HOME=/opt/rustwide/rustup-home" "-w" "/opt/rustwide/workdir" "-m" "1610612736" "--user" "0:0" "--network" "none" "ghcr.io/rust-lang/crates-build-env/linux@sha256:2788e3201cd34a07e3172128adcd8b3090168a8e3bcc40d7c032b9dda1df7d1c" "/opt/rustwide/cargo-home/bin/cargo" "+1.75.0" "build" "--frozen" "--message-format=json", kill_on_drop: false }`
[INFO] [stdout] 50fd449109f0977d235b1359341f8f1bd4b64d5f33ea437e1376fbfebff4082d
[INFO] running `Command { std: "docker" "start" "-a" "50fd449109f0977d235b1359341f8f1bd4b64d5f33ea437e1376fbfebff4082d", kill_on_drop: false }`
[INFO] [stderr]    Compiling libc v0.2.151
[INFO] [stderr]    Compiling proc-macro2 v1.0.75
[INFO] [stderr]    Compiling unicode-ident v1.0.12
[INFO] [stderr]    Compiling memchr v2.7.1
[INFO] [stderr]    Compiling once_cell v1.19.0
[INFO] [stderr]    Compiling typenum v1.17.0
[INFO] [stderr]    Compiling static_assertions v1.1.0
[INFO] [stderr]    Compiling bytes v1.5.0
[INFO] [stderr]    Compiling glob v0.3.1
[INFO] [stderr]    Compiling crossbeam-utils v0.8.18
[INFO] [stderr]    Compiling pin-project-lite v0.2.13
[INFO] [stderr]    Compiling ppv-lite86 v0.2.17
[INFO] [stderr]    Compiling regex-syntax v0.8.2
[INFO] [stderr]    Compiling minimal-lexical v0.2.1
[INFO] [stderr]    Compiling generic-array v0.14.7
[INFO] [stderr]    Compiling ahash v0.7.7
[INFO] [stderr]    Compiling lexical-util v0.8.5
[INFO] [stderr]    Compiling num-traits v0.2.17
[INFO] [stderr]    Compiling syn v1.0.109
[INFO] [stderr]    Compiling itoa v1.0.10
[INFO] [stderr]    Compiling slab v0.4.9
[INFO] [stderr]    Compiling num-integer v0.1.45
[INFO] [stderr]    Compiling libloading v0.8.1
[INFO] [stderr]    Compiling serde v1.0.194
[INFO] [stderr]    Compiling bindgen v0.59.2
[INFO] [stderr]    Compiling futures-core v0.3.30
[INFO] [stderr]    Compiling clang-sys v1.7.0
[INFO] [stderr]    Compiling frunk_core v0.4.2
[INFO] [stderr]    Compiling tokio_wasi v1.25.2
[INFO] [stderr]    Compiling aho-corasick v1.1.2
[INFO] [stderr]    Compiling nom v7.1.3
[INFO] [stderr]    Compiling lexical-write-integer v0.8.5
[INFO] [stderr]    Compiling lexical-parse-integer v0.8.6
[INFO] [stderr]    Compiling num-bigint v0.4.4
[INFO] [stderr]    Compiling crc32fast v1.3.2
[INFO] [stderr]    Compiling peeking_take_while v0.1.2
[INFO] [stderr]    Compiling quote v1.0.35
[INFO] [stderr]    Compiling log v0.4.20
[INFO] [stderr]    Compiling shlex v1.2.0
[INFO] [stderr]    Compiling rustc-hash v1.1.0
[INFO] [stderr]    Compiling syn v2.0.48
[INFO] [stderr]    Compiling radium v0.7.0
[INFO] [stderr]    Compiling lazycell v1.3.0
[INFO] [stderr]    Compiling tinyvec_macros v0.1.1
[INFO] [stderr]    Compiling byteorder v1.5.0
[INFO] [stderr]    Compiling tinyvec v1.6.0
[INFO] [stderr]    Compiling getrandom v0.2.11
[INFO] [stderr]    Compiling cc v1.0.83
[INFO] [stderr]    Compiling socket2 v0.4.10
[INFO] [stderr]    Compiling mio_wasi v0.8.9
[INFO] [stderr]    Compiling rand_core v0.6.4
[INFO] [stderr]    Compiling subprocess v0.2.9
[INFO] [stderr]    Compiling rand_chacha v0.3.1
[INFO] [stderr]    Compiling hashbrown v0.12.3
[INFO] [stderr]    Compiling block-buffer v0.10.4
[INFO] [stderr]    Compiling crypto-common v0.1.6
[INFO] [stderr]    Compiling rand v0.8.5
[INFO] [stderr]    Compiling digest v0.10.7
[INFO] [stderr]    Compiling regex-automata v0.4.3
[INFO] [stderr]    Compiling cmake v0.1.50
[INFO] [stderr]    Compiling lexical-write-float v0.8.5
[INFO] [stderr]    Compiling lexical-parse-float v0.8.5
[INFO] [stderr]    Compiling cexpr v0.6.0
[INFO] [stderr]    Compiling tracing-core v0.1.32
[INFO] [stderr]    Compiling indexmap v1.9.3
[INFO] [stderr]    Compiling fnv v1.0.7
[INFO] [stderr]    Compiling powerfmt v0.2.0
[INFO] [stderr]    Compiling futures-sink v0.3.30
[INFO] [stderr]    Compiling cpufeatures v0.2.12
[INFO] [stderr]    Compiling tap v1.0.1
[INFO] [stderr]    Compiling thiserror v1.0.56
[INFO] [stderr]    Compiling pin-utils v0.1.0
[INFO] [stderr]    Compiling futures-task v0.3.30
[INFO] [stderr]    Compiling serde_json v1.0.111
[INFO] [stderr]    Compiling rust_decimal v1.33.1
[INFO] [stderr]    Compiling wyz v0.5.1
[INFO] [stderr]    Compiling deranged v0.3.11
[INFO] [stderr]    Compiling lexical-core v0.8.5
[INFO] [stderr]    Compiling tracing v0.1.40
[INFO] [stderr]    Compiling http v0.2.11
[INFO] [stderr]    Compiling unicode-normalization v0.1.22
[INFO] [stderr]    Compiling crossbeam-epoch v0.9.17
[INFO] [stderr]    Compiling funty v2.0.0
[INFO] [stderr]    Compiling httparse v1.8.0
[INFO] [stderr]    Compiling base64 v0.13.1
[INFO] [stderr]    Compiling arrayvec v0.7.4
[INFO] [stderr]    Compiling ryu v1.0.16
[INFO] [stderr]    Compiling unicode-bidi v0.3.14
[INFO] [stderr]    Compiling quick-error v1.2.3
[INFO] [stderr]    Compiling frunk_proc_macro_helpers v0.1.2
[INFO] [stderr]    Compiling percent-encoding v2.3.1
[INFO] [stderr]    Compiling time-core v0.1.2
[INFO] [stderr]    Compiling dns-parser v0.8.0
[INFO] [stderr]    Compiling bitvec v1.0.1
[INFO] [stderr]    Compiling form_urlencoded v1.2.1
[INFO] [stderr]    Compiling time v0.3.31
[INFO] [stderr]    Compiling idna v0.5.0
[INFO] [stderr]    Compiling bigdecimal v0.3.1
[INFO] [stderr]    Compiling crossbeam-deque v0.8.4
[INFO] [stderr]    Compiling flate2 v1.0.28
[INFO] [stdout] error: You need to choose a zlib backend
[INFO] [stdout]    --> /opt/rustwide/cargo-home/registry/src/index.crates.io-6f17d22bba15001f/flate2-1.0.28/src/lib.rs:100:1
[INFO] [stdout]     |
[INFO] [stdout] 100 | compile_error!("You need to choose a zlib backend");
[INFO] [stdout]     | ^^^^^^^^^^^^^^^^^^^^^^^^^^^^^^^^^^^^^^^^^^^^^^^^^^^
[INFO] [stdout] 
[INFO] [stdout] 
[INFO] [stderr]    Compiling lexical v6.1.1
[INFO] [stdout] error[E0432]: unresolved imports `crate::ffi::Deflate`, `crate::ffi::ErrorMessage`, `crate::ffi::Inflate`
[INFO] [stdout]  --> /opt/rustwide/cargo-home/registry/src/index.crates.io-6f17d22bba15001f/flate2-1.0.28/src/mem.rs:5:33
[INFO] [stdout]   |
[INFO] [stdout] 5 | use crate::ffi::{self, Backend, Deflate, DeflateBackend, ErrorMessage, Inflate, InflateBackend};
[INFO] [stdout]   |                                 ^^^^^^^                  ^^^^^^^^^^^^  ^^^^^^^ no `Inflate` in `ffi`
[INFO] [stdout]   |                                 |                        |
[INFO] [stdout]   |                                 |                        no `ErrorMessage` in `ffi`
[INFO] [stdout]   |                                 no `Deflate` in `ffi`
[INFO] [stdout] 
[INFO] [stdout] 
[INFO] [stdout] error[E0412]: cannot find type `ErrorMessage` in this scope
[INFO] [stdout]   --> /opt/rustwide/cargo-home/registry/src/index.crates.io-6f17d22bba15001f/flate2-1.0.28/src/ffi/mod.rs:48:26
[INFO] [stdout]    |
[INFO] [stdout] 48 | impl std::fmt::Debug for ErrorMessage {
[INFO] [stdout]    |                          ^^^^^^^^^^^^ not found in this scope
[INFO] [stdout] 
[INFO] [stdout] 
[INFO] [stdout] error[E0425]: cannot find value `MZ_NO_FLUSH` in module `ffi`
[INFO] [stdout]   --> /opt/rustwide/cargo-home/registry/src/index.crates.io-6f17d22bba15001f/flate2-1.0.28/src/mem.rs:50:17
[INFO] [stdout]    |
[INFO] [stdout] 50 |     None = ffi::MZ_NO_FLUSH as isize,
[INFO] [stdout]    |                 ^^^^^^^^^^^ not found in `ffi`
[INFO] [stdout] 
[INFO] [stdout] 
[INFO] [stdout] error[E0425]: cannot find value `MZ_SYNC_FLUSH` in module `ffi`
[INFO] [stdout]   --> /opt/rustwide/cargo-home/registry/src/index.crates.io-6f17d22bba15001f/flate2-1.0.28/src/mem.rs:59:17
[INFO] [stdout]    |
[INFO] [stdout] 59 |     Sync = ffi::MZ_SYNC_FLUSH as isize,
[INFO] [stdout]    |                 ^^^^^^^^^^^^^ not found in `ffi`
[INFO] [stdout] 
[INFO] [stdout] 
[INFO] [stdout] error[E0425]: cannot find value `MZ_PARTIAL_FLUSH` in module `ffi`
[INFO] [stdout]   --> /opt/rustwide/cargo-home/registry/src/index.crates.io-6f17d22bba15001f/flate2-1.0.28/src/mem.rs:69:20
[INFO] [stdout]    |
[INFO] [stdout] 69 |     Partial = ffi::MZ_PARTIAL_FLUSH as isize,
[INFO] [stdout]    |                    ^^^^^^^^^^^^^^^^ not found in `ffi`
[INFO] [stdout] 
[INFO] [stdout] 
[INFO] [stdout] error[E0425]: cannot find value `MZ_FULL_FLUSH` in module `ffi`
[INFO] [stdout]   --> /opt/rustwide/cargo-home/registry/src/index.crates.io-6f17d22bba15001f/flate2-1.0.28/src/mem.rs:76:17
[INFO] [stdout]    |
[INFO] [stdout] 76 |     Full = ffi::MZ_FULL_FLUSH as isize,
[INFO] [stdout]    |                 ^^^^^^^^^^^^^ not found in `ffi`
[INFO] [stdout] 
[INFO] [stdout] 
[INFO] [stdout] error[E0425]: cannot find value `MZ_FINISH` in module `ffi`
[INFO] [stdout]   --> /opt/rustwide/cargo-home/registry/src/index.crates.io-6f17d22bba15001f/flate2-1.0.28/src/mem.rs:82:19
[INFO] [stdout]    |
[INFO] [stdout] 82 |     Finish = ffi::MZ_FINISH as isize,
[INFO] [stdout]    |                   ^^^^^^^^^ not found in `ffi`
[INFO] [stdout] 
[INFO] [stdout] 
[INFO] [stdout] error[E0425]: cannot find value `MZ_NO_FLUSH` in module `ffi`
[INFO] [stdout]   --> /opt/rustwide/cargo-home/registry/src/index.crates.io-6f17d22bba15001f/flate2-1.0.28/src/mem.rs:93:17
[INFO] [stdout]    |
[INFO] [stdout] 93 |     None = ffi::MZ_NO_FLUSH as isize,
[INFO] [stdout]    |                 ^^^^^^^^^^^ not found in `ffi`
[INFO] [stdout] 
[INFO] [stdout] 
[INFO] [stdout] error[E0425]: cannot find value `MZ_SYNC_FLUSH` in module `ffi`
[INFO] [stdout]    --> /opt/rustwide/cargo-home/registry/src/index.crates.io-6f17d22bba15001f/flate2-1.0.28/src/mem.rs:102:17
[INFO] [stdout]     |
[INFO] [stdout] 102 |     Sync = ffi::MZ_SYNC_FLUSH as isize,
[INFO] [stdout]     |                 ^^^^^^^^^^^^^ not found in `ffi`
[INFO] [stdout] 
[INFO] [stdout] 
[INFO] [stdout] error[E0425]: cannot find value `MZ_FINISH` in module `ffi`
[INFO] [stdout]    --> /opt/rustwide/cargo-home/registry/src/index.crates.io-6f17d22bba15001f/flate2-1.0.28/src/mem.rs:108:19
[INFO] [stdout]     |
[INFO] [stdout] 108 |     Finish = ffi::MZ_FINISH as isize,
[INFO] [stdout]     |                   ^^^^^^^^^ not found in `ffi`
[INFO] [stdout] 
[INFO] [stdout] 
[INFO] [stdout] error[E0425]: cannot find value `MZ_DEFAULT_WINDOW_BITS` in module `ffi`
[INFO] [stdout]    --> /opt/rustwide/cargo-home/registry/src/index.crates.io-6f17d22bba15001f/flate2-1.0.28/src/mem.rs:197:59
[INFO] [stdout]     |
[INFO] [stdout] 197 |             inner: Deflate::make(level, zlib_header, ffi::MZ_DEFAULT_WINDOW_BITS as u8),
[INFO] [stdout]     |                                                           ^^^^^^^^^^^^^^^^^^^^^^ not found in `ffi`
[INFO] [stdout] 
[INFO] [stdout] 
[INFO] [stdout] error[E0425]: cannot find value `MZ_DEFAULT_WINDOW_BITS` in module `ffi`
[INFO] [stdout]    --> /opt/rustwide/cargo-home/registry/src/index.crates.io-6f17d22bba15001f/flate2-1.0.28/src/mem.rs:360:52
[INFO] [stdout]     |
[INFO] [stdout] 360 |             inner: Inflate::make(zlib_header, ffi::MZ_DEFAULT_WINDOW_BITS as u8),
[INFO] [stdout]     |                                                    ^^^^^^^^^^^^^^^^^^^^^^ not found in `ffi`
[INFO] [stdout] 
[INFO] [stdout] 
[INFO] [stderr]    Compiling sha1 v0.10.6
[INFO] [stderr]    Compiling sha2 v0.10.8
[INFO] [stderr]    Compiling regex v1.10.2
[INFO] [stdout] error: aborting due to 13 previous errors
[INFO] [stdout] 
[INFO] [stdout] 
[INFO] [stderr] error: could not compile `flate2` (lib) due to 14 previous errors
[INFO] [stdout] Some errors have detailed explanations: E0412, E0425, E0432.
[INFO] [stdout] 
[INFO] [stderr] warning: build failed, waiting for other jobs to finish...
[INFO] [stdout] For more information about an error, try `rustc --explain E0412`.
[INFO] [stdout] 
[INFO] running `Command { std: "docker" "inspect" "50fd449109f0977d235b1359341f8f1bd4b64d5f33ea437e1376fbfebff4082d", kill_on_drop: false }`
[INFO] running `Command { std: "docker" "rm" "-f" "50fd449109f0977d235b1359341f8f1bd4b64d5f33ea437e1376fbfebff4082d", kill_on_drop: false }`
[INFO] [stdout] 50fd449109f0977d235b1359341f8f1bd4b64d5f33ea437e1376fbfebff4082d
[INFO] testing mega_etl-0.1.1 against beta-2023-12-22 for beta-1.76-1
[INFO] extracting crate mega_etl 0.1.1 into /workspace/builds/worker-3-tc2/source
[INFO] validating manifest of crates.io crate mega_etl 0.1.1 on toolchain beta-2023-12-22
[INFO] running `Command { std: CARGO_HOME="/workspace/cargo-home" RUSTUP_HOME="/workspace/rustup-home" "/workspace/cargo-home/bin/cargo" "+beta-2023-12-22" "metadata" "--manifest-path" "Cargo.toml" "--no-deps", kill_on_drop: false }`
[INFO] started tweaking crates.io crate mega_etl 0.1.1
[INFO] finished tweaking crates.io crate mega_etl 0.1.1
[INFO] tweaked toml for crates.io crate mega_etl 0.1.1 written to /workspace/builds/worker-3-tc2/source/Cargo.toml
[INFO] running `Command { std: CARGO_HOME="/workspace/cargo-home" RUSTUP_HOME="/workspace/rustup-home" "/workspace/cargo-home/bin/cargo" "+beta-2023-12-22" "generate-lockfile" "--manifest-path" "Cargo.toml", kill_on_drop: false }`
[INFO] [stderr]     Updating crates.io index
[INFO] running `Command { std: CARGO_HOME="/workspace/cargo-home" RUSTUP_HOME="/workspace/rustup-home" "/workspace/cargo-home/bin/cargo" "+beta-2023-12-22" "fetch" "--manifest-path" "Cargo.toml", kill_on_drop: false }`
[INFO] running `Command { std: "docker" "create" "-v" "/var/lib/crater-agent-workspace/builds/worker-3-tc2/target:/opt/rustwide/target:rw,Z" "-v" "/var/lib/crater-agent-workspace/builds/worker-3-tc2/source:/opt/rustwide/workdir:ro,Z" "-v" "/var/lib/crater-agent-workspace/cargo-home:/opt/rustwide/cargo-home:ro,Z" "-v" "/var/lib/crater-agent-workspace/rustup-home:/opt/rustwide/rustup-home:ro,Z" "-e" "SOURCE_DIR=/opt/rustwide/workdir" "-e" "CARGO_TARGET_DIR=/opt/rustwide/target" "-e" "CARGO_HOME=/opt/rustwide/cargo-home" "-e" "RUSTUP_HOME=/opt/rustwide/rustup-home" "-w" "/opt/rustwide/workdir" "-m" "1610612736" "--user" "0:0" "--network" "none" "ghcr.io/rust-lang/crates-build-env/linux@sha256:2788e3201cd34a07e3172128adcd8b3090168a8e3bcc40d7c032b9dda1df7d1c" "/opt/rustwide/cargo-home/bin/cargo" "+beta-2023-12-22" "metadata" "--no-deps" "--format-version=1", kill_on_drop: false }`
[INFO] [stdout] 331c9e557ec48327e7ab9478a8d4ff5f91f822e55e3411b5ad7aca05f13d87fa
[INFO] running `Command { std: "docker" "start" "-a" "331c9e557ec48327e7ab9478a8d4ff5f91f822e55e3411b5ad7aca05f13d87fa", kill_on_drop: false }`
[INFO] running `Command { std: "docker" "inspect" "331c9e557ec48327e7ab9478a8d4ff5f91f822e55e3411b5ad7aca05f13d87fa", kill_on_drop: false }`
[INFO] running `Command { std: "docker" "rm" "-f" "331c9e557ec48327e7ab9478a8d4ff5f91f822e55e3411b5ad7aca05f13d87fa", kill_on_drop: false }`
[INFO] [stdout] 331c9e557ec48327e7ab9478a8d4ff5f91f822e55e3411b5ad7aca05f13d87fa
[INFO] running `Command { std: "docker" "create" "-v" "/var/lib/crater-agent-workspace/builds/worker-3-tc2/target:/opt/rustwide/target:rw,Z" "-v" "/var/lib/crater-agent-workspace/builds/worker-3-tc2/source:/opt/rustwide/workdir:ro,Z" "-v" "/var/lib/crater-agent-workspace/cargo-home:/opt/rustwide/cargo-home:ro,Z" "-v" "/var/lib/crater-agent-workspace/rustup-home:/opt/rustwide/rustup-home:ro,Z" "-e" "SOURCE_DIR=/opt/rustwide/workdir" "-e" "CARGO_TARGET_DIR=/opt/rustwide/target" "-e" "CARGO_INCREMENTAL=0" "-e" "RUST_BACKTRACE=full" "-e" "RUSTFLAGS=--cap-lints=warn" "-e" "RUSTDOCFLAGS=--cap-lints=warn" "-e" "CARGO_HOME=/opt/rustwide/cargo-home" "-e" "RUSTUP_HOME=/opt/rustwide/rustup-home" "-w" "/opt/rustwide/workdir" "-m" "1610612736" "--user" "0:0" "--network" "none" "ghcr.io/rust-lang/crates-build-env/linux@sha256:2788e3201cd34a07e3172128adcd8b3090168a8e3bcc40d7c032b9dda1df7d1c" "/opt/rustwide/cargo-home/bin/cargo" "+beta-2023-12-22" "build" "--frozen" "--message-format=json", kill_on_drop: false }`
[INFO] [stdout] aae0e0a5af588ccd87ab9af749808085d11d42e5f1c03b344a7f7e8ef88bdbae
[INFO] running `Command { std: "docker" "start" "-a" "aae0e0a5af588ccd87ab9af749808085d11d42e5f1c03b344a7f7e8ef88bdbae", kill_on_drop: false }`
[INFO] [stderr]    Compiling libc v0.2.151
[INFO] [stderr]    Compiling proc-macro2 v1.0.75
[INFO] [stderr]    Compiling unicode-ident v1.0.12
[INFO] [stderr]    Compiling memchr v2.7.1
[INFO] [stderr]    Compiling once_cell v1.19.0
[INFO] [stderr]    Compiling static_assertions v1.1.0
[INFO] [stderr]    Compiling typenum v1.17.0
[INFO] [stderr]    Compiling glob v0.3.1
[INFO] [stderr]    Compiling bytes v1.5.0
[INFO] [stderr]    Compiling crossbeam-utils v0.8.18
[INFO] [stderr]    Compiling pin-project-lite v0.2.13
[INFO] [stderr]    Compiling regex-syntax v0.8.2
[INFO] [stderr]    Compiling minimal-lexical v0.2.1
[INFO] [stderr]    Compiling itoa v1.0.10
[INFO] [stderr]    Compiling generic-array v0.14.7
[INFO] [stderr]    Compiling num-traits v0.2.17
[INFO] [stderr]    Compiling lexical-util v0.8.5
[INFO] [stderr]    Compiling ahash v0.7.7
[INFO] [stderr]    Compiling syn v1.0.109
[INFO] [stderr]    Compiling ppv-lite86 v0.2.17
[INFO] [stderr]    Compiling slab v0.4.9
[INFO] [stderr]    Compiling num-integer v0.1.45
[INFO] [stderr]    Compiling libloading v0.8.1
[INFO] [stderr]    Compiling bindgen v0.59.2
[INFO] [stderr]    Compiling serde v1.0.194
[INFO] [stderr]    Compiling clang-sys v1.7.0
[INFO] [stderr]    Compiling futures-core v0.3.30
[INFO] [stderr]    Compiling frunk_core v0.4.2
[INFO] [stderr]    Compiling lexical-parse-integer v0.8.6
[INFO] [stderr]    Compiling aho-corasick v1.1.2
[INFO] [stderr]    Compiling nom v7.1.3
[INFO] [stderr]    Compiling lexical-write-integer v0.8.5
[INFO] [stderr]    Compiling quote v1.0.35
[INFO] [stderr]    Compiling tokio_wasi v1.25.2
[INFO] [stderr]    Compiling num-bigint v0.4.4
[INFO] [stderr]    Compiling tinyvec_macros v0.1.1
[INFO] [stderr]    Compiling syn v2.0.48
[INFO] [stderr]    Compiling lazycell v1.3.0
[INFO] [stderr]    Compiling peeking_take_while v0.1.2
[INFO] [stderr]    Compiling log v0.4.20
[INFO] [stderr]    Compiling crc32fast v1.3.2
[INFO] [stderr]    Compiling rustc-hash v1.1.0
[INFO] [stderr]    Compiling radium v0.7.0
[INFO] [stderr]    Compiling byteorder v1.5.0
[INFO] [stderr]    Compiling getrandom v0.2.11
[INFO] [stderr]    Compiling cc v1.0.83
[INFO] [stderr]    Compiling shlex v1.2.0
[INFO] [stderr]    Compiling mio_wasi v0.8.9
[INFO] [stderr]    Compiling rand_core v0.6.4
[INFO] [stderr]    Compiling rand_chacha v0.3.1
[INFO] [stderr]    Compiling socket2 v0.4.10
[INFO] [stderr]    Compiling subprocess v0.2.9
[INFO] [stderr]    Compiling hashbrown v0.12.3
[INFO] [stderr]    Compiling rand v0.8.5
[INFO] [stderr]    Compiling regex-automata v0.4.3
[INFO] [stderr]    Compiling cmake v0.1.50
[INFO] [stderr]    Compiling crypto-common v0.1.6
[INFO] [stderr]    Compiling block-buffer v0.10.4
[INFO] [stderr]    Compiling digest v0.10.7
[INFO] [stderr]    Compiling cexpr v0.6.0
[INFO] [stderr]    Compiling tinyvec v1.6.0
[INFO] [stderr]    Compiling lexical-write-float v0.8.5
[INFO] [stderr]    Compiling lexical-parse-float v0.8.5
[INFO] [stderr]    Compiling tracing-core v0.1.32
[INFO] [stderr]    Compiling indexmap v1.9.3
[INFO] [stderr]    Compiling serde_json v1.0.111
[INFO] [stderr]    Compiling tap v1.0.1
[INFO] [stderr]    Compiling futures-task v0.3.30
[INFO] [stderr]    Compiling rust_decimal v1.33.1
[INFO] [stderr]    Compiling futures-sink v0.3.30
[INFO] [stderr]    Compiling powerfmt v0.2.0
[INFO] [stderr]    Compiling fnv v1.0.7
[INFO] [stderr]    Compiling pin-utils v0.1.0
[INFO] [stderr]    Compiling thiserror v1.0.56
[INFO] [stderr]    Compiling cpufeatures v0.2.12
[INFO] [stderr]    Compiling deranged v0.3.11
[INFO] [stderr]    Compiling lexical-core v0.8.5
[INFO] [stderr]    Compiling http v0.2.11
[INFO] [stderr]    Compiling tracing v0.1.40
[INFO] [stderr]    Compiling wyz v0.5.1
[INFO] [stderr]    Compiling unicode-normalization v0.1.22
[INFO] [stderr]    Compiling crossbeam-epoch v0.9.17
[INFO] [stderr]    Compiling base64 v0.13.1
[INFO] [stderr]    Compiling frunk_proc_macro_helpers v0.1.2
[INFO] [stderr]    Compiling time-core v0.1.2
[INFO] [stderr]    Compiling httparse v1.8.0
[INFO] [stderr]    Compiling unicode-bidi v0.3.14
[INFO] [stderr]    Compiling quick-error v1.2.3
[INFO] [stderr]    Compiling funty v2.0.0
[INFO] [stderr]    Compiling percent-encoding v2.3.1
[INFO] [stderr]    Compiling arrayvec v0.7.4
[INFO] [stderr]    Compiling ryu v1.0.16
[INFO] [stderr]    Compiling form_urlencoded v1.2.1
[INFO] [stderr]    Compiling time v0.3.31
[INFO] [stderr]    Compiling dns-parser v0.8.0
[INFO] [stderr]    Compiling crossbeam-deque v0.8.4
[INFO] [stderr]    Compiling flate2 v1.0.28
[INFO] [stderr]    Compiling lexical v6.1.1
[INFO] [stdout] error: You need to choose a zlib backend
[INFO] [stdout]    --> /opt/rustwide/cargo-home/registry/src/index.crates.io-6f17d22bba15001f/flate2-1.0.28/src/lib.rs:100:1
[INFO] [stdout]     |
[INFO] [stdout] 100 | compile_error!("You need to choose a zlib backend");
[INFO] [stdout]     | ^^^^^^^^^^^^^^^^^^^^^^^^^^^^^^^^^^^^^^^^^^^^^^^^^^^
[INFO] [stdout] 
[INFO] [stdout] 
[INFO] [stdout] error[E0432]: unresolved imports `crate::ffi::Deflate`, `crate::ffi::ErrorMessage`, `crate::ffi::Inflate`
[INFO] [stdout]  --> /opt/rustwide/cargo-home/registry/src/index.crates.io-6f17d22bba15001f/flate2-1.0.28/src/mem.rs:5:33
[INFO] [stdout]   |
[INFO] [stdout] 5 | use crate::ffi::{self, Backend, Deflate, DeflateBackend, ErrorMessage, Inflate, InflateBackend};
[INFO] [stdout]   |                                 ^^^^^^^                  ^^^^^^^^^^^^  ^^^^^^^ no `Inflate` in `ffi`
[INFO] [stdout]   |                                 |                        |
[INFO] [stdout]   |                                 |                        no `ErrorMessage` in `ffi`
[INFO] [stdout]   |                                 no `Deflate` in `ffi`
[INFO] [stdout] 
[INFO] [stdout] 
[INFO] [stdout] error[E0412]: cannot find type `ErrorMessage` in this scope
[INFO] [stdout]   --> /opt/rustwide/cargo-home/registry/src/index.crates.io-6f17d22bba15001f/flate2-1.0.28/src/ffi/mod.rs:48:26
[INFO] [stdout]    |
[INFO] [stdout] 48 | impl std::fmt::Debug for ErrorMessage {
[INFO] [stdout]    |                          ^^^^^^^^^^^^ not found in this scope
[INFO] [stdout] 
[INFO] [stdout] 
[INFO] [stdout] error[E0425]: cannot find value `MZ_NO_FLUSH` in module `ffi`
[INFO] [stdout]   --> /opt/rustwide/cargo-home/registry/src/index.crates.io-6f17d22bba15001f/flate2-1.0.28/src/mem.rs:50:17
[INFO] [stdout]    |
[INFO] [stdout] 50 |     None = ffi::MZ_NO_FLUSH as isize,
[INFO] [stdout]    |                 ^^^^^^^^^^^ not found in `ffi`
[INFO] [stdout] 
[INFO] [stdout] 
[INFO] [stdout] error[E0425]: cannot find value `MZ_SYNC_FLUSH` in module `ffi`
[INFO] [stdout]   --> /opt/rustwide/cargo-home/registry/src/index.crates.io-6f17d22bba15001f/flate2-1.0.28/src/mem.rs:59:17
[INFO] [stdout]    |
[INFO] [stdout] 59 |     Sync = ffi::MZ_SYNC_FLUSH as isize,
[INFO] [stdout]    |                 ^^^^^^^^^^^^^ not found in `ffi`
[INFO] [stdout] 
[INFO] [stdout] 
[INFO] [stdout] error[E0425]: cannot find value `MZ_PARTIAL_FLUSH` in module `ffi`
[INFO] [stdout]   --> /opt/rustwide/cargo-home/registry/src/index.crates.io-6f17d22bba15001f/flate2-1.0.28/src/mem.rs:69:20
[INFO] [stdout]    |
[INFO] [stdout] 69 |     Partial = ffi::MZ_PARTIAL_FLUSH as isize,
[INFO] [stdout]    |                    ^^^^^^^^^^^^^^^^ not found in `ffi`
[INFO] [stdout] 
[INFO] [stdout] 
[INFO] [stdout] error[E0425]: cannot find value `MZ_FULL_FLUSH` in module `ffi`
[INFO] [stdout]   --> /opt/rustwide/cargo-home/registry/src/index.crates.io-6f17d22bba15001f/flate2-1.0.28/src/mem.rs:76:17
[INFO] [stdout]    |
[INFO] [stdout] 76 |     Full = ffi::MZ_FULL_FLUSH as isize,
[INFO] [stdout]    |                 ^^^^^^^^^^^^^ not found in `ffi`
[INFO] [stdout] 
[INFO] [stdout] 
[INFO] [stdout] error[E0425]: cannot find value `MZ_FINISH` in module `ffi`
[INFO] [stdout]   --> /opt/rustwide/cargo-home/registry/src/index.crates.io-6f17d22bba15001f/flate2-1.0.28/src/mem.rs:82:19
[INFO] [stdout]    |
[INFO] [stdout] 82 |     Finish = ffi::MZ_FINISH as isize,
[INFO] [stdout]    |                   ^^^^^^^^^ not found in `ffi`
[INFO] [stdout] 
[INFO] [stdout] 
[INFO] [stdout] error[E0425]: cannot find value `MZ_NO_FLUSH` in module `ffi`
[INFO] [stdout]   --> /opt/rustwide/cargo-home/registry/src/index.crates.io-6f17d22bba15001f/flate2-1.0.28/src/mem.rs:93:17
[INFO] [stdout]    |
[INFO] [stdout] 93 |     None = ffi::MZ_NO_FLUSH as isize,
[INFO] [stdout]    |                 ^^^^^^^^^^^ not found in `ffi`
[INFO] [stdout] 
[INFO] [stdout] 
[INFO] [stdout] error[E0425]: cannot find value `MZ_SYNC_FLUSH` in module `ffi`
[INFO] [stdout]    --> /opt/rustwide/cargo-home/registry/src/index.crates.io-6f17d22bba15001f/flate2-1.0.28/src/mem.rs:102:17
[INFO] [stdout]     |
[INFO] [stdout] 102 |     Sync = ffi::MZ_SYNC_FLUSH as isize,
[INFO] [stdout]     |                 ^^^^^^^^^^^^^ not found in `ffi`
[INFO] [stdout] 
[INFO] [stdout] 
[INFO] [stdout] error[E0425]: cannot find value `MZ_FINISH` in module `ffi`
[INFO] [stdout]    --> /opt/rustwide/cargo-home/registry/src/index.crates.io-6f17d22bba15001f/flate2-1.0.28/src/mem.rs:108:19
[INFO] [stdout]     |
[INFO] [stdout] 108 |     Finish = ffi::MZ_FINISH as isize,
[INFO] [stdout]     |                   ^^^^^^^^^ not found in `ffi`
[INFO] [stdout] 
[INFO] [stdout] 
[INFO] [stdout] error[E0425]: cannot find value `MZ_DEFAULT_WINDOW_BITS` in module `ffi`
[INFO] [stdout]    --> /opt/rustwide/cargo-home/registry/src/index.crates.io-6f17d22bba15001f/flate2-1.0.28/src/mem.rs:197:59
[INFO] [stdout]     |
[INFO] [stdout] 197 |             inner: Deflate::make(level, zlib_header, ffi::MZ_DEFAULT_WINDOW_BITS as u8),
[INFO] [stdout]     |                                                           ^^^^^^^^^^^^^^^^^^^^^^ not found in `ffi`
[INFO] [stdout] 
[INFO] [stdout] 
[INFO] [stdout] error[E0425]: cannot find value `MZ_DEFAULT_WINDOW_BITS` in module `ffi`
[INFO] [stdout]    --> /opt/rustwide/cargo-home/registry/src/index.crates.io-6f17d22bba15001f/flate2-1.0.28/src/mem.rs:360:52
[INFO] [stdout]     |
[INFO] [stdout] 360 |             inner: Inflate::make(zlib_header, ffi::MZ_DEFAULT_WINDOW_BITS as u8),
[INFO] [stdout]     |                                                    ^^^^^^^^^^^^^^^^^^^^^^ not found in `ffi`
[INFO] [stdout] 
[INFO] [stdout] 
[INFO] [stderr]    Compiling idna v0.5.0
[INFO] [stdout] error: aborting due to 13 previous errors
[INFO] [stdout] 
[INFO] [stdout] 
[INFO] [stdout] Some errors have detailed explanations: E0412, E0425, E0432.
[INFO] [stdout] 
[INFO] [stdout] For more information about an error, try `rustc --explain E0412`.
[INFO] [stdout] 
[INFO] [stderr] error: could not compile `flate2` (lib) due to 14 previous errors
[INFO] [stderr] warning: build failed, waiting for other jobs to finish...
[INFO] running `Command { std: "docker" "inspect" "aae0e0a5af588ccd87ab9af749808085d11d42e5f1c03b344a7f7e8ef88bdbae", kill_on_drop: false }`
[INFO] running `Command { std: "docker" "rm" "-f" "aae0e0a5af588ccd87ab9af749808085d11d42e5f1c03b344a7f7e8ef88bdbae", kill_on_drop: false }`
[INFO] [stdout] aae0e0a5af588ccd87ab9af749808085d11d42e5f1c03b344a7f7e8ef88bdbae
