[INFO] fetching crate mdbx-proc 0.1.1...
[INFO] testing mdbx-proc-0.1.1 against 1.75.0 for beta-1.76-1
[INFO] extracting crate mdbx-proc 0.1.1 into /workspace/builds/worker-7-tc1/source
[INFO] validating manifest of crates.io crate mdbx-proc 0.1.1 on toolchain 1.75.0
[INFO] running `Command { std: CARGO_HOME="/workspace/cargo-home" RUSTUP_HOME="/workspace/rustup-home" "/workspace/cargo-home/bin/cargo" "+1.75.0" "metadata" "--manifest-path" "Cargo.toml" "--no-deps", kill_on_drop: false }`
[INFO] started tweaking crates.io crate mdbx-proc 0.1.1
[INFO] finished tweaking crates.io crate mdbx-proc 0.1.1
[INFO] tweaked toml for crates.io crate mdbx-proc 0.1.1 written to /workspace/builds/worker-7-tc1/source/Cargo.toml
[INFO] running `Command { std: CARGO_HOME="/workspace/cargo-home" RUSTUP_HOME="/workspace/rustup-home" "/workspace/cargo-home/bin/cargo" "+1.75.0" "generate-lockfile" "--manifest-path" "Cargo.toml", kill_on_drop: false }`
[INFO] running `Command { std: CARGO_HOME="/workspace/cargo-home" RUSTUP_HOME="/workspace/rustup-home" "/workspace/cargo-home/bin/cargo" "+1.75.0" "fetch" "--manifest-path" "Cargo.toml", kill_on_drop: false }`
[INFO] running `Command { std: "docker" "create" "-v" "/var/lib/crater-agent-workspace/builds/worker-7-tc1/target:/opt/rustwide/target:rw,Z" "-v" "/var/lib/crater-agent-workspace/builds/worker-7-tc1/source:/opt/rustwide/workdir:ro,Z" "-v" "/var/lib/crater-agent-workspace/cargo-home:/opt/rustwide/cargo-home:ro,Z" "-v" "/var/lib/crater-agent-workspace/rustup-home:/opt/rustwide/rustup-home:ro,Z" "-e" "SOURCE_DIR=/opt/rustwide/workdir" "-e" "CARGO_TARGET_DIR=/opt/rustwide/target" "-e" "CARGO_HOME=/opt/rustwide/cargo-home" "-e" "RUSTUP_HOME=/opt/rustwide/rustup-home" "-w" "/opt/rustwide/workdir" "-m" "1610612736" "--user" "0:0" "--network" "none" "ghcr.io/rust-lang/crates-build-env/linux@sha256:2788e3201cd34a07e3172128adcd8b3090168a8e3bcc40d7c032b9dda1df7d1c" "/opt/rustwide/cargo-home/bin/cargo" "+1.75.0" "metadata" "--no-deps" "--format-version=1", kill_on_drop: false }`
[INFO] [stdout] 2f56c0992b2c963986e77119687fae0dc2cafcb2bc17ee254dbddc3f22f43a56
[INFO] running `Command { std: "docker" "start" "-a" "2f56c0992b2c963986e77119687fae0dc2cafcb2bc17ee254dbddc3f22f43a56", kill_on_drop: false }`
[INFO] running `Command { std: "docker" "inspect" "2f56c0992b2c963986e77119687fae0dc2cafcb2bc17ee254dbddc3f22f43a56", kill_on_drop: false }`
[INFO] running `Command { std: "docker" "rm" "-f" "2f56c0992b2c963986e77119687fae0dc2cafcb2bc17ee254dbddc3f22f43a56", kill_on_drop: false }`
[INFO] [stdout] 2f56c0992b2c963986e77119687fae0dc2cafcb2bc17ee254dbddc3f22f43a56
[INFO] running `Command { std: "docker" "create" "-v" "/var/lib/crater-agent-workspace/builds/worker-7-tc1/target:/opt/rustwide/target:rw,Z" "-v" "/var/lib/crater-agent-workspace/builds/worker-7-tc1/source:/opt/rustwide/workdir:ro,Z" "-v" "/var/lib/crater-agent-workspace/cargo-home:/opt/rustwide/cargo-home:ro,Z" "-v" "/var/lib/crater-agent-workspace/rustup-home:/opt/rustwide/rustup-home:ro,Z" "-e" "SOURCE_DIR=/opt/rustwide/workdir" "-e" "CARGO_TARGET_DIR=/opt/rustwide/target" "-e" "CARGO_INCREMENTAL=0" "-e" "RUST_BACKTRACE=full" "-e" "RUSTFLAGS=--cap-lints=warn" "-e" "RUSTDOCFLAGS=--cap-lints=warn" "-e" "CARGO_HOME=/opt/rustwide/cargo-home" "-e" "RUSTUP_HOME=/opt/rustwide/rustup-home" "-w" "/opt/rustwide/workdir" "-m" "1610612736" "--user" "0:0" "--network" "none" "ghcr.io/rust-lang/crates-build-env/linux@sha256:2788e3201cd34a07e3172128adcd8b3090168a8e3bcc40d7c032b9dda1df7d1c" "/opt/rustwide/cargo-home/bin/cargo" "+1.75.0" "build" "--frozen" "--message-format=json", kill_on_drop: false }`
[INFO] [stdout] c7edf5ddf4f35060c289d8afd4d04508124f9d8a1557748844e7b04f6b9eb189
[INFO] running `Command { std: "docker" "start" "-a" "c7edf5ddf4f35060c289d8afd4d04508124f9d8a1557748844e7b04f6b9eb189", kill_on_drop: false }`
[INFO] [stderr]    Compiling mdbx-proc v0.1.1 (/opt/rustwide/workdir)
[INFO] [stdout] error[E0554]: `#![feature]` may not be used on the stable release channel
[INFO] [stdout]  --> src/lib.rs:1:12
[INFO] [stdout]   |
[INFO] [stdout] 1 | #![feature(proc_macro_span)]
[INFO] [stdout]   |            ^^^^^^^^^^^^^^^
[INFO] [stdout] 
[INFO] [stdout] 
[INFO] [stdout] error[E0615]: attempted to take value of method `line` on type `proc_macro::Span`
[INFO] [stdout]   --> src/lib.rs:29:25
[INFO] [stdout]    |
[INFO] [stdout] 29 |     let mut line = span.line;
[INFO] [stdout]    |                         ^^^^ method, not a field
[INFO] [stdout]    |
[INFO] [stdout] help: use parentheses to call the method
[INFO] [stdout]    |
[INFO] [stdout] 29 |     let mut line = span.line();
[INFO] [stdout]    |                             ++
[INFO] [stdout] 
[INFO] [stdout] 
[INFO] [stdout] error[E0615]: attempted to take value of method `column` on type `proc_macro::Span`
[INFO] [stdout]   --> src/lib.rs:30:32
[INFO] [stdout]    |
[INFO] [stdout] 30 |     let mut indent_base = span.column;
[INFO] [stdout]    |                                ^^^^^^ method, not a field
[INFO] [stdout]    |
[INFO] [stdout] help: use parentheses to call the method
[INFO] [stdout]    |
[INFO] [stdout] 30 |     let mut indent_base = span.column();
[INFO] [stdout]    |                                      ++
[INFO] [stdout] 
[INFO] [stdout] 
[INFO] [stdout] error[E0615]: attempted to take value of method `line` on type `proc_macro::Span`
[INFO] [stdout]   --> src/lib.rs:35:15
[INFO] [stdout]    |
[INFO] [stdout] 35 |       if span.line != line {
[INFO] [stdout]    |               ^^^^ method, not a field
[INFO] [stdout]    |
[INFO] [stdout] help: use parentheses to call the method
[INFO] [stdout]    |
[INFO] [stdout] 35 |       if span.line() != line {
[INFO] [stdout]    |                   ++
[INFO] [stdout] 
[INFO] [stdout] 
[INFO] [stdout] error[E0615]: attempted to take value of method `line` on type `proc_macro::Span`
[INFO] [stdout]   --> src/lib.rs:36:21
[INFO] [stdout]    |
[INFO] [stdout] 36 |         line = span.line;
[INFO] [stdout]    |                     ^^^^ method, not a field
[INFO] [stdout]    |
[INFO] [stdout] help: use parentheses to call the method
[INFO] [stdout]    |
[INFO] [stdout] 36 |         line = span.line();
[INFO] [stdout]    |                         ++
[INFO] [stdout] 
[INFO] [stdout] 
[INFO] [stdout] error[E0615]: attempted to take value of method `column` on type `proc_macro::Span`
[INFO] [stdout]   --> src/lib.rs:37:27
[INFO] [stdout]    |
[INFO] [stdout] 37 |         let column = span.column;
[INFO] [stdout]    |                           ^^^^^^ method, not a field
[INFO] [stdout]    |
[INFO] [stdout] help: use parentheses to call the method
[INFO] [stdout]    |
[INFO] [stdout] 37 |         let column = span.column();
[INFO] [stdout]    |                                 ++
[INFO] [stdout] 
[INFO] [stdout] 
[INFO] [stdout] error: aborting due to 6 previous errors
[INFO] [stdout] 
[INFO] [stdout] 
[INFO] [stdout] Some errors have detailed explanations: E0554, E0615.
[INFO] [stdout] 
[INFO] [stdout] For more information about an error, try `rustc --explain E0554`.
[INFO] [stdout] 
[INFO] [stderr] error: could not compile `mdbx-proc` (lib) due to 7 previous errors
[INFO] running `Command { std: "docker" "inspect" "c7edf5ddf4f35060c289d8afd4d04508124f9d8a1557748844e7b04f6b9eb189", kill_on_drop: false }`
[INFO] running `Command { std: "docker" "rm" "-f" "c7edf5ddf4f35060c289d8afd4d04508124f9d8a1557748844e7b04f6b9eb189", kill_on_drop: false }`
[INFO] [stdout] c7edf5ddf4f35060c289d8afd4d04508124f9d8a1557748844e7b04f6b9eb189
[INFO] testing mdbx-proc-0.1.1 against beta-2023-12-22 for beta-1.76-1
[INFO] extracting crate mdbx-proc 0.1.1 into /workspace/builds/worker-7-tc2/source
[INFO] validating manifest of crates.io crate mdbx-proc 0.1.1 on toolchain beta-2023-12-22
[INFO] running `Command { std: CARGO_HOME="/workspace/cargo-home" RUSTUP_HOME="/workspace/rustup-home" "/workspace/cargo-home/bin/cargo" "+beta-2023-12-22" "metadata" "--manifest-path" "Cargo.toml" "--no-deps", kill_on_drop: false }`
[INFO] started tweaking crates.io crate mdbx-proc 0.1.1
[INFO] finished tweaking crates.io crate mdbx-proc 0.1.1
[INFO] tweaked toml for crates.io crate mdbx-proc 0.1.1 written to /workspace/builds/worker-7-tc2/source/Cargo.toml
[INFO] running `Command { std: CARGO_HOME="/workspace/cargo-home" RUSTUP_HOME="/workspace/rustup-home" "/workspace/cargo-home/bin/cargo" "+beta-2023-12-22" "generate-lockfile" "--manifest-path" "Cargo.toml", kill_on_drop: false }`
[INFO] [stderr]     Blocking waiting for file lock on package cache
[INFO] running `Command { std: CARGO_HOME="/workspace/cargo-home" RUSTUP_HOME="/workspace/rustup-home" "/workspace/cargo-home/bin/cargo" "+beta-2023-12-22" "fetch" "--manifest-path" "Cargo.toml", kill_on_drop: false }`
[INFO] running `Command { std: "docker" "create" "-v" "/var/lib/crater-agent-workspace/builds/worker-7-tc2/target:/opt/rustwide/target:rw,Z" "-v" "/var/lib/crater-agent-workspace/builds/worker-7-tc2/source:/opt/rustwide/workdir:ro,Z" "-v" "/var/lib/crater-agent-workspace/cargo-home:/opt/rustwide/cargo-home:ro,Z" "-v" "/var/lib/crater-agent-workspace/rustup-home:/opt/rustwide/rustup-home:ro,Z" "-e" "SOURCE_DIR=/opt/rustwide/workdir" "-e" "CARGO_TARGET_DIR=/opt/rustwide/target" "-e" "CARGO_HOME=/opt/rustwide/cargo-home" "-e" "RUSTUP_HOME=/opt/rustwide/rustup-home" "-w" "/opt/rustwide/workdir" "-m" "1610612736" "--user" "0:0" "--network" "none" "ghcr.io/rust-lang/crates-build-env/linux@sha256:2788e3201cd34a07e3172128adcd8b3090168a8e3bcc40d7c032b9dda1df7d1c" "/opt/rustwide/cargo-home/bin/cargo" "+beta-2023-12-22" "metadata" "--no-deps" "--format-version=1", kill_on_drop: false }`
[INFO] [stdout] 804544628ac744c59c4a99c127f8316e5e49154213300cecec6b4fb1a00c15df
[INFO] running `Command { std: "docker" "start" "-a" "804544628ac744c59c4a99c127f8316e5e49154213300cecec6b4fb1a00c15df", kill_on_drop: false }`
[INFO] running `Command { std: "docker" "inspect" "804544628ac744c59c4a99c127f8316e5e49154213300cecec6b4fb1a00c15df", kill_on_drop: false }`
[INFO] running `Command { std: "docker" "rm" "-f" "804544628ac744c59c4a99c127f8316e5e49154213300cecec6b4fb1a00c15df", kill_on_drop: false }`
[INFO] [stdout] 804544628ac744c59c4a99c127f8316e5e49154213300cecec6b4fb1a00c15df
[INFO] running `Command { std: "docker" "create" "-v" "/var/lib/crater-agent-workspace/builds/worker-7-tc2/target:/opt/rustwide/target:rw,Z" "-v" "/var/lib/crater-agent-workspace/builds/worker-7-tc2/source:/opt/rustwide/workdir:ro,Z" "-v" "/var/lib/crater-agent-workspace/cargo-home:/opt/rustwide/cargo-home:ro,Z" "-v" "/var/lib/crater-agent-workspace/rustup-home:/opt/rustwide/rustup-home:ro,Z" "-e" "SOURCE_DIR=/opt/rustwide/workdir" "-e" "CARGO_TARGET_DIR=/opt/rustwide/target" "-e" "CARGO_INCREMENTAL=0" "-e" "RUST_BACKTRACE=full" "-e" "RUSTFLAGS=--cap-lints=warn" "-e" "RUSTDOCFLAGS=--cap-lints=warn" "-e" "CARGO_HOME=/opt/rustwide/cargo-home" "-e" "RUSTUP_HOME=/opt/rustwide/rustup-home" "-w" "/opt/rustwide/workdir" "-m" "1610612736" "--user" "0:0" "--network" "none" "ghcr.io/rust-lang/crates-build-env/linux@sha256:2788e3201cd34a07e3172128adcd8b3090168a8e3bcc40d7c032b9dda1df7d1c" "/opt/rustwide/cargo-home/bin/cargo" "+beta-2023-12-22" "build" "--frozen" "--message-format=json", kill_on_drop: false }`
[INFO] [stdout] d1b1ed5ecb7c2d3d322a6be18f7f53c146b1a54ace8b71dafae92572416f0b26
[INFO] running `Command { std: "docker" "start" "-a" "d1b1ed5ecb7c2d3d322a6be18f7f53c146b1a54ace8b71dafae92572416f0b26", kill_on_drop: false }`
[INFO] [stderr]    Compiling mdbx-proc v0.1.1 (/opt/rustwide/workdir)
[INFO] [stdout] error[E0554]: `#![feature]` may not be used on the beta release channel
[INFO] [stdout]  --> src/lib.rs:1:12
[INFO] [stdout]   |
[INFO] [stdout] 1 | #![feature(proc_macro_span)]
[INFO] [stdout]   |            ^^^^^^^^^^^^^^^
[INFO] [stdout] 
[INFO] [stdout] 
[INFO] [stdout] error[E0615]: attempted to take value of method `line` on type `proc_macro::Span`
[INFO] [stdout]   --> src/lib.rs:29:25
[INFO] [stdout]    |
[INFO] [stdout] 29 |     let mut line = span.line;
[INFO] [stdout]    |                         ^^^^ method, not a field
[INFO] [stdout]    |
[INFO] [stdout] help: use parentheses to call the method
[INFO] [stdout]    |
[INFO] [stdout] 29 |     let mut line = span.line();
[INFO] [stdout]    |                             ++
[INFO] [stdout] 
[INFO] [stdout] 
[INFO] [stdout] error[E0615]: attempted to take value of method `column` on type `proc_macro::Span`
[INFO] [stdout]   --> src/lib.rs:30:32
[INFO] [stdout]    |
[INFO] [stdout] 30 |     let mut indent_base = span.column;
[INFO] [stdout]    |                                ^^^^^^ method, not a field
[INFO] [stdout]    |
[INFO] [stdout] help: use parentheses to call the method
[INFO] [stdout]    |
[INFO] [stdout] 30 |     let mut indent_base = span.column();
[INFO] [stdout]    |                                      ++
[INFO] [stdout] 
[INFO] [stdout] 
[INFO] [stdout] error[E0615]: attempted to take value of method `line` on type `proc_macro::Span`
[INFO] [stdout]   --> src/lib.rs:35:15
[INFO] [stdout]    |
[INFO] [stdout] 35 |       if span.line != line {
[INFO] [stdout]    |               ^^^^ method, not a field
[INFO] [stdout]    |
[INFO] [stdout] help: use parentheses to call the method
[INFO] [stdout]    |
[INFO] [stdout] 35 |       if span.line() != line {
[INFO] [stdout]    |                   ++
[INFO] [stdout] 
[INFO] [stdout] 
[INFO] [stdout] error[E0615]: attempted to take value of method `line` on type `proc_macro::Span`
[INFO] [stdout]   --> src/lib.rs:36:21
[INFO] [stdout]    |
[INFO] [stdout] 36 |         line = span.line;
[INFO] [stdout]    |                     ^^^^ method, not a field
[INFO] [stdout]    |
[INFO] [stdout] help: use parentheses to call the method
[INFO] [stdout]    |
[INFO] [stdout] 36 |         line = span.line();
[INFO] [stdout]    |                         ++
[INFO] [stdout] 
[INFO] [stdout] 
[INFO] [stdout] error[E0615]: attempted to take value of method `column` on type `proc_macro::Span`
[INFO] [stdout]   --> src/lib.rs:37:27
[INFO] [stdout]    |
[INFO] [stdout] 37 |         let column = span.column;
[INFO] [stdout]    |                           ^^^^^^ method, not a field
[INFO] [stdout]    |
[INFO] [stdout] help: use parentheses to call the method
[INFO] [stdout]    |
[INFO] [stdout] 37 |         let column = span.column();
[INFO] [stdout]    |                                 ++
[INFO] [stdout] 
[INFO] [stdout] 
[INFO] [stdout] error: aborting due to 6 previous errors
[INFO] [stdout] 
[INFO] [stdout] 
[INFO] [stdout] Some errors have detailed explanations: E0554, E0615.
[INFO] [stdout] 
[INFO] [stdout] For more information about an error, try `rustc --explain E0554`.
[INFO] [stdout] 
[INFO] [stderr] error: could not compile `mdbx-proc` (lib) due to 7 previous errors
[INFO] running `Command { std: "docker" "inspect" "d1b1ed5ecb7c2d3d322a6be18f7f53c146b1a54ace8b71dafae92572416f0b26", kill_on_drop: false }`
[INFO] running `Command { std: "docker" "rm" "-f" "d1b1ed5ecb7c2d3d322a6be18f7f53c146b1a54ace8b71dafae92572416f0b26", kill_on_drop: false }`
[INFO] [stdout] d1b1ed5ecb7c2d3d322a6be18f7f53c146b1a54ace8b71dafae92572416f0b26
