[INFO] fetching crate mauth-client 0.2.0...
[INFO] testing mauth-client-0.2.0 against 1.75.0 for beta-1.76-1
[INFO] extracting crate mauth-client 0.2.0 into /workspace/builds/worker-3-tc1/source
[INFO] validating manifest of crates.io crate mauth-client 0.2.0 on toolchain 1.75.0
[INFO] running `Command { std: CARGO_HOME="/workspace/cargo-home" RUSTUP_HOME="/workspace/rustup-home" "/workspace/cargo-home/bin/cargo" "+1.75.0" "metadata" "--manifest-path" "Cargo.toml" "--no-deps", kill_on_drop: false }`
[INFO] started tweaking crates.io crate mauth-client 0.2.0
[INFO] finished tweaking crates.io crate mauth-client 0.2.0
[INFO] tweaked toml for crates.io crate mauth-client 0.2.0 written to /workspace/builds/worker-3-tc1/source/Cargo.toml
[INFO] running `Command { std: CARGO_HOME="/workspace/cargo-home" RUSTUP_HOME="/workspace/rustup-home" "/workspace/cargo-home/bin/cargo" "+1.75.0" "generate-lockfile" "--manifest-path" "Cargo.toml", kill_on_drop: false }`
[INFO] [stderr]     Updating crates.io index
[INFO] running `Command { std: CARGO_HOME="/workspace/cargo-home" RUSTUP_HOME="/workspace/rustup-home" "/workspace/cargo-home/bin/cargo" "+1.75.0" "fetch" "--manifest-path" "Cargo.toml", kill_on_drop: false }`
[INFO] running `Command { std: "docker" "create" "-v" "/var/lib/crater-agent-workspace/builds/worker-3-tc1/target:/opt/rustwide/target:rw,Z" "-v" "/var/lib/crater-agent-workspace/builds/worker-3-tc1/source:/opt/rustwide/workdir:ro,Z" "-v" "/var/lib/crater-agent-workspace/cargo-home:/opt/rustwide/cargo-home:ro,Z" "-v" "/var/lib/crater-agent-workspace/rustup-home:/opt/rustwide/rustup-home:ro,Z" "-e" "SOURCE_DIR=/opt/rustwide/workdir" "-e" "CARGO_TARGET_DIR=/opt/rustwide/target" "-e" "CARGO_HOME=/opt/rustwide/cargo-home" "-e" "RUSTUP_HOME=/opt/rustwide/rustup-home" "-w" "/opt/rustwide/workdir" "-m" "1610612736" "--user" "0:0" "--network" "none" "ghcr.io/rust-lang/crates-build-env/linux@sha256:2788e3201cd34a07e3172128adcd8b3090168a8e3bcc40d7c032b9dda1df7d1c" "/opt/rustwide/cargo-home/bin/cargo" "+1.75.0" "metadata" "--no-deps" "--format-version=1", kill_on_drop: false }`
[INFO] [stdout] 386fb3177691f5c9aae8425064d9deb0eb7746387ccb3be624494efdafa677b5
[INFO] running `Command { std: "docker" "start" "-a" "386fb3177691f5c9aae8425064d9deb0eb7746387ccb3be624494efdafa677b5", kill_on_drop: false }`
[INFO] running `Command { std: "docker" "inspect" "386fb3177691f5c9aae8425064d9deb0eb7746387ccb3be624494efdafa677b5", kill_on_drop: false }`
[INFO] running `Command { std: "docker" "rm" "-f" "386fb3177691f5c9aae8425064d9deb0eb7746387ccb3be624494efdafa677b5", kill_on_drop: false }`
[INFO] [stdout] 386fb3177691f5c9aae8425064d9deb0eb7746387ccb3be624494efdafa677b5
[INFO] running `Command { std: "docker" "create" "-v" "/var/lib/crater-agent-workspace/builds/worker-3-tc1/target:/opt/rustwide/target:rw,Z" "-v" "/var/lib/crater-agent-workspace/builds/worker-3-tc1/source:/opt/rustwide/workdir:ro,Z" "-v" "/var/lib/crater-agent-workspace/cargo-home:/opt/rustwide/cargo-home:ro,Z" "-v" "/var/lib/crater-agent-workspace/rustup-home:/opt/rustwide/rustup-home:ro,Z" "-e" "SOURCE_DIR=/opt/rustwide/workdir" "-e" "CARGO_TARGET_DIR=/opt/rustwide/target" "-e" "CARGO_INCREMENTAL=0" "-e" "RUST_BACKTRACE=full" "-e" "RUSTFLAGS=--cap-lints=warn" "-e" "RUSTDOCFLAGS=--cap-lints=warn" "-e" "CARGO_HOME=/opt/rustwide/cargo-home" "-e" "RUSTUP_HOME=/opt/rustwide/rustup-home" "-w" "/opt/rustwide/workdir" "-m" "1610612736" "--user" "0:0" "--network" "none" "ghcr.io/rust-lang/crates-build-env/linux@sha256:2788e3201cd34a07e3172128adcd8b3090168a8e3bcc40d7c032b9dda1df7d1c" "/opt/rustwide/cargo-home/bin/cargo" "+1.75.0" "build" "--frozen" "--message-format=json", kill_on_drop: false }`
[INFO] [stdout] e50762a8fd422be62b6b29383e3aeb5ff23a8ec01a479d816711e907b39e5784
[INFO] running `Command { std: "docker" "start" "-a" "e50762a8fd422be62b6b29383e3aeb5ff23a8ec01a479d816711e907b39e5784", kill_on_drop: false }`
[INFO] [stderr]    Compiling http v1.0.0
[INFO] [stderr]    Compiling openssl v0.10.62
[INFO] [stderr]    Compiling futures-util v0.3.30
[INFO] [stderr]    Compiling serde v1.0.194
[INFO] [stderr]    Compiling tracing v0.1.40
[INFO] [stderr]    Compiling futures-channel v0.3.30
[INFO] [stderr]    Compiling syn v2.0.48
[INFO] [stderr]    Compiling getrandom v0.2.11
[INFO] [stderr]    Compiling openssl-sys v0.9.98
[INFO] [stderr]    Compiling tokio v1.35.1
[INFO] [stderr]    Compiling option-ext v0.2.0
[INFO] [stderr]    Compiling regex-syntax v0.8.2
[INFO] [stderr]    Compiling digest v0.10.7
[INFO] [stderr]    Compiling mauth-client v0.2.0 (/opt/rustwide/workdir)
[INFO] [stderr]    Compiling unsafe-libyaml v0.2.10
[INFO] [stderr]    Compiling iana-time-zone v0.1.59
[INFO] [stderr]    Compiling dirs-sys v0.4.1
[INFO] [stderr]    Compiling chrono v0.4.31
[INFO] [stderr]    Compiling dirs v5.0.1
[INFO] [stderr]    Compiling uuid v1.6.1
[INFO] [stderr]    Compiling sha2 v0.10.8
[INFO] [stderr]    Compiling ring v0.17.7
[INFO] [stderr]    Compiling native-tls v0.2.11
[INFO] [stderr]    Compiling http-body v1.0.0
[INFO] [stderr]    Compiling regex-automata v0.4.3
[INFO] [stderr]    Compiling http-body-util v0.1.0
[INFO] [stderr]    Compiling regex v1.10.2
[INFO] [stderr]    Compiling hyper v1.1.0
[INFO] [stderr]    Compiling openssl-macros v0.1.1
[INFO] [stderr]    Compiling pin-project-internal v1.1.3
[INFO] [stderr]    Compiling serde_derive v1.0.194
[INFO] [stderr]    Compiling thiserror-impl v1.0.56
[INFO] [stderr]    Compiling thiserror v1.0.56
[INFO] [stderr]    Compiling pin-project v1.1.3
[INFO] [stderr]    Compiling tower v0.4.13
[INFO] [stderr]    Compiling hyper-util v0.1.2
[INFO] [stderr]    Compiling tokio-native-tls v0.3.1
[INFO] [stderr]    Compiling hyper-tls v0.6.0
[INFO] [stderr]    Compiling serde_yaml v0.9.30
[INFO] [stderr]    Compiling serde_json v1.0.111
[INFO] [stdout] error[E0432]: unresolved import `hyper::body::HttpBody`
[INFO] [stdout]   --> src/lib.rs:47:5
[INFO] [stdout]    |
[INFO] [stdout] 47 | use hyper::body::HttpBody;
[INFO] [stdout]    |     ^^^^^^^^^^^^^^^^^^^^^ no `HttpBody` in `body`
[INFO] [stdout] 
[INFO] [stdout] 
[INFO] [stdout] error[E0432]: unresolved imports `hyper::Body`, `hyper::Client`
[INFO] [stdout]   --> src/lib.rs:49:13
[INFO] [stdout]    |
[INFO] [stdout] 49 | use hyper::{Body, Client, Method, Request, Response};
[INFO] [stdout]    |             ^^^^  ^^^^^^ no `Client` in the root
[INFO] [stdout]    |             |
[INFO] [stdout]    |             no `Body` in the root
[INFO] [stdout]    |
[INFO] [stdout]    = help: consider importing this trait instead:
[INFO] [stdout]            hyper::body::Body
[INFO] [stdout] help: a similar name exists in the module
[INFO] [stdout]    |
[INFO] [stdout] 49 | use hyper::{body, Client, Method, Request, Response};
[INFO] [stdout]    |             ~~~~
[INFO] [stdout] help: a similar name exists in the module
[INFO] [stdout]    |
[INFO] [stdout] 49 | use hyper::{Body, client, Method, Request, Response};
[INFO] [stdout]    |                   ~~~~~~
[INFO] [stdout] 
[INFO] [stdout] 
[INFO] [stdout] error[E0412]: cannot find type `Body` in crate `hyper`
[INFO] [stdout]    --> src/lib.rs:689:58
[INFO] [stdout]     |
[INFO] [stdout] 689 |         let client = Client::builder().build::<_, hyper::Body>(https);
[INFO] [stdout]     |                                                          ^^^^ not found in `hyper`
[INFO] [stdout]     |
[INFO] [stdout] help: consider importing this trait
[INFO] [stdout]     |
[INFO] [stdout] 42  + use hyper::body::Body;
[INFO] [stdout]     |
[INFO] [stdout] help: if you import `Body`, refer to it directly
[INFO] [stdout]     |
[INFO] [stdout] 689 -         let client = Client::builder().build::<_, hyper::Body>(https);
[INFO] [stdout] 689 +         let client = Client::builder().build::<_, Body>(https);
[INFO] [stdout]     |
[INFO] [stdout] 
[INFO] [stdout] 
[INFO] [stdout] warning: use of deprecated method `ring::rsa::KeyPair::public_modulus_len`: Use `public().modulus_len()`
[INFO] [stdout]    --> src/lib.rs:429:54
[INFO] [stdout]     |
[INFO] [stdout] 429 |         let mut signature = vec![0; self.private_key.public_modulus_len()];
[INFO] [stdout]     |                                                      ^^^^^^^^^^^^^^^^^^
[INFO] [stdout]     |
[INFO] [stdout]     = note: `#[warn(deprecated)]` on by default
[INFO] [stdout] 
[INFO] [stdout] 
[INFO] [stdout] error: aborting due to 3 previous errors; 1 warning emitted
[INFO] [stdout] 
[INFO] [stdout] 
[INFO] [stdout] Some errors have detailed explanations: E0412, E0432.
[INFO] [stdout] 
[INFO] [stdout] For more information about an error, try `rustc --explain E0412`.
[INFO] [stdout] 
[INFO] [stderr] error: could not compile `mauth-client` (lib) due to 4 previous errors; 1 warning emitted
[INFO] [stderr] warning: build failed, waiting for other jobs to finish...
[INFO] running `Command { std: "docker" "inspect" "e50762a8fd422be62b6b29383e3aeb5ff23a8ec01a479d816711e907b39e5784", kill_on_drop: false }`
[INFO] running `Command { std: "docker" "rm" "-f" "e50762a8fd422be62b6b29383e3aeb5ff23a8ec01a479d816711e907b39e5784", kill_on_drop: false }`
[INFO] [stdout] e50762a8fd422be62b6b29383e3aeb5ff23a8ec01a479d816711e907b39e5784
