[INFO] fetching crate matrix-sdk-sled 0.2.0...
[INFO] testing matrix-sdk-sled-0.2.0 against 1.75.0 for beta-1.76-1
[INFO] extracting crate matrix-sdk-sled 0.2.0 into /workspace/builds/worker-4-tc1/source
[INFO] validating manifest of crates.io crate matrix-sdk-sled 0.2.0 on toolchain 1.75.0
[INFO] running `Command { std: CARGO_HOME="/workspace/cargo-home" RUSTUP_HOME="/workspace/rustup-home" "/workspace/cargo-home/bin/cargo" "+1.75.0" "metadata" "--manifest-path" "Cargo.toml" "--no-deps", kill_on_drop: false }`
[INFO] started tweaking crates.io crate matrix-sdk-sled 0.2.0
[INFO] finished tweaking crates.io crate matrix-sdk-sled 0.2.0
[INFO] tweaked toml for crates.io crate matrix-sdk-sled 0.2.0 written to /workspace/builds/worker-4-tc1/source/Cargo.toml
[INFO] running `Command { std: CARGO_HOME="/workspace/cargo-home" RUSTUP_HOME="/workspace/rustup-home" "/workspace/cargo-home/bin/cargo" "+1.75.0" "generate-lockfile" "--manifest-path" "Cargo.toml", kill_on_drop: false }`
[INFO] [stderr]     Updating crates.io index
[INFO] running `Command { std: CARGO_HOME="/workspace/cargo-home" RUSTUP_HOME="/workspace/rustup-home" "/workspace/cargo-home/bin/cargo" "+1.75.0" "fetch" "--manifest-path" "Cargo.toml", kill_on_drop: false }`
[INFO] [stderr]  Downloading crates ...
[INFO] [stderr]   Downloaded ruma-identifiers-validation v0.9.3
[INFO] [stderr]   Downloaded gensym v0.1.1
[INFO] [stderr]   Downloaded futures-signals v0.3.33
[INFO] [stderr]   Downloaded matrix-sdk-common v0.6.0
[INFO] [stderr]   Downloaded ruma v0.7.4
[INFO] [stderr]   Downloaded matrix-sdk-base v0.6.1
[INFO] [stderr]   Downloaded js_int v0.2.2
[INFO] [stderr]   Downloaded matrix-sdk-store-encryption v0.2.0
[INFO] [stderr]   Downloaded js_option v0.1.1
[INFO] [stderr]   Downloaded wildmatch v2.3.0
[INFO] [stderr]   Downloaded universal-hash v0.4.0
[INFO] [stderr]   Downloaded assign v1.1.1
[INFO] [stderr]   Downloaded ruma-macros v0.10.5
[INFO] [stderr]   Downloaded vodozemac v0.3.0
[INFO] [stderr]   Downloaded ruma-client-api v0.15.3
[INFO] [stderr]   Downloaded ruma-common v0.10.5
[INFO] [stderr]   Downloaded matrix-sdk-crypto v0.6.0
[INFO] [stderr]   Downloaded sled v0.34.7
[INFO] [stderr]   Downloaded pkcs7 v0.3.0
[INFO] running `Command { std: "docker" "create" "-v" "/var/lib/crater-agent-workspace/builds/worker-4-tc1/target:/opt/rustwide/target:rw,Z" "-v" "/var/lib/crater-agent-workspace/builds/worker-4-tc1/source:/opt/rustwide/workdir:ro,Z" "-v" "/var/lib/crater-agent-workspace/cargo-home:/opt/rustwide/cargo-home:ro,Z" "-v" "/var/lib/crater-agent-workspace/rustup-home:/opt/rustwide/rustup-home:ro,Z" "-e" "SOURCE_DIR=/opt/rustwide/workdir" "-e" "CARGO_TARGET_DIR=/opt/rustwide/target" "-e" "CARGO_HOME=/opt/rustwide/cargo-home" "-e" "RUSTUP_HOME=/opt/rustwide/rustup-home" "-w" "/opt/rustwide/workdir" "-m" "1610612736" "--user" "0:0" "--network" "none" "ghcr.io/rust-lang/crates-build-env/linux@sha256:2788e3201cd34a07e3172128adcd8b3090168a8e3bcc40d7c032b9dda1df7d1c" "/opt/rustwide/cargo-home/bin/cargo" "+1.75.0" "metadata" "--no-deps" "--format-version=1", kill_on_drop: false }`
[INFO] [stdout] d93edcbfb7900df7c8a7fb6fff140ab7d9e2db217574bf87922e8f45b4bdf71f
[INFO] running `Command { std: "docker" "start" "-a" "d93edcbfb7900df7c8a7fb6fff140ab7d9e2db217574bf87922e8f45b4bdf71f", kill_on_drop: false }`
[INFO] running `Command { std: "docker" "inspect" "d93edcbfb7900df7c8a7fb6fff140ab7d9e2db217574bf87922e8f45b4bdf71f", kill_on_drop: false }`
[INFO] running `Command { std: "docker" "rm" "-f" "d93edcbfb7900df7c8a7fb6fff140ab7d9e2db217574bf87922e8f45b4bdf71f", kill_on_drop: false }`
[INFO] [stdout] d93edcbfb7900df7c8a7fb6fff140ab7d9e2db217574bf87922e8f45b4bdf71f
[INFO] running `Command { std: "docker" "create" "-v" "/var/lib/crater-agent-workspace/builds/worker-4-tc1/target:/opt/rustwide/target:rw,Z" "-v" "/var/lib/crater-agent-workspace/builds/worker-4-tc1/source:/opt/rustwide/workdir:ro,Z" "-v" "/var/lib/crater-agent-workspace/cargo-home:/opt/rustwide/cargo-home:ro,Z" "-v" "/var/lib/crater-agent-workspace/rustup-home:/opt/rustwide/rustup-home:ro,Z" "-e" "SOURCE_DIR=/opt/rustwide/workdir" "-e" "CARGO_TARGET_DIR=/opt/rustwide/target" "-e" "CARGO_INCREMENTAL=0" "-e" "RUST_BACKTRACE=full" "-e" "RUSTFLAGS=--cap-lints=warn" "-e" "RUSTDOCFLAGS=--cap-lints=warn" "-e" "CARGO_HOME=/opt/rustwide/cargo-home" "-e" "RUSTUP_HOME=/opt/rustwide/rustup-home" "-w" "/opt/rustwide/workdir" "-m" "1610612736" "--user" "0:0" "--network" "none" "ghcr.io/rust-lang/crates-build-env/linux@sha256:2788e3201cd34a07e3172128adcd8b3090168a8e3bcc40d7c032b9dda1df7d1c" "/opt/rustwide/cargo-home/bin/cargo" "+1.75.0" "build" "--frozen" "--message-format=json", kill_on_drop: false }`
[INFO] [stdout] a881ba33388af0ddd3ce3ee81cacfc5da546a8c73aa713a83838f7fe07c1d864
[INFO] running `Command { std: "docker" "start" "-a" "a881ba33388af0ddd3ce3ee81cacfc5da546a8c73aa713a83838f7fe07c1d864", kill_on_drop: false }`
[INFO] [stderr]    Compiling version_check v0.9.4
[INFO] [stderr]    Compiling once_cell v1.19.0
[INFO] [stderr]    Compiling syn v1.0.109
[INFO] [stderr]    Compiling serde v1.0.194
[INFO] [stderr]    Compiling libc v0.2.151
[INFO] [stderr]    Compiling syn v2.0.48
[INFO] [stderr]    Compiling getrandom v0.2.11
[INFO] [stderr]    Compiling subtle v2.5.0
[INFO] [stderr]    Compiling hashbrown v0.14.3
[INFO] [stderr]    Compiling equivalent v1.0.1
[INFO] [stderr]    Compiling serde_json v1.0.111
[INFO] [stderr]    Compiling generic-array v0.14.7
[INFO] [stderr]    Compiling ahash v0.7.7
[INFO] [stderr]    Compiling toml_datetime v0.6.5
[INFO] [stderr]    Compiling winnow v0.5.32
[INFO] [stderr]    Compiling aho-corasick v1.1.2
[INFO] [stderr]    Compiling indexmap v2.1.0
[INFO] [stderr]    Compiling hashbrown v0.12.3
[INFO] [stderr]    Compiling unicode-normalization v0.1.22
[INFO] [stderr]    Compiling rand_core v0.6.4
[INFO] [stderr]    Compiling indexmap v1.9.3
[INFO] [stderr]    Compiling js_int v0.2.2
[INFO] [stderr]    Compiling unicode-bidi v0.3.14
[INFO] [stderr]    Compiling percent-encoding v2.3.1
[INFO] [stderr]    Compiling form_urlencoded v1.2.1
[INFO] [stderr]    Compiling tracing-core v0.1.32
[INFO] [stderr]    Compiling regex-automata v0.4.3
[INFO] [stderr]    Compiling idna v0.5.0
[INFO] [stderr]    Compiling toml_edit v0.19.15
[INFO] [stderr]    Compiling bytes v1.5.0
[INFO] [stderr]    Compiling ident_case v1.0.1
[INFO] [stderr]    Compiling cpufeatures v0.2.12
[INFO] [stderr]    Compiling strsim v0.10.0
[INFO] [stderr]    Compiling url v2.5.0
[INFO] [stderr]    Compiling http v0.2.11
[INFO] [stderr]    Compiling block-buffer v0.10.4
[INFO] [stderr]    Compiling crypto-common v0.1.6
[INFO] [stderr]    Compiling instant v0.1.12
[INFO] [stderr]    Compiling base64 v0.13.1
[INFO] [stderr]    Compiling proc-macro-crate v1.3.1
[INFO] [stderr]    Compiling regex v1.10.2
[INFO] [stderr]    Compiling darling_core v0.14.4
[INFO] [stderr]    Compiling wildmatch v2.3.0
[INFO] [stderr]    Compiling digest v0.10.7
[INFO] [stderr]    Compiling cc v1.0.83
[INFO] [stderr]    Compiling maplit v1.0.2
[INFO] [stderr]    Compiling assign v1.1.1
[INFO] [stderr]    Compiling parking_lot_core v0.8.6
[INFO] [stderr]    Compiling crossbeam-utils v0.8.18
[INFO] [stderr]    Compiling uuid v1.6.1
[INFO] [stderr]    Compiling universal-hash v0.4.0
[INFO] [stderr]    Compiling cipher v0.3.0
[INFO] [stderr]    Compiling base64ct v1.6.0
[INFO] [stderr]    Compiling opaque-debug v0.3.0
[INFO] [stderr]    Compiling async-trait v0.1.77
[INFO] [stderr]    Compiling matrix-sdk-common v0.6.0
[INFO] [stderr]    Compiling futures-task v0.3.30
[INFO] [stderr]    Compiling crc32fast v1.3.2
[INFO] [stderr]    Compiling ppv-lite86 v0.2.17
[INFO] [stderr]    Compiling blake3 v1.5.0
[INFO] [stderr]    Compiling password-hash v0.4.2
[INFO] [stderr]    Compiling poly1305 v0.7.2
[INFO] [stderr]    Compiling rand_chacha v0.3.1
[INFO] [stderr]    Compiling serde_derive v1.0.194
[INFO] [stderr]    Compiling thiserror-impl v1.0.56
[INFO] [stderr]    Compiling tracing-attributes v0.1.27
[INFO] [stderr]    Compiling zeroize_derive v1.4.2
[INFO] [stderr]    Compiling futures-macro v0.3.30
[INFO] [stderr]    Compiling pin-project-internal v1.1.3
[INFO] [stderr]    Compiling darling_macro v0.14.4
[INFO] [stderr]    Compiling async-stream-impl v0.3.5
[INFO] [stderr]    Compiling zeroize v1.3.0
[INFO] [stderr]    Compiling chacha20 v0.8.2
[INFO] [stderr]    Compiling darling v0.14.4
[INFO] [stderr]    Compiling derive_builder_core v0.11.2
[INFO] [stderr]    Compiling gensym v0.1.1
[INFO] [stderr]    Compiling futures-util v0.3.30
[INFO] [stderr]    Compiling thiserror v1.0.56
[INFO] [stderr]    Compiling ruma-identifiers-validation v0.9.3
[INFO] [stderr]    Compiling tracing v0.1.40
[INFO] [stderr]    Compiling sha2 v0.10.8
[INFO] [stderr]    Compiling hmac v0.12.1
[INFO] [stderr]    Compiling pin-project v1.1.3
[INFO] [stderr]    Compiling futures-channel v0.3.30
[INFO] [stderr]    Compiling aead v0.4.3
[INFO] [stderr]    Compiling tokio v1.35.1
[INFO] [stderr]    Compiling constant_time_eq v0.3.0
[INFO] [stderr]    Compiling discard v1.0.4
[INFO] [stderr]    Compiling arrayvec v0.7.4
[INFO] [stderr]    Compiling arrayref v0.3.7
[INFO] [stderr]    Compiling fxhash v0.2.1
[INFO] [stderr]    Compiling derive_builder_macro v0.11.2
[INFO] [stderr]    Compiling chacha20poly1305 v0.9.1
[INFO] [stderr]    Compiling pbkdf2 v0.11.0
[INFO] [stderr]    Compiling parking_lot v0.11.2
[INFO] [stderr]    Compiling crossbeam-epoch v0.9.17
[INFO] [stderr]    Compiling dashmap v5.5.3
[INFO] [stderr]    Compiling async-stream v0.3.5
[INFO] [stderr]    Compiling displaydoc v0.2.4
[INFO] [stderr]    Compiling rand v0.8.5
[INFO] [stderr]    Compiling futures-signals v0.3.33
[INFO] [stderr]    Compiling lru v0.8.1
[INFO] [stderr]    Compiling matrix-sdk-sled v0.2.0 (/opt/rustwide/workdir)
[INFO] [stderr]    Compiling sled v0.34.7
[INFO] [stderr]    Compiling derive_builder v0.11.2
[INFO] [stderr]    Compiling fs_extra v1.3.0
[INFO] [stderr]    Compiling toml v0.5.11
[INFO] [stderr]    Compiling js_option v0.1.1
[INFO] [stderr]    Compiling ruma-macros v0.10.5
[INFO] [stderr]    Compiling matrix-sdk-store-encryption v0.2.0
[INFO] [stderr]    Compiling ruma-common v0.10.5
[INFO] [stderr]    Compiling ruma-client-api v0.15.3
[INFO] [stderr]    Compiling ruma v0.7.4
[INFO] [stderr]    Compiling matrix-sdk-base v0.6.1
[INFO] [stderr]     Finished dev [unoptimized + debuginfo] target(s) in 33.40s
[INFO] running `Command { std: "docker" "inspect" "a881ba33388af0ddd3ce3ee81cacfc5da546a8c73aa713a83838f7fe07c1d864", kill_on_drop: false }`
[INFO] running `Command { std: "docker" "rm" "-f" "a881ba33388af0ddd3ce3ee81cacfc5da546a8c73aa713a83838f7fe07c1d864", kill_on_drop: false }`
[INFO] [stdout] a881ba33388af0ddd3ce3ee81cacfc5da546a8c73aa713a83838f7fe07c1d864
[INFO] running `Command { std: "docker" "create" "-v" "/var/lib/crater-agent-workspace/builds/worker-4-tc1/target:/opt/rustwide/target:rw,Z" "-v" "/var/lib/crater-agent-workspace/builds/worker-4-tc1/source:/opt/rustwide/workdir:ro,Z" "-v" "/var/lib/crater-agent-workspace/cargo-home:/opt/rustwide/cargo-home:ro,Z" "-v" "/var/lib/crater-agent-workspace/rustup-home:/opt/rustwide/rustup-home:ro,Z" "-e" "SOURCE_DIR=/opt/rustwide/workdir" "-e" "CARGO_TARGET_DIR=/opt/rustwide/target" "-e" "CARGO_INCREMENTAL=0" "-e" "RUST_BACKTRACE=full" "-e" "RUSTFLAGS=--cap-lints=warn" "-e" "RUSTDOCFLAGS=--cap-lints=warn" "-e" "CARGO_HOME=/opt/rustwide/cargo-home" "-e" "RUSTUP_HOME=/opt/rustwide/rustup-home" "-w" "/opt/rustwide/workdir" "-m" "1610612736" "--user" "0:0" "--network" "none" "ghcr.io/rust-lang/crates-build-env/linux@sha256:2788e3201cd34a07e3172128adcd8b3090168a8e3bcc40d7c032b9dda1df7d1c" "/opt/rustwide/cargo-home/bin/cargo" "+1.75.0" "test" "--frozen" "--no-run" "--message-format=json", kill_on_drop: false }`
[INFO] [stdout] f9528e5854d1653490ddbe45a42ba2116c56998e2c42c54ed7f23bb4b8858509
[INFO] running `Command { std: "docker" "start" "-a" "f9528e5854d1653490ddbe45a42ba2116c56998e2c42c54ed7f23bb4b8858509", kill_on_drop: false }`
[INFO] [stderr]    Compiling tokio-macros v2.2.0
[INFO] [stderr]    Compiling num_cpus v1.16.0
[INFO] [stderr]    Compiling glob v0.3.1
[INFO] [stderr]    Compiling tokio v1.35.1
[INFO] [stderr]    Compiling matrix-sdk-common v0.6.0
[INFO] [stderr]    Compiling matrix-sdk-base v0.6.1
[INFO] [stderr]    Compiling matrix-sdk-sled v0.2.0 (/opt/rustwide/workdir)
[INFO] [stdout] error[E0432]: unresolved import `matrix_sdk_base::statestore_integration_tests`
[INFO] [stdout]     --> src/state_store.rs:1825:9
[INFO] [stdout]      |
[INFO] [stdout] 1825 |     use matrix_sdk_base::statestore_integration_tests;
[INFO] [stdout]      |         ^^^^^^^^^^^^^^^^^^^^^^^^^^^^^^^^^^^^^^^^^^^^^ no `statestore_integration_tests` in the root
[INFO] [stdout] 
[INFO] [stdout] 
[INFO] [stdout] error[E0432]: unresolved import `matrix_sdk_base::statestore_integration_tests`
[INFO] [stdout]     --> src/state_store.rs:1838:9
[INFO] [stdout]      |
[INFO] [stdout] 1838 |     use matrix_sdk_base::statestore_integration_tests;
[INFO] [stdout]      |         ^^^^^^^^^^^^^^^^^^^^^^^^^^^^^^^^^^^^^^^^^^^^^ no `statestore_integration_tests` in the root
[INFO] [stdout] 
[INFO] [stdout] 
[INFO] [stdout] error[E0432]: unresolved import `matrix_sdk_test`
[INFO] [stdout]     --> src/state_store.rs:1851:9
[INFO] [stdout]      |
[INFO] [stdout] 1851 |     use matrix_sdk_test::async_test;
[INFO] [stdout]      |         ^^^^^^^^^^^^^^^ use of undeclared crate or module `matrix_sdk_test`
[INFO] [stdout]      |
[INFO] [stdout] help: there is a crate or module with a similar name
[INFO] [stdout]      |
[INFO] [stdout] 1851 |     use matrix_sdk_base::async_test;
[INFO] [stdout]      |         ~~~~~~~~~~~~~~~
[INFO] [stdout] 
[INFO] [stdout] 
[INFO] [stdout] error: cannot determine resolution for the macro `statestore_integration_tests`
[INFO] [stdout]     --> src/state_store.rs:1833:5
[INFO] [stdout]      |
[INFO] [stdout] 1833 |     statestore_integration_tests!();
[INFO] [stdout]      |     ^^^^^^^^^^^^^^^^^^^^^^^^^^^^
[INFO] [stdout]      |
[INFO] [stdout]      = note: import resolution is stuck, try simplifying macro imports
[INFO] [stdout] 
[INFO] [stdout] 
[INFO] [stdout] error: cannot determine resolution for the macro `statestore_integration_tests`
[INFO] [stdout]     --> src/state_store.rs:1846:5
[INFO] [stdout]      |
[INFO] [stdout] 1846 |     statestore_integration_tests!();
[INFO] [stdout]      |     ^^^^^^^^^^^^^^^^^^^^^^^^^^^^
[INFO] [stdout]      |
[INFO] [stdout]      = note: import resolution is stuck, try simplifying macro imports
[INFO] [stdout] 
[INFO] [stdout] 
[INFO] [stdout] error: cannot determine resolution for the attribute macro `async_test`
[INFO] [stdout]     --> src/state_store.rs:1856:7
[INFO] [stdout]      |
[INFO] [stdout] 1856 |     #[async_test]
[INFO] [stdout]      |       ^^^^^^^^^^
[INFO] [stdout]      |
[INFO] [stdout]      = note: import resolution is stuck, try simplifying macro imports
[INFO] [stdout] 
[INFO] [stdout] 
[INFO] [stdout] error: cannot determine resolution for the attribute macro `async_test`
[INFO] [stdout]     --> src/state_store.rs:1870:7
[INFO] [stdout]      |
[INFO] [stdout] 1870 |     #[async_test]
[INFO] [stdout]      |       ^^^^^^^^^^
[INFO] [stdout]      |
[INFO] [stdout]      = note: import resolution is stuck, try simplifying macro imports
[INFO] [stdout] 
[INFO] [stdout] 
[INFO] [stdout] error: cannot determine resolution for the attribute macro `async_test`
[INFO] [stdout]     --> src/state_store.rs:1891:7
[INFO] [stdout]      |
[INFO] [stdout] 1891 |     #[async_test]
[INFO] [stdout]      |       ^^^^^^^^^^
[INFO] [stdout]      |
[INFO] [stdout]      = note: import resolution is stuck, try simplifying macro imports
[INFO] [stdout] 
[INFO] [stdout] 
[INFO] [stdout] error: cannot determine resolution for the attribute macro `async_test`
[INFO] [stdout]     --> src/state_store.rs:1913:7
[INFO] [stdout]      |
[INFO] [stdout] 1913 |     #[async_test]
[INFO] [stdout]      |       ^^^^^^^^^^
[INFO] [stdout]      |
[INFO] [stdout]      = note: import resolution is stuck, try simplifying macro imports
[INFO] [stdout] 
[INFO] [stdout] 
[INFO] [stdout] error: aborting due to 9 previous errors
[INFO] [stdout] 
[INFO] [stdout] 
[INFO] [stdout] For more information about this error, try `rustc --explain E0432`.
[INFO] [stdout] 
[INFO] [stderr] error: could not compile `matrix-sdk-sled` (lib test) due to 10 previous errors
[INFO] running `Command { std: "docker" "inspect" "f9528e5854d1653490ddbe45a42ba2116c56998e2c42c54ed7f23bb4b8858509", kill_on_drop: false }`
[INFO] running `Command { std: "docker" "rm" "-f" "f9528e5854d1653490ddbe45a42ba2116c56998e2c42c54ed7f23bb4b8858509", kill_on_drop: false }`
[INFO] [stdout] f9528e5854d1653490ddbe45a42ba2116c56998e2c42c54ed7f23bb4b8858509
