[INFO] fetching crate marker_rustc_driver 0.4.3...
[INFO] testing marker_rustc_driver-0.4.3 against 1.75.0 for beta-1.76-1
[INFO] extracting crate marker_rustc_driver 0.4.3 into /workspace/builds/worker-2-tc1/source
[INFO] validating manifest of crates.io crate marker_rustc_driver 0.4.3 on toolchain 1.75.0
[INFO] running `Command { std: CARGO_HOME="/workspace/cargo-home" RUSTUP_HOME="/workspace/rustup-home" "/workspace/cargo-home/bin/cargo" "+1.75.0" "metadata" "--manifest-path" "Cargo.toml" "--no-deps", kill_on_drop: false }`
[INFO] started tweaking crates.io crate marker_rustc_driver 0.4.3
[INFO] finished tweaking crates.io crate marker_rustc_driver 0.4.3
[INFO] tweaked toml for crates.io crate marker_rustc_driver 0.4.3 written to /workspace/builds/worker-2-tc1/source/Cargo.toml
[INFO] crate crates.io crate marker_rustc_driver 0.4.3 already has a lockfile, it will not be regenerated
[INFO] running `Command { std: CARGO_HOME="/workspace/cargo-home" RUSTUP_HOME="/workspace/rustup-home" "/workspace/cargo-home/bin/cargo" "+1.75.0" "fetch" "--manifest-path" "Cargo.toml", kill_on_drop: false }`
[INFO] [stderr]     Updating crates.io index
[INFO] [stderr]     Blocking waiting for file lock on package cache
[INFO] [stderr]  Downloading crates ...
[INFO] [stderr]   Downloaded typed-builder-macro v0.16.2
[INFO] [stderr]   Downloaded marker_utils v0.4.3
[INFO] [stderr]   Downloaded typed-builder v0.16.2
[INFO] [stderr]   Downloaded marker_adapter v0.4.3
[INFO] [stderr]   Downloaded marker_error v0.4.3
[INFO] [stderr]   Downloaded rustc_tools_util v0.3.0
[INFO] [stderr]   Downloaded visibility v0.1.0
[INFO] [stderr]   Downloaded marker_api v0.4.3
[INFO] running `Command { std: "docker" "create" "-v" "/var/lib/crater-agent-workspace/builds/worker-2-tc1/target:/opt/rustwide/target:rw,Z" "-v" "/var/lib/crater-agent-workspace/builds/worker-2-tc1/source:/opt/rustwide/workdir:ro,Z" "-v" "/var/lib/crater-agent-workspace/cargo-home:/opt/rustwide/cargo-home:ro,Z" "-v" "/var/lib/crater-agent-workspace/rustup-home:/opt/rustwide/rustup-home:ro,Z" "-e" "SOURCE_DIR=/opt/rustwide/workdir" "-e" "CARGO_TARGET_DIR=/opt/rustwide/target" "-e" "CARGO_HOME=/opt/rustwide/cargo-home" "-e" "RUSTUP_HOME=/opt/rustwide/rustup-home" "-w" "/opt/rustwide/workdir" "-m" "1610612736" "--user" "0:0" "--network" "none" "ghcr.io/rust-lang/crates-build-env/linux@sha256:2788e3201cd34a07e3172128adcd8b3090168a8e3bcc40d7c032b9dda1df7d1c" "/opt/rustwide/cargo-home/bin/cargo" "+1.75.0" "metadata" "--no-deps" "--format-version=1", kill_on_drop: false }`
[INFO] [stdout] ecd63f9ed6632664bedc25a221dd4be565da1760fc723db5a0c7b0b527b3fb14
[INFO] running `Command { std: "docker" "start" "-a" "ecd63f9ed6632664bedc25a221dd4be565da1760fc723db5a0c7b0b527b3fb14", kill_on_drop: false }`
[INFO] running `Command { std: "docker" "inspect" "ecd63f9ed6632664bedc25a221dd4be565da1760fc723db5a0c7b0b527b3fb14", kill_on_drop: false }`
[INFO] running `Command { std: "docker" "rm" "-f" "ecd63f9ed6632664bedc25a221dd4be565da1760fc723db5a0c7b0b527b3fb14", kill_on_drop: false }`
[INFO] [stdout] ecd63f9ed6632664bedc25a221dd4be565da1760fc723db5a0c7b0b527b3fb14
[INFO] running `Command { std: "docker" "create" "-v" "/var/lib/crater-agent-workspace/builds/worker-2-tc1/target:/opt/rustwide/target:rw,Z" "-v" "/var/lib/crater-agent-workspace/builds/worker-2-tc1/source:/opt/rustwide/workdir:ro,Z" "-v" "/var/lib/crater-agent-workspace/cargo-home:/opt/rustwide/cargo-home:ro,Z" "-v" "/var/lib/crater-agent-workspace/rustup-home:/opt/rustwide/rustup-home:ro,Z" "-e" "SOURCE_DIR=/opt/rustwide/workdir" "-e" "CARGO_TARGET_DIR=/opt/rustwide/target" "-e" "CARGO_INCREMENTAL=0" "-e" "RUST_BACKTRACE=full" "-e" "RUSTFLAGS=--cap-lints=warn" "-e" "RUSTDOCFLAGS=--cap-lints=warn" "-e" "CARGO_HOME=/opt/rustwide/cargo-home" "-e" "RUSTUP_HOME=/opt/rustwide/rustup-home" "-w" "/opt/rustwide/workdir" "-m" "1610612736" "--user" "0:0" "--network" "none" "ghcr.io/rust-lang/crates-build-env/linux@sha256:2788e3201cd34a07e3172128adcd8b3090168a8e3bcc40d7c032b9dda1df7d1c" "/opt/rustwide/cargo-home/bin/cargo" "+1.75.0" "build" "--frozen" "--message-format=json", kill_on_drop: false }`
[INFO] [stdout] 7ba5a89e46014b99092fa1d6af2416bb6d01c001a4939998c9f2e6f355c2031b
[INFO] running `Command { std: "docker" "start" "-a" "7ba5a89e46014b99092fa1d6af2416bb6d01c001a4939998c9f2e6f355c2031b", kill_on_drop: false }`
[INFO] [stderr]    Compiling proc-macro2 v1.0.67
[INFO] [stderr]    Compiling unicode-ident v1.0.12
[INFO] [stderr]    Compiling cfg-if v1.0.0
[INFO] [stderr]    Compiling libc v0.2.148
[INFO] [stderr]    Compiling rustix v0.38.14
[INFO] [stderr]    Compiling bitflags v2.4.0
[INFO] [stderr]    Compiling once_cell v1.18.0
[INFO] [stderr]    Compiling linux-raw-sys v0.4.7
[INFO] [stderr]    Compiling memchr v2.6.3
[INFO] [stderr]    Compiling adler v1.0.2
[INFO] [stderr]    Compiling gimli v0.28.0
[INFO] [stderr]    Compiling rustc-demangle v0.1.23
[INFO] [stderr]    Compiling thiserror v1.0.49
[INFO] [stderr]    Compiling serde v1.0.188
[INFO] [stderr]    Compiling sharded-slab v0.1.6
[INFO] [stderr]    Compiling smawk v0.3.2
[INFO] [stderr]    Compiling miniz_oxide v0.7.1
[INFO] [stderr]    Compiling unicode-width v0.1.11
[INFO] [stderr]    Compiling unicode-linebreak v0.1.5
[INFO] [stderr]    Compiling tracing-core v0.1.31
[INFO] [stderr]    Compiling thread_local v1.1.7
[INFO] [stderr]    Compiling pin-project-lite v0.2.13
[INFO] [stderr]    Compiling is_ci v1.1.1
[INFO] [stderr]    Compiling textwrap v0.15.2
[INFO] [stderr]    Compiling camino v1.1.6
[INFO] [stderr]    Compiling owo-colors v3.5.0
[INFO] [stderr]    Compiling yansi v1.0.0-rc.1
[INFO] [stderr]    Compiling rustc_tools_util v0.3.0
[INFO] [stderr]    Compiling either v1.9.0
[INFO] [stderr]    Compiling libloading v0.8.0
[INFO] [stderr]    Compiling object v0.32.1
[INFO] [stderr]    Compiling itertools v0.11.0
[INFO] [stderr]    Compiling tracing v0.1.37
[INFO] [stderr]    Compiling tracing-subscriber v0.3.17
[INFO] [stderr]    Compiling marker_rustc_driver v0.4.3 (/opt/rustwide/workdir)
[INFO] [stderr]    Compiling bumpalo v3.14.0
[INFO] [stderr]    Compiling quote v1.0.33
[INFO] [stderr]    Compiling is-terminal v0.4.9
[INFO] [stderr]    Compiling supports-unicode v2.0.0
[INFO] [stderr]    Compiling supports-hyperlinks v2.1.0
[INFO] [stderr]    Compiling supports-color v2.1.0
[INFO] [stderr]    Compiling syn v2.0.37
[INFO] [stderr]    Compiling cc v1.0.83
[INFO] [stderr]    Compiling terminal_size v0.1.17
[INFO] [stderr]    Compiling tracing-error v0.2.0
[INFO] [stderr]    Compiling addr2line v0.21.0
[INFO] [stderr]    Compiling backtrace v0.3.69
[INFO] [stderr]    Compiling backtrace-ext v0.2.1
[INFO] [stderr]    Compiling typed-builder-macro v0.16.2
[INFO] [stderr]    Compiling thiserror-impl v1.0.49
[INFO] [stderr]    Compiling serde_derive v1.0.188
[INFO] [stderr]    Compiling miette-derive v5.10.0
[INFO] [stderr]    Compiling visibility v0.1.0
[INFO] [stderr]    Compiling typed-builder v0.16.2
[INFO] [stderr]    Compiling marker_api v0.4.3
[INFO] [stderr]    Compiling miette v5.10.0
[INFO] [stderr]    Compiling marker_error v0.4.3
[INFO] [stderr]    Compiling marker_utils v0.4.3
[INFO] [stderr]    Compiling marker_adapter v0.4.3
[INFO] [stdout] error[E0463]: can't find crate for `rustc_ast`
[INFO] [stdout]   --> src/lib.rs:19:1
[INFO] [stdout]    |
[INFO] [stdout] 19 | extern crate rustc_ast;
[INFO] [stdout]    | ^^^^^^^^^^^^^^^^^^^^^^^ can't find crate
[INFO] [stdout]    |
[INFO] [stdout]    = help: maybe you need to install the missing components with: `rustup component add rust-src rustc-dev llvm-tools-preview`
[INFO] [stdout] 
[INFO] [stdout] 
[INFO] [stdout] error[E0463]: can't find crate for `rustc_data_structures`
[INFO] [stdout]   --> src/lib.rs:20:1
[INFO] [stdout]    |
[INFO] [stdout] 20 | extern crate rustc_data_structures;
[INFO] [stdout]    | ^^^^^^^^^^^^^^^^^^^^^^^^^^^^^^^^^^^ can't find crate
[INFO] [stdout]    |
[INFO] [stdout]    = help: maybe you need to install the missing components with: `rustup component add rust-src rustc-dev llvm-tools-preview`
[INFO] [stdout] 
[INFO] [stdout] 
[INFO] [stdout] error[E0463]: can't find crate for `rustc_driver`
[INFO] [stdout]   --> src/lib.rs:21:1
[INFO] [stdout]    |
[INFO] [stdout] 21 | extern crate rustc_driver;
[INFO] [stdout]    | ^^^^^^^^^^^^^^^^^^^^^^^^^^ can't find crate
[INFO] [stdout]    |
[INFO] [stdout]    = help: maybe you need to install the missing components with: `rustup component add rust-src rustc-dev llvm-tools-preview`
[INFO] [stdout] 
[INFO] [stdout] 
[INFO] [stdout] error[E0463]: can't find crate for `rustc_errors`
[INFO] [stdout]   --> src/lib.rs:22:1
[INFO] [stdout]    |
[INFO] [stdout] 22 | extern crate rustc_errors;
[INFO] [stdout]    | ^^^^^^^^^^^^^^^^^^^^^^^^^^ can't find crate
[INFO] [stdout]    |
[INFO] [stdout]    = help: maybe you need to install the missing components with: `rustup component add rust-src rustc-dev llvm-tools-preview`
[INFO] [stdout] 
[INFO] [stdout] 
[INFO] [stdout] error[E0463]: can't find crate for `rustc_hash`
[INFO] [stdout]   --> src/lib.rs:23:1
[INFO] [stdout]    |
[INFO] [stdout] 23 | extern crate rustc_hash;
[INFO] [stdout]    | ^^^^^^^^^^^^^^^^^^^^^^^^ can't find crate
[INFO] [stdout]    |
[INFO] [stdout]    = help: maybe you need to install the missing components with: `rustup component add rust-src rustc-dev llvm-tools-preview`
[INFO] [stdout] 
[INFO] [stdout] 
[INFO] [stdout] error[E0463]: can't find crate for `rustc_hir`
[INFO] [stdout]   --> src/lib.rs:24:1
[INFO] [stdout]    |
[INFO] [stdout] 24 | extern crate rustc_hir;
[INFO] [stdout]    | ^^^^^^^^^^^^^^^^^^^^^^^ can't find crate
[INFO] [stdout]    |
[INFO] [stdout]    = help: maybe you need to install the missing components with: `rustup component add rust-src rustc-dev llvm-tools-preview`
[INFO] [stdout] 
[INFO] [stdout] 
[INFO] [stdout] error[E0463]: can't find crate for `rustc_hir_analysis`
[INFO] [stdout]   --> src/lib.rs:25:1
[INFO] [stdout]    |
[INFO] [stdout] 25 | extern crate rustc_hir_analysis;
[INFO] [stdout]    | ^^^^^^^^^^^^^^^^^^^^^^^^^^^^^^^^ can't find crate
[INFO] [stdout]    |
[INFO] [stdout]    = help: maybe you need to install the missing components with: `rustup component add rust-src rustc-dev llvm-tools-preview`
[INFO] [stdout] 
[INFO] [stdout] 
[INFO] [stdout] error[E0463]: can't find crate for `rustc_interface`
[INFO] [stdout]   --> src/lib.rs:26:1
[INFO] [stdout]    |
[INFO] [stdout] 26 | extern crate rustc_interface;
[INFO] [stdout]    | ^^^^^^^^^^^^^^^^^^^^^^^^^^^^^ can't find crate
[INFO] [stdout]    |
[INFO] [stdout]    = help: maybe you need to install the missing components with: `rustup component add rust-src rustc-dev llvm-tools-preview`
[INFO] [stdout] 
[INFO] [stdout] 
[INFO] [stdout] error[E0463]: can't find crate for `rustc_lint`
[INFO] [stdout]   --> src/lib.rs:27:1
[INFO] [stdout]    |
[INFO] [stdout] 27 | extern crate rustc_lint;
[INFO] [stdout]    | ^^^^^^^^^^^^^^^^^^^^^^^^ can't find crate
[INFO] [stdout]    |
[INFO] [stdout]    = help: maybe you need to install the missing components with: `rustup component add rust-src rustc-dev llvm-tools-preview`
[INFO] [stdout] 
[INFO] [stdout] 
[INFO] [stdout] error[E0463]: can't find crate for `rustc_lint_defs`
[INFO] [stdout]   --> src/lib.rs:28:1
[INFO] [stdout]    |
[INFO] [stdout] 28 | extern crate rustc_lint_defs;
[INFO] [stdout]    | ^^^^^^^^^^^^^^^^^^^^^^^^^^^^^ can't find crate
[INFO] [stdout]    |
[INFO] [stdout]    = help: maybe you need to install the missing components with: `rustup component add rust-src rustc-dev llvm-tools-preview`
[INFO] [stdout] 
[INFO] [stdout] 
[INFO] [stdout] error[E0463]: can't find crate for `rustc_middle`
[INFO] [stdout]   --> src/lib.rs:29:1
[INFO] [stdout]    |
[INFO] [stdout] 29 | extern crate rustc_middle;
[INFO] [stdout]    | ^^^^^^^^^^^^^^^^^^^^^^^^^^ can't find crate
[INFO] [stdout]    |
[INFO] [stdout]    = help: maybe you need to install the missing components with: `rustup component add rust-src rustc-dev llvm-tools-preview`
[INFO] [stdout] 
[INFO] [stdout] 
[INFO] [stdout] error[E0463]: can't find crate for `rustc_session`
[INFO] [stdout]   --> src/lib.rs:30:1
[INFO] [stdout]    |
[INFO] [stdout] 30 | extern crate rustc_session;
[INFO] [stdout]    | ^^^^^^^^^^^^^^^^^^^^^^^^^^^ can't find crate
[INFO] [stdout]    |
[INFO] [stdout]    = help: maybe you need to install the missing components with: `rustup component add rust-src rustc-dev llvm-tools-preview`
[INFO] [stdout] 
[INFO] [stdout] 
[INFO] [stdout] error[E0463]: can't find crate for `rustc_span`
[INFO] [stdout]   --> src/lib.rs:31:1
[INFO] [stdout]    |
[INFO] [stdout] 31 | extern crate rustc_span;
[INFO] [stdout]    | ^^^^^^^^^^^^^^^^^^^^^^^^ can't find crate
[INFO] [stdout]    |
[INFO] [stdout]    = help: maybe you need to install the missing components with: `rustup component add rust-src rustc-dev llvm-tools-preview`
[INFO] [stdout] 
[INFO] [stdout] 
[INFO] [stdout] error[E0463]: can't find crate for `rustc_target`
[INFO] [stdout]   --> src/lib.rs:32:1
[INFO] [stdout]    |
[INFO] [stdout] 32 | extern crate rustc_target;
[INFO] [stdout]    | ^^^^^^^^^^^^^^^^^^^^^^^^^^ can't find crate
[INFO] [stdout]    |
[INFO] [stdout]    = help: maybe you need to install the missing components with: `rustup component add rust-src rustc-dev llvm-tools-preview`
[INFO] [stdout] 
[INFO] [stdout] 
[INFO] [stdout] error[E0554]: `#![feature]` may not be used on the stable release channel
[INFO] [stdout]  --> src/lib.rs:2:1
[INFO] [stdout]   |
[INFO] [stdout] 2 | #![feature(rustc_private)]
[INFO] [stdout]   | ^^^^^^^^^^^^^^^^^^^^^^^^^^
[INFO] [stdout] 
[INFO] [stdout] 
[INFO] [stdout] error[E0554]: `#![feature]` may not be used on the stable release channel
[INFO] [stdout]  --> src/lib.rs:3:1
[INFO] [stdout]   |
[INFO] [stdout] 3 | #![feature(let_chains)]
[INFO] [stdout]   | ^^^^^^^^^^^^^^^^^^^^^^^
[INFO] [stdout] 
[INFO] [stdout] 
[INFO] [stdout] error[E0554]: `#![feature]` may not be used on the stable release channel
[INFO] [stdout]  --> src/lib.rs:4:1
[INFO] [stdout]   |
[INFO] [stdout] 4 | #![feature(lint_reasons)]
[INFO] [stdout]   | ^^^^^^^^^^^^^^^^^^^^^^^^^
[INFO] [stdout] 
[INFO] [stdout] 
[INFO] [stdout] error[E0554]: `#![feature]` may not be used on the stable release channel
[INFO] [stdout]  --> src/lib.rs:5:1
[INFO] [stdout]   |
[INFO] [stdout] 5 | #![feature(iter_collect_into)]
[INFO] [stdout]   | ^^^^^^^^^^^^^^^^^^^^^^^^^^^^^^
[INFO] [stdout] 
[INFO] [stdout] 
[INFO] [stdout] error[E0554]: `#![feature]` may not be used on the stable release channel
[INFO] [stdout]  --> src/lib.rs:6:1
[INFO] [stdout]   |
[INFO] [stdout] 6 | #![feature(non_exhaustive_omitted_patterns_lint)]
[INFO] [stdout]   | ^^^^^^^^^^^^^^^^^^^^^^^^^^^^^^^^^^^^^^^^^^^^^^^^^
[INFO] [stdout] 
[INFO] [stdout] 
[INFO] [stdout] error[E0554]: `#![feature]` may not be used on the stable release channel
[INFO] [stdout]  --> src/lib.rs:7:1
[INFO] [stdout]   |
[INFO] [stdout] 7 | #![feature(once_cell_try)]
[INFO] [stdout]   | ^^^^^^^^^^^^^^^^^^^^^^^^^^
[INFO] [stdout] 
[INFO] [stdout] 
[INFO] [stdout] error[E0554]: `#![feature]` may not be used on the stable release channel
[INFO] [stdout]  --> src/lib.rs:5:12
[INFO] [stdout]   |
[INFO] [stdout] 5 | #![feature(iter_collect_into)]
[INFO] [stdout]   |            ^^^^^^^^^^^^^^^^^
[INFO] [stdout] 
[INFO] [stdout] 
[INFO] [stdout] error[E0554]: `#![feature]` may not be used on the stable release channel
[INFO] [stdout]  --> src/lib.rs:7:12
[INFO] [stdout]   |
[INFO] [stdout] 7 | #![feature(once_cell_try)]
[INFO] [stdout]   |            ^^^^^^^^^^^^^
[INFO] [stdout] 
[INFO] [stdout] 
[INFO] [stdout] error: aborting due to 22 previous errors
[INFO] [stdout] 
[INFO] [stdout] 
[INFO] [stdout] Some errors have detailed explanations: E0463, E0554.
[INFO] [stdout] 
[INFO] [stdout] For more information about an error, try `rustc --explain E0463`.
[INFO] [stdout] 
[INFO] [stderr] error: could not compile `marker_rustc_driver` (lib) due to 23 previous errors
[INFO] [stderr] warning: build failed, waiting for other jobs to finish...
[INFO] running `Command { std: "docker" "inspect" "7ba5a89e46014b99092fa1d6af2416bb6d01c001a4939998c9f2e6f355c2031b", kill_on_drop: false }`
[INFO] running `Command { std: "docker" "rm" "-f" "7ba5a89e46014b99092fa1d6af2416bb6d01c001a4939998c9f2e6f355c2031b", kill_on_drop: false }`
[INFO] [stdout] 7ba5a89e46014b99092fa1d6af2416bb6d01c001a4939998c9f2e6f355c2031b
[INFO] testing marker_rustc_driver-0.4.3 against beta-2023-12-22 for beta-1.76-1
[INFO] extracting crate marker_rustc_driver 0.4.3 into /workspace/builds/worker-2-tc2/source
[INFO] validating manifest of crates.io crate marker_rustc_driver 0.4.3 on toolchain beta-2023-12-22
[INFO] running `Command { std: CARGO_HOME="/workspace/cargo-home" RUSTUP_HOME="/workspace/rustup-home" "/workspace/cargo-home/bin/cargo" "+beta-2023-12-22" "metadata" "--manifest-path" "Cargo.toml" "--no-deps", kill_on_drop: false }`
[INFO] started tweaking crates.io crate marker_rustc_driver 0.4.3
[INFO] finished tweaking crates.io crate marker_rustc_driver 0.4.3
[INFO] tweaked toml for crates.io crate marker_rustc_driver 0.4.3 written to /workspace/builds/worker-2-tc2/source/Cargo.toml
[INFO] crate crates.io crate marker_rustc_driver 0.4.3 already has a lockfile, it will not be regenerated
[INFO] running `Command { std: CARGO_HOME="/workspace/cargo-home" RUSTUP_HOME="/workspace/rustup-home" "/workspace/cargo-home/bin/cargo" "+beta-2023-12-22" "fetch" "--manifest-path" "Cargo.toml", kill_on_drop: false }`
[INFO] [stderr]     Blocking waiting for file lock on package cache
[INFO] [stderr]     Blocking waiting for file lock on package cache
[INFO] running `Command { std: "docker" "create" "-v" "/var/lib/crater-agent-workspace/builds/worker-2-tc2/target:/opt/rustwide/target:rw,Z" "-v" "/var/lib/crater-agent-workspace/builds/worker-2-tc2/source:/opt/rustwide/workdir:ro,Z" "-v" "/var/lib/crater-agent-workspace/cargo-home:/opt/rustwide/cargo-home:ro,Z" "-v" "/var/lib/crater-agent-workspace/rustup-home:/opt/rustwide/rustup-home:ro,Z" "-e" "SOURCE_DIR=/opt/rustwide/workdir" "-e" "CARGO_TARGET_DIR=/opt/rustwide/target" "-e" "CARGO_HOME=/opt/rustwide/cargo-home" "-e" "RUSTUP_HOME=/opt/rustwide/rustup-home" "-w" "/opt/rustwide/workdir" "-m" "1610612736" "--user" "0:0" "--network" "none" "ghcr.io/rust-lang/crates-build-env/linux@sha256:2788e3201cd34a07e3172128adcd8b3090168a8e3bcc40d7c032b9dda1df7d1c" "/opt/rustwide/cargo-home/bin/cargo" "+beta-2023-12-22" "metadata" "--no-deps" "--format-version=1", kill_on_drop: false }`
[INFO] [stdout] 8a6ae66567d4ff83a6651ebf258942ad0fceb4f54738d7851fc85f750a027455
[INFO] running `Command { std: "docker" "start" "-a" "8a6ae66567d4ff83a6651ebf258942ad0fceb4f54738d7851fc85f750a027455", kill_on_drop: false }`
[INFO] running `Command { std: "docker" "inspect" "8a6ae66567d4ff83a6651ebf258942ad0fceb4f54738d7851fc85f750a027455", kill_on_drop: false }`
[INFO] running `Command { std: "docker" "rm" "-f" "8a6ae66567d4ff83a6651ebf258942ad0fceb4f54738d7851fc85f750a027455", kill_on_drop: false }`
[INFO] [stdout] 8a6ae66567d4ff83a6651ebf258942ad0fceb4f54738d7851fc85f750a027455
[INFO] running `Command { std: "docker" "create" "-v" "/var/lib/crater-agent-workspace/builds/worker-2-tc2/target:/opt/rustwide/target:rw,Z" "-v" "/var/lib/crater-agent-workspace/builds/worker-2-tc2/source:/opt/rustwide/workdir:ro,Z" "-v" "/var/lib/crater-agent-workspace/cargo-home:/opt/rustwide/cargo-home:ro,Z" "-v" "/var/lib/crater-agent-workspace/rustup-home:/opt/rustwide/rustup-home:ro,Z" "-e" "SOURCE_DIR=/opt/rustwide/workdir" "-e" "CARGO_TARGET_DIR=/opt/rustwide/target" "-e" "CARGO_INCREMENTAL=0" "-e" "RUST_BACKTRACE=full" "-e" "RUSTFLAGS=--cap-lints=warn" "-e" "RUSTDOCFLAGS=--cap-lints=warn" "-e" "CARGO_HOME=/opt/rustwide/cargo-home" "-e" "RUSTUP_HOME=/opt/rustwide/rustup-home" "-w" "/opt/rustwide/workdir" "-m" "1610612736" "--user" "0:0" "--network" "none" "ghcr.io/rust-lang/crates-build-env/linux@sha256:2788e3201cd34a07e3172128adcd8b3090168a8e3bcc40d7c032b9dda1df7d1c" "/opt/rustwide/cargo-home/bin/cargo" "+beta-2023-12-22" "build" "--frozen" "--message-format=json", kill_on_drop: false }`
[INFO] [stdout] 42afa40a74116fc78cda0e6837338b900695c51f047e6a4291d0ffc977ccab05
[INFO] running `Command { std: "docker" "start" "-a" "42afa40a74116fc78cda0e6837338b900695c51f047e6a4291d0ffc977ccab05", kill_on_drop: false }`
[INFO] [stderr]    Compiling proc-macro2 v1.0.67
[INFO] [stderr]    Compiling unicode-ident v1.0.12
[INFO] [stderr]    Compiling libc v0.2.148
[INFO] [stderr]    Compiling cfg-if v1.0.0
[INFO] [stderr]    Compiling rustix v0.38.14
[INFO] [stderr]    Compiling linux-raw-sys v0.4.7
[INFO] [stderr]    Compiling once_cell v1.18.0
[INFO] [stderr]    Compiling bitflags v2.4.0
[INFO] [stderr]    Compiling adler v1.0.2
[INFO] [stderr]    Compiling memchr v2.6.3
[INFO] [stderr]    Compiling gimli v0.28.0
[INFO] [stderr]    Compiling rustc-demangle v0.1.23
[INFO] [stderr]    Compiling thiserror v1.0.49
[INFO] [stderr]    Compiling serde v1.0.188
[INFO] [stderr]    Compiling sharded-slab v0.1.6
[INFO] [stderr]    Compiling is_ci v1.1.1
[INFO] [stderr]    Compiling smawk v0.3.2
[INFO] [stderr]    Compiling tracing-core v0.1.31
[INFO] [stderr]    Compiling miniz_oxide v0.7.1
[INFO] [stderr]    Compiling thread_local v1.1.7
[INFO] [stderr]    Compiling pin-project-lite v0.2.13
[INFO] [stderr]    Compiling unicode-linebreak v0.1.5
[INFO] [stderr]    Compiling unicode-width v0.1.11
[INFO] [stderr]    Compiling owo-colors v3.5.0
[INFO] [stderr]    Compiling camino v1.1.6
[INFO] [stderr]    Compiling either v1.9.0
[INFO] [stderr]    Compiling tracing v0.1.37
[INFO] [stderr]    Compiling object v0.32.1
[INFO] [stderr]    Compiling textwrap v0.15.2
[INFO] [stderr]    Compiling rustc_tools_util v0.3.0
[INFO] [stderr]    Compiling yansi v1.0.0-rc.1
[INFO] [stderr]    Compiling itertools v0.11.0
[INFO] [stderr]    Compiling tracing-subscriber v0.3.17
[INFO] [stderr]    Compiling quote v1.0.33
[INFO] [stderr]    Compiling libloading v0.8.0
[INFO] [stderr]    Compiling marker_rustc_driver v0.4.3 (/opt/rustwide/workdir)
[INFO] [stderr]    Compiling syn v2.0.37
[INFO] [stderr]    Compiling terminal_size v0.1.17
[INFO] [stderr]    Compiling bumpalo v3.14.0
[INFO] [stderr]    Compiling cc v1.0.83
[INFO] [stderr]    Compiling is-terminal v0.4.9
[INFO] [stderr]    Compiling supports-color v2.1.0
[INFO] [stderr]    Compiling supports-hyperlinks v2.1.0
[INFO] [stderr]    Compiling supports-unicode v2.0.0
[INFO] [stderr]    Compiling tracing-error v0.2.0
[INFO] [stderr]    Compiling backtrace v0.3.69
[INFO] [stderr]    Compiling addr2line v0.21.0
[INFO] [stderr]    Compiling backtrace-ext v0.2.1
[INFO] [stderr]    Compiling thiserror-impl v1.0.49
[INFO] [stderr]    Compiling typed-builder-macro v0.16.2
[INFO] [stderr]    Compiling serde_derive v1.0.188
[INFO] [stderr]    Compiling miette-derive v5.10.0
[INFO] [stderr]    Compiling visibility v0.1.0
[INFO] [stderr]    Compiling typed-builder v0.16.2
[INFO] [stderr]    Compiling marker_api v0.4.3
[INFO] [stderr]    Compiling miette v5.10.0
[INFO] [stderr]    Compiling marker_error v0.4.3
[INFO] [stderr]    Compiling marker_utils v0.4.3
[INFO] [stderr]    Compiling marker_adapter v0.4.3
[INFO] [stdout] error[E0463]: can't find crate for `rustc_ast`
[INFO] [stdout]   --> src/lib.rs:19:1
[INFO] [stdout]    |
[INFO] [stdout] 19 | extern crate rustc_ast;
[INFO] [stdout]    | ^^^^^^^^^^^^^^^^^^^^^^^ can't find crate
[INFO] [stdout]    |
[INFO] [stdout]    = help: maybe you need to install the missing components with: `rustup component add rust-src rustc-dev llvm-tools-preview`
[INFO] [stdout] 
[INFO] [stdout] 
[INFO] [stdout] error[E0463]: can't find crate for `rustc_data_structures`
[INFO] [stdout]   --> src/lib.rs:20:1
[INFO] [stdout]    |
[INFO] [stdout] 20 | extern crate rustc_data_structures;
[INFO] [stdout]    | ^^^^^^^^^^^^^^^^^^^^^^^^^^^^^^^^^^^ can't find crate
[INFO] [stdout]    |
[INFO] [stdout]    = help: maybe you need to install the missing components with: `rustup component add rust-src rustc-dev llvm-tools-preview`
[INFO] [stdout] 
[INFO] [stdout] 
[INFO] [stdout] error[E0463]: can't find crate for `rustc_driver`
[INFO] [stdout]   --> src/lib.rs:21:1
[INFO] [stdout]    |
[INFO] [stdout] 21 | extern crate rustc_driver;
[INFO] [stdout]    | ^^^^^^^^^^^^^^^^^^^^^^^^^^ can't find crate
[INFO] [stdout]    |
[INFO] [stdout]    = help: maybe you need to install the missing components with: `rustup component add rust-src rustc-dev llvm-tools-preview`
[INFO] [stdout] 
[INFO] [stdout] 
[INFO] [stdout] error[E0463]: can't find crate for `rustc_errors`
[INFO] [stdout]   --> src/lib.rs:22:1
[INFO] [stdout]    |
[INFO] [stdout] 22 | extern crate rustc_errors;
[INFO] [stdout]    | ^^^^^^^^^^^^^^^^^^^^^^^^^^ can't find crate
[INFO] [stdout]    |
[INFO] [stdout]    = help: maybe you need to install the missing components with: `rustup component add rust-src rustc-dev llvm-tools-preview`
[INFO] [stdout] 
[INFO] [stdout] 
[INFO] [stdout] error[E0463]: can't find crate for `rustc_hash`
[INFO] [stdout]   --> src/lib.rs:23:1
[INFO] [stdout]    |
[INFO] [stdout] 23 | extern crate rustc_hash;
[INFO] [stdout]    | ^^^^^^^^^^^^^^^^^^^^^^^^ can't find crate
[INFO] [stdout]    |
[INFO] [stdout]    = help: maybe you need to install the missing components with: `rustup component add rust-src rustc-dev llvm-tools-preview`
[INFO] [stdout] 
[INFO] [stdout] 
[INFO] [stdout] error[E0463]: can't find crate for `rustc_hir`
[INFO] [stdout]   --> src/lib.rs:24:1
[INFO] [stdout]    |
[INFO] [stdout] 24 | extern crate rustc_hir;
[INFO] [stdout]    | ^^^^^^^^^^^^^^^^^^^^^^^ can't find crate
[INFO] [stdout]    |
[INFO] [stdout]    = help: maybe you need to install the missing components with: `rustup component add rust-src rustc-dev llvm-tools-preview`
[INFO] [stdout] 
[INFO] [stdout] 
[INFO] [stdout] error[E0463]: can't find crate for `rustc_hir_analysis`
[INFO] [stdout]   --> src/lib.rs:25:1
[INFO] [stdout]    |
[INFO] [stdout] 25 | extern crate rustc_hir_analysis;
[INFO] [stdout]    | ^^^^^^^^^^^^^^^^^^^^^^^^^^^^^^^^ can't find crate
[INFO] [stdout]    |
[INFO] [stdout]    = help: maybe you need to install the missing components with: `rustup component add rust-src rustc-dev llvm-tools-preview`
[INFO] [stdout] 
[INFO] [stdout] 
[INFO] [stdout] error[E0463]: can't find crate for `rustc_interface`
[INFO] [stdout]   --> src/lib.rs:26:1
[INFO] [stdout]    |
[INFO] [stdout] 26 | extern crate rustc_interface;
[INFO] [stdout]    | ^^^^^^^^^^^^^^^^^^^^^^^^^^^^^ can't find crate
[INFO] [stdout]    |
[INFO] [stdout]    = help: maybe you need to install the missing components with: `rustup component add rust-src rustc-dev llvm-tools-preview`
[INFO] [stdout] 
[INFO] [stdout] 
[INFO] [stdout] error[E0463]: can't find crate for `rustc_lint`
[INFO] [stdout]   --> src/lib.rs:27:1
[INFO] [stdout]    |
[INFO] [stdout] 27 | extern crate rustc_lint;
[INFO] [stdout]    | ^^^^^^^^^^^^^^^^^^^^^^^^ can't find crate
[INFO] [stdout]    |
[INFO] [stdout]    = help: maybe you need to install the missing components with: `rustup component add rust-src rustc-dev llvm-tools-preview`
[INFO] [stdout] 
[INFO] [stdout] 
[INFO] [stdout] error[E0463]: can't find crate for `rustc_lint_defs`
[INFO] [stdout]   --> src/lib.rs:28:1
[INFO] [stdout]    |
[INFO] [stdout] 28 | extern crate rustc_lint_defs;
[INFO] [stdout]    | ^^^^^^^^^^^^^^^^^^^^^^^^^^^^^ can't find crate
[INFO] [stdout]    |
[INFO] [stdout]    = help: maybe you need to install the missing components with: `rustup component add rust-src rustc-dev llvm-tools-preview`
[INFO] [stdout] 
[INFO] [stdout] 
[INFO] [stdout] error[E0463]: can't find crate for `rustc_middle`
[INFO] [stdout]   --> src/lib.rs:29:1
[INFO] [stdout]    |
[INFO] [stdout] 29 | extern crate rustc_middle;
[INFO] [stdout]    | ^^^^^^^^^^^^^^^^^^^^^^^^^^ can't find crate
[INFO] [stdout]    |
[INFO] [stdout]    = help: maybe you need to install the missing components with: `rustup component add rust-src rustc-dev llvm-tools-preview`
[INFO] [stdout] 
[INFO] [stdout] 
[INFO] [stdout] error[E0463]: can't find crate for `rustc_session`
[INFO] [stdout]   --> src/lib.rs:30:1
[INFO] [stdout]    |
[INFO] [stdout] 30 | extern crate rustc_session;
[INFO] [stdout]    | ^^^^^^^^^^^^^^^^^^^^^^^^^^^ can't find crate
[INFO] [stdout]    |
[INFO] [stdout]    = help: maybe you need to install the missing components with: `rustup component add rust-src rustc-dev llvm-tools-preview`
[INFO] [stdout] 
[INFO] [stdout] 
[INFO] [stdout] error[E0463]: can't find crate for `rustc_span`
[INFO] [stdout]   --> src/lib.rs:31:1
[INFO] [stdout]    |
[INFO] [stdout] 31 | extern crate rustc_span;
[INFO] [stdout]    | ^^^^^^^^^^^^^^^^^^^^^^^^ can't find crate
[INFO] [stdout]    |
[INFO] [stdout]    = help: maybe you need to install the missing components with: `rustup component add rust-src rustc-dev llvm-tools-preview`
[INFO] [stdout] 
[INFO] [stdout] 
[INFO] [stdout] error[E0463]: can't find crate for `rustc_target`
[INFO] [stdout]   --> src/lib.rs:32:1
[INFO] [stdout]    |
[INFO] [stdout] 32 | extern crate rustc_target;
[INFO] [stdout]    | ^^^^^^^^^^^^^^^^^^^^^^^^^^ can't find crate
[INFO] [stdout]    |
[INFO] [stdout]    = help: maybe you need to install the missing components with: `rustup component add rust-src rustc-dev llvm-tools-preview`
[INFO] [stdout] 
[INFO] [stdout] 
[INFO] [stdout] error[E0554]: `#![feature]` may not be used on the beta release channel
[INFO] [stdout]  --> src/lib.rs:2:1
[INFO] [stdout]   |
[INFO] [stdout] 2 | #![feature(rustc_private)]
[INFO] [stdout]   | ^^^^^^^^^^^^^^^^^^^^^^^^^^
[INFO] [stdout] 
[INFO] [stdout] 
[INFO] [stdout] error[E0554]: `#![feature]` may not be used on the beta release channel
[INFO] [stdout]  --> src/lib.rs:3:1
[INFO] [stdout]   |
[INFO] [stdout] 3 | #![feature(let_chains)]
[INFO] [stdout]   | ^^^^^^^^^^^^^^^^^^^^^^^
[INFO] [stdout] 
[INFO] [stdout] 
[INFO] [stdout] error[E0554]: `#![feature]` may not be used on the beta release channel
[INFO] [stdout]  --> src/lib.rs:4:1
[INFO] [stdout]   |
[INFO] [stdout] 4 | #![feature(lint_reasons)]
[INFO] [stdout]   | ^^^^^^^^^^^^^^^^^^^^^^^^^
[INFO] [stdout] 
[INFO] [stdout] 
[INFO] [stdout] error[E0554]: `#![feature]` may not be used on the beta release channel
[INFO] [stdout]  --> src/lib.rs:5:1
[INFO] [stdout]   |
[INFO] [stdout] 5 | #![feature(iter_collect_into)]
[INFO] [stdout]   | ^^^^^^^^^^^^^^^^^^^^^^^^^^^^^^
[INFO] [stdout] 
[INFO] [stdout] 
[INFO] [stdout] error[E0554]: `#![feature]` may not be used on the beta release channel
[INFO] [stdout]  --> src/lib.rs:6:1
[INFO] [stdout]   |
[INFO] [stdout] 6 | #![feature(non_exhaustive_omitted_patterns_lint)]
[INFO] [stdout]   | ^^^^^^^^^^^^^^^^^^^^^^^^^^^^^^^^^^^^^^^^^^^^^^^^^
[INFO] [stdout] 
[INFO] [stdout] 
[INFO] [stdout] error[E0554]: `#![feature]` may not be used on the beta release channel
[INFO] [stdout]  --> src/lib.rs:7:1
[INFO] [stdout]   |
[INFO] [stdout] 7 | #![feature(once_cell_try)]
[INFO] [stdout]   | ^^^^^^^^^^^^^^^^^^^^^^^^^^
[INFO] [stdout] 
[INFO] [stdout] 
[INFO] [stdout] error[E0554]: `#![feature]` may not be used on the beta release channel
[INFO] [stdout]  --> src/lib.rs:5:12
[INFO] [stdout]   |
[INFO] [stdout] 5 | #![feature(iter_collect_into)]
[INFO] [stdout]   |            ^^^^^^^^^^^^^^^^^
[INFO] [stdout] 
[INFO] [stdout] 
[INFO] [stdout] error[E0554]: `#![feature]` may not be used on the beta release channel
[INFO] [stdout]  --> src/lib.rs:7:12
[INFO] [stdout]   |
[INFO] [stdout] 7 | #![feature(once_cell_try)]
[INFO] [stdout]   |            ^^^^^^^^^^^^^
[INFO] [stdout] 
[INFO] [stdout] 
[INFO] [stdout] error: aborting due to 22 previous errors
[INFO] [stdout] 
[INFO] [stdout] 
[INFO] [stdout] Some errors have detailed explanations: E0463, E0554.
[INFO] [stdout] 
[INFO] [stdout] For more information about an error, try `rustc --explain E0463`.
[INFO] [stdout] 
[INFO] [stderr] error: could not compile `marker_rustc_driver` (lib) due to 23 previous errors
[INFO] [stderr] warning: build failed, waiting for other jobs to finish...
[INFO] running `Command { std: "docker" "inspect" "42afa40a74116fc78cda0e6837338b900695c51f047e6a4291d0ffc977ccab05", kill_on_drop: false }`
[INFO] running `Command { std: "docker" "rm" "-f" "42afa40a74116fc78cda0e6837338b900695c51f047e6a4291d0ffc977ccab05", kill_on_drop: false }`
[INFO] [stdout] 42afa40a74116fc78cda0e6837338b900695c51f047e6a4291d0ffc977ccab05
