[INFO] fetching crate markdown-it 0.6.0...
[INFO] testing markdown-it-0.6.0 against 1.75.0 for beta-1.76-1
[INFO] extracting crate markdown-it 0.6.0 into /workspace/builds/worker-2-tc1/source
[INFO] validating manifest of crates.io crate markdown-it 0.6.0 on toolchain 1.75.0
[INFO] running `Command { std: CARGO_HOME="/workspace/cargo-home" RUSTUP_HOME="/workspace/rustup-home" "/workspace/cargo-home/bin/cargo" "+1.75.0" "metadata" "--manifest-path" "Cargo.toml" "--no-deps", kill_on_drop: false }`
[INFO] started tweaking crates.io crate markdown-it 0.6.0
[INFO] finished tweaking crates.io crate markdown-it 0.6.0
[INFO] tweaked toml for crates.io crate markdown-it 0.6.0 written to /workspace/builds/worker-2-tc1/source/Cargo.toml
[INFO] crate crates.io crate markdown-it 0.6.0 already has a lockfile, it will not be regenerated
[INFO] running `Command { std: CARGO_HOME="/workspace/cargo-home" RUSTUP_HOME="/workspace/rustup-home" "/workspace/cargo-home/bin/cargo" "+1.75.0" "fetch" "--manifest-path" "Cargo.toml", kill_on_drop: false }`
[INFO] [stderr]     Updating crates.io index
[INFO] [stderr]  Downloading crates ...
[INFO] [stderr]   Downloaded const_format v0.2.31
[INFO] [stderr]   Downloaded time-macros v0.2.9
[INFO] [stderr]   Downloaded const_format_proc_macros v0.2.31
[INFO] [stderr]   Downloaded mdurl v0.3.1
[INFO] [stderr]   Downloaded linkify v0.9.0
[INFO] [stderr]   Downloaded fancy-regex v0.7.1
[INFO] [stderr]   Downloaded plist v1.4.3
[INFO] [stderr]   Downloaded readonly v0.2.8
[INFO] running `Command { std: "docker" "create" "-v" "/var/lib/crater-agent-workspace/builds/worker-2-tc1/target:/opt/rustwide/target:rw,Z" "-v" "/var/lib/crater-agent-workspace/builds/worker-2-tc1/source:/opt/rustwide/workdir:ro,Z" "-v" "/var/lib/crater-agent-workspace/cargo-home:/opt/rustwide/cargo-home:ro,Z" "-v" "/var/lib/crater-agent-workspace/rustup-home:/opt/rustwide/rustup-home:ro,Z" "-e" "SOURCE_DIR=/opt/rustwide/workdir" "-e" "CARGO_TARGET_DIR=/opt/rustwide/target" "-e" "CARGO_HOME=/opt/rustwide/cargo-home" "-e" "RUSTUP_HOME=/opt/rustwide/rustup-home" "-w" "/opt/rustwide/workdir" "-m" "1610612736" "--user" "0:0" "--network" "none" "ghcr.io/rust-lang/crates-build-env/linux@sha256:2788e3201cd34a07e3172128adcd8b3090168a8e3bcc40d7c032b9dda1df7d1c" "/opt/rustwide/cargo-home/bin/cargo" "+1.75.0" "metadata" "--no-deps" "--format-version=1", kill_on_drop: false }`
[INFO] [stdout] 09fe9c1202c1a3fede9034db4f6078eb3cba7c21b32d10f26ae4e32b1efbe20f
[INFO] running `Command { std: "docker" "start" "-a" "09fe9c1202c1a3fede9034db4f6078eb3cba7c21b32d10f26ae4e32b1efbe20f", kill_on_drop: false }`
[INFO] running `Command { std: "docker" "inspect" "09fe9c1202c1a3fede9034db4f6078eb3cba7c21b32d10f26ae4e32b1efbe20f", kill_on_drop: false }`
[INFO] running `Command { std: "docker" "rm" "-f" "09fe9c1202c1a3fede9034db4f6078eb3cba7c21b32d10f26ae4e32b1efbe20f", kill_on_drop: false }`
[INFO] [stdout] 09fe9c1202c1a3fede9034db4f6078eb3cba7c21b32d10f26ae4e32b1efbe20f
[INFO] running `Command { std: "docker" "create" "-v" "/var/lib/crater-agent-workspace/builds/worker-2-tc1/target:/opt/rustwide/target:rw,Z" "-v" "/var/lib/crater-agent-workspace/builds/worker-2-tc1/source:/opt/rustwide/workdir:ro,Z" "-v" "/var/lib/crater-agent-workspace/cargo-home:/opt/rustwide/cargo-home:ro,Z" "-v" "/var/lib/crater-agent-workspace/rustup-home:/opt/rustwide/rustup-home:ro,Z" "-e" "SOURCE_DIR=/opt/rustwide/workdir" "-e" "CARGO_TARGET_DIR=/opt/rustwide/target" "-e" "CARGO_INCREMENTAL=0" "-e" "RUST_BACKTRACE=full" "-e" "RUSTFLAGS=--cap-lints=warn" "-e" "RUSTDOCFLAGS=--cap-lints=warn" "-e" "CARGO_HOME=/opt/rustwide/cargo-home" "-e" "RUSTUP_HOME=/opt/rustwide/rustup-home" "-w" "/opt/rustwide/workdir" "-m" "1610612736" "--user" "0:0" "--network" "none" "ghcr.io/rust-lang/crates-build-env/linux@sha256:2788e3201cd34a07e3172128adcd8b3090168a8e3bcc40d7c032b9dda1df7d1c" "/opt/rustwide/cargo-home/bin/cargo" "+1.75.0" "build" "--frozen" "--message-format=json", kill_on_drop: false }`
[INFO] [stdout] 4681d7d010f285f506897e9e081e4f799eabeae21c2aa929fe95009b22c6a18c
[INFO] running `Command { std: "docker" "start" "-a" "4681d7d010f285f506897e9e081e4f799eabeae21c2aa929fe95009b22c6a18c", kill_on_drop: false }`
[INFO] [stderr]    Compiling proc-macro2 v1.0.59
[INFO] [stderr]    Compiling quote v1.0.28
[INFO] [stderr]    Compiling unicode-ident v1.0.9
[INFO] [stderr]    Compiling serde v1.0.163
[INFO] [stderr]    Compiling crc32fast v1.3.2
[INFO] [stderr]    Compiling regex-syntax v0.7.2
[INFO] [stderr]    Compiling syn v1.0.109
[INFO] [stderr]    Compiling serde_json v1.0.96
[INFO] [stderr]    Compiling psm v0.1.21
[INFO] [stderr]    Compiling bit-vec v0.6.3
[INFO] [stderr]    Compiling libc v0.2.146
[INFO] [stderr]    Compiling safemem v0.3.3
[INFO] [stderr]    Compiling indexmap v1.9.3
[INFO] [stderr]    Compiling time-core v0.1.1
[INFO] [stderr]    Compiling aho-corasick v1.0.2
[INFO] [stderr]    Compiling quick-xml v0.28.2
[INFO] [stderr]    Compiling time v0.3.21
[INFO] [stderr]    Compiling line-wrap v0.1.1
[INFO] [stderr]    Compiling miniz_oxide v0.7.1
[INFO] [stderr]    Compiling stacker v0.1.15
[INFO] [stderr]    Compiling bit-set v0.5.3
[INFO] [stderr]    Compiling linked-hash-map v0.5.6
[INFO] [stderr]    Compiling unicode-general-category v0.6.0
[INFO] [stderr]    Compiling once_cell v1.18.0
[INFO] [stderr]    Compiling same-file v1.0.6
[INFO] [stderr]    Compiling unicode-xid v0.2.4
[INFO] [stderr]    Compiling base64 v0.21.2
[INFO] [stderr]    Compiling yaml-rust v0.4.5
[INFO] [stderr]    Compiling walkdir v2.3.3
[INFO] [stderr]    Compiling utf8-width v0.1.6
[INFO] [stderr]    Compiling convert_case v0.4.0
[INFO] [stderr]    Compiling html-escape v0.2.13
[INFO] [stderr]    Compiling flate2 v1.0.26
[INFO] [stderr]    Compiling linkify v0.9.0
[INFO] [stderr]    Compiling argparse v0.2.2
[INFO] [stderr]    Compiling downcast-rs v1.2.0
[INFO] [stderr]    Compiling entities v1.0.1
[INFO] [stderr]    Compiling syn v2.0.18
[INFO] [stderr]    Compiling const_format_proc_macros v0.2.31
[INFO] [stderr]    Compiling regex v1.8.4
[INFO] [stderr]    Compiling const_format v0.2.31
[INFO] [stderr]    Compiling fancy-regex v0.7.1
[INFO] [stderr]    Compiling mdurl v0.3.1
[INFO] [stderr]    Compiling thiserror-impl v1.0.40
[INFO] [stderr]    Compiling serde_derive v1.0.163
[INFO] [stderr]    Compiling readonly v0.2.8
[INFO] [stderr]    Compiling bincode v1.3.3
[INFO] [stderr]    Compiling plist v1.4.3
[INFO] [stderr]    Compiling derive_more v0.99.17
[INFO] [stderr]    Compiling derivative v2.2.0
[INFO] [stderr]    Compiling thiserror v1.0.40
[INFO] [stderr]    Compiling syntect v5.0.0
[INFO] [stderr]    Compiling markdown-it v0.6.0 (/opt/rustwide/workdir)
[INFO] [stderr]     Finished dev [unoptimized + debuginfo] target(s) in 8.20s
[INFO] running `Command { std: "docker" "inspect" "4681d7d010f285f506897e9e081e4f799eabeae21c2aa929fe95009b22c6a18c", kill_on_drop: false }`
[INFO] running `Command { std: "docker" "rm" "-f" "4681d7d010f285f506897e9e081e4f799eabeae21c2aa929fe95009b22c6a18c", kill_on_drop: false }`
[INFO] [stdout] 4681d7d010f285f506897e9e081e4f799eabeae21c2aa929fe95009b22c6a18c
[INFO] running `Command { std: "docker" "create" "-v" "/var/lib/crater-agent-workspace/builds/worker-2-tc1/target:/opt/rustwide/target:rw,Z" "-v" "/var/lib/crater-agent-workspace/builds/worker-2-tc1/source:/opt/rustwide/workdir:ro,Z" "-v" "/var/lib/crater-agent-workspace/cargo-home:/opt/rustwide/cargo-home:ro,Z" "-v" "/var/lib/crater-agent-workspace/rustup-home:/opt/rustwide/rustup-home:ro,Z" "-e" "SOURCE_DIR=/opt/rustwide/workdir" "-e" "CARGO_TARGET_DIR=/opt/rustwide/target" "-e" "CARGO_INCREMENTAL=0" "-e" "RUST_BACKTRACE=full" "-e" "RUSTFLAGS=--cap-lints=warn" "-e" "RUSTDOCFLAGS=--cap-lints=warn" "-e" "CARGO_HOME=/opt/rustwide/cargo-home" "-e" "RUSTUP_HOME=/opt/rustwide/rustup-home" "-w" "/opt/rustwide/workdir" "-m" "1610612736" "--user" "0:0" "--network" "none" "ghcr.io/rust-lang/crates-build-env/linux@sha256:2788e3201cd34a07e3172128adcd8b3090168a8e3bcc40d7c032b9dda1df7d1c" "/opt/rustwide/cargo-home/bin/cargo" "+1.75.0" "test" "--frozen" "--no-run" "--message-format=json", kill_on_drop: false }`
[INFO] [stdout] 05e953a9e09b4005d160c8cd3002c846f304bb0fe17fab3e29a8bf0d716309ef
[INFO] running `Command { std: "docker" "start" "-a" "05e953a9e09b4005d160c8cd3002c846f304bb0fe17fab3e29a8bf0d716309ef", kill_on_drop: false }`
[INFO] [stderr]    Compiling markdown-it v0.6.0 (/opt/rustwide/workdir)
[INFO] [stderr] error: could not compile `markdown-it` (lib test)
[INFO] [stderr] 
[INFO] [stderr] Caused by:
[INFO] [stderr]   process didn't exit successfully: `/opt/rustwide/rustup-home/toolchains/1.75.0-x86_64-unknown-linux-gnu/bin/rustc --crate-name markdown_it --edition=2021 src/lib.rs --error-format=json --json=diagnostic-rendered-ansi,artifacts,future-incompat --emit=dep-info,link -C embed-bitcode=no -C debuginfo=2 --test --cfg 'feature="default"' --cfg 'feature="linkify"' --cfg 'feature="syntect"' -C metadata=0a3d52c221a7815b -C extra-filename=-0a3d52c221a7815b --out-dir /opt/rustwide/target/debug/deps -L dependency=/opt/rustwide/target/debug/deps --extern argparse=/opt/rustwide/target/debug/deps/libargparse-daa274a3a1e551f5.rlib --extern const_format=/opt/rustwide/target/debug/deps/libconst_format-99551b45f3c3183b.rlib --extern derivative=/opt/rustwide/target/debug/deps/libderivative-23d0df0f9a211d23.so --extern derive_more=/opt/rustwide/target/debug/deps/libderive_more-d8059465b3cedea8.so --extern downcast_rs=/opt/rustwide/target/debug/deps/libdowncast_rs-c097a54188a9369f.rlib --extern entities=/opt/rustwide/target/debug/deps/libentities-a4d2d208dd401ea7.rlib --extern html_escape=/opt/rustwide/target/debug/deps/libhtml_escape-1fe2b5f7af7133a6.rlib --extern linkify=/opt/rustwide/target/debug/deps/liblinkify-804ed4d8a6acb7cc.rlib --extern mdurl=/opt/rustwide/target/debug/deps/libmdurl-0bf3b8e1fd4fc550.rlib --extern once_cell=/opt/rustwide/target/debug/deps/libonce_cell-865e1c5018a0303a.rlib --extern readonly=/opt/rustwide/target/debug/deps/libreadonly-bafad93927c7623b.so --extern regex=/opt/rustwide/target/debug/deps/libregex-e18f9057ae9b65dd.rlib --extern stacker=/opt/rustwide/target/debug/deps/libstacker-ab27b83ee431db38.rlib --extern syntect=/opt/rustwide/target/debug/deps/libsyntect-962230a9f13ff18a.rlib --extern unicode_general_category=/opt/rustwide/target/debug/deps/libunicode_general_category-331089fa5929fe6a.rlib --cap-lints=warn -L native=/opt/rustwide/target/debug/build/psm-791012b1abcd449a/out` (signal: 9, SIGKILL: kill)
[INFO] [stderr] warning: build failed, waiting for other jobs to finish...
[INFO] [stdout] error: linking with `cc` failed: exit status: 1
[INFO] [stdout]   |
[INFO] [stdout]   = note: LC_ALL="C" PATH="/opt/rustwide/rustup-home/toolchains/1.75.0-x86_64-unknown-linux-gnu/lib/rustlib/x86_64-unknown-linux-gnu/bin:/opt/rustwide/cargo-home/bin:/usr/local/sbin:/usr/local/bin:/usr/sbin:/usr/bin:/sbin:/bin" VSLANG="1033" "cc" "-m64" "/tmp/rustcoGZAlm/symbols.o" "/opt/rustwide/target/debug/examples/ferris-96720a1ffa95c682.ferris.308e99c9e105eb07-cgu.0.rcgu.o" "/opt/rustwide/target/debug/examples/ferris-96720a1ffa95c682.3gnrdd2k0v0b82k8.rcgu.o" "-Wl,--as-needed" "-L" "/opt/rustwide/target/debug/deps" "-L" "/opt/rustwide/target/debug/build/psm-791012b1abcd449a/out" "-L" "/opt/rustwide/rustup-home/toolchains/1.75.0-x86_64-unknown-linux-gnu/lib/rustlib/x86_64-unknown-linux-gnu/lib" "-Wl,-Bstatic" "/opt/rustwide/target/debug/deps/libmarkdown_it-3a35e12502f7af03.rlib" "/opt/rustwide/target/debug/deps/libmdurl-0bf3b8e1fd4fc550.rlib" "/opt/rustwide/target/debug/deps/libidna-b88b16256f94c1f5.rlib" "/opt/rustwide/target/debug/deps/libunicode_normalization-e1c1be84a555e587.rlib" "/opt/rustwide/target/debug/deps/libtinyvec-cf6c9f6b792a5507.rlib" "/opt/rustwide/target/debug/deps/libtinyvec_macros-b1cb7f53f58c9f87.rlib" "/opt/rustwide/target/debug/deps/libunicode_bidi-282ea4eeb343ff18.rlib" "/opt/rustwide/target/debug/deps/libstacker-ab27b83ee431db38.rlib" "/opt/rustwide/target/debug/deps/libpsm-9420e69d2b63e464.rlib" "/opt/rustwide/target/debug/deps/liblibc-105180749aea251e.rlib" "/opt/rustwide/target/debug/deps/libhtml_escape-1fe2b5f7af7133a6.rlib" "/opt/rustwide/target/debug/deps/libutf8_width-ba7c4de5a2a98689.rlib" "/opt/rustwide/target/debug/deps/libconst_format-99551b45f3c3183b.rlib" "/opt/rustwide/target/debug/deps/libsyntect-962230a9f13ff18a.rlib" "/opt/rustwide/target/debug/deps/libfancy_regex-cb2b7291e5589d0f.rlib" "/opt/rustwide/target/debug/deps/libbit_set-1c30cf26081adff1.rlib" "/opt/rustwide/target/debug/deps/libbit_vec-f0ba0f35100062e1.rlib" "/opt/rustwide/target/debug/deps/libthiserror-afa1c970fadec2c4.rlib" "/opt/rustwide/target/debug/deps/libwalkdir-1e1e3f79bb01416f.rlib" "/opt/rustwide/target/debug/deps/libsame_file-06a4c01142053b65.rlib" "/opt/rustwide/target/debug/deps/libyaml_rust-dadeb9b0a1ae3c6e.rlib" "/opt/rustwide/target/debug/deps/liblinked_hash_map-55396135ba6b4b1c.rlib" "/opt/rustwide/target/debug/deps/libregex_syntax-0dc2d12e01b76027.rlib" "/opt/rustwide/target/debug/deps/libfnv-18bf5144d055e772.rlib" "/opt/rustwide/target/debug/deps/libbitflags-b7cee2ca4fb438d0.rlib" "/opt/rustwide/target/debug/deps/libserde_json-30af531473bd7961.rlib" "/opt/rustwide/target/debug/deps/libryu-07c77bcabf6ee02b.rlib" "/opt/rustwide/target/debug/deps/libplist-a874af071c20348b.rlib" "/opt/rustwide/target/debug/deps/libline_wrap-8d5d671595e9c530.rlib" "/opt/rustwide/target/debug/deps/libsafemem-4745ed10c8b13fe0.rlib" "/opt/rustwide/target/debug/deps/libtime-c1e49491638f7b0b.rlib" "/opt/rustwide/target/debug/deps/libitoa-807e41d963466eb2.rlib" "/opt/rustwide/target/debug/deps/libtime_core-8975f5c3c8091bbd.rlib" "/opt/rustwide/target/debug/deps/libquick_xml-2b9f0d1d65d7bd76.rlib" "/opt/rustwide/target/debug/deps/libbase64-4ae6d688b6a59d6a.rlib" "/opt/rustwide/target/debug/deps/libindexmap-7b2113ac7fccbab6.rlib" "/opt/rustwide/target/debug/deps/libhashbrown-567986452cb9bc94.rlib" "/opt/rustwide/target/debug/deps/libflate2-85f4e7f49a33e7b6.rlib" "/opt/rustwide/target/debug/deps/libminiz_oxide-f272f5814aa49507.rlib" "/opt/rustwide/target/debug/deps/libadler-c8f2240c56a0abca.rlib" "/opt/rustwide/target/debug/deps/libcrc32fast-664446237529ebff.rlib" "/opt/rustwide/target/debug/deps/libcfg_if-61dc7a6799e72b18.rlib" "/opt/rustwide/target/debug/deps/libbincode-6b6bda1274cf5f1b.rlib" "/opt/rustwide/target/debug/deps/libserde-54f005a1984464ca.rlib" "/opt/rustwide/target/debug/deps/liblazy_static-591486ebcb9a7ead.rlib" "/opt/rustwide/target/debug/deps/liblinkify-804ed4d8a6acb7cc.rlib" "/opt/rustwide/target/debug/deps/libdowncast_rs-c097a54188a9369f.rlib" "/opt/rustwide/target/debug/deps/libunicode_general_category-331089fa5929fe6a.rlib" "/opt/rustwide/target/debug/deps/libregex-e18f9057ae9b65dd.rlib" "/opt/rustwide/target/debug/deps/libaho_corasick-60aa60e784174434.rlib" "/opt/rustwide/target/debug/deps/libmemchr-4fdcfd9ddfba30cb.rlib" "/opt/rustwide/target/debug/deps/libregex_syntax-9bf174677eb3a180.rlib" "/opt/rustwide/target/debug/deps/libentities-a4d2d208dd401ea7.rlib" "/opt/rustwide/target/debug/deps/libonce_cell-865e1c5018a0303a.rlib" "/opt/rustwide/rustup-home/toolchains/1.75.0-x86_64-unknown-linux-gnu/lib/rustlib/x86_64-unknown-linux-gnu/lib/libstd-90f6ddbf82de36ec.rlib" "/opt/rustwide/rustup-home/toolchains/1.75.0-x86_64-unknown-linux-gnu/lib/rustlib/x86_64-unknown-linux-gnu/lib/libpanic_unwind-480c41e9d4e1f677.rlib" "/opt/rustwide/rustup-home/toolchains/1.75.0-x86_64-unknown-linux-gnu/lib/rustlib/x86_64-unknown-linux-gnu/lib/libobject-db744c0ca03eed1d.rlib" "/opt/rustwide/rustup-home/toolchains/1.75.0-x86_64-unknown-linux-gnu/lib/rustlib/x86_64-unknown-linux-gnu/lib/libmemchr-8ba652dc7d4b285a.rlib" "/opt/rustwide/rustup-home/toolchains/1.75.0-x86_64-unknown-linux-gnu/lib/rustlib/x86_64-unknown-linux-gnu/lib/libaddr2line-d5f4520a9ebc0d58.rlib" "/opt/rustwide/rustup-home/toolchains/1.75.0-x86_64-unknown-linux-gnu/lib/rustlib/x86_64-unknown-linux-gnu/lib/libgimli-4ad84de58f0cb463.rlib" "/opt/rustwide/rustup-home/toolchains/1.75.0-x86_64-unknown-linux-gnu/lib/rustlib/x86_64-unknown-linux-gnu/lib/librustc_demangle-0d10aae2e0f38735.rlib" "/opt/rustwide/rustup-home/toolchains/1.75.0-x86_64-unknown-linux-gnu/lib/rustlib/x86_64-unknown-linux-gnu/lib/libstd_detect-0c17cff739e6745b.rlib" "/opt/rustwide/rustup-home/toolchains/1.75.0-x86_64-unknown-linux-gnu/lib/rustlib/x86_64-unknown-linux-gnu/lib/libhashbrown-b29e17139dde1aa8.rlib" "/opt/rustwide/rustup-home/toolchains/1.75.0-x86_64-unknown-linux-gnu/lib/rustlib/x86_64-unknown-linux-gnu/lib/librustc_std_workspace_alloc-1f975299829cc7bd.rlib" "/opt/rustwide/rustup-home/toolchains/1.75.0-x86_64-unknown-linux-gnu/lib/rustlib/x86_64-unknown-linux-gnu/lib/libminiz_oxide-86bae3bc3079f89b.rlib" "/opt/rustwide/rustup-home/toolchains/1.75.0-x86_64-unknown-linux-gnu/lib/rustlib/x86_64-unknown-linux-gnu/lib/libadler-321b82c30dffdf5f.rlib" "/opt/rustwide/rustup-home/toolchains/1.75.0-x86_64-unknown-linux-gnu/lib/rustlib/x86_64-unknown-linux-gnu/lib/libunwind-3dd8a6810a0bdfef.rlib" "/opt/rustwide/rustup-home/toolchains/1.75.0-x86_64-unknown-linux-gnu/lib/rustlib/x86_64-unknown-linux-gnu/lib/libcfg_if-eb39a61c0c879984.rlib" "/opt/rustwide/rustup-home/toolchains/1.75.0-x86_64-unknown-linux-gnu/lib/rustlib/x86_64-unknown-linux-gnu/lib/liblibc-aa769569f91c3548.rlib" "/opt/rustwide/rustup-home/toolchains/1.75.0-x86_64-unknown-linux-gnu/lib/rustlib/x86_64-unknown-linux-gnu/lib/liballoc-510a192a50a983ed.rlib" "/opt/rustwide/rustup-home/toolchains/1.75.0-x86_64-unknown-linux-gnu/lib/rustlib/x86_64-unknown-linux-gnu/lib/librustc_std_workspace_core-0577018320f99037.rlib" "/opt/rustwide/rustup-home/toolchains/1.75.0-x86_64-unknown-linux-gnu/lib/rustlib/x86_64-unknown-linux-gnu/lib/libcore-193cf992125ccd4c.rlib" "/opt/rustwide/rustup-home/toolchains/1.75.0-x86_64-unknown-linux-gnu/lib/rustlib/x86_64-unknown-linux-gnu/lib/libcompiler_builtins-8e138eaf26ebb4a8.rlib" "-Wl,-Bdynamic" "-lgcc_s" "-lutil" "-lrt" "-lpthread" "-lm" "-ldl" "-lc" "-Wl,--eh-frame-hdr" "-Wl,-z,noexecstack" "-L" "/opt/rustwide/rustup-home/toolchains/1.75.0-x86_64-unknown-linux-gnu/lib/rustlib/x86_64-unknown-linux-gnu/lib" "-o" "/opt/rustwide/target/debug/examples/ferris-96720a1ffa95c682" "-Wl,--gc-sections" "-pie" "-Wl,-z,relro,-z,now" "-nodefaultlibs"
[INFO] [stdout]   = note: collect2: fatal error: ld terminated with signal 9 [Killed]
[INFO] [stdout]           compilation terminated.
[INFO] [stdout]           
[INFO] [stdout] 
[INFO] [stdout] 
[INFO] [stdout] error: aborting due to previous error
[INFO] [stdout] 
[INFO] [stdout] 
[INFO] [stderr] error: could not compile `markdown-it` (example "ferris") due to 2 previous errors
[INFO] [stdout] error: linking with `cc` failed: exit status: 1
[INFO] [stdout]   |
[INFO] [stdout]   = note: LC_ALL="C" PATH="/opt/rustwide/rustup-home/toolchains/1.75.0-x86_64-unknown-linux-gnu/lib/rustlib/x86_64-unknown-linux-gnu/bin:/opt/rustwide/cargo-home/bin:/usr/local/sbin:/usr/local/bin:/usr/sbin:/usr/bin:/sbin:/bin" VSLANG="1033" "cc" "-m64" "/tmp/rustcK2OfuU/symbols.o" "/opt/rustwide/target/debug/deps/linkify-02dd866810bd3392.linkify.a2db2f863bb98acb-cgu.0.rcgu.o" "/opt/rustwide/target/debug/deps/linkify-02dd866810bd3392.236fh4ybv4wz7c2b.rcgu.o" "-Wl,--as-needed" "-L" "/opt/rustwide/target/debug/deps" "-L" "/opt/rustwide/target/debug/build/psm-791012b1abcd449a/out" "-L" "/opt/rustwide/rustup-home/toolchains/1.75.0-x86_64-unknown-linux-gnu/lib/rustlib/x86_64-unknown-linux-gnu/lib" "-Wl,-Bstatic" "/opt/rustwide/target/debug/deps/libmarkdown_it-3a35e12502f7af03.rlib" "/opt/rustwide/target/debug/deps/libmdurl-0bf3b8e1fd4fc550.rlib" "/opt/rustwide/target/debug/deps/libidna-b88b16256f94c1f5.rlib" "/opt/rustwide/target/debug/deps/libunicode_normalization-e1c1be84a555e587.rlib" "/opt/rustwide/target/debug/deps/libtinyvec-cf6c9f6b792a5507.rlib" "/opt/rustwide/target/debug/deps/libtinyvec_macros-b1cb7f53f58c9f87.rlib" "/opt/rustwide/target/debug/deps/libunicode_bidi-282ea4eeb343ff18.rlib" "/opt/rustwide/target/debug/deps/libstacker-ab27b83ee431db38.rlib" "/opt/rustwide/target/debug/deps/libpsm-9420e69d2b63e464.rlib" "/opt/rustwide/target/debug/deps/liblibc-105180749aea251e.rlib" "/opt/rustwide/target/debug/deps/libhtml_escape-1fe2b5f7af7133a6.rlib" "/opt/rustwide/target/debug/deps/libutf8_width-ba7c4de5a2a98689.rlib" "/opt/rustwide/target/debug/deps/libconst_format-99551b45f3c3183b.rlib" "/opt/rustwide/target/debug/deps/libsyntect-962230a9f13ff18a.rlib" "/opt/rustwide/target/debug/deps/libfancy_regex-cb2b7291e5589d0f.rlib" "/opt/rustwide/target/debug/deps/libbit_set-1c30cf26081adff1.rlib" "/opt/rustwide/target/debug/deps/libbit_vec-f0ba0f35100062e1.rlib" "/opt/rustwide/target/debug/deps/libthiserror-afa1c970fadec2c4.rlib" "/opt/rustwide/target/debug/deps/libwalkdir-1e1e3f79bb01416f.rlib" "/opt/rustwide/target/debug/deps/libsame_file-06a4c01142053b65.rlib" "/opt/rustwide/target/debug/deps/libyaml_rust-dadeb9b0a1ae3c6e.rlib" "/opt/rustwide/target/debug/deps/liblinked_hash_map-55396135ba6b4b1c.rlib" "/opt/rustwide/target/debug/deps/libregex_syntax-0dc2d12e01b76027.rlib" "/opt/rustwide/target/debug/deps/libfnv-18bf5144d055e772.rlib" "/opt/rustwide/target/debug/deps/libbitflags-b7cee2ca4fb438d0.rlib" "/opt/rustwide/target/debug/deps/libserde_json-30af531473bd7961.rlib" "/opt/rustwide/target/debug/deps/libryu-07c77bcabf6ee02b.rlib" "/opt/rustwide/target/debug/deps/libplist-a874af071c20348b.rlib" "/opt/rustwide/target/debug/deps/libline_wrap-8d5d671595e9c530.rlib" "/opt/rustwide/target/debug/deps/libsafemem-4745ed10c8b13fe0.rlib" "/opt/rustwide/target/debug/deps/libtime-c1e49491638f7b0b.rlib" "/opt/rustwide/target/debug/deps/libitoa-807e41d963466eb2.rlib" "/opt/rustwide/target/debug/deps/libtime_core-8975f5c3c8091bbd.rlib" "/opt/rustwide/target/debug/deps/libquick_xml-2b9f0d1d65d7bd76.rlib" "/opt/rustwide/target/debug/deps/libbase64-4ae6d688b6a59d6a.rlib" "/opt/rustwide/target/debug/deps/libindexmap-7b2113ac7fccbab6.rlib" "/opt/rustwide/target/debug/deps/libhashbrown-567986452cb9bc94.rlib" "/opt/rustwide/target/debug/deps/libflate2-85f4e7f49a33e7b6.rlib" "/opt/rustwide/target/debug/deps/libminiz_oxide-f272f5814aa49507.rlib" "/opt/rustwide/target/debug/deps/libadler-c8f2240c56a0abca.rlib" "/opt/rustwide/target/debug/deps/libcrc32fast-664446237529ebff.rlib" "/opt/rustwide/target/debug/deps/libcfg_if-61dc7a6799e72b18.rlib" "/opt/rustwide/target/debug/deps/libbincode-6b6bda1274cf5f1b.rlib" "/opt/rustwide/target/debug/deps/libserde-54f005a1984464ca.rlib" "/opt/rustwide/target/debug/deps/liblazy_static-591486ebcb9a7ead.rlib" "/opt/rustwide/target/debug/deps/liblinkify-804ed4d8a6acb7cc.rlib" "/opt/rustwide/target/debug/deps/libdowncast_rs-c097a54188a9369f.rlib" "/opt/rustwide/target/debug/deps/libunicode_general_category-331089fa5929fe6a.rlib" "/opt/rustwide/target/debug/deps/libregex-e18f9057ae9b65dd.rlib" "/opt/rustwide/target/debug/deps/libaho_corasick-60aa60e784174434.rlib" "/opt/rustwide/target/debug/deps/libmemchr-4fdcfd9ddfba30cb.rlib" "/opt/rustwide/target/debug/deps/libregex_syntax-9bf174677eb3a180.rlib" "/opt/rustwide/target/debug/deps/libentities-a4d2d208dd401ea7.rlib" "/opt/rustwide/target/debug/deps/libonce_cell-865e1c5018a0303a.rlib" "/opt/rustwide/rustup-home/toolchains/1.75.0-x86_64-unknown-linux-gnu/lib/rustlib/x86_64-unknown-linux-gnu/lib/libtest-3df1bed8075ce1de.rlib" "/opt/rustwide/rustup-home/toolchains/1.75.0-x86_64-unknown-linux-gnu/lib/rustlib/x86_64-unknown-linux-gnu/lib/libgetopts-2076fd86b325cb5d.rlib" "/opt/rustwide/rustup-home/toolchains/1.75.0-x86_64-unknown-linux-gnu/lib/rustlib/x86_64-unknown-linux-gnu/lib/libunicode_width-caa7152ee70c190f.rlib" "/opt/rustwide/rustup-home/toolchains/1.75.0-x86_64-unknown-linux-gnu/lib/rustlib/x86_64-unknown-linux-gnu/lib/librustc_std_workspace_std-04e6425e07f02a3c.rlib" "/opt/rustwide/rustup-home/toolchains/1.75.0-x86_64-unknown-linux-gnu/lib/rustlib/x86_64-unknown-linux-gnu/lib/libstd-90f6ddbf82de36ec.rlib" "/opt/rustwide/rustup-home/toolchains/1.75.0-x86_64-unknown-linux-gnu/lib/rustlib/x86_64-unknown-linux-gnu/lib/libpanic_unwind-480c41e9d4e1f677.rlib" "/opt/rustwide/rustup-home/toolchains/1.75.0-x86_64-unknown-linux-gnu/lib/rustlib/x86_64-unknown-linux-gnu/lib/libobject-db744c0ca03eed1d.rlib" "/opt/rustwide/rustup-home/toolchains/1.75.0-x86_64-unknown-linux-gnu/lib/rustlib/x86_64-unknown-linux-gnu/lib/libmemchr-8ba652dc7d4b285a.rlib" "/opt/rustwide/rustup-home/toolchains/1.75.0-x86_64-unknown-linux-gnu/lib/rustlib/x86_64-unknown-linux-gnu/lib/libaddr2line-d5f4520a9ebc0d58.rlib" "/opt/rustwide/rustup-home/toolchains/1.75.0-x86_64-unknown-linux-gnu/lib/rustlib/x86_64-unknown-linux-gnu/lib/libgimli-4ad84de58f0cb463.rlib" "/opt/rustwide/rustup-home/toolchains/1.75.0-x86_64-unknown-linux-gnu/lib/rustlib/x86_64-unknown-linux-gnu/lib/librustc_demangle-0d10aae2e0f38735.rlib" "/opt/rustwide/rustup-home/toolchains/1.75.0-x86_64-unknown-linux-gnu/lib/rustlib/x86_64-unknown-linux-gnu/lib/libstd_detect-0c17cff739e6745b.rlib" "/opt/rustwide/rustup-home/toolchains/1.75.0-x86_64-unknown-linux-gnu/lib/rustlib/x86_64-unknown-linux-gnu/lib/libhashbrown-b29e17139dde1aa8.rlib" "/opt/rustwide/rustup-home/toolchains/1.75.0-x86_64-unknown-linux-gnu/lib/rustlib/x86_64-unknown-linux-gnu/lib/librustc_std_workspace_alloc-1f975299829cc7bd.rlib" "/opt/rustwide/rustup-home/toolchains/1.75.0-x86_64-unknown-linux-gnu/lib/rustlib/x86_64-unknown-linux-gnu/lib/libminiz_oxide-86bae3bc3079f89b.rlib" "/opt/rustwide/rustup-home/toolchains/1.75.0-x86_64-unknown-linux-gnu/lib/rustlib/x86_64-unknown-linux-gnu/lib/libadler-321b82c30dffdf5f.rlib" "/opt/rustwide/rustup-home/toolchains/1.75.0-x86_64-unknown-linux-gnu/lib/rustlib/x86_64-unknown-linux-gnu/lib/libunwind-3dd8a6810a0bdfef.rlib" "/opt/rustwide/rustup-home/toolchains/1.75.0-x86_64-unknown-linux-gnu/lib/rustlib/x86_64-unknown-linux-gnu/lib/libcfg_if-eb39a61c0c879984.rlib" "/opt/rustwide/rustup-home/toolchains/1.75.0-x86_64-unknown-linux-gnu/lib/rustlib/x86_64-unknown-linux-gnu/lib/liblibc-aa769569f91c3548.rlib" "/opt/rustwide/rustup-home/toolchains/1.75.0-x86_64-unknown-linux-gnu/lib/rustlib/x86_64-unknown-linux-gnu/lib/liballoc-510a192a50a983ed.rlib" "/opt/rustwide/rustup-home/toolchains/1.75.0-x86_64-unknown-linux-gnu/lib/rustlib/x86_64-unknown-linux-gnu/lib/librustc_std_workspace_core-0577018320f99037.rlib" "/opt/rustwide/rustup-home/toolchains/1.75.0-x86_64-unknown-linux-gnu/lib/rustlib/x86_64-unknown-linux-gnu/lib/libcore-193cf992125ccd4c.rlib" "/opt/rustwide/rustup-home/toolchains/1.75.0-x86_64-unknown-linux-gnu/lib/rustlib/x86_64-unknown-linux-gnu/lib/libcompiler_builtins-8e138eaf26ebb4a8.rlib" "-Wl,-Bdynamic" "-lgcc_s" "-lutil" "-lrt" "-lpthread" "-lm" "-ldl" "-lc" "-Wl,--eh-frame-hdr" "-Wl,-z,noexecstack" "-L" "/opt/rustwide/rustup-home/toolchains/1.75.0-x86_64-unknown-linux-gnu/lib/rustlib/x86_64-unknown-linux-gnu/lib" "-o" "/opt/rustwide/target/debug/deps/linkify-02dd866810bd3392" "-Wl,--gc-sections" "-pie" "-Wl,-z,relro,-z,now" "-nodefaultlibs"
[INFO] [stdout]   = note: collect2: fatal error: ld terminated with signal 9 [Killed]
[INFO] [stdout]           compilation terminated.
[INFO] [stdout]           
[INFO] [stdout] 
[INFO] [stdout] 
[INFO] [stdout] error: aborting due to previous error
[INFO] [stdout] 
[INFO] [stdout] 
[INFO] [stderr] error: could not compile `markdown-it` (test "linkify") due to 2 previous errors
[INFO] running `Command { std: "docker" "inspect" "05e953a9e09b4005d160c8cd3002c846f304bb0fe17fab3e29a8bf0d716309ef", kill_on_drop: false }`
[INFO] running `Command { std: "docker" "rm" "-f" "05e953a9e09b4005d160c8cd3002c846f304bb0fe17fab3e29a8bf0d716309ef", kill_on_drop: false }`
[INFO] [stdout] 05e953a9e09b4005d160c8cd3002c846f304bb0fe17fab3e29a8bf0d716309ef
[INFO] testing markdown-it-0.6.0 against beta-2023-12-22 for beta-1.76-1
[INFO] extracting crate markdown-it 0.6.0 into /workspace/builds/worker-2-tc2/source
[INFO] validating manifest of crates.io crate markdown-it 0.6.0 on toolchain beta-2023-12-22
[INFO] running `Command { std: CARGO_HOME="/workspace/cargo-home" RUSTUP_HOME="/workspace/rustup-home" "/workspace/cargo-home/bin/cargo" "+beta-2023-12-22" "metadata" "--manifest-path" "Cargo.toml" "--no-deps", kill_on_drop: false }`
[INFO] started tweaking crates.io crate markdown-it 0.6.0
[INFO] finished tweaking crates.io crate markdown-it 0.6.0
[INFO] tweaked toml for crates.io crate markdown-it 0.6.0 written to /workspace/builds/worker-2-tc2/source/Cargo.toml
[INFO] crate crates.io crate markdown-it 0.6.0 already has a lockfile, it will not be regenerated
[INFO] running `Command { std: CARGO_HOME="/workspace/cargo-home" RUSTUP_HOME="/workspace/rustup-home" "/workspace/cargo-home/bin/cargo" "+beta-2023-12-22" "fetch" "--manifest-path" "Cargo.toml", kill_on_drop: false }`
[INFO] [stderr]     Blocking waiting for file lock on package cache
[INFO] running `Command { std: "docker" "create" "-v" "/var/lib/crater-agent-workspace/builds/worker-2-tc2/target:/opt/rustwide/target:rw,Z" "-v" "/var/lib/crater-agent-workspace/builds/worker-2-tc2/source:/opt/rustwide/workdir:ro,Z" "-v" "/var/lib/crater-agent-workspace/cargo-home:/opt/rustwide/cargo-home:ro,Z" "-v" "/var/lib/crater-agent-workspace/rustup-home:/opt/rustwide/rustup-home:ro,Z" "-e" "SOURCE_DIR=/opt/rustwide/workdir" "-e" "CARGO_TARGET_DIR=/opt/rustwide/target" "-e" "CARGO_HOME=/opt/rustwide/cargo-home" "-e" "RUSTUP_HOME=/opt/rustwide/rustup-home" "-w" "/opt/rustwide/workdir" "-m" "1610612736" "--user" "0:0" "--network" "none" "ghcr.io/rust-lang/crates-build-env/linux@sha256:2788e3201cd34a07e3172128adcd8b3090168a8e3bcc40d7c032b9dda1df7d1c" "/opt/rustwide/cargo-home/bin/cargo" "+beta-2023-12-22" "metadata" "--no-deps" "--format-version=1", kill_on_drop: false }`
[INFO] [stdout] 06ba4bef6e3c659e007b626905d7f0c5ce21595c8e4121a8a7a5db2cdfa3c5f0
[INFO] running `Command { std: "docker" "start" "-a" "06ba4bef6e3c659e007b626905d7f0c5ce21595c8e4121a8a7a5db2cdfa3c5f0", kill_on_drop: false }`
[INFO] running `Command { std: "docker" "inspect" "06ba4bef6e3c659e007b626905d7f0c5ce21595c8e4121a8a7a5db2cdfa3c5f0", kill_on_drop: false }`
[INFO] running `Command { std: "docker" "rm" "-f" "06ba4bef6e3c659e007b626905d7f0c5ce21595c8e4121a8a7a5db2cdfa3c5f0", kill_on_drop: false }`
[INFO] [stdout] 06ba4bef6e3c659e007b626905d7f0c5ce21595c8e4121a8a7a5db2cdfa3c5f0
[INFO] running `Command { std: "docker" "create" "-v" "/var/lib/crater-agent-workspace/builds/worker-2-tc2/target:/opt/rustwide/target:rw,Z" "-v" "/var/lib/crater-agent-workspace/builds/worker-2-tc2/source:/opt/rustwide/workdir:ro,Z" "-v" "/var/lib/crater-agent-workspace/cargo-home:/opt/rustwide/cargo-home:ro,Z" "-v" "/var/lib/crater-agent-workspace/rustup-home:/opt/rustwide/rustup-home:ro,Z" "-e" "SOURCE_DIR=/opt/rustwide/workdir" "-e" "CARGO_TARGET_DIR=/opt/rustwide/target" "-e" "CARGO_INCREMENTAL=0" "-e" "RUST_BACKTRACE=full" "-e" "RUSTFLAGS=--cap-lints=warn" "-e" "RUSTDOCFLAGS=--cap-lints=warn" "-e" "CARGO_HOME=/opt/rustwide/cargo-home" "-e" "RUSTUP_HOME=/opt/rustwide/rustup-home" "-w" "/opt/rustwide/workdir" "-m" "1610612736" "--user" "0:0" "--network" "none" "ghcr.io/rust-lang/crates-build-env/linux@sha256:2788e3201cd34a07e3172128adcd8b3090168a8e3bcc40d7c032b9dda1df7d1c" "/opt/rustwide/cargo-home/bin/cargo" "+beta-2023-12-22" "build" "--frozen" "--message-format=json", kill_on_drop: false }`
[INFO] [stdout] 35e24e1048c4f4604641523bbc8520e2f6edb5f5b7e067e8f1196927f91824fe
[INFO] running `Command { std: "docker" "start" "-a" "35e24e1048c4f4604641523bbc8520e2f6edb5f5b7e067e8f1196927f91824fe", kill_on_drop: false }`
[INFO] [stderr]    Compiling proc-macro2 v1.0.59
[INFO] [stderr]    Compiling unicode-ident v1.0.9
[INFO] [stderr]    Compiling quote v1.0.28
[INFO] [stderr]    Compiling serde v1.0.163
[INFO] [stderr]    Compiling syn v1.0.109
[INFO] [stderr]    Compiling regex-syntax v0.7.2
[INFO] [stderr]    Compiling crc32fast v1.3.2
[INFO] [stderr]    Compiling serde_json v1.0.96
[INFO] [stderr]    Compiling time-core v0.1.1
[INFO] [stderr]    Compiling libc v0.2.146
[INFO] [stderr]    Compiling psm v0.1.21
[INFO] [stderr]    Compiling indexmap v1.9.3
[INFO] [stderr]    Compiling safemem v0.3.3
[INFO] [stderr]    Compiling bit-vec v0.6.3
[INFO] [stderr]    Compiling aho-corasick v1.0.2
[INFO] [stderr]    Compiling quick-xml v0.28.2
[INFO] [stderr]    Compiling line-wrap v0.1.1
[INFO] [stderr]    Compiling time v0.3.21
[INFO] [stderr]    Compiling miniz_oxide v0.7.1
[INFO] [stderr]    Compiling stacker v0.1.15
[INFO] [stderr]    Compiling bit-set v0.5.3
[INFO] [stderr]    Compiling unicode-xid v0.2.4
[INFO] [stderr]    Compiling once_cell v1.18.0
[INFO] [stderr]    Compiling linked-hash-map v0.5.6
[INFO] [stderr]    Compiling unicode-general-category v0.6.0
[INFO] [stderr]    Compiling base64 v0.21.2
[INFO] [stderr]    Compiling same-file v1.0.6
[INFO] [stderr]    Compiling flate2 v1.0.26
[INFO] [stderr]    Compiling yaml-rust v0.4.5
[INFO] [stderr]    Compiling walkdir v2.3.3
[INFO] [stderr]    Compiling utf8-width v0.1.6
[INFO] [stderr]    Compiling convert_case v0.4.0
[INFO] [stderr]    Compiling linkify v0.9.0
[INFO] [stderr]    Compiling html-escape v0.2.13
[INFO] [stderr]    Compiling entities v1.0.1
[INFO] [stderr]    Compiling downcast-rs v1.2.0
[INFO] [stderr]    Compiling syn v2.0.18
[INFO] [stderr]    Compiling argparse v0.2.2
[INFO] [stderr]    Compiling const_format_proc_macros v0.2.31
[INFO] [stderr]    Compiling regex v1.8.4
[INFO] [stderr]    Compiling const_format v0.2.31
[INFO] [stderr]    Compiling thiserror-impl v1.0.40
[INFO] [stderr]    Compiling serde_derive v1.0.163
[INFO] [stderr]    Compiling readonly v0.2.8
[INFO] [stderr]    Compiling fancy-regex v0.7.1
[INFO] [stderr]    Compiling mdurl v0.3.1
[INFO] [stderr]    Compiling bincode v1.3.3
[INFO] [stderr]    Compiling plist v1.4.3
[INFO] [stderr]    Compiling derivative v2.2.0
[INFO] [stderr]    Compiling derive_more v0.99.17
[INFO] [stderr]    Compiling thiserror v1.0.40
[INFO] [stderr]    Compiling syntect v5.0.0
[INFO] [stderr]    Compiling markdown-it v0.6.0 (/opt/rustwide/workdir)
[INFO] [stderr]     Finished dev [unoptimized + debuginfo] target(s) in 8.72s
[INFO] running `Command { std: "docker" "inspect" "35e24e1048c4f4604641523bbc8520e2f6edb5f5b7e067e8f1196927f91824fe", kill_on_drop: false }`
[INFO] running `Command { std: "docker" "rm" "-f" "35e24e1048c4f4604641523bbc8520e2f6edb5f5b7e067e8f1196927f91824fe", kill_on_drop: false }`
[INFO] [stdout] 35e24e1048c4f4604641523bbc8520e2f6edb5f5b7e067e8f1196927f91824fe
[INFO] running `Command { std: "docker" "create" "-v" "/var/lib/crater-agent-workspace/builds/worker-2-tc2/target:/opt/rustwide/target:rw,Z" "-v" "/var/lib/crater-agent-workspace/builds/worker-2-tc2/source:/opt/rustwide/workdir:ro,Z" "-v" "/var/lib/crater-agent-workspace/cargo-home:/opt/rustwide/cargo-home:ro,Z" "-v" "/var/lib/crater-agent-workspace/rustup-home:/opt/rustwide/rustup-home:ro,Z" "-e" "SOURCE_DIR=/opt/rustwide/workdir" "-e" "CARGO_TARGET_DIR=/opt/rustwide/target" "-e" "CARGO_INCREMENTAL=0" "-e" "RUST_BACKTRACE=full" "-e" "RUSTFLAGS=--cap-lints=warn" "-e" "RUSTDOCFLAGS=--cap-lints=warn" "-e" "CARGO_HOME=/opt/rustwide/cargo-home" "-e" "RUSTUP_HOME=/opt/rustwide/rustup-home" "-w" "/opt/rustwide/workdir" "-m" "1610612736" "--user" "0:0" "--network" "none" "ghcr.io/rust-lang/crates-build-env/linux@sha256:2788e3201cd34a07e3172128adcd8b3090168a8e3bcc40d7c032b9dda1df7d1c" "/opt/rustwide/cargo-home/bin/cargo" "+beta-2023-12-22" "test" "--frozen" "--no-run" "--message-format=json", kill_on_drop: false }`
[INFO] [stdout] a7fe1625aa75f1c2f09fd098b444e51de5720bf3219d7ce7577a13cb5225071b
[INFO] running `Command { std: "docker" "start" "-a" "a7fe1625aa75f1c2f09fd098b444e51de5720bf3219d7ce7577a13cb5225071b", kill_on_drop: false }`
[INFO] [stderr]    Compiling markdown-it v0.6.0 (/opt/rustwide/workdir)
[INFO] [stderr] error: could not compile `markdown-it` (lib test)
[INFO] [stderr] 
[INFO] [stderr] Caused by:
[INFO] [stderr]   process didn't exit successfully: `/opt/rustwide/rustup-home/toolchains/beta-2023-12-22-x86_64-unknown-linux-gnu/bin/rustc --crate-name markdown_it --edition=2021 src/lib.rs --error-format=json --json=diagnostic-rendered-ansi,artifacts,future-incompat --emit=dep-info,link -C embed-bitcode=no -C debuginfo=2 --test --cfg 'feature="default"' --cfg 'feature="linkify"' --cfg 'feature="syntect"' -C metadata=a58be1f95c1a36f9 -C extra-filename=-a58be1f95c1a36f9 --out-dir /opt/rustwide/target/debug/deps -L dependency=/opt/rustwide/target/debug/deps --extern argparse=/opt/rustwide/target/debug/deps/libargparse-506a63cd892aebb1.rlib --extern const_format=/opt/rustwide/target/debug/deps/libconst_format-1b020b0324e04d22.rlib --extern derivative=/opt/rustwide/target/debug/deps/libderivative-9b41b3e7fb8d5837.so --extern derive_more=/opt/rustwide/target/debug/deps/libderive_more-c40f653d12c5ecee.so --extern downcast_rs=/opt/rustwide/target/debug/deps/libdowncast_rs-c4a86e4848913de8.rlib --extern entities=/opt/rustwide/target/debug/deps/libentities-a37b02395fda9e41.rlib --extern html_escape=/opt/rustwide/target/debug/deps/libhtml_escape-b63a84ea7e9d65e0.rlib --extern linkify=/opt/rustwide/target/debug/deps/liblinkify-b2dae2add350e7f5.rlib --extern mdurl=/opt/rustwide/target/debug/deps/libmdurl-491f10e02ac8ce9c.rlib --extern once_cell=/opt/rustwide/target/debug/deps/libonce_cell-728f13abc4f8cf5f.rlib --extern readonly=/opt/rustwide/target/debug/deps/libreadonly-6d38be6395a99c90.so --extern regex=/opt/rustwide/target/debug/deps/libregex-b44fd9d166d0c4c5.rlib --extern stacker=/opt/rustwide/target/debug/deps/libstacker-d7b811571b171c65.rlib --extern syntect=/opt/rustwide/target/debug/deps/libsyntect-d883c6fa20609beb.rlib --extern unicode_general_category=/opt/rustwide/target/debug/deps/libunicode_general_category-7215b537bfad4188.rlib --cap-lints=warn -L native=/opt/rustwide/target/debug/build/psm-1c73db47619c303e/out` (signal: 9, SIGKILL: kill)
[INFO] [stderr] warning: build failed, waiting for other jobs to finish...
[INFO] [stdout] error: linking with `cc` failed: exit status: 1
[INFO] [stdout]   |
[INFO] [stdout]   = note: LC_ALL="C" PATH="/opt/rustwide/rustup-home/toolchains/beta-2023-12-22-x86_64-unknown-linux-gnu/lib/rustlib/x86_64-unknown-linux-gnu/bin:/opt/rustwide/cargo-home/bin:/usr/local/sbin:/usr/local/bin:/usr/sbin:/usr/bin:/sbin:/bin" VSLANG="1033" "cc" "-m64" "/tmp/rustcGyrBCM/symbols.o" "/opt/rustwide/target/debug/deps/sourcemaps-f2841949ddf203e0.sourcemaps.245482efdd30a0df-cgu.0.rcgu.o" "/opt/rustwide/target/debug/deps/sourcemaps-f2841949ddf203e0.9fxrhq86cdftj8m.rcgu.o" "-Wl,--as-needed" "-L" "/opt/rustwide/target/debug/deps" "-L" "/opt/rustwide/target/debug/build/psm-1c73db47619c303e/out" "-L" "/opt/rustwide/rustup-home/toolchains/beta-2023-12-22-x86_64-unknown-linux-gnu/lib/rustlib/x86_64-unknown-linux-gnu/lib" "-Wl,-Bstatic" "/opt/rustwide/rustup-home/toolchains/beta-2023-12-22-x86_64-unknown-linux-gnu/lib/rustlib/x86_64-unknown-linux-gnu/lib/libtest-cbab71697df97b00.rlib" "/opt/rustwide/rustup-home/toolchains/beta-2023-12-22-x86_64-unknown-linux-gnu/lib/rustlib/x86_64-unknown-linux-gnu/lib/libgetopts-2a2cf8f16c536007.rlib" "/opt/rustwide/rustup-home/toolchains/beta-2023-12-22-x86_64-unknown-linux-gnu/lib/rustlib/x86_64-unknown-linux-gnu/lib/libunicode_width-c5f3cc3cceaf9070.rlib" "/opt/rustwide/rustup-home/toolchains/beta-2023-12-22-x86_64-unknown-linux-gnu/lib/rustlib/x86_64-unknown-linux-gnu/lib/librustc_std_workspace_std-a31324ec815b09db.rlib" "/opt/rustwide/target/debug/deps/libmarkdown_it-bb59d4955ccc185d.rlib" "/opt/rustwide/target/debug/deps/libmdurl-491f10e02ac8ce9c.rlib" "/opt/rustwide/target/debug/deps/libidna-34a129a2150038b3.rlib" "/opt/rustwide/target/debug/deps/libunicode_normalization-6720ecd938ebfb2b.rlib" "/opt/rustwide/target/debug/deps/libtinyvec-dcbbce603bc23510.rlib" "/opt/rustwide/target/debug/deps/libtinyvec_macros-333661e3b238a9a3.rlib" "/opt/rustwide/target/debug/deps/libunicode_bidi-c077d6a813fe7ae8.rlib" "/opt/rustwide/target/debug/deps/libstacker-d7b811571b171c65.rlib" "/opt/rustwide/target/debug/deps/libpsm-39a3fc172d8b6641.rlib" "/opt/rustwide/target/debug/deps/liblibc-9ac24eb15e7a4cc9.rlib" "/opt/rustwide/target/debug/deps/libhtml_escape-b63a84ea7e9d65e0.rlib" "/opt/rustwide/target/debug/deps/libutf8_width-910683029383b68e.rlib" "/opt/rustwide/target/debug/deps/libconst_format-1b020b0324e04d22.rlib" "/opt/rustwide/target/debug/deps/libsyntect-d883c6fa20609beb.rlib" "/opt/rustwide/target/debug/deps/libfancy_regex-bf8f7ea1d3cba806.rlib" "/opt/rustwide/target/debug/deps/libbit_set-0010a728dbb518a0.rlib" "/opt/rustwide/target/debug/deps/libbit_vec-4eb266c3039ae585.rlib" "/opt/rustwide/target/debug/deps/libthiserror-01507b832ff175b8.rlib" "/opt/rustwide/target/debug/deps/libwalkdir-8da1568c8d6d8a1a.rlib" "/opt/rustwide/target/debug/deps/libsame_file-5e62a1af5be346fb.rlib" "/opt/rustwide/target/debug/deps/libyaml_rust-4a308368ddddc975.rlib" "/opt/rustwide/target/debug/deps/liblinked_hash_map-d832c69510805464.rlib" "/opt/rustwide/target/debug/deps/libregex_syntax-b113d34fa562c5bb.rlib" "/opt/rustwide/target/debug/deps/libfnv-953831fe314029b4.rlib" "/opt/rustwide/target/debug/deps/libbitflags-85e13ed1e0c6d910.rlib" "/opt/rustwide/target/debug/deps/libserde_json-982bd7210a38567f.rlib" "/opt/rustwide/target/debug/deps/libryu-ce09991353a76c10.rlib" "/opt/rustwide/target/debug/deps/libplist-9a1c03e09ba08ef1.rlib" "/opt/rustwide/target/debug/deps/libline_wrap-68b6a837fc315c8f.rlib" "/opt/rustwide/target/debug/deps/libsafemem-c5268489761944e6.rlib" "/opt/rustwide/target/debug/deps/libtime-810bc310ca8c638f.rlib" "/opt/rustwide/target/debug/deps/libitoa-780f6737fc9d34ad.rlib" "/opt/rustwide/target/debug/deps/libtime_core-54674f00ac56f1cd.rlib" "/opt/rustwide/target/debug/deps/libquick_xml-3821dcc520258867.rlib" "/opt/rustwide/target/debug/deps/libbase64-f38862f3d93516f9.rlib" "/opt/rustwide/target/debug/deps/libindexmap-62fedebfd28271ec.rlib" "/opt/rustwide/target/debug/deps/libhashbrown-e273ba0f8cdcbe5b.rlib" "/opt/rustwide/target/debug/deps/libflate2-8fa33c2ed34dcca8.rlib" "/opt/rustwide/target/debug/deps/libminiz_oxide-fdd9e74574a7bd2a.rlib" "/opt/rustwide/target/debug/deps/libadler-eba61f23bb3cdb48.rlib" "/opt/rustwide/target/debug/deps/libcrc32fast-dbea8ee6fb11ce73.rlib" "/opt/rustwide/target/debug/deps/libcfg_if-e7002d307f97bc56.rlib" "/opt/rustwide/target/debug/deps/libbincode-54d51a1c949d06d0.rlib" "/opt/rustwide/target/debug/deps/libserde-4a5cacbb172bc633.rlib" "/opt/rustwide/target/debug/deps/liblazy_static-efa3519517df6cf0.rlib" "/opt/rustwide/target/debug/deps/liblinkify-b2dae2add350e7f5.rlib" "/opt/rustwide/target/debug/deps/libdowncast_rs-c4a86e4848913de8.rlib" "/opt/rustwide/target/debug/deps/libunicode_general_category-7215b537bfad4188.rlib" "/opt/rustwide/target/debug/deps/libregex-b44fd9d166d0c4c5.rlib" "/opt/rustwide/target/debug/deps/libaho_corasick-d424b0a92ce0dc1c.rlib" "/opt/rustwide/target/debug/deps/libmemchr-33d05ae5bba76030.rlib" "/opt/rustwide/target/debug/deps/libregex_syntax-0491398fbb248b2a.rlib" "/opt/rustwide/target/debug/deps/libentities-a37b02395fda9e41.rlib" "/opt/rustwide/target/debug/deps/libonce_cell-728f13abc4f8cf5f.rlib" "/opt/rustwide/rustup-home/toolchains/beta-2023-12-22-x86_64-unknown-linux-gnu/lib/rustlib/x86_64-unknown-linux-gnu/lib/libstd-0672489a78b613de.rlib" "/opt/rustwide/rustup-home/toolchains/beta-2023-12-22-x86_64-unknown-linux-gnu/lib/rustlib/x86_64-unknown-linux-gnu/lib/libpanic_unwind-7eb3ffc34a49f675.rlib" "/opt/rustwide/rustup-home/toolchains/beta-2023-12-22-x86_64-unknown-linux-gnu/lib/rustlib/x86_64-unknown-linux-gnu/lib/libobject-6478a9daa4bee8e2.rlib" "/opt/rustwide/rustup-home/toolchains/beta-2023-12-22-x86_64-unknown-linux-gnu/lib/rustlib/x86_64-unknown-linux-gnu/lib/libmemchr-0c75d871a5c3923d.rlib" "/opt/rustwide/rustup-home/toolchains/beta-2023-12-22-x86_64-unknown-linux-gnu/lib/rustlib/x86_64-unknown-linux-gnu/lib/libaddr2line-d163ef63ad37bb71.rlib" "/opt/rustwide/rustup-home/toolchains/beta-2023-12-22-x86_64-unknown-linux-gnu/lib/rustlib/x86_64-unknown-linux-gnu/lib/libgimli-8a3fd810a85b9f4c.rlib" "/opt/rustwide/rustup-home/toolchains/beta-2023-12-22-x86_64-unknown-linux-gnu/lib/rustlib/x86_64-unknown-linux-gnu/lib/librustc_demangle-462a2cde8c5dfc10.rlib" "/opt/rustwide/rustup-home/toolchains/beta-2023-12-22-x86_64-unknown-linux-gnu/lib/rustlib/x86_64-unknown-linux-gnu/lib/libstd_detect-cb06ac9f54713f71.rlib" "/opt/rustwide/rustup-home/toolchains/beta-2023-12-22-x86_64-unknown-linux-gnu/lib/rustlib/x86_64-unknown-linux-gnu/lib/libhashbrown-f20bfd1f8e59b393.rlib" "/opt/rustwide/rustup-home/toolchains/beta-2023-12-22-x86_64-unknown-linux-gnu/lib/rustlib/x86_64-unknown-linux-gnu/lib/librustc_std_workspace_alloc-1ef460949b49da4b.rlib" "/opt/rustwide/rustup-home/toolchains/beta-2023-12-22-x86_64-unknown-linux-gnu/lib/rustlib/x86_64-unknown-linux-gnu/lib/libminiz_oxide-2cb0c0ffe4f87514.rlib" "/opt/rustwide/rustup-home/toolchains/beta-2023-12-22-x86_64-unknown-linux-gnu/lib/rustlib/x86_64-unknown-linux-gnu/lib/libadler-58d841eb322a11a2.rlib" "/opt/rustwide/rustup-home/toolchains/beta-2023-12-22-x86_64-unknown-linux-gnu/lib/rustlib/x86_64-unknown-linux-gnu/lib/libunwind-aa2ae0b0a9d11533.rlib" "/opt/rustwide/rustup-home/toolchains/beta-2023-12-22-x86_64-unknown-linux-gnu/lib/rustlib/x86_64-unknown-linux-gnu/lib/libcfg_if-23874e15830ed336.rlib" "/opt/rustwide/rustup-home/toolchains/beta-2023-12-22-x86_64-unknown-linux-gnu/lib/rustlib/x86_64-unknown-linux-gnu/lib/liblibc-e47cddc003bce885.rlib" "/opt/rustwide/rustup-home/toolchains/beta-2023-12-22-x86_64-unknown-linux-gnu/lib/rustlib/x86_64-unknown-linux-gnu/lib/liballoc-c22b13b48a8f128e.rlib" "/opt/rustwide/rustup-home/toolchains/beta-2023-12-22-x86_64-unknown-linux-gnu/lib/rustlib/x86_64-unknown-linux-gnu/lib/librustc_std_workspace_core-e46bc3da6d7c462f.rlib" "/opt/rustwide/rustup-home/toolchains/beta-2023-12-22-x86_64-unknown-linux-gnu/lib/rustlib/x86_64-unknown-linux-gnu/lib/libcore-8d1ac131d3cb2645.rlib" "/opt/rustwide/rustup-home/toolchains/beta-2023-12-22-x86_64-unknown-linux-gnu/lib/rustlib/x86_64-unknown-linux-gnu/lib/libcompiler_builtins-a1b43df8c6899c1f.rlib" "-Wl,-Bdynamic" "-lgcc_s" "-lutil" "-lrt" "-lpthread" "-lm" "-ldl" "-lc" "-Wl,--eh-frame-hdr" "-Wl,-z,noexecstack" "-L" "/opt/rustwide/rustup-home/toolchains/beta-2023-12-22-x86_64-unknown-linux-gnu/lib/rustlib/x86_64-unknown-linux-gnu/lib" "-o" "/opt/rustwide/target/debug/deps/sourcemaps-f2841949ddf203e0" "-Wl,--gc-sections" "-pie" "-Wl,-z,relro,-z,now" "-nodefaultlibs"
[INFO] [stdout]   = note: collect2: fatal error: ld terminated with signal 9 [Killed]
[INFO] [stdout]           compilation terminated.
[INFO] [stdout]           
[INFO] [stdout] 
[INFO] [stdout] 
[INFO] [stdout] error: aborting due to 1 previous error
[INFO] [stdout] 
[INFO] [stdout] 
[INFO] [stderr] error: could not compile `markdown-it` (test "sourcemaps") due to 2 previous errors
[INFO] [stdout] error: linking with `cc` failed: exit status: 1
[INFO] [stdout]   |
[INFO] [stdout]   = note: LC_ALL="C" PATH="/opt/rustwide/rustup-home/toolchains/beta-2023-12-22-x86_64-unknown-linux-gnu/lib/rustlib/x86_64-unknown-linux-gnu/bin:/opt/rustwide/cargo-home/bin:/usr/local/sbin:/usr/local/bin:/usr/sbin:/usr/bin:/sbin:/bin" VSLANG="1033" "cc" "-m64" "/tmp/rustcockBVP/symbols.o" "/opt/rustwide/target/debug/deps/linkify-5701fe09c40c5b3f.linkify.bce4c12222016db1-cgu.0.rcgu.o" "/opt/rustwide/target/debug/deps/linkify-5701fe09c40c5b3f.1q34q2cup9bj8ws9.rcgu.o" "-Wl,--as-needed" "-L" "/opt/rustwide/target/debug/deps" "-L" "/opt/rustwide/target/debug/build/psm-1c73db47619c303e/out" "-L" "/opt/rustwide/rustup-home/toolchains/beta-2023-12-22-x86_64-unknown-linux-gnu/lib/rustlib/x86_64-unknown-linux-gnu/lib" "-Wl,-Bstatic" "/opt/rustwide/target/debug/deps/libmarkdown_it-bb59d4955ccc185d.rlib" "/opt/rustwide/target/debug/deps/libmdurl-491f10e02ac8ce9c.rlib" "/opt/rustwide/target/debug/deps/libidna-34a129a2150038b3.rlib" "/opt/rustwide/target/debug/deps/libunicode_normalization-6720ecd938ebfb2b.rlib" "/opt/rustwide/target/debug/deps/libtinyvec-dcbbce603bc23510.rlib" "/opt/rustwide/target/debug/deps/libtinyvec_macros-333661e3b238a9a3.rlib" "/opt/rustwide/target/debug/deps/libunicode_bidi-c077d6a813fe7ae8.rlib" "/opt/rustwide/target/debug/deps/libstacker-d7b811571b171c65.rlib" "/opt/rustwide/target/debug/deps/libpsm-39a3fc172d8b6641.rlib" "/opt/rustwide/target/debug/deps/liblibc-9ac24eb15e7a4cc9.rlib" "/opt/rustwide/target/debug/deps/libhtml_escape-b63a84ea7e9d65e0.rlib" "/opt/rustwide/target/debug/deps/libutf8_width-910683029383b68e.rlib" "/opt/rustwide/target/debug/deps/libconst_format-1b020b0324e04d22.rlib" "/opt/rustwide/target/debug/deps/libsyntect-d883c6fa20609beb.rlib" "/opt/rustwide/target/debug/deps/libfancy_regex-bf8f7ea1d3cba806.rlib" "/opt/rustwide/target/debug/deps/libbit_set-0010a728dbb518a0.rlib" "/opt/rustwide/target/debug/deps/libbit_vec-4eb266c3039ae585.rlib" "/opt/rustwide/target/debug/deps/libthiserror-01507b832ff175b8.rlib" "/opt/rustwide/target/debug/deps/libwalkdir-8da1568c8d6d8a1a.rlib" "/opt/rustwide/target/debug/deps/libsame_file-5e62a1af5be346fb.rlib" "/opt/rustwide/target/debug/deps/libyaml_rust-4a308368ddddc975.rlib" "/opt/rustwide/target/debug/deps/liblinked_hash_map-d832c69510805464.rlib" "/opt/rustwide/target/debug/deps/libregex_syntax-b113d34fa562c5bb.rlib" "/opt/rustwide/target/debug/deps/libfnv-953831fe314029b4.rlib" "/opt/rustwide/target/debug/deps/libbitflags-85e13ed1e0c6d910.rlib" "/opt/rustwide/target/debug/deps/libserde_json-982bd7210a38567f.rlib" "/opt/rustwide/target/debug/deps/libryu-ce09991353a76c10.rlib" "/opt/rustwide/target/debug/deps/libplist-9a1c03e09ba08ef1.rlib" "/opt/rustwide/target/debug/deps/libline_wrap-68b6a837fc315c8f.rlib" "/opt/rustwide/target/debug/deps/libsafemem-c5268489761944e6.rlib" "/opt/rustwide/target/debug/deps/libtime-810bc310ca8c638f.rlib" "/opt/rustwide/target/debug/deps/libitoa-780f6737fc9d34ad.rlib" "/opt/rustwide/target/debug/deps/libtime_core-54674f00ac56f1cd.rlib" "/opt/rustwide/target/debug/deps/libquick_xml-3821dcc520258867.rlib" "/opt/rustwide/target/debug/deps/libbase64-f38862f3d93516f9.rlib" "/opt/rustwide/target/debug/deps/libindexmap-62fedebfd28271ec.rlib" "/opt/rustwide/target/debug/deps/libhashbrown-e273ba0f8cdcbe5b.rlib" "/opt/rustwide/target/debug/deps/libflate2-8fa33c2ed34dcca8.rlib" "/opt/rustwide/target/debug/deps/libminiz_oxide-fdd9e74574a7bd2a.rlib" "/opt/rustwide/target/debug/deps/libadler-eba61f23bb3cdb48.rlib" "/opt/rustwide/target/debug/deps/libcrc32fast-dbea8ee6fb11ce73.rlib" "/opt/rustwide/target/debug/deps/libcfg_if-e7002d307f97bc56.rlib" "/opt/rustwide/target/debug/deps/libbincode-54d51a1c949d06d0.rlib" "/opt/rustwide/target/debug/deps/libserde-4a5cacbb172bc633.rlib" "/opt/rustwide/target/debug/deps/liblazy_static-efa3519517df6cf0.rlib" "/opt/rustwide/target/debug/deps/liblinkify-b2dae2add350e7f5.rlib" "/opt/rustwide/target/debug/deps/libdowncast_rs-c4a86e4848913de8.rlib" "/opt/rustwide/target/debug/deps/libunicode_general_category-7215b537bfad4188.rlib" "/opt/rustwide/target/debug/deps/libregex-b44fd9d166d0c4c5.rlib" "/opt/rustwide/target/debug/deps/libaho_corasick-d424b0a92ce0dc1c.rlib" "/opt/rustwide/target/debug/deps/libmemchr-33d05ae5bba76030.rlib" "/opt/rustwide/target/debug/deps/libregex_syntax-0491398fbb248b2a.rlib" "/opt/rustwide/target/debug/deps/libentities-a37b02395fda9e41.rlib" "/opt/rustwide/target/debug/deps/libonce_cell-728f13abc4f8cf5f.rlib" "/opt/rustwide/rustup-home/toolchains/beta-2023-12-22-x86_64-unknown-linux-gnu/lib/rustlib/x86_64-unknown-linux-gnu/lib/libtest-cbab71697df97b00.rlib" "/opt/rustwide/rustup-home/toolchains/beta-2023-12-22-x86_64-unknown-linux-gnu/lib/rustlib/x86_64-unknown-linux-gnu/lib/libgetopts-2a2cf8f16c536007.rlib" "/opt/rustwide/rustup-home/toolchains/beta-2023-12-22-x86_64-unknown-linux-gnu/lib/rustlib/x86_64-unknown-linux-gnu/lib/libunicode_width-c5f3cc3cceaf9070.rlib" "/opt/rustwide/rustup-home/toolchains/beta-2023-12-22-x86_64-unknown-linux-gnu/lib/rustlib/x86_64-unknown-linux-gnu/lib/librustc_std_workspace_std-a31324ec815b09db.rlib" "/opt/rustwide/rustup-home/toolchains/beta-2023-12-22-x86_64-unknown-linux-gnu/lib/rustlib/x86_64-unknown-linux-gnu/lib/libstd-0672489a78b613de.rlib" "/opt/rustwide/rustup-home/toolchains/beta-2023-12-22-x86_64-unknown-linux-gnu/lib/rustlib/x86_64-unknown-linux-gnu/lib/libpanic_unwind-7eb3ffc34a49f675.rlib" "/opt/rustwide/rustup-home/toolchains/beta-2023-12-22-x86_64-unknown-linux-gnu/lib/rustlib/x86_64-unknown-linux-gnu/lib/libobject-6478a9daa4bee8e2.rlib" "/opt/rustwide/rustup-home/toolchains/beta-2023-12-22-x86_64-unknown-linux-gnu/lib/rustlib/x86_64-unknown-linux-gnu/lib/libmemchr-0c75d871a5c3923d.rlib" "/opt/rustwide/rustup-home/toolchains/beta-2023-12-22-x86_64-unknown-linux-gnu/lib/rustlib/x86_64-unknown-linux-gnu/lib/libaddr2line-d163ef63ad37bb71.rlib" "/opt/rustwide/rustup-home/toolchains/beta-2023-12-22-x86_64-unknown-linux-gnu/lib/rustlib/x86_64-unknown-linux-gnu/lib/libgimli-8a3fd810a85b9f4c.rlib" "/opt/rustwide/rustup-home/toolchains/beta-2023-12-22-x86_64-unknown-linux-gnu/lib/rustlib/x86_64-unknown-linux-gnu/lib/librustc_demangle-462a2cde8c5dfc10.rlib" "/opt/rustwide/rustup-home/toolchains/beta-2023-12-22-x86_64-unknown-linux-gnu/lib/rustlib/x86_64-unknown-linux-gnu/lib/libstd_detect-cb06ac9f54713f71.rlib" "/opt/rustwide/rustup-home/toolchains/beta-2023-12-22-x86_64-unknown-linux-gnu/lib/rustlib/x86_64-unknown-linux-gnu/lib/libhashbrown-f20bfd1f8e59b393.rlib" "/opt/rustwide/rustup-home/toolchains/beta-2023-12-22-x86_64-unknown-linux-gnu/lib/rustlib/x86_64-unknown-linux-gnu/lib/librustc_std_workspace_alloc-1ef460949b49da4b.rlib" "/opt/rustwide/rustup-home/toolchains/beta-2023-12-22-x86_64-unknown-linux-gnu/lib/rustlib/x86_64-unknown-linux-gnu/lib/libminiz_oxide-2cb0c0ffe4f87514.rlib" "/opt/rustwide/rustup-home/toolchains/beta-2023-12-22-x86_64-unknown-linux-gnu/lib/rustlib/x86_64-unknown-linux-gnu/lib/libadler-58d841eb322a11a2.rlib" "/opt/rustwide/rustup-home/toolchains/beta-2023-12-22-x86_64-unknown-linux-gnu/lib/rustlib/x86_64-unknown-linux-gnu/lib/libunwind-aa2ae0b0a9d11533.rlib" "/opt/rustwide/rustup-home/toolchains/beta-2023-12-22-x86_64-unknown-linux-gnu/lib/rustlib/x86_64-unknown-linux-gnu/lib/libcfg_if-23874e15830ed336.rlib" "/opt/rustwide/rustup-home/toolchains/beta-2023-12-22-x86_64-unknown-linux-gnu/lib/rustlib/x86_64-unknown-linux-gnu/lib/liblibc-e47cddc003bce885.rlib" "/opt/rustwide/rustup-home/toolchains/beta-2023-12-22-x86_64-unknown-linux-gnu/lib/rustlib/x86_64-unknown-linux-gnu/lib/liballoc-c22b13b48a8f128e.rlib" "/opt/rustwide/rustup-home/toolchains/beta-2023-12-22-x86_64-unknown-linux-gnu/lib/rustlib/x86_64-unknown-linux-gnu/lib/librustc_std_workspace_core-e46bc3da6d7c462f.rlib" "/opt/rustwide/rustup-home/toolchains/beta-2023-12-22-x86_64-unknown-linux-gnu/lib/rustlib/x86_64-unknown-linux-gnu/lib/libcore-8d1ac131d3cb2645.rlib" "/opt/rustwide/rustup-home/toolchains/beta-2023-12-22-x86_64-unknown-linux-gnu/lib/rustlib/x86_64-unknown-linux-gnu/lib/libcompiler_builtins-a1b43df8c6899c1f.rlib" "-Wl,-Bdynamic" "-lgcc_s" "-lutil" "-lrt" "-lpthread" "-lm" "-ldl" "-lc" "-Wl,--eh-frame-hdr" "-Wl,-z,noexecstack" "-L" "/opt/rustwide/rustup-home/toolchains/beta-2023-12-22-x86_64-unknown-linux-gnu/lib/rustlib/x86_64-unknown-linux-gnu/lib" "-o" "/opt/rustwide/target/debug/deps/linkify-5701fe09c40c5b3f" "-Wl,--gc-sections" "-pie" "-Wl,-z,relro,-z,now" "-nodefaultlibs"
[INFO] [stdout]   = note: collect2: fatal error: ld terminated with signal 9 [Killed]
[INFO] [stdout]           compilation terminated.
[INFO] [stdout]           
[INFO] [stdout] 
[INFO] [stdout] 
[INFO] [stdout] error: aborting due to 1 previous error
[INFO] [stdout] 
[INFO] [stdout] 
[INFO] [stderr] error: could not compile `markdown-it` (test "linkify") due to 2 previous errors
[INFO] running `Command { std: "docker" "inspect" "a7fe1625aa75f1c2f09fd098b444e51de5720bf3219d7ce7577a13cb5225071b", kill_on_drop: false }`
[INFO] running `Command { std: "docker" "rm" "-f" "a7fe1625aa75f1c2f09fd098b444e51de5720bf3219d7ce7577a13cb5225071b", kill_on_drop: false }`
[INFO] [stdout] a7fe1625aa75f1c2f09fd098b444e51de5720bf3219d7ce7577a13cb5225071b
