[INFO] fetching crate markdown-it-footnote 0.2.0...
[INFO] testing markdown-it-footnote-0.2.0 against 1.75.0 for beta-1.76-1
[INFO] extracting crate markdown-it-footnote 0.2.0 into /workspace/builds/worker-4-tc1/source
[INFO] validating manifest of crates.io crate markdown-it-footnote 0.2.0 on toolchain 1.75.0
[INFO] running `Command { std: CARGO_HOME="/workspace/cargo-home" RUSTUP_HOME="/workspace/rustup-home" "/workspace/cargo-home/bin/cargo" "+1.75.0" "metadata" "--manifest-path" "Cargo.toml" "--no-deps", kill_on_drop: false }`
[INFO] started tweaking crates.io crate markdown-it-footnote 0.2.0
[INFO] finished tweaking crates.io crate markdown-it-footnote 0.2.0
[INFO] tweaked toml for crates.io crate markdown-it-footnote 0.2.0 written to /workspace/builds/worker-4-tc1/source/Cargo.toml
[INFO] running `Command { std: CARGO_HOME="/workspace/cargo-home" RUSTUP_HOME="/workspace/rustup-home" "/workspace/cargo-home/bin/cargo" "+1.75.0" "generate-lockfile" "--manifest-path" "Cargo.toml", kill_on_drop: false }`
[INFO] [stderr]     Updating crates.io index
[INFO] running `Command { std: CARGO_HOME="/workspace/cargo-home" RUSTUP_HOME="/workspace/rustup-home" "/workspace/cargo-home/bin/cargo" "+1.75.0" "fetch" "--manifest-path" "Cargo.toml", kill_on_drop: false }`
[INFO] [stderr]  Downloading crates ...
[INFO] [stderr]   Downloaded testing v0.33.25
[INFO] [stderr]   Downloaded testing_macros v0.2.12
[INFO] [stderr]   Downloaded mdurl v0.3.1
[INFO] [stderr]   Downloaded pmutil v0.6.1
[INFO] [stderr]   Downloaded swc_visit v0.5.8
[INFO] [stderr]   Downloaded swc_atoms v0.5.9
[INFO] [stderr]   Downloaded ast_node v0.9.6
[INFO] [stderr]   Downloaded swc_visit_macros v0.5.9
[INFO] [stderr]   Downloaded argparse v0.2.2
[INFO] [stderr]   Downloaded swc_error_reporters v0.15.22
[INFO] [stderr]   Downloaded swc_common v0.31.22
[INFO] [stderr]   Downloaded markdown-it v0.6.0
[INFO] running `Command { std: "docker" "create" "-v" "/var/lib/crater-agent-workspace/builds/worker-4-tc1/target:/opt/rustwide/target:rw,Z" "-v" "/var/lib/crater-agent-workspace/builds/worker-4-tc1/source:/opt/rustwide/workdir:ro,Z" "-v" "/var/lib/crater-agent-workspace/cargo-home:/opt/rustwide/cargo-home:ro,Z" "-v" "/var/lib/crater-agent-workspace/rustup-home:/opt/rustwide/rustup-home:ro,Z" "-e" "SOURCE_DIR=/opt/rustwide/workdir" "-e" "CARGO_TARGET_DIR=/opt/rustwide/target" "-e" "CARGO_HOME=/opt/rustwide/cargo-home" "-e" "RUSTUP_HOME=/opt/rustwide/rustup-home" "-w" "/opt/rustwide/workdir" "-m" "1610612736" "--user" "0:0" "--network" "none" "ghcr.io/rust-lang/crates-build-env/linux@sha256:2788e3201cd34a07e3172128adcd8b3090168a8e3bcc40d7c032b9dda1df7d1c" "/opt/rustwide/cargo-home/bin/cargo" "+1.75.0" "metadata" "--no-deps" "--format-version=1", kill_on_drop: false }`
[INFO] [stdout] 287dbc1030c0bd2abdf9cd70b307071e90cecea24fd318dbb0b6e8882b5cdff9
[INFO] running `Command { std: "docker" "start" "-a" "287dbc1030c0bd2abdf9cd70b307071e90cecea24fd318dbb0b6e8882b5cdff9", kill_on_drop: false }`
[INFO] running `Command { std: "docker" "inspect" "287dbc1030c0bd2abdf9cd70b307071e90cecea24fd318dbb0b6e8882b5cdff9", kill_on_drop: false }`
[INFO] running `Command { std: "docker" "rm" "-f" "287dbc1030c0bd2abdf9cd70b307071e90cecea24fd318dbb0b6e8882b5cdff9", kill_on_drop: false }`
[INFO] [stdout] 287dbc1030c0bd2abdf9cd70b307071e90cecea24fd318dbb0b6e8882b5cdff9
[INFO] running `Command { std: "docker" "create" "-v" "/var/lib/crater-agent-workspace/builds/worker-4-tc1/target:/opt/rustwide/target:rw,Z" "-v" "/var/lib/crater-agent-workspace/builds/worker-4-tc1/source:/opt/rustwide/workdir:ro,Z" "-v" "/var/lib/crater-agent-workspace/cargo-home:/opt/rustwide/cargo-home:ro,Z" "-v" "/var/lib/crater-agent-workspace/rustup-home:/opt/rustwide/rustup-home:ro,Z" "-e" "SOURCE_DIR=/opt/rustwide/workdir" "-e" "CARGO_TARGET_DIR=/opt/rustwide/target" "-e" "CARGO_INCREMENTAL=0" "-e" "RUST_BACKTRACE=full" "-e" "RUSTFLAGS=--cap-lints=warn" "-e" "RUSTDOCFLAGS=--cap-lints=warn" "-e" "CARGO_HOME=/opt/rustwide/cargo-home" "-e" "RUSTUP_HOME=/opt/rustwide/rustup-home" "-w" "/opt/rustwide/workdir" "-m" "1610612736" "--user" "0:0" "--network" "none" "ghcr.io/rust-lang/crates-build-env/linux@sha256:2788e3201cd34a07e3172128adcd8b3090168a8e3bcc40d7c032b9dda1df7d1c" "/opt/rustwide/cargo-home/bin/cargo" "+1.75.0" "build" "--frozen" "--message-format=json", kill_on_drop: false }`
[INFO] [stdout] af6392617dbe56201ae98e55358846995e9356f6b8604dad6604970c1d454e7a
[INFO] running `Command { std: "docker" "start" "-a" "af6392617dbe56201ae98e55358846995e9356f6b8604dad6604970c1d454e7a", kill_on_drop: false }`
[INFO] [stderr]    Compiling unicode-general-category v0.6.0
[INFO] [stderr]    Compiling utf8-width v0.1.7
[INFO] [stderr]    Compiling downcast-rs v1.2.0
[INFO] [stderr]    Compiling argparse v0.2.2
[INFO] [stderr]    Compiling entities v1.0.1
[INFO] [stderr]    Compiling psm v0.1.21
[INFO] [stderr]    Compiling stacker v0.1.15
[INFO] [stderr]    Compiling const_format_proc_macros v0.2.32
[INFO] [stderr]    Compiling syn v2.0.48
[INFO] [stderr]    Compiling derive_more v0.99.17
[INFO] [stderr]    Compiling derivative v2.2.0
[INFO] [stderr]    Compiling mdurl v0.3.1
[INFO] [stderr]    Compiling html-escape v0.2.13
[INFO] [stderr]    Compiling const_format v0.2.32
[INFO] [stderr]    Compiling readonly v0.2.12
[INFO] [stderr]    Compiling markdown-it v0.6.0
[INFO] [stderr]    Compiling markdown-it-footnote v0.2.0 (/opt/rustwide/workdir)
[INFO] [stderr]     Finished dev [unoptimized + debuginfo] target(s) in 6.35s
[INFO] running `Command { std: "docker" "inspect" "af6392617dbe56201ae98e55358846995e9356f6b8604dad6604970c1d454e7a", kill_on_drop: false }`
[INFO] running `Command { std: "docker" "rm" "-f" "af6392617dbe56201ae98e55358846995e9356f6b8604dad6604970c1d454e7a", kill_on_drop: false }`
[INFO] [stdout] af6392617dbe56201ae98e55358846995e9356f6b8604dad6604970c1d454e7a
[INFO] running `Command { std: "docker" "create" "-v" "/var/lib/crater-agent-workspace/builds/worker-4-tc1/target:/opt/rustwide/target:rw,Z" "-v" "/var/lib/crater-agent-workspace/builds/worker-4-tc1/source:/opt/rustwide/workdir:ro,Z" "-v" "/var/lib/crater-agent-workspace/cargo-home:/opt/rustwide/cargo-home:ro,Z" "-v" "/var/lib/crater-agent-workspace/rustup-home:/opt/rustwide/rustup-home:ro,Z" "-e" "SOURCE_DIR=/opt/rustwide/workdir" "-e" "CARGO_TARGET_DIR=/opt/rustwide/target" "-e" "CARGO_INCREMENTAL=0" "-e" "RUST_BACKTRACE=full" "-e" "RUSTFLAGS=--cap-lints=warn" "-e" "RUSTDOCFLAGS=--cap-lints=warn" "-e" "CARGO_HOME=/opt/rustwide/cargo-home" "-e" "RUSTUP_HOME=/opt/rustwide/rustup-home" "-w" "/opt/rustwide/workdir" "-m" "1610612736" "--user" "0:0" "--network" "none" "ghcr.io/rust-lang/crates-build-env/linux@sha256:2788e3201cd34a07e3172128adcd8b3090168a8e3bcc40d7c032b9dda1df7d1c" "/opt/rustwide/cargo-home/bin/cargo" "+1.75.0" "test" "--frozen" "--no-run" "--message-format=json", kill_on_drop: false }`
[INFO] [stdout] c468c37a07cd02fe4f21646df841247e9bd76458a1b8c2f0c41052d7d26dc431
[INFO] running `Command { std: "docker" "start" "-a" "c468c37a07cd02fe4f21646df841247e9bd76458a1b8c2f0c41052d7d26dc431", kill_on_drop: false }`
[INFO] [stderr]    Compiling ppv-lite86 v0.2.17
[INFO] [stderr]    Compiling siphasher v0.3.11
[INFO] [stderr]    Compiling num-traits v0.2.17
[INFO] [stderr]    Compiling num-integer v0.1.45
[INFO] [stderr]    Compiling tracing-core v0.1.32
[INFO] [stderr]    Compiling num-bigint v0.4.4
[INFO] [stderr]    Compiling new_debug_unreachable v1.0.4
[INFO] [stderr]    Compiling getrandom v0.2.11
[INFO] [stderr]    Compiling atty v0.2.14
[INFO] [stderr]    Compiling precomputed-hash v0.1.1
[INFO] [stderr]    Compiling serde_derive v1.0.194
[INFO] [stderr]    Compiling swc_macros_common v0.3.9
[INFO] [stderr]    Compiling pmutil v0.6.1
[INFO] [stderr]    Compiling thiserror-impl v1.0.56
[INFO] [stderr]    Compiling backtrace v0.3.69
[INFO] [stderr]    Compiling Inflector v0.11.4
[INFO] [stderr]    Compiling tracing-attributes v0.1.27
[INFO] [stderr]    Compiling stable_deref_trait v1.2.0
[INFO] [stderr]    Compiling object v0.32.2
[INFO] [stderr]    Compiling rand_core v0.6.4
[INFO] [stderr]    Compiling phf_shared v0.10.0
[INFO] [stderr]    Compiling semver v1.0.21
[INFO] [stderr]    Compiling is_ci v1.1.1
[INFO] [stderr]    Compiling regex-syntax v0.6.29
[INFO] [stderr]    Compiling smawk v0.3.2
[INFO] [stderr]    Compiling rand_chacha v0.3.1
[INFO] [stderr]    Compiling unicode-linebreak v0.1.5
[INFO] [stderr]    Compiling serde_json v1.0.111
[INFO] [stderr]    Compiling rustc-hash v1.1.0
[INFO] [stderr]    Compiling scoped-tls v1.0.1
[INFO] [stderr]    Compiling better_scoped_tls v0.1.1
[INFO] [stderr]    Compiling supports-color v1.3.1
[INFO] [stderr]    Compiling supports-hyperlinks v1.2.0
[INFO] [stderr]    Compiling swc_visit_macros v0.5.9
[INFO] [stderr]    Compiling ast_node v0.9.6
[INFO] [stderr]    Compiling from_variant v0.1.7
[INFO] [stderr]    Compiling textwrap v0.15.2
[INFO] [stderr]    Compiling supports-unicode v1.0.2
[INFO] [stderr]    Compiling miette-derive v4.7.1
[INFO] [stderr]    Compiling rand v0.8.5
[INFO] [stderr]    Compiling swc_eq_ignore_macros v0.1.3
[INFO] [stderr]    Compiling terminal_size v0.1.17
[INFO] [stderr]    Compiling overload v0.1.1
[INFO] [stderr]    Compiling owo-colors v3.5.0
[INFO] [stderr]    Compiling tracing-log v0.2.0
[INFO] [stderr]    Compiling nu-ansi-term v0.46.0
[INFO] [stderr]    Compiling sharded-slab v0.1.7
[INFO] [stderr]    Compiling thread_local v1.1.7
[INFO] [stderr]    Compiling diff v0.1.13
[INFO] [stderr]    Compiling phf_generator v0.10.0
[INFO] [stderr]    Compiling yansi v0.5.1
[INFO] [stderr]    Compiling relative-path v1.9.2
[INFO] [stderr]    Compiling string_cache_codegen v0.5.2
[INFO] [stderr]    Compiling difference v2.0.0
[INFO] [stderr]    Compiling pretty_assertions v1.4.0
[INFO] [stderr]    Compiling testing_macros v0.2.12
[INFO] [stderr]    Compiling swc_atoms v0.5.9
[INFO] [stderr]    Compiling thiserror v1.0.56
[INFO] [stderr]    Compiling regex-automata v0.1.10
[INFO] [stderr]    Compiling tracing v0.1.40
[INFO] [stderr]    Compiling matchers v0.1.0
[INFO] [stderr]    Compiling tracing-subscriber v0.3.18
[INFO] [stderr]    Compiling serde v1.0.194
[INFO] [stderr]    Compiling miette v4.7.1
[INFO] [stderr]    Compiling swc_visit v0.5.8
[INFO] [stderr]    Compiling triomphe v0.1.11
[INFO] [stderr]    Compiling string_cache v0.8.7
[INFO] [stderr]    Compiling camino v1.1.6
[INFO] [stderr]    Compiling cargo-platform v0.1.6
[INFO] [stderr]    Compiling swc_common v0.31.22
[INFO] [stderr]    Compiling cargo_metadata v0.15.4
[INFO] [stderr]    Compiling swc_error_reporters v0.15.22
[INFO] [stderr]    Compiling testing v0.33.25
[INFO] [stderr]    Compiling markdown-it-footnote v0.2.0 (/opt/rustwide/workdir)
[INFO] [stdout] error[E0433]: failed to resolve: use of undeclared crate or module `dev`
[INFO] [stdout]  --> tests/fixtures.rs:6:13
[INFO] [stdout]   |
[INFO] [stdout] 6 |     let f = dev::read_fixture_file(file);
[INFO] [stdout]   |             ^^^ use of undeclared crate or module `dev`
[INFO] [stdout] 
[INFO] [stdout] 
[INFO] [stdout] error[E0433]: failed to resolve: use of undeclared crate or module `dev`
[INFO] [stdout]   --> tests/fixtures.rs:14:5
[INFO] [stdout]    |
[INFO] [stdout] 14 |     dev::assert_no_diff(f, &actual);
[INFO] [stdout]    |     ^^^ use of undeclared crate or module `dev`
[INFO] [stdout] 
[INFO] [stdout] 
[INFO] [stdout] error: aborting due to 2 previous errors
[INFO] [stdout] 
[INFO] [stdout] 
[INFO] [stdout] For more information about this error, try `rustc --explain E0433`.
[INFO] [stdout] 
[INFO] [stderr] error: could not compile `markdown-it-footnote` (test "fixtures") due to 3 previous errors
[INFO] [stderr] warning: build failed, waiting for other jobs to finish...
[INFO] running `Command { std: "docker" "inspect" "c468c37a07cd02fe4f21646df841247e9bd76458a1b8c2f0c41052d7d26dc431", kill_on_drop: false }`
[INFO] running `Command { std: "docker" "rm" "-f" "c468c37a07cd02fe4f21646df841247e9bd76458a1b8c2f0c41052d7d26dc431", kill_on_drop: false }`
[INFO] [stdout] c468c37a07cd02fe4f21646df841247e9bd76458a1b8c2f0c41052d7d26dc431
[INFO] testing markdown-it-footnote-0.2.0 against beta-2023-12-22 for beta-1.76-1
[INFO] extracting crate markdown-it-footnote 0.2.0 into /workspace/builds/worker-4-tc2/source
[INFO] validating manifest of crates.io crate markdown-it-footnote 0.2.0 on toolchain beta-2023-12-22
[INFO] running `Command { std: CARGO_HOME="/workspace/cargo-home" RUSTUP_HOME="/workspace/rustup-home" "/workspace/cargo-home/bin/cargo" "+beta-2023-12-22" "metadata" "--manifest-path" "Cargo.toml" "--no-deps", kill_on_drop: false }`
[INFO] started tweaking crates.io crate markdown-it-footnote 0.2.0
[INFO] finished tweaking crates.io crate markdown-it-footnote 0.2.0
[INFO] tweaked toml for crates.io crate markdown-it-footnote 0.2.0 written to /workspace/builds/worker-4-tc2/source/Cargo.toml
[INFO] running `Command { std: CARGO_HOME="/workspace/cargo-home" RUSTUP_HOME="/workspace/rustup-home" "/workspace/cargo-home/bin/cargo" "+beta-2023-12-22" "generate-lockfile" "--manifest-path" "Cargo.toml", kill_on_drop: false }`
[INFO] [stderr]     Updating crates.io index
[INFO] running `Command { std: CARGO_HOME="/workspace/cargo-home" RUSTUP_HOME="/workspace/rustup-home" "/workspace/cargo-home/bin/cargo" "+beta-2023-12-22" "fetch" "--manifest-path" "Cargo.toml", kill_on_drop: false }`
[INFO] running `Command { std: "docker" "create" "-v" "/var/lib/crater-agent-workspace/builds/worker-4-tc2/target:/opt/rustwide/target:rw,Z" "-v" "/var/lib/crater-agent-workspace/builds/worker-4-tc2/source:/opt/rustwide/workdir:ro,Z" "-v" "/var/lib/crater-agent-workspace/cargo-home:/opt/rustwide/cargo-home:ro,Z" "-v" "/var/lib/crater-agent-workspace/rustup-home:/opt/rustwide/rustup-home:ro,Z" "-e" "SOURCE_DIR=/opt/rustwide/workdir" "-e" "CARGO_TARGET_DIR=/opt/rustwide/target" "-e" "CARGO_HOME=/opt/rustwide/cargo-home" "-e" "RUSTUP_HOME=/opt/rustwide/rustup-home" "-w" "/opt/rustwide/workdir" "-m" "1610612736" "--user" "0:0" "--network" "none" "ghcr.io/rust-lang/crates-build-env/linux@sha256:2788e3201cd34a07e3172128adcd8b3090168a8e3bcc40d7c032b9dda1df7d1c" "/opt/rustwide/cargo-home/bin/cargo" "+beta-2023-12-22" "metadata" "--no-deps" "--format-version=1", kill_on_drop: false }`
[INFO] [stdout] 259acf35faf66e04b73805c0db6a3c5f54b06068af24d025a278dddd061d499b
[INFO] running `Command { std: "docker" "start" "-a" "259acf35faf66e04b73805c0db6a3c5f54b06068af24d025a278dddd061d499b", kill_on_drop: false }`
[INFO] running `Command { std: "docker" "inspect" "259acf35faf66e04b73805c0db6a3c5f54b06068af24d025a278dddd061d499b", kill_on_drop: false }`
[INFO] running `Command { std: "docker" "rm" "-f" "259acf35faf66e04b73805c0db6a3c5f54b06068af24d025a278dddd061d499b", kill_on_drop: false }`
[INFO] [stdout] 259acf35faf66e04b73805c0db6a3c5f54b06068af24d025a278dddd061d499b
[INFO] running `Command { std: "docker" "create" "-v" "/var/lib/crater-agent-workspace/builds/worker-4-tc2/target:/opt/rustwide/target:rw,Z" "-v" "/var/lib/crater-agent-workspace/builds/worker-4-tc2/source:/opt/rustwide/workdir:ro,Z" "-v" "/var/lib/crater-agent-workspace/cargo-home:/opt/rustwide/cargo-home:ro,Z" "-v" "/var/lib/crater-agent-workspace/rustup-home:/opt/rustwide/rustup-home:ro,Z" "-e" "SOURCE_DIR=/opt/rustwide/workdir" "-e" "CARGO_TARGET_DIR=/opt/rustwide/target" "-e" "CARGO_INCREMENTAL=0" "-e" "RUST_BACKTRACE=full" "-e" "RUSTFLAGS=--cap-lints=warn" "-e" "RUSTDOCFLAGS=--cap-lints=warn" "-e" "CARGO_HOME=/opt/rustwide/cargo-home" "-e" "RUSTUP_HOME=/opt/rustwide/rustup-home" "-w" "/opt/rustwide/workdir" "-m" "1610612736" "--user" "0:0" "--network" "none" "ghcr.io/rust-lang/crates-build-env/linux@sha256:2788e3201cd34a07e3172128adcd8b3090168a8e3bcc40d7c032b9dda1df7d1c" "/opt/rustwide/cargo-home/bin/cargo" "+beta-2023-12-22" "build" "--frozen" "--message-format=json", kill_on_drop: false }`
[INFO] [stdout] 92cfaf8065ddb18d37a83ebc2d44e179bf7a61844712b07548c981d468747aa0
[INFO] running `Command { std: "docker" "start" "-a" "92cfaf8065ddb18d37a83ebc2d44e179bf7a61844712b07548c981d468747aa0", kill_on_drop: false }`
[INFO] [stderr]    Compiling unicode-general-category v0.6.0
[INFO] [stderr]    Compiling utf8-width v0.1.7
[INFO] [stderr]    Compiling argparse v0.2.2
[INFO] [stderr]    Compiling entities v1.0.1
[INFO] [stderr]    Compiling downcast-rs v1.2.0
[INFO] [stderr]    Compiling const_format_proc_macros v0.2.32
[INFO] [stderr]    Compiling syn v2.0.48
[INFO] [stderr]    Compiling psm v0.1.21
[INFO] [stderr]    Compiling stacker v0.1.15
[INFO] [stderr]    Compiling mdurl v0.3.1
[INFO] [stderr]    Compiling derive_more v0.99.17
[INFO] [stderr]    Compiling derivative v2.2.0
[INFO] [stderr]    Compiling html-escape v0.2.13
[INFO] [stderr]    Compiling const_format v0.2.32
[INFO] [stderr]    Compiling readonly v0.2.12
[INFO] [stderr]    Compiling markdown-it v0.6.0
[INFO] [stderr]    Compiling markdown-it-footnote v0.2.0 (/opt/rustwide/workdir)
[INFO] [stderr]     Finished dev [unoptimized + debuginfo] target(s) in 7.23s
[INFO] running `Command { std: "docker" "inspect" "92cfaf8065ddb18d37a83ebc2d44e179bf7a61844712b07548c981d468747aa0", kill_on_drop: false }`
[INFO] running `Command { std: "docker" "rm" "-f" "92cfaf8065ddb18d37a83ebc2d44e179bf7a61844712b07548c981d468747aa0", kill_on_drop: false }`
[INFO] [stdout] 92cfaf8065ddb18d37a83ebc2d44e179bf7a61844712b07548c981d468747aa0
[INFO] running `Command { std: "docker" "create" "-v" "/var/lib/crater-agent-workspace/builds/worker-4-tc2/target:/opt/rustwide/target:rw,Z" "-v" "/var/lib/crater-agent-workspace/builds/worker-4-tc2/source:/opt/rustwide/workdir:ro,Z" "-v" "/var/lib/crater-agent-workspace/cargo-home:/opt/rustwide/cargo-home:ro,Z" "-v" "/var/lib/crater-agent-workspace/rustup-home:/opt/rustwide/rustup-home:ro,Z" "-e" "SOURCE_DIR=/opt/rustwide/workdir" "-e" "CARGO_TARGET_DIR=/opt/rustwide/target" "-e" "CARGO_INCREMENTAL=0" "-e" "RUST_BACKTRACE=full" "-e" "RUSTFLAGS=--cap-lints=warn" "-e" "RUSTDOCFLAGS=--cap-lints=warn" "-e" "CARGO_HOME=/opt/rustwide/cargo-home" "-e" "RUSTUP_HOME=/opt/rustwide/rustup-home" "-w" "/opt/rustwide/workdir" "-m" "1610612736" "--user" "0:0" "--network" "none" "ghcr.io/rust-lang/crates-build-env/linux@sha256:2788e3201cd34a07e3172128adcd8b3090168a8e3bcc40d7c032b9dda1df7d1c" "/opt/rustwide/cargo-home/bin/cargo" "+beta-2023-12-22" "test" "--frozen" "--no-run" "--message-format=json", kill_on_drop: false }`
[INFO] [stdout] e8bdbcad54023ddb3b40d00923caee64c7b05770f1fa06e125a51b062b019e28
[INFO] running `Command { std: "docker" "start" "-a" "e8bdbcad54023ddb3b40d00923caee64c7b05770f1fa06e125a51b062b019e28", kill_on_drop: false }`
[INFO] [stderr]    Compiling ppv-lite86 v0.2.17
[INFO] [stderr]    Compiling siphasher v0.3.11
[INFO] [stderr]    Compiling num-traits v0.2.17
[INFO] [stderr]    Compiling num-integer v0.1.45
[INFO] [stderr]    Compiling tracing-core v0.1.32
[INFO] [stderr]    Compiling num-bigint v0.4.4
[INFO] [stderr]    Compiling stable_deref_trait v1.2.0
[INFO] [stderr]    Compiling getrandom v0.2.11
[INFO] [stderr]    Compiling atty v0.2.14
[INFO] [stderr]    Compiling precomputed-hash v0.1.1
[INFO] [stderr]    Compiling serde_derive v1.0.194
[INFO] [stderr]    Compiling swc_macros_common v0.3.9
[INFO] [stderr]    Compiling thiserror-impl v1.0.56
[INFO] [stderr]    Compiling tracing-attributes v0.1.27
[INFO] [stderr]    Compiling pmutil v0.6.1
[INFO] [stderr]    Compiling backtrace v0.3.69
[INFO] [stderr]    Compiling Inflector v0.11.4
[INFO] [stderr]    Compiling new_debug_unreachable v1.0.4
[INFO] [stderr]    Compiling object v0.32.2
[INFO] [stderr]    Compiling is_ci v1.1.1
[INFO] [stderr]    Compiling rand_core v0.6.4
[INFO] [stderr]    Compiling phf_shared v0.10.0
[INFO] [stderr]    Compiling scoped-tls v1.0.1
[INFO] [stderr]    Compiling serde_json v1.0.111
[INFO] [stderr]    Compiling unicode-linebreak v0.1.5
[INFO] [stderr]    Compiling semver v1.0.21
[INFO] [stderr]    Compiling smawk v0.3.2
[INFO] [stderr]    Compiling regex-syntax v0.6.29
[INFO] [stderr]    Compiling rand_chacha v0.3.1
[INFO] [stderr]    Compiling rustc-hash v1.1.0
[INFO] [stderr]    Compiling better_scoped_tls v0.1.1
[INFO] [stderr]    Compiling supports-color v1.3.1
[INFO] [stderr]    Compiling supports-hyperlinks v1.2.0
[INFO] [stderr]    Compiling supports-unicode v1.0.2
[INFO] [stderr]    Compiling textwrap v0.15.2
[INFO] [stderr]    Compiling miette-derive v4.7.1
[INFO] [stderr]    Compiling rand v0.8.5
[INFO] [stderr]    Compiling swc_eq_ignore_macros v0.1.3
[INFO] [stderr]    Compiling swc_visit_macros v0.5.9
[INFO] [stderr]    Compiling from_variant v0.1.7
[INFO] [stderr]    Compiling ast_node v0.9.6
[INFO] [stderr]    Compiling terminal_size v0.1.17
[INFO] [stderr]    Compiling overload v0.1.1
[INFO] [stderr]    Compiling owo-colors v3.5.0
[INFO] [stderr]    Compiling nu-ansi-term v0.46.0
[INFO] [stderr]    Compiling tracing-log v0.2.0
[INFO] [stderr]    Compiling sharded-slab v0.1.7
[INFO] [stderr]    Compiling thread_local v1.1.7
[INFO] [stderr]    Compiling relative-path v1.9.2
[INFO] [stderr]    Compiling phf_generator v0.10.0
[INFO] [stderr]    Compiling string_cache_codegen v0.5.2
[INFO] [stderr]    Compiling yansi v0.5.1
[INFO] [stderr]    Compiling diff v0.1.13
[INFO] [stderr]    Compiling testing_macros v0.2.12
[INFO] [stderr]    Compiling difference v2.0.0
[INFO] [stderr]    Compiling pretty_assertions v1.4.0
[INFO] [stderr]    Compiling swc_atoms v0.5.9
[INFO] [stderr]    Compiling thiserror v1.0.56
[INFO] [stderr]    Compiling regex-automata v0.1.10
[INFO] [stderr]    Compiling tracing v0.1.40
[INFO] [stderr]    Compiling matchers v0.1.0
[INFO] [stderr]    Compiling tracing-subscriber v0.3.18
[INFO] [stderr]    Compiling serde v1.0.194
[INFO] [stderr]    Compiling miette v4.7.1
[INFO] [stderr]    Compiling swc_visit v0.5.8
[INFO] [stderr]    Compiling string_cache v0.8.7
[INFO] [stderr]    Compiling triomphe v0.1.11
[INFO] [stderr]    Compiling cargo-platform v0.1.6
[INFO] [stderr]    Compiling camino v1.1.6
[INFO] [stderr]    Compiling swc_common v0.31.22
[INFO] [stderr]    Compiling cargo_metadata v0.15.4
[INFO] [stderr]    Compiling swc_error_reporters v0.15.22
[INFO] [stderr]    Compiling testing v0.33.25
[INFO] [stderr]    Compiling markdown-it-footnote v0.2.0 (/opt/rustwide/workdir)
[INFO] [stdout] error[E0433]: failed to resolve: use of undeclared crate or module `dev`
[INFO] [stdout]  --> tests/fixtures.rs:6:13
[INFO] [stdout]   |
[INFO] [stdout] 6 |     let f = dev::read_fixture_file(file);
[INFO] [stdout]   |             ^^^ use of undeclared crate or module `dev`
[INFO] [stdout] 
[INFO] [stdout] 
[INFO] [stdout] error[E0433]: failed to resolve: use of undeclared crate or module `dev`
[INFO] [stdout]   --> tests/fixtures.rs:14:5
[INFO] [stdout]    |
[INFO] [stdout] 14 |     dev::assert_no_diff(f, &actual);
[INFO] [stdout]    |     ^^^ use of undeclared crate or module `dev`
[INFO] [stdout] 
[INFO] [stdout] 
[INFO] [stdout] error: aborting due to 2 previous errors
[INFO] [stdout] 
[INFO] [stdout] 
[INFO] [stdout] For more information about this error, try `rustc --explain E0433`.
[INFO] [stdout] 
[INFO] [stderr] error: could not compile `markdown-it-footnote` (test "fixtures") due to 3 previous errors
[INFO] [stderr] warning: build failed, waiting for other jobs to finish...
[INFO] running `Command { std: "docker" "inspect" "e8bdbcad54023ddb3b40d00923caee64c7b05770f1fa06e125a51b062b019e28", kill_on_drop: false }`
[INFO] running `Command { std: "docker" "rm" "-f" "e8bdbcad54023ddb3b40d00923caee64c7b05770f1fa06e125a51b062b019e28", kill_on_drop: false }`
[INFO] [stdout] e8bdbcad54023ddb3b40d00923caee64c7b05770f1fa06e125a51b062b019e28
