[INFO] fetching crate marginfi-cpi 0.1.3...
[INFO] testing marginfi-cpi-0.1.3 against 1.75.0 for beta-1.76-1
[INFO] extracting crate marginfi-cpi 0.1.3 into /workspace/builds/worker-3-tc1/source
[INFO] validating manifest of crates.io crate marginfi-cpi 0.1.3 on toolchain 1.75.0
[INFO] running `Command { std: CARGO_HOME="/workspace/cargo-home" RUSTUP_HOME="/workspace/rustup-home" "/workspace/cargo-home/bin/cargo" "+1.75.0" "metadata" "--manifest-path" "Cargo.toml" "--no-deps", kill_on_drop: false }`
[INFO] started tweaking crates.io crate marginfi-cpi 0.1.3
[INFO] finished tweaking crates.io crate marginfi-cpi 0.1.3
[INFO] tweaked toml for crates.io crate marginfi-cpi 0.1.3 written to /workspace/builds/worker-3-tc1/source/Cargo.toml
[INFO] running `Command { std: CARGO_HOME="/workspace/cargo-home" RUSTUP_HOME="/workspace/rustup-home" "/workspace/cargo-home/bin/cargo" "+1.75.0" "generate-lockfile" "--manifest-path" "Cargo.toml", kill_on_drop: false }`
[INFO] [stderr]     Updating crates.io index
[INFO] running `Command { std: CARGO_HOME="/workspace/cargo-home" RUSTUP_HOME="/workspace/rustup-home" "/workspace/cargo-home/bin/cargo" "+1.75.0" "fetch" "--manifest-path" "Cargo.toml", kill_on_drop: false }`
[INFO] [stderr]  Downloading crates ...
[INFO] [stderr]   Downloaded anchor-idl v0.3.1
[INFO] [stderr]   Downloaded anchor-gen v0.3.1
[INFO] [stderr]   Downloaded anchor-lang v0.29.0
[INFO] [stderr]   Downloaded anchor-generate-cpi-interface v0.3.1
[INFO] [stderr]   Downloaded anchor-generate-cpi-crate v0.3.1
[INFO] running `Command { std: "docker" "create" "-v" "/var/lib/crater-agent-workspace/builds/worker-3-tc1/target:/opt/rustwide/target:rw,Z" "-v" "/var/lib/crater-agent-workspace/builds/worker-3-tc1/source:/opt/rustwide/workdir:ro,Z" "-v" "/var/lib/crater-agent-workspace/cargo-home:/opt/rustwide/cargo-home:ro,Z" "-v" "/var/lib/crater-agent-workspace/rustup-home:/opt/rustwide/rustup-home:ro,Z" "-e" "SOURCE_DIR=/opt/rustwide/workdir" "-e" "CARGO_TARGET_DIR=/opt/rustwide/target" "-e" "CARGO_HOME=/opt/rustwide/cargo-home" "-e" "RUSTUP_HOME=/opt/rustwide/rustup-home" "-w" "/opt/rustwide/workdir" "-m" "1610612736" "--user" "0:0" "--network" "none" "ghcr.io/rust-lang/crates-build-env/linux@sha256:2788e3201cd34a07e3172128adcd8b3090168a8e3bcc40d7c032b9dda1df7d1c" "/opt/rustwide/cargo-home/bin/cargo" "+1.75.0" "metadata" "--no-deps" "--format-version=1", kill_on_drop: false }`
[INFO] [stdout] 74207f3ac6793fc066d67bfc6df2c46b98f9bc3495b81c1d7686af5962d88fd9
[INFO] running `Command { std: "docker" "start" "-a" "74207f3ac6793fc066d67bfc6df2c46b98f9bc3495b81c1d7686af5962d88fd9", kill_on_drop: false }`
[INFO] running `Command { std: "docker" "inspect" "74207f3ac6793fc066d67bfc6df2c46b98f9bc3495b81c1d7686af5962d88fd9", kill_on_drop: false }`
[INFO] running `Command { std: "docker" "rm" "-f" "74207f3ac6793fc066d67bfc6df2c46b98f9bc3495b81c1d7686af5962d88fd9", kill_on_drop: false }`
[INFO] [stdout] 74207f3ac6793fc066d67bfc6df2c46b98f9bc3495b81c1d7686af5962d88fd9
[INFO] running `Command { std: "docker" "create" "-v" "/var/lib/crater-agent-workspace/builds/worker-3-tc1/target:/opt/rustwide/target:rw,Z" "-v" "/var/lib/crater-agent-workspace/builds/worker-3-tc1/source:/opt/rustwide/workdir:ro,Z" "-v" "/var/lib/crater-agent-workspace/cargo-home:/opt/rustwide/cargo-home:ro,Z" "-v" "/var/lib/crater-agent-workspace/rustup-home:/opt/rustwide/rustup-home:ro,Z" "-e" "SOURCE_DIR=/opt/rustwide/workdir" "-e" "CARGO_TARGET_DIR=/opt/rustwide/target" "-e" "CARGO_INCREMENTAL=0" "-e" "RUST_BACKTRACE=full" "-e" "RUSTFLAGS=--cap-lints=warn" "-e" "RUSTDOCFLAGS=--cap-lints=warn" "-e" "CARGO_HOME=/opt/rustwide/cargo-home" "-e" "RUSTUP_HOME=/opt/rustwide/rustup-home" "-w" "/opt/rustwide/workdir" "-m" "1610612736" "--user" "0:0" "--network" "none" "ghcr.io/rust-lang/crates-build-env/linux@sha256:2788e3201cd34a07e3172128adcd8b3090168a8e3bcc40d7c032b9dda1df7d1c" "/opt/rustwide/cargo-home/bin/cargo" "+1.75.0" "build" "--frozen" "--message-format=json", kill_on_drop: false }`
[INFO] [stdout] 55fff1b8a5edd60c93c2d3db7e526b8db24b7bfd0c196186201f734958fba510
[INFO] running `Command { std: "docker" "start" "-a" "55fff1b8a5edd60c93c2d3db7e526b8db24b7bfd0c196186201f734958fba510", kill_on_drop: false }`
[INFO] [stderr]    Compiling proc-macro2 v1.0.75
[INFO] [stderr]    Compiling syn v1.0.109
[INFO] [stderr]    Compiling serde v1.0.194
[INFO] [stderr]    Compiling libc v0.2.151
[INFO] [stderr]    Compiling generic-array v0.14.7
[INFO] [stderr]    Compiling serde_json v1.0.111
[INFO] [stderr]    Compiling unicode-segmentation v1.10.1
[INFO] [stderr]    Compiling semver v1.0.21
[INFO] [stderr]    Compiling num-traits v0.2.17
[INFO] [stderr]    Compiling num-integer v0.1.45
[INFO] [stderr]    Compiling ahash v0.8.7
[INFO] [stderr]    Compiling heck v0.3.3
[INFO] [stderr]    Compiling opaque-debug v0.3.0
[INFO] [stderr]    Compiling crunchy v0.2.2
[INFO] [stderr]    Compiling num-bigint v0.4.4
[INFO] [stderr]    Compiling digest v0.9.0
[INFO] [stderr]    Compiling crypto-common v0.1.6
[INFO] [stderr]    Compiling quote v1.0.35
[INFO] [stderr]    Compiling block-buffer v0.10.4
[INFO] [stderr]    Compiling rustc_version v0.4.0
[INFO] [stderr]    Compiling digest v0.10.7
[INFO] [stderr]    Compiling syn v2.0.48
[INFO] [stderr]    Compiling sha2 v0.10.8
[INFO] [stderr]    Compiling crossbeam-utils v0.8.18
[INFO] [stderr]    Compiling getrandom v0.1.16
[INFO] [stderr]    Compiling bs58 v0.5.0
[INFO] [stderr]    Compiling zerocopy v0.7.32
[INFO] [stderr]    Compiling jobserver v0.1.27
[INFO] [stderr]    Compiling getrandom v0.2.11
[INFO] [stderr]    Compiling cc v1.0.83
[INFO] [stderr]    Compiling rand_core v0.6.4
[INFO] [stderr]    Compiling rand_chacha v0.3.1
[INFO] [stderr]    Compiling wasm-bindgen-shared v0.2.89
[INFO] [stderr]    Compiling rand v0.8.5
[INFO] [stderr]    Compiling subtle v2.5.0
[INFO] [stderr]    Compiling crossbeam-epoch v0.9.17
[INFO] [stderr]    Compiling libsecp256k1-core v0.2.2
[INFO] [stderr]    Compiling ark-std v0.4.0
[INFO] [stderr]    Compiling hashbrown v0.13.2
[INFO] [stderr]    Compiling rand_core v0.5.1
[INFO] [stderr]    Compiling itertools v0.10.5
[INFO] [stderr]    Compiling proc-macro2-diagnostics v0.9.1
[INFO] [stderr]    Compiling fnv v1.0.7
[INFO] [stderr]    Compiling rayon-core v1.12.0
[INFO] [stderr]    Compiling strsim v0.10.0
[INFO] [stderr]    Compiling ident_case v1.0.1
[INFO] [stderr]    Compiling crossbeam-deque v0.8.4
[INFO] [stderr]    Compiling block-buffer v0.9.0
[INFO] [stderr]    Compiling ahash v0.7.7
[INFO] [stderr]    Compiling bumpalo v3.14.0
[INFO] [stderr]    Compiling feature-probe v0.1.1
[INFO] [stderr]    Compiling yansi v0.5.1
[INFO] [stderr]    Compiling bv v0.11.1
[INFO] [stderr]    Compiling sha2 v0.9.9
[INFO] [stderr]    Compiling blake3 v1.5.0
[INFO] [stderr]    Compiling libsecp256k1-gen-genmult v0.2.1
[INFO] [stderr]    Compiling libsecp256k1-gen-ecmult v0.2.1
[INFO] [stderr]    Compiling rand_chacha v0.2.2
[INFO] [stderr]    Compiling solana-frozen-abi-macro v1.17.14
[INFO] [stderr]    Compiling wasm-bindgen-backend v0.2.89
[INFO] [stderr]    Compiling darling_core v0.14.4
[INFO] [stderr]    Compiling borsh-derive-internal v0.10.3
[INFO] [stderr]    Compiling bitmaps v2.1.0
[INFO] [stderr]    Compiling im v15.1.0
[INFO] [stderr]    Compiling bs58 v0.3.1
[INFO] [stderr]    Compiling rustversion v1.0.14
[INFO] [stderr]    Compiling borsh-schema-derive-internal v0.9.3
[INFO] [stderr]    Compiling borsh-schema-derive-internal v0.10.3
[INFO] [stderr]    Compiling wasm-bindgen-macro-support v0.2.89
[INFO] [stderr]    Compiling borsh-derive-internal v0.9.3
[INFO] [stderr]    Compiling sized-chunks v0.6.5
[INFO] [stderr]    Compiling rayon v1.8.0
[INFO] [stderr]    Compiling rand v0.7.3
[INFO] [stderr]    Compiling libsecp256k1 v0.6.0
[INFO] [stderr]    Compiling serde_derive v1.0.194
[INFO] [stderr]    Compiling thiserror-impl v1.0.56
[INFO] [stderr]    Compiling zeroize_derive v1.4.2
[INFO] [stderr]    Compiling ark-serialize-derive v0.4.2
[INFO] [stderr]    Compiling ark-ff-macros v0.4.2
[INFO] [stderr]    Compiling ark-ff-asm v0.4.2
[INFO] [stderr]    Compiling derivative v2.2.0
[INFO] [stderr]    Compiling darling_macro v0.14.4
[INFO] [stderr]    Compiling zeroize v1.3.0
[INFO] [stderr]    Compiling rand_xoshiro v0.6.0
[INFO] [stderr]    Compiling solana-frozen-abi v1.17.14
[INFO] [stderr]    Compiling memoffset v0.9.0
[INFO] [stderr]    Compiling thiserror v1.0.56
[INFO] [stderr]    Compiling darling v0.14.4
[INFO] [stderr]    Compiling byteorder v1.5.0
[INFO] [stderr]    Compiling wasm-bindgen v0.2.89
[INFO] [stderr]    Compiling constant_time_eq v0.3.0
[INFO] [stderr]    Compiling arrayvec v0.7.4
[INFO] [stderr]    Compiling hashbrown v0.11.2
[INFO] [stderr]    Compiling wasm-bindgen-macro v0.2.89
[INFO] [stderr]    Compiling bytemuck_derive v1.5.0
[INFO] [stderr]    Compiling unicode-normalization v0.1.22
[INFO] [stderr]    Compiling solana-program v1.17.14
[INFO] [stderr]    Compiling memmap2 v0.5.10
[INFO] [stderr]    Compiling base64 v0.12.3
[INFO] [stderr]    Compiling solana-sdk-macro v1.17.14
[INFO] [stderr]    Compiling num-derive v0.3.3
[INFO] [stderr]    Compiling anchor-derive-space v0.29.0
[INFO] [stderr]    Compiling bytemuck v1.14.0
[INFO] [stderr]    Compiling base64 v0.13.1
[INFO] [stderr]    Compiling toml v0.5.11
[INFO] [stderr]    Compiling serde_bytes v0.11.14
[INFO] [stderr]    Compiling bitflags v2.4.1
[INFO] [stderr]    Compiling bincode v1.3.3
[INFO] [stderr]    Compiling anchor-syn v0.29.0
[INFO] [stderr]    Compiling crypto-mac v0.8.0
[INFO] [stderr]    Compiling proc-macro-crate v0.1.5
[INFO] [stderr]    Compiling ark-serialize v0.4.2
[INFO] [stderr]    Compiling hmac v0.8.1
[INFO] [stderr]    Compiling anchor-syn v0.24.2
[INFO] [stderr]    Compiling ark-ff v0.4.2
[INFO] [stderr]    Compiling hmac-drbg v0.3.0
[INFO] [stderr]    Compiling borsh-derive v0.9.3
[INFO] [stderr]    Compiling borsh-derive v0.10.3
[INFO] [stderr]    Compiling pbkdf2 v0.4.0
[INFO] [stderr]    Compiling borsh v0.9.3
[INFO] [stderr]    Compiling tiny-bip39 v0.8.2
[INFO] [stderr]    Compiling borsh v0.10.3
[INFO] [stderr]    Compiling sha3 v0.10.8
[INFO] [stderr]    Compiling curve25519-dalek v3.2.1
[INFO] [stderr]    Compiling anchor-idl v0.3.1
[INFO] [stderr]    Compiling anchor-attribute-program v0.29.0
[INFO] [stderr]    Compiling anchor-derive-serde v0.29.0
[INFO] [stderr]    Compiling anchor-attribute-event v0.29.0
[INFO] [stderr]    Compiling anchor-attribute-account v0.29.0
[INFO] [stderr]    Compiling anchor-derive-accounts v0.29.0
[INFO] [stderr]    Compiling anchor-attribute-constant v0.29.0
[INFO] [stderr]    Compiling anchor-attribute-access-control v0.29.0
[INFO] [stderr]    Compiling anchor-attribute-error v0.29.0
[INFO] [stderr]    Compiling anchor-generate-cpi-crate v0.3.1
[INFO] [stderr]    Compiling anchor-generate-cpi-interface v0.3.1
[INFO] [stderr]    Compiling anchor-gen v0.3.1
[INFO] [stderr]    Compiling ark-poly v0.4.2
[INFO] [stderr]    Compiling ark-ec v0.4.2
[INFO] [stderr]    Compiling ark-bn254 v0.4.0
[INFO] [stderr]    Compiling light-poseidon v0.2.0
[INFO] [stderr]    Compiling anchor-lang v0.29.0
[INFO] [stderr]    Compiling marginfi-cpi v0.1.3 (/opt/rustwide/workdir)
[INFO] [stdout] error[E0433]: failed to resolve: could not find `bytemuck` in the list of imported crates
[INFO] [stdout]   --> src/lib.rs:6:1
[INFO] [stdout]    |
[INFO] [stdout] 6  | / anchor_gen::generate_cpi_interface!(
[INFO] [stdout] 7  | |     idl_path = "src/idl.json",
[INFO] [stdout] 8  | |     zero_copy(
[INFO] [stdout] 9  | |         MarginfiGroup,
[INFO] [stdout] ...  |
[INFO] [stdout] 16 | |     packed(MarginfiGroup, MarginfiAccount, UTPAccountConfig, Bank)
[INFO] [stdout] 17 | | );
[INFO] [stdout]    | |_^ could not find `bytemuck` in the list of imported crates
[INFO] [stdout]    |
[INFO] [stdout]    = note: this error originates in the attribute macro `zero_copy` (in Nightly builds, run with -Z macro-backtrace for more info)
[INFO] [stdout] 
[INFO] [stdout] 
[INFO] [stdout] error[E0433]: failed to resolve: could not find `bytemuck` in the list of imported crates
[INFO] [stdout]   --> src/lib.rs:6:1
[INFO] [stdout]    |
[INFO] [stdout] 6  | / anchor_gen::generate_cpi_interface!(
[INFO] [stdout] 7  | |     idl_path = "src/idl.json",
[INFO] [stdout] 8  | |     zero_copy(
[INFO] [stdout] 9  | |         MarginfiGroup,
[INFO] [stdout] ...  |
[INFO] [stdout] 16 | |     packed(MarginfiGroup, MarginfiAccount, UTPAccountConfig, Bank)
[INFO] [stdout] 17 | | );
[INFO] [stdout]    | |_^ could not find `bytemuck` in the list of imported crates
[INFO] [stdout]    |
[INFO] [stdout]    = note: this error originates in the attribute macro `zero_copy` (in Nightly builds, run with -Z macro-backtrace for more info)
[INFO] [stdout] 
[INFO] [stdout] 
[INFO] [stdout] error[E0433]: failed to resolve: could not find `bytemuck` in the list of imported crates
[INFO] [stdout]   --> src/lib.rs:6:1
[INFO] [stdout]    |
[INFO] [stdout] 6  | / anchor_gen::generate_cpi_interface!(
[INFO] [stdout] 7  | |     idl_path = "src/idl.json",
[INFO] [stdout] 8  | |     zero_copy(
[INFO] [stdout] 9  | |         MarginfiGroup,
[INFO] [stdout] ...  |
[INFO] [stdout] 16 | |     packed(MarginfiGroup, MarginfiAccount, UTPAccountConfig, Bank)
[INFO] [stdout] 17 | | );
[INFO] [stdout]    | |_^ could not find `bytemuck` in the list of imported crates
[INFO] [stdout]    |
[INFO] [stdout]    = note: this error originates in the attribute macro `zero_copy` (in Nightly builds, run with -Z macro-backtrace for more info)
[INFO] [stdout] 
[INFO] [stdout] 
[INFO] [stdout] error[E0433]: failed to resolve: could not find `bytemuck` in the list of imported crates
[INFO] [stdout]   --> src/lib.rs:6:1
[INFO] [stdout]    |
[INFO] [stdout] 6  | / anchor_gen::generate_cpi_interface!(
[INFO] [stdout] 7  | |     idl_path = "src/idl.json",
[INFO] [stdout] 8  | |     zero_copy(
[INFO] [stdout] 9  | |         MarginfiGroup,
[INFO] [stdout] ...  |
[INFO] [stdout] 16 | |     packed(MarginfiGroup, MarginfiAccount, UTPAccountConfig, Bank)
[INFO] [stdout] 17 | | );
[INFO] [stdout]    | |_^ could not find `bytemuck` in the list of imported crates
[INFO] [stdout]    |
[INFO] [stdout]    = note: this error originates in the attribute macro `zero_copy` (in Nightly builds, run with -Z macro-backtrace for more info)
[INFO] [stdout] 
[INFO] [stdout] 
[INFO] [stdout] error[E0433]: failed to resolve: could not find `bytemuck` in the list of imported crates
[INFO] [stdout]   --> src/lib.rs:6:1
[INFO] [stdout]    |
[INFO] [stdout] 6  | / anchor_gen::generate_cpi_interface!(
[INFO] [stdout] 7  | |     idl_path = "src/idl.json",
[INFO] [stdout] 8  | |     zero_copy(
[INFO] [stdout] 9  | |         MarginfiGroup,
[INFO] [stdout] ...  |
[INFO] [stdout] 16 | |     packed(MarginfiGroup, MarginfiAccount, UTPAccountConfig, Bank)
[INFO] [stdout] 17 | | );
[INFO] [stdout]    | |_^ could not find `bytemuck` in the list of imported crates
[INFO] [stdout]    |
[INFO] [stdout]    = note: this error originates in the attribute macro `zero_copy` (in Nightly builds, run with -Z macro-backtrace for more info)
[INFO] [stdout] 
[INFO] [stdout] 
[INFO] [stdout] error[E0433]: failed to resolve: could not find `bytemuck` in the list of imported crates
[INFO] [stdout]   --> src/lib.rs:6:1
[INFO] [stdout]    |
[INFO] [stdout] 6  | / anchor_gen::generate_cpi_interface!(
[INFO] [stdout] 7  | |     idl_path = "src/idl.json",
[INFO] [stdout] 8  | |     zero_copy(
[INFO] [stdout] 9  | |         MarginfiGroup,
[INFO] [stdout] ...  |
[INFO] [stdout] 16 | |     packed(MarginfiGroup, MarginfiAccount, UTPAccountConfig, Bank)
[INFO] [stdout] 17 | | );
[INFO] [stdout]    | |_^ could not find `bytemuck` in the list of imported crates
[INFO] [stdout]    |
[INFO] [stdout]    = note: this error originates in the attribute macro `zero_copy` (in Nightly builds, run with -Z macro-backtrace for more info)
[INFO] [stdout] 
[INFO] [stdout] 
[INFO] [stdout] error[E0277]: the trait bound `MarginfiAccount: Pod` is not satisfied
[INFO] [stdout]    --> src/lib.rs:6:1
[INFO] [stdout]     |
[INFO] [stdout] 6   | / anchor_gen::generate_cpi_interface!(
[INFO] [stdout] 7   | |     idl_path = "src/idl.json",
[INFO] [stdout] 8   | |     zero_copy(
[INFO] [stdout] 9   | |         MarginfiGroup,
[INFO] [stdout] ...   |
[INFO] [stdout] 16  | |     packed(MarginfiGroup, MarginfiAccount, UTPAccountConfig, Bank)
[INFO] [stdout] 17  | | );
[INFO] [stdout]     | |_^ the trait `Pod` is not implemented for `MarginfiAccount`
[INFO] [stdout]     |
[INFO] [stdout]     = help: the following other types implement trait `Pod`:
[INFO] [stdout]               isize
[INFO] [stdout]               i8
[INFO] [stdout]               i16
[INFO] [stdout]               i32
[INFO] [stdout]               i64
[INFO] [stdout]               i128
[INFO] [stdout]               usize
[INFO] [stdout]               u8
[INFO] [stdout]             and 64 others
[INFO] [stdout] note: required by a bound in `ZeroCopy`
[INFO] [stdout]    --> /opt/rustwide/cargo-home/registry/src/index.crates.io-6f17d22bba15001f/anchor-lang-0.29.0/src/lib.rs:261:63
[INFO] [stdout]     |
[INFO] [stdout] 261 | pub trait ZeroCopy: Discriminator + Copy + Clone + Zeroable + Pod {}
[INFO] [stdout]     |                                                               ^^^ required by this bound in `ZeroCopy`
[INFO] [stdout]     = note: `ZeroCopy` is a "sealed trait", because to implement it you also need to implement `anchor_lang::__private::bytemuck::pod::Pod`, which is not accessible; this is usually done to force you to use one of the provided types that already implement it
[INFO] [stdout]     = help: the following types implement the trait:
[INFO] [stdout]               [T; 10]
[INFO] [stdout]               [T; 2048]
[INFO] [stdout]               [T; 17]
[INFO] [stdout]               [T; 26]
[INFO] [stdout]               [T; 512]
[INFO] [stdout]               [T; 21]
[INFO] [stdout]               [T; 16]
[INFO] [stdout]               [T; 32]
[INFO] [stdout]             and 64 others
[INFO] [stdout]     = note: this error originates in the macro `anchor_gen::generate_cpi_interface` (in Nightly builds, run with -Z macro-backtrace for more info)
[INFO] [stdout] 
[INFO] [stdout] 
[INFO] [stdout] error[E0277]: the trait bound `MarginfiGroup: Pod` is not satisfied
[INFO] [stdout]    --> src/lib.rs:6:1
[INFO] [stdout]     |
[INFO] [stdout] 6   | / anchor_gen::generate_cpi_interface!(
[INFO] [stdout] 7   | |     idl_path = "src/idl.json",
[INFO] [stdout] 8   | |     zero_copy(
[INFO] [stdout] 9   | |         MarginfiGroup,
[INFO] [stdout] ...   |
[INFO] [stdout] 16  | |     packed(MarginfiGroup, MarginfiAccount, UTPAccountConfig, Bank)
[INFO] [stdout] 17  | | );
[INFO] [stdout]     | |_^ the trait `Pod` is not implemented for `MarginfiGroup`
[INFO] [stdout]     |
[INFO] [stdout]     = help: the following other types implement trait `Pod`:
[INFO] [stdout]               isize
[INFO] [stdout]               i8
[INFO] [stdout]               i16
[INFO] [stdout]               i32
[INFO] [stdout]               i64
[INFO] [stdout]               i128
[INFO] [stdout]               usize
[INFO] [stdout]               u8
[INFO] [stdout]             and 64 others
[INFO] [stdout] note: required by a bound in `ZeroCopy`
[INFO] [stdout]    --> /opt/rustwide/cargo-home/registry/src/index.crates.io-6f17d22bba15001f/anchor-lang-0.29.0/src/lib.rs:261:63
[INFO] [stdout]     |
[INFO] [stdout] 261 | pub trait ZeroCopy: Discriminator + Copy + Clone + Zeroable + Pod {}
[INFO] [stdout]     |                                                               ^^^ required by this bound in `ZeroCopy`
[INFO] [stdout]     = note: `ZeroCopy` is a "sealed trait", because to implement it you also need to implement `anchor_lang::__private::bytemuck::pod::Pod`, which is not accessible; this is usually done to force you to use one of the provided types that already implement it
[INFO] [stdout]     = help: the following types implement the trait:
[INFO] [stdout]               [T; 10]
[INFO] [stdout]               [T; 2048]
[INFO] [stdout]               [T; 17]
[INFO] [stdout]               [T; 26]
[INFO] [stdout]               [T; 512]
[INFO] [stdout]               [T; 21]
[INFO] [stdout]               [T; 16]
[INFO] [stdout]               [T; 32]
[INFO] [stdout]             and 64 others
[INFO] [stdout]     = note: this error originates in the macro `anchor_gen::generate_cpi_interface` (in Nightly builds, run with -Z macro-backtrace for more info)
[INFO] [stdout] 
[INFO] [stdout] 
[INFO] [stdout] error: aborting due to 8 previous errors
[INFO] [stdout] 
[INFO] [stdout] 
[INFO] [stdout] Some errors have detailed explanations: E0277, E0433.
[INFO] [stdout] 
[INFO] [stdout] For more information about an error, try `rustc --explain E0277`.
[INFO] [stdout] 
[INFO] [stderr] error: could not compile `marginfi-cpi` (lib) due to 9 previous errors
[INFO] running `Command { std: "docker" "inspect" "55fff1b8a5edd60c93c2d3db7e526b8db24b7bfd0c196186201f734958fba510", kill_on_drop: false }`
[INFO] running `Command { std: "docker" "rm" "-f" "55fff1b8a5edd60c93c2d3db7e526b8db24b7bfd0c196186201f734958fba510", kill_on_drop: false }`
[INFO] [stdout] 55fff1b8a5edd60c93c2d3db7e526b8db24b7bfd0c196186201f734958fba510
[INFO] testing marginfi-cpi-0.1.3 against beta-2023-12-22 for beta-1.76-1
[INFO] extracting crate marginfi-cpi 0.1.3 into /workspace/builds/worker-3-tc2/source
[INFO] validating manifest of crates.io crate marginfi-cpi 0.1.3 on toolchain beta-2023-12-22
[INFO] running `Command { std: CARGO_HOME="/workspace/cargo-home" RUSTUP_HOME="/workspace/rustup-home" "/workspace/cargo-home/bin/cargo" "+beta-2023-12-22" "metadata" "--manifest-path" "Cargo.toml" "--no-deps", kill_on_drop: false }`
[INFO] started tweaking crates.io crate marginfi-cpi 0.1.3
[INFO] finished tweaking crates.io crate marginfi-cpi 0.1.3
[INFO] tweaked toml for crates.io crate marginfi-cpi 0.1.3 written to /workspace/builds/worker-3-tc2/source/Cargo.toml
[INFO] running `Command { std: CARGO_HOME="/workspace/cargo-home" RUSTUP_HOME="/workspace/rustup-home" "/workspace/cargo-home/bin/cargo" "+beta-2023-12-22" "generate-lockfile" "--manifest-path" "Cargo.toml", kill_on_drop: false }`
[INFO] [stderr]     Updating crates.io index
[INFO] running `Command { std: CARGO_HOME="/workspace/cargo-home" RUSTUP_HOME="/workspace/rustup-home" "/workspace/cargo-home/bin/cargo" "+beta-2023-12-22" "fetch" "--manifest-path" "Cargo.toml", kill_on_drop: false }`
[INFO] running `Command { std: "docker" "create" "-v" "/var/lib/crater-agent-workspace/builds/worker-3-tc2/target:/opt/rustwide/target:rw,Z" "-v" "/var/lib/crater-agent-workspace/builds/worker-3-tc2/source:/opt/rustwide/workdir:ro,Z" "-v" "/var/lib/crater-agent-workspace/cargo-home:/opt/rustwide/cargo-home:ro,Z" "-v" "/var/lib/crater-agent-workspace/rustup-home:/opt/rustwide/rustup-home:ro,Z" "-e" "SOURCE_DIR=/opt/rustwide/workdir" "-e" "CARGO_TARGET_DIR=/opt/rustwide/target" "-e" "CARGO_HOME=/opt/rustwide/cargo-home" "-e" "RUSTUP_HOME=/opt/rustwide/rustup-home" "-w" "/opt/rustwide/workdir" "-m" "1610612736" "--user" "0:0" "--network" "none" "ghcr.io/rust-lang/crates-build-env/linux@sha256:2788e3201cd34a07e3172128adcd8b3090168a8e3bcc40d7c032b9dda1df7d1c" "/opt/rustwide/cargo-home/bin/cargo" "+beta-2023-12-22" "metadata" "--no-deps" "--format-version=1", kill_on_drop: false }`
[INFO] [stdout] b3cf137ce8528703ac77ffdc78d474321bf36a027ce47cbb4b934e1555f08e60
[INFO] running `Command { std: "docker" "start" "-a" "b3cf137ce8528703ac77ffdc78d474321bf36a027ce47cbb4b934e1555f08e60", kill_on_drop: false }`
[INFO] running `Command { std: "docker" "inspect" "b3cf137ce8528703ac77ffdc78d474321bf36a027ce47cbb4b934e1555f08e60", kill_on_drop: false }`
[INFO] running `Command { std: "docker" "rm" "-f" "b3cf137ce8528703ac77ffdc78d474321bf36a027ce47cbb4b934e1555f08e60", kill_on_drop: false }`
[INFO] [stdout] b3cf137ce8528703ac77ffdc78d474321bf36a027ce47cbb4b934e1555f08e60
[INFO] running `Command { std: "docker" "create" "-v" "/var/lib/crater-agent-workspace/builds/worker-3-tc2/target:/opt/rustwide/target:rw,Z" "-v" "/var/lib/crater-agent-workspace/builds/worker-3-tc2/source:/opt/rustwide/workdir:ro,Z" "-v" "/var/lib/crater-agent-workspace/cargo-home:/opt/rustwide/cargo-home:ro,Z" "-v" "/var/lib/crater-agent-workspace/rustup-home:/opt/rustwide/rustup-home:ro,Z" "-e" "SOURCE_DIR=/opt/rustwide/workdir" "-e" "CARGO_TARGET_DIR=/opt/rustwide/target" "-e" "CARGO_INCREMENTAL=0" "-e" "RUST_BACKTRACE=full" "-e" "RUSTFLAGS=--cap-lints=warn" "-e" "RUSTDOCFLAGS=--cap-lints=warn" "-e" "CARGO_HOME=/opt/rustwide/cargo-home" "-e" "RUSTUP_HOME=/opt/rustwide/rustup-home" "-w" "/opt/rustwide/workdir" "-m" "1610612736" "--user" "0:0" "--network" "none" "ghcr.io/rust-lang/crates-build-env/linux@sha256:2788e3201cd34a07e3172128adcd8b3090168a8e3bcc40d7c032b9dda1df7d1c" "/opt/rustwide/cargo-home/bin/cargo" "+beta-2023-12-22" "build" "--frozen" "--message-format=json", kill_on_drop: false }`
[INFO] [stdout] 4a1a5e8a4f3aab558d81d672ed7d5505c263508f582af0c6ccd80f5a63f1c704
[INFO] running `Command { std: "docker" "start" "-a" "4a1a5e8a4f3aab558d81d672ed7d5505c263508f582af0c6ccd80f5a63f1c704", kill_on_drop: false }`
[INFO] [stderr]    Compiling proc-macro2 v1.0.75
[INFO] [stderr]    Compiling syn v1.0.109
[INFO] [stderr]    Compiling serde v1.0.194
[INFO] [stderr]    Compiling libc v0.2.151
[INFO] [stderr]    Compiling generic-array v0.14.7
[INFO] [stderr]    Compiling serde_json v1.0.111
[INFO] [stderr]    Compiling unicode-segmentation v1.10.1
[INFO] [stderr]    Compiling semver v1.0.21
[INFO] [stderr]    Compiling num-traits v0.2.17
[INFO] [stderr]    Compiling num-integer v0.1.45
[INFO] [stderr]    Compiling ahash v0.8.7
[INFO] [stderr]    Compiling heck v0.3.3
[INFO] [stderr]    Compiling opaque-debug v0.3.0
[INFO] [stderr]    Compiling crunchy v0.2.2
[INFO] [stderr]    Compiling rustc_version v0.4.0
[INFO] [stderr]    Compiling quote v1.0.35
[INFO] [stderr]    Compiling digest v0.9.0
[INFO] [stderr]    Compiling crypto-common v0.1.6
[INFO] [stderr]    Compiling block-buffer v0.10.4
[INFO] [stderr]    Compiling digest v0.10.7
[INFO] [stderr]    Compiling num-bigint v0.4.4
[INFO] [stderr]    Compiling syn v2.0.48
[INFO] [stderr]    Compiling sha2 v0.10.8
[INFO] [stderr]    Compiling getrandom v0.1.16
[INFO] [stderr]    Compiling zerocopy v0.7.32
[INFO] [stderr]    Compiling bs58 v0.5.0
[INFO] [stderr]    Compiling crossbeam-utils v0.8.18
[INFO] [stderr]    Compiling getrandom v0.2.11
[INFO] [stderr]    Compiling jobserver v0.1.27
[INFO] [stderr]    Compiling rand_core v0.6.4
[INFO] [stderr]    Compiling cc v1.0.83
[INFO] [stderr]    Compiling rand_chacha v0.3.1
[INFO] [stderr]    Compiling rand v0.8.5
[INFO] [stderr]    Compiling ark-std v0.4.0
[INFO] [stderr]    Compiling subtle v2.5.0
[INFO] [stderr]    Compiling wasm-bindgen-shared v0.2.89
[INFO] [stderr]    Compiling rand_core v0.5.1
[INFO] [stderr]    Compiling libsecp256k1-core v0.2.2
[INFO] [stderr]    Compiling crossbeam-epoch v0.9.17
[INFO] [stderr]    Compiling hashbrown v0.13.2
[INFO] [stderr]    Compiling itertools v0.10.5
[INFO] [stderr]    Compiling proc-macro2-diagnostics v0.9.1
[INFO] [stderr]    Compiling fnv v1.0.7
[INFO] [stderr]    Compiling strsim v0.10.0
[INFO] [stderr]    Compiling ident_case v1.0.1
[INFO] [stderr]    Compiling rayon-core v1.12.0
[INFO] [stderr]    Compiling crossbeam-deque v0.8.4
[INFO] [stderr]    Compiling block-buffer v0.9.0
[INFO] [stderr]    Compiling ahash v0.7.7
[INFO] [stderr]    Compiling bumpalo v3.14.0
[INFO] [stderr]    Compiling darling_core v0.14.4
[INFO] [stderr]    Compiling yansi v0.5.1
[INFO] [stderr]    Compiling feature-probe v0.1.1
[INFO] [stderr]    Compiling sha2 v0.9.9
[INFO] [stderr]    Compiling borsh-derive-internal v0.10.3
[INFO] [stderr]    Compiling bv v0.11.1
[INFO] [stderr]    Compiling blake3 v1.5.0
[INFO] [stderr]    Compiling wasm-bindgen-backend v0.2.89
[INFO] [stderr]    Compiling libsecp256k1-gen-genmult v0.2.1
[INFO] [stderr]    Compiling libsecp256k1-gen-ecmult v0.2.1
[INFO] [stderr]    Compiling rand_chacha v0.2.2
[INFO] [stderr]    Compiling solana-frozen-abi-macro v1.17.14
[INFO] [stderr]    Compiling bitmaps v2.1.0
[INFO] [stderr]    Compiling im v15.1.0
[INFO] [stderr]    Compiling bs58 v0.3.1
[INFO] [stderr]    Compiling rustversion v1.0.14
[INFO] [stderr]    Compiling wasm-bindgen-macro-support v0.2.89
[INFO] [stderr]    Compiling rand v0.7.3
[INFO] [stderr]    Compiling sized-chunks v0.6.5
[INFO] [stderr]    Compiling libsecp256k1 v0.6.0
[INFO] [stderr]    Compiling rayon v1.8.0
[INFO] [stderr]    Compiling borsh-schema-derive-internal v0.9.3
[INFO] [stderr]    Compiling ark-serialize-derive v0.4.2
[INFO] [stderr]    Compiling ark-ff-asm v0.4.2
[INFO] [stderr]    Compiling ark-ff-macros v0.4.2
[INFO] [stderr]    Compiling derivative v2.2.0
[INFO] [stderr]    Compiling darling_macro v0.14.4
[INFO] [stderr]    Compiling borsh-schema-derive-internal v0.10.3
[INFO] [stderr]    Compiling serde_derive v1.0.194
[INFO] [stderr]    Compiling thiserror-impl v1.0.56
[INFO] [stderr]    Compiling zeroize_derive v1.4.2
[INFO] [stderr]    Compiling borsh-derive-internal v0.9.3
[INFO] [stderr]    Compiling darling v0.14.4
[INFO] [stderr]    Compiling rand_xoshiro v0.6.0
[INFO] [stderr]    Compiling solana-frozen-abi v1.17.14
[INFO] [stderr]    Compiling memoffset v0.9.0
[INFO] [stderr]    Compiling wasm-bindgen v0.2.89
[INFO] [stderr]    Compiling zeroize v1.3.0
[INFO] [stderr]    Compiling arrayvec v0.7.4
[INFO] [stderr]    Compiling constant_time_eq v0.3.0
[INFO] [stderr]    Compiling byteorder v1.5.0
[INFO] [stderr]    Compiling wasm-bindgen-macro v0.2.89
[INFO] [stderr]    Compiling bytemuck_derive v1.5.0
[INFO] [stderr]    Compiling thiserror v1.0.56
[INFO] [stderr]    Compiling hashbrown v0.11.2
[INFO] [stderr]    Compiling unicode-normalization v0.1.22
[INFO] [stderr]    Compiling solana-program v1.17.14
[INFO] [stderr]    Compiling memmap2 v0.5.10
[INFO] [stderr]    Compiling base64 v0.12.3
[INFO] [stderr]    Compiling solana-sdk-macro v1.17.14
[INFO] [stderr]    Compiling num-derive v0.3.3
[INFO] [stderr]    Compiling anchor-derive-space v0.29.0
[INFO] [stderr]    Compiling bytemuck v1.14.0
[INFO] [stderr]    Compiling base64 v0.13.1
[INFO] [stderr]    Compiling serde_bytes v0.11.14
[INFO] [stderr]    Compiling bincode v1.3.3
[INFO] [stderr]    Compiling toml v0.5.11
[INFO] [stderr]    Compiling bitflags v2.4.1
[INFO] [stderr]    Compiling crypto-mac v0.8.0
[INFO] [stderr]    Compiling hmac v0.8.1
[INFO] [stderr]    Compiling hmac-drbg v0.3.0
[INFO] [stderr]    Compiling ark-serialize v0.4.2
[INFO] [stderr]    Compiling anchor-syn v0.29.0
[INFO] [stderr]    Compiling proc-macro-crate v0.1.5
[INFO] [stderr]    Compiling ark-ff v0.4.2
[INFO] [stderr]    Compiling anchor-syn v0.24.2
[INFO] [stderr]    Compiling pbkdf2 v0.4.0
[INFO] [stderr]    Compiling tiny-bip39 v0.8.2
[INFO] [stderr]    Compiling sha3 v0.10.8
[INFO] [stderr]    Compiling borsh-derive v0.10.3
[INFO] [stderr]    Compiling borsh-derive v0.9.3
[INFO] [stderr]    Compiling curve25519-dalek v3.2.1
[INFO] [stderr]    Compiling borsh v0.9.3
[INFO] [stderr]    Compiling borsh v0.10.3
[INFO] [stderr]    Compiling anchor-attribute-error v0.29.0
[INFO] [stderr]    Compiling anchor-attribute-event v0.29.0
[INFO] [stderr]    Compiling anchor-derive-accounts v0.29.0
[INFO] [stderr]    Compiling anchor-attribute-constant v0.29.0
[INFO] [stderr]    Compiling anchor-attribute-account v0.29.0
[INFO] [stderr]    Compiling anchor-idl v0.3.1
[INFO] [stderr]    Compiling anchor-derive-serde v0.29.0
[INFO] [stderr]    Compiling anchor-attribute-access-control v0.29.0
[INFO] [stderr]    Compiling anchor-attribute-program v0.29.0
[INFO] [stderr] error: could not compile `libsecp256k1` (lib)
[INFO] [stderr] 
[INFO] [stderr] Caused by:
[INFO] [stderr]   process didn't exit successfully: `/opt/rustwide/rustup-home/toolchains/beta-2023-12-22-x86_64-unknown-linux-gnu/bin/rustc --crate-name libsecp256k1 --edition=2018 /opt/rustwide/cargo-home/registry/src/index.crates.io-6f17d22bba15001f/libsecp256k1-0.6.0/src/lib.rs --error-format=json --json=diagnostic-rendered-ansi,artifacts,future-incompat --crate-type lib --emit=dep-info,metadata,link -C embed-bitcode=no -C debuginfo=2 --cfg 'feature="default"' --cfg 'feature="hmac"' --cfg 'feature="hmac-drbg"' --cfg 'feature="sha2"' --cfg 'feature="static-context"' --cfg 'feature="std"' --cfg 'feature="typenum"' -C metadata=afe97987b45c0b6b -C extra-filename=-afe97987b45c0b6b --out-dir /opt/rustwide/target/debug/deps -L dependency=/opt/rustwide/target/debug/deps --extern arrayref=/opt/rustwide/target/debug/deps/libarrayref-8957ff1d73700ff2.rmeta --extern base64=/opt/rustwide/target/debug/deps/libbase64-00978a2741532e14.rmeta --extern digest=/opt/rustwide/target/debug/deps/libdigest-3f15519518ab56ea.rmeta --extern hmac_drbg=/opt/rustwide/target/debug/deps/libhmac_drbg-f86cc17d20c7f1e1.rmeta --extern libsecp256k1_core=/opt/rustwide/target/debug/deps/liblibsecp256k1_core-09995e5ed8badb71.rmeta --extern rand=/opt/rustwide/target/debug/deps/librand-86aa66f54c573288.rmeta --extern serde=/opt/rustwide/target/debug/deps/libserde-277a7a42ca4001ee.rmeta --extern sha2=/opt/rustwide/target/debug/deps/libsha2-d3e8c952b04e919f.rmeta --extern typenum=/opt/rustwide/target/debug/deps/libtypenum-b40ba058056b0bf8.rmeta --cap-lints allow --cap-lints=warn` (signal: 9, SIGKILL: kill)
[INFO] [stderr] warning: build failed, waiting for other jobs to finish...
[INFO] running `Command { std: "docker" "inspect" "4a1a5e8a4f3aab558d81d672ed7d5505c263508f582af0c6ccd80f5a63f1c704", kill_on_drop: false }`
[INFO] running `Command { std: "docker" "rm" "-f" "4a1a5e8a4f3aab558d81d672ed7d5505c263508f582af0c6ccd80f5a63f1c704", kill_on_drop: false }`
[INFO] [stdout] 4a1a5e8a4f3aab558d81d672ed7d5505c263508f582af0c6ccd80f5a63f1c704
