[INFO] fetching crate magnus 0.6.2...
[INFO] testing magnus-0.6.2 against 1.75.0 for beta-1.76-1
[INFO] extracting crate magnus 0.6.2 into /workspace/builds/worker-0-tc1/source
[INFO] validating manifest of crates.io crate magnus 0.6.2 on toolchain 1.75.0
[INFO] running `Command { std: CARGO_HOME="/workspace/cargo-home" RUSTUP_HOME="/workspace/rustup-home" "/workspace/cargo-home/bin/cargo" "+1.75.0" "metadata" "--manifest-path" "Cargo.toml" "--no-deps", kill_on_drop: false }`
[INFO] removed /workspace/builds/worker-0-tc1/source/.cargo/config.toml
[INFO] started tweaking crates.io crate magnus 0.6.2
[INFO] removed 0 missing examples
[INFO] finished tweaking crates.io crate magnus 0.6.2
[INFO] tweaked toml for crates.io crate magnus 0.6.2 written to /workspace/builds/worker-0-tc1/source/Cargo.toml
[INFO] crate crates.io crate magnus 0.6.2 already has a lockfile, it will not be regenerated
[INFO] running `Command { std: CARGO_HOME="/workspace/cargo-home" RUSTUP_HOME="/workspace/rustup-home" "/workspace/cargo-home/bin/cargo" "+1.75.0" "fetch" "--manifest-path" "Cargo.toml", kill_on_drop: false }`
[INFO] [stderr]     Updating crates.io index
[INFO] [stderr]     Blocking waiting for file lock on package cache
[INFO] [stderr]  Downloading crates ...
[INFO] [stderr]   Downloaded rb-sys-env v0.1.2
[INFO] [stderr]   Downloaded magnus-macros v0.6.0
[INFO] [stderr]   Downloaded rb-sys v0.9.81
[INFO] [stderr]   Downloaded rb-sys-build v0.9.81
[INFO] running `Command { std: "docker" "create" "-v" "/var/lib/crater-agent-workspace/builds/worker-0-tc1/target:/opt/rustwide/target:rw,Z" "-v" "/var/lib/crater-agent-workspace/builds/worker-0-tc1/source:/opt/rustwide/workdir:ro,Z" "-v" "/var/lib/crater-agent-workspace/cargo-home:/opt/rustwide/cargo-home:ro,Z" "-v" "/var/lib/crater-agent-workspace/rustup-home:/opt/rustwide/rustup-home:ro,Z" "-e" "SOURCE_DIR=/opt/rustwide/workdir" "-e" "CARGO_TARGET_DIR=/opt/rustwide/target" "-e" "CARGO_HOME=/opt/rustwide/cargo-home" "-e" "RUSTUP_HOME=/opt/rustwide/rustup-home" "-w" "/opt/rustwide/workdir" "-m" "1610612736" "--user" "0:0" "--network" "none" "ghcr.io/rust-lang/crates-build-env/linux@sha256:2788e3201cd34a07e3172128adcd8b3090168a8e3bcc40d7c032b9dda1df7d1c" "/opt/rustwide/cargo-home/bin/cargo" "+1.75.0" "metadata" "--no-deps" "--format-version=1", kill_on_drop: false }`
[INFO] [stdout] cba842cbb10886c24ae3cbac603e3296354de28031240e80b448d69568dfe5ee
[INFO] running `Command { std: "docker" "start" "-a" "cba842cbb10886c24ae3cbac603e3296354de28031240e80b448d69568dfe5ee", kill_on_drop: false }`
[INFO] running `Command { std: "docker" "inspect" "cba842cbb10886c24ae3cbac603e3296354de28031240e80b448d69568dfe5ee", kill_on_drop: false }`
[INFO] running `Command { std: "docker" "rm" "-f" "cba842cbb10886c24ae3cbac603e3296354de28031240e80b448d69568dfe5ee", kill_on_drop: false }`
[INFO] [stdout] cba842cbb10886c24ae3cbac603e3296354de28031240e80b448d69568dfe5ee
[INFO] running `Command { std: "docker" "create" "-v" "/var/lib/crater-agent-workspace/builds/worker-0-tc1/target:/opt/rustwide/target:rw,Z" "-v" "/var/lib/crater-agent-workspace/builds/worker-0-tc1/source:/opt/rustwide/workdir:ro,Z" "-v" "/var/lib/crater-agent-workspace/cargo-home:/opt/rustwide/cargo-home:ro,Z" "-v" "/var/lib/crater-agent-workspace/rustup-home:/opt/rustwide/rustup-home:ro,Z" "-e" "SOURCE_DIR=/opt/rustwide/workdir" "-e" "CARGO_TARGET_DIR=/opt/rustwide/target" "-e" "CARGO_INCREMENTAL=0" "-e" "RUST_BACKTRACE=full" "-e" "RUSTFLAGS=--cap-lints=warn" "-e" "RUSTDOCFLAGS=--cap-lints=warn" "-e" "CARGO_HOME=/opt/rustwide/cargo-home" "-e" "RUSTUP_HOME=/opt/rustwide/rustup-home" "-w" "/opt/rustwide/workdir" "-m" "1610612736" "--user" "0:0" "--network" "none" "ghcr.io/rust-lang/crates-build-env/linux@sha256:2788e3201cd34a07e3172128adcd8b3090168a8e3bcc40d7c032b9dda1df7d1c" "/opt/rustwide/cargo-home/bin/cargo" "+1.75.0" "build" "--frozen" "--message-format=json", kill_on_drop: false }`
[INFO] [stdout] 403d1162f6ba38f61edfe4048306f62ae2a6f9c7a7668f4659015c8cbd31178a
[INFO] running `Command { std: "docker" "start" "-a" "403d1162f6ba38f61edfe4048306f62ae2a6f9c7a7668f4659015c8cbd31178a", kill_on_drop: false }`
[INFO] [stderr]    Compiling memchr v2.5.0
[INFO] [stderr]    Compiling proc-macro2 v1.0.66
[INFO] [stderr]    Compiling glob v0.3.1
[INFO] [stderr]    Compiling unicode-ident v1.0.11
[INFO] [stderr]    Compiling libc v0.2.147
[INFO] [stderr]    Compiling minimal-lexical v0.2.1
[INFO] [stderr]    Compiling regex-syntax v0.7.4
[INFO] [stderr]    Compiling cfg-if v1.0.0
[INFO] [stderr]    Compiling libloading v0.7.4
[INFO] [stderr]    Compiling bindgen v0.66.1
[INFO] [stderr]    Compiling lazy_static v1.4.0
[INFO] [stderr]    Compiling shlex v1.1.0
[INFO] [stderr]    Compiling peeking_take_while v0.1.2
[INFO] [stderr]    Compiling rustc-hash v1.1.0
[INFO] [stderr]    Compiling lazycell v1.3.0
[INFO] [stderr]    Compiling bitflags v2.4.0
[INFO] [stderr]    Compiling shell-words v1.1.0
[INFO] [stderr]    Compiling rb-sys-env v0.1.2
[INFO] [stderr]    Compiling clang-sys v1.6.1
[INFO] [stderr]    Compiling seq-macro v0.3.5
[INFO] [stderr]    Compiling magnus v0.6.2 (/opt/rustwide/workdir)
[INFO] [stderr]    Compiling quote v1.0.32
[INFO] [stderr]    Compiling aho-corasick v1.0.4
[INFO] [stderr]    Compiling nom v7.1.3
[INFO] [stderr]    Compiling syn v2.0.28
[INFO] [stderr]    Compiling regex-automata v0.3.6
[INFO] [stderr]    Compiling cexpr v0.6.0
[INFO] [stderr]    Compiling regex v1.9.3
[INFO] [stderr]    Compiling magnus-macros v0.6.0
[INFO] [stderr]    Compiling rb-sys-build v0.9.81
[INFO] [stderr]    Compiling rb-sys v0.9.81
[INFO] [stderr]     Finished dev [unoptimized + debuginfo] target(s) in 18.91s
[INFO] running `Command { std: "docker" "inspect" "403d1162f6ba38f61edfe4048306f62ae2a6f9c7a7668f4659015c8cbd31178a", kill_on_drop: false }`
[INFO] running `Command { std: "docker" "rm" "-f" "403d1162f6ba38f61edfe4048306f62ae2a6f9c7a7668f4659015c8cbd31178a", kill_on_drop: false }`
[INFO] [stdout] 403d1162f6ba38f61edfe4048306f62ae2a6f9c7a7668f4659015c8cbd31178a
[INFO] running `Command { std: "docker" "create" "-v" "/var/lib/crater-agent-workspace/builds/worker-0-tc1/target:/opt/rustwide/target:rw,Z" "-v" "/var/lib/crater-agent-workspace/builds/worker-0-tc1/source:/opt/rustwide/workdir:ro,Z" "-v" "/var/lib/crater-agent-workspace/cargo-home:/opt/rustwide/cargo-home:ro,Z" "-v" "/var/lib/crater-agent-workspace/rustup-home:/opt/rustwide/rustup-home:ro,Z" "-e" "SOURCE_DIR=/opt/rustwide/workdir" "-e" "CARGO_TARGET_DIR=/opt/rustwide/target" "-e" "CARGO_INCREMENTAL=0" "-e" "RUST_BACKTRACE=full" "-e" "RUSTFLAGS=--cap-lints=warn" "-e" "RUSTDOCFLAGS=--cap-lints=warn" "-e" "CARGO_HOME=/opt/rustwide/cargo-home" "-e" "RUSTUP_HOME=/opt/rustwide/rustup-home" "-w" "/opt/rustwide/workdir" "-m" "1610612736" "--user" "0:0" "--network" "none" "ghcr.io/rust-lang/crates-build-env/linux@sha256:2788e3201cd34a07e3172128adcd8b3090168a8e3bcc40d7c032b9dda1df7d1c" "/opt/rustwide/cargo-home/bin/cargo" "+1.75.0" "test" "--frozen" "--no-run" "--message-format=json", kill_on_drop: false }`
[INFO] [stdout] d0ad322306924416a48eb23115cef101628c429fc60f9ffd976976038ce256ab
[INFO] running `Command { std: "docker" "start" "-a" "d0ad322306924416a48eb23115cef101628c429fc60f9ffd976976038ce256ab", kill_on_drop: false }`
[INFO] [stderr]    Compiling rb-sys v0.9.81
[INFO] [stderr]    Compiling magnus v0.6.2 (/opt/rustwide/workdir)
[INFO] [stdout] error[E0432]: unresolved import `magnus::embed`
[INFO] [stdout]  --> tests/typed_data_subclass.rs:1:14
[INFO] [stdout]   |
[INFO] [stdout] 1 | use magnus::{embed::init, method, prelude::*, rb_assert};
[INFO] [stdout]   |              ^^^^^ could not find `embed` in `magnus`
[INFO] [stdout] 
[INFO] [stdout] 
[INFO] [stdout] error[E0433]: failed to resolve: could not find `embed` in `magnus`
[INFO] [stdout]  --> tests/make_proc.rs:5:33
[INFO] [stdout]   |
[INFO] [stdout] 5 |     let ruby = unsafe { magnus::embed::init() };
[INFO] [stdout]   |                                 ^^^^^ could not find `embed` in `magnus`
[INFO] [stdout] 
[INFO] [stdout] 
[INFO] [stdout] error[E0433]: failed to resolve: could not find `embed` in `magnus`
[INFO] [stdout]  --> tests/enumerator.rs:5:33
[INFO] [stdout]   |
[INFO] [stdout] 5 |     let ruby = unsafe { magnus::embed::init() };
[INFO] [stdout]   |                                 ^^^^^ could not find `embed` in `magnus`
[INFO] [stdout] 
[INFO] [stdout] 
[INFO] [stdout] error[E0433]: failed to resolve: could not find `embed` in `magnus`
[INFO] [stdout]  --> tests/freeze.rs:5:33
[INFO] [stdout]   |
[INFO] [stdout] 5 |     let ruby = unsafe { magnus::embed::init() };
[INFO] [stdout]   |                                 ^^^^^ could not find `embed` in `magnus`
[INFO] [stdout] 
[INFO] [stdout] 
[INFO] [stdout] error[E0433]: failed to resolve: could not find `embed` in `magnus`
[INFO] [stdout]  --> tests/fmt.rs:5:33
[INFO] [stdout]   |
[INFO] [stdout] 5 |     let ruby = unsafe { magnus::embed::init() };
[INFO] [stdout]   |                                 ^^^^^ could not find `embed` in `magnus`
[INFO] [stdout] 
[INFO] [stdout] 
[INFO] [stdout] error: aborting due to previous error
[INFO] [stdout] 
[INFO] [stdout] 
[INFO] [stdout] For more information about this error, try `rustc --explain E0433`.
[INFO] [stdout] 
[INFO] [stdout] warning: unused import: `prelude`
[INFO] [stdout]  --> tests/freeze.rs:1:14
[INFO] [stdout]   |
[INFO] [stdout] 1 | use magnus::{prelude::*, rb_assert, Value};
[INFO] [stdout]   |              ^^^^^^^
[INFO] [stdout]   |
[INFO] [stdout]   = note: `#[warn(unused_imports)]` on by default
[INFO] [stdout] 
[INFO] [stdout] 
[INFO] [stdout] error[E0599]: no function or associated item named `init` found for struct `Ruby` in the current scope
[INFO] [stdout]    --> examples/fibonacci.rs:10:19
[INFO] [stdout]     |
[INFO] [stdout] 10  |     magnus::Ruby::init(|ruby| {
[INFO] [stdout]     |                   ^^^^ function or associated item not found in `Ruby`
[INFO] [stdout]     |
[INFO] [stdout] note: if you're trying to build a new `Ruby` consider using one of the following associated functions:
[INFO] [stdout]       Ruby::get
[INFO] [stdout]       Ruby::get_with
[INFO] [stdout]       Ruby::get_unchecked
[INFO] [stdout]    --> /opt/rustwide/workdir/src/api.rs:146:5
[INFO] [stdout]     |
[INFO] [stdout] 146 |       pub fn get() -> Result<Self, RubyUnavailableError> {
[INFO] [stdout]     |       ^^^^^^^^^^^^^^^^^^^^^^^^^^^^^^^^^^^^^^^^^^^^^^^^^^
[INFO] [stdout] ...
[INFO] [stdout] 158 | /     pub fn get_with<T>(value: T) -> Self
[INFO] [stdout] 159 | |     where
[INFO] [stdout] 160 | |         T: ReprValue,
[INFO] [stdout]     | |_____________________^
[INFO] [stdout] ...
[INFO] [stdout] 173 |       pub unsafe fn get_unchecked() -> Self {
[INFO] [stdout]     |       ^^^^^^^^^^^^^^^^^^^^^^^^^^^^^^^^^^^^^
[INFO] [stdout] 
[INFO] [stdout] 
[INFO] [stderr] error: could not compile `magnus` (test "fmt") due to 2 previous errors
[INFO] [stdout] error: aborting due to previous error
[INFO] [stdout] 
[INFO] [stdout] 
[INFO] [stderr] warning: build failed, waiting for other jobs to finish...
[INFO] [stdout] For more information about this error, try `rustc --explain E0433`.
[INFO] [stdout] 
[INFO] [stdout] warning: unused import: `prelude`
[INFO] [stdout]  --> tests/typed_data_subclass.rs:1:35
[INFO] [stdout]   |
[INFO] [stdout] 1 | use magnus::{embed::init, method, prelude::*, rb_assert};
[INFO] [stdout]   |                                   ^^^^^^^
[INFO] [stdout]   |
[INFO] [stdout]   = note: `#[warn(unused_imports)]` on by default
[INFO] [stdout] 
[INFO] [stdout] 
[INFO] [stdout] error[E0599]: no function or associated item named `init` found for struct `Ruby` in the current scope
[INFO] [stdout]    --> examples/point.rs:28:19
[INFO] [stdout]     |
[INFO] [stdout] 28  |     magnus::Ruby::init(|ruby| {
[INFO] [stdout]     |                   ^^^^ function or associated item not found in `Ruby`
[INFO] [stdout]     |
[INFO] [stdout] note: if you're trying to build a new `Ruby` consider using one of the following associated functions:
[INFO] [stdout]       Ruby::get
[INFO] [stdout]       Ruby::get_with
[INFO] [stdout]       Ruby::get_unchecked
[INFO] [stdout]    --> /opt/rustwide/workdir/src/api.rs:146:5
[INFO] [stdout]     |
[INFO] [stdout] 146 |       pub fn get() -> Result<Self, RubyUnavailableError> {
[INFO] [stdout]     |       ^^^^^^^^^^^^^^^^^^^^^^^^^^^^^^^^^^^^^^^^^^^^^^^^^^
[INFO] [stdout] ...
[INFO] [stdout] 158 | /     pub fn get_with<T>(value: T) -> Self
[INFO] [stdout] 159 | |     where
[INFO] [stdout] 160 | |         T: ReprValue,
[INFO] [stdout]     | |_____________________^
[INFO] [stdout] ...
[INFO] [stdout] 173 |       pub unsafe fn get_unchecked() -> Self {
[INFO] [stdout]     |       ^^^^^^^^^^^^^^^^^^^^^^^^^^^^^^^^^^^^^
[INFO] [stdout] 
[INFO] [stdout] 
[INFO] [stdout] error: aborting due to previous error; 1 warning emitted
[INFO] [stdout] 
[INFO] [stdout] 
[INFO] [stdout] For more information about this error, try `rustc --explain E0433`.
[INFO] [stdout] 
[INFO] [stdout] error: aborting due to previous error; 1 warning emitted
[INFO] [stdout] 
[INFO] [stdout] 
[INFO] [stdout] For more information about this error, try `rustc --explain E0432`.
[INFO] [stdout] 
[INFO] [stdout] warning: unused import: `prelude`
[INFO] [stdout]  --> examples/point.rs:1:32
[INFO] [stdout]   |
[INFO] [stdout] 1 | use magnus::{function, method, prelude::*, wrap};
[INFO] [stdout]   |                                ^^^^^^^
[INFO] [stdout]   |
[INFO] [stdout]   = note: `#[warn(unused_imports)]` on by default
[INFO] [stdout] 
[INFO] [stdout] 
[INFO] [stderr] error: could not compile `magnus` (test "make_proc") due to 2 previous errors
[INFO] [stdout] error: aborting due to previous error
[INFO] [stdout] 
[INFO] [stdout] 
[INFO] [stdout] For more information about this error, try `rustc --explain E0599`.
[INFO] [stdout] 
[INFO] [stdout] error: aborting due to previous error; 1 warning emitted
[INFO] [stdout] 
[INFO] [stdout] 
[INFO] [stderr] error: could not compile `magnus` (test "freeze") due to 2 previous errors; 1 warning emitted
[INFO] [stdout] For more information about this error, try `rustc --explain E0599`.
[INFO] [stdout] 
[INFO] [stderr] error: could not compile `magnus` (test "typed_data_subclass") due to 2 previous errors; 1 warning emitted
[INFO] [stderr] error: could not compile `magnus` (example "fibonacci") due to 2 previous errors
[INFO] [stderr] error: could not compile `magnus` (example "point") due to 2 previous errors; 1 warning emitted
[INFO] [stdout] error: aborting due to previous error
[INFO] [stdout] 
[INFO] [stdout] 
[INFO] [stdout] For more information about this error, try `rustc --explain E0433`.
[INFO] [stdout] 
[INFO] [stdout] error[E0433]: failed to resolve: could not find `embed` in `magnus`
[INFO] [stdout]  --> tests/debug_exception.rs:5:33
[INFO] [stdout]   |
[INFO] [stdout] 5 |     let ruby = unsafe { magnus::embed::init() };
[INFO] [stdout]   |                                 ^^^^^ could not find `embed` in `magnus`
[INFO] [stdout] 
[INFO] [stdout] 
[INFO] [stderr] error: could not compile `magnus` (test "enumerator") due to 2 previous errors
[INFO] [stdout] error: aborting due to previous error
[INFO] [stdout] 
[INFO] [stdout] 
[INFO] [stdout] For more information about this error, try `rustc --explain E0433`.
[INFO] [stdout] 
[INFO] [stderr] error: could not compile `magnus` (test "debug_exception") due to 2 previous errors
[INFO] running `Command { std: "docker" "inspect" "d0ad322306924416a48eb23115cef101628c429fc60f9ffd976976038ce256ab", kill_on_drop: false }`
[INFO] running `Command { std: "docker" "rm" "-f" "d0ad322306924416a48eb23115cef101628c429fc60f9ffd976976038ce256ab", kill_on_drop: false }`
[INFO] [stdout] d0ad322306924416a48eb23115cef101628c429fc60f9ffd976976038ce256ab
[INFO] testing magnus-0.6.2 against beta-2023-12-22 for beta-1.76-1
[INFO] extracting crate magnus 0.6.2 into /workspace/builds/worker-0-tc2/source
[INFO] validating manifest of crates.io crate magnus 0.6.2 on toolchain beta-2023-12-22
[INFO] running `Command { std: CARGO_HOME="/workspace/cargo-home" RUSTUP_HOME="/workspace/rustup-home" "/workspace/cargo-home/bin/cargo" "+beta-2023-12-22" "metadata" "--manifest-path" "Cargo.toml" "--no-deps", kill_on_drop: false }`
[INFO] removed /workspace/builds/worker-0-tc2/source/.cargo/config.toml
[INFO] started tweaking crates.io crate magnus 0.6.2
[INFO] removed 0 missing examples
[INFO] finished tweaking crates.io crate magnus 0.6.2
[INFO] tweaked toml for crates.io crate magnus 0.6.2 written to /workspace/builds/worker-0-tc2/source/Cargo.toml
[INFO] crate crates.io crate magnus 0.6.2 already has a lockfile, it will not be regenerated
[INFO] running `Command { std: CARGO_HOME="/workspace/cargo-home" RUSTUP_HOME="/workspace/rustup-home" "/workspace/cargo-home/bin/cargo" "+beta-2023-12-22" "fetch" "--manifest-path" "Cargo.toml", kill_on_drop: false }`
[INFO] running `Command { std: "docker" "create" "-v" "/var/lib/crater-agent-workspace/builds/worker-0-tc2/target:/opt/rustwide/target:rw,Z" "-v" "/var/lib/crater-agent-workspace/builds/worker-0-tc2/source:/opt/rustwide/workdir:ro,Z" "-v" "/var/lib/crater-agent-workspace/cargo-home:/opt/rustwide/cargo-home:ro,Z" "-v" "/var/lib/crater-agent-workspace/rustup-home:/opt/rustwide/rustup-home:ro,Z" "-e" "SOURCE_DIR=/opt/rustwide/workdir" "-e" "CARGO_TARGET_DIR=/opt/rustwide/target" "-e" "CARGO_HOME=/opt/rustwide/cargo-home" "-e" "RUSTUP_HOME=/opt/rustwide/rustup-home" "-w" "/opt/rustwide/workdir" "-m" "1610612736" "--user" "0:0" "--network" "none" "ghcr.io/rust-lang/crates-build-env/linux@sha256:2788e3201cd34a07e3172128adcd8b3090168a8e3bcc40d7c032b9dda1df7d1c" "/opt/rustwide/cargo-home/bin/cargo" "+beta-2023-12-22" "metadata" "--no-deps" "--format-version=1", kill_on_drop: false }`
[INFO] [stdout] 71375bf1a6fa4fd1a386ee9d041c6a1648488051e08c3a32c530c5139a49fd87
[INFO] running `Command { std: "docker" "start" "-a" "71375bf1a6fa4fd1a386ee9d041c6a1648488051e08c3a32c530c5139a49fd87", kill_on_drop: false }`
[INFO] running `Command { std: "docker" "inspect" "71375bf1a6fa4fd1a386ee9d041c6a1648488051e08c3a32c530c5139a49fd87", kill_on_drop: false }`
[INFO] running `Command { std: "docker" "rm" "-f" "71375bf1a6fa4fd1a386ee9d041c6a1648488051e08c3a32c530c5139a49fd87", kill_on_drop: false }`
[INFO] [stdout] 71375bf1a6fa4fd1a386ee9d041c6a1648488051e08c3a32c530c5139a49fd87
[INFO] running `Command { std: "docker" "create" "-v" "/var/lib/crater-agent-workspace/builds/worker-0-tc2/target:/opt/rustwide/target:rw,Z" "-v" "/var/lib/crater-agent-workspace/builds/worker-0-tc2/source:/opt/rustwide/workdir:ro,Z" "-v" "/var/lib/crater-agent-workspace/cargo-home:/opt/rustwide/cargo-home:ro,Z" "-v" "/var/lib/crater-agent-workspace/rustup-home:/opt/rustwide/rustup-home:ro,Z" "-e" "SOURCE_DIR=/opt/rustwide/workdir" "-e" "CARGO_TARGET_DIR=/opt/rustwide/target" "-e" "CARGO_INCREMENTAL=0" "-e" "RUST_BACKTRACE=full" "-e" "RUSTFLAGS=--cap-lints=warn" "-e" "RUSTDOCFLAGS=--cap-lints=warn" "-e" "CARGO_HOME=/opt/rustwide/cargo-home" "-e" "RUSTUP_HOME=/opt/rustwide/rustup-home" "-w" "/opt/rustwide/workdir" "-m" "1610612736" "--user" "0:0" "--network" "none" "ghcr.io/rust-lang/crates-build-env/linux@sha256:2788e3201cd34a07e3172128adcd8b3090168a8e3bcc40d7c032b9dda1df7d1c" "/opt/rustwide/cargo-home/bin/cargo" "+beta-2023-12-22" "build" "--frozen" "--message-format=json", kill_on_drop: false }`
[INFO] [stdout] e1c57632c10d741327b2530c013f629ea8059bf3be08032723b532c1dde76fd1
[INFO] running `Command { std: "docker" "start" "-a" "e1c57632c10d741327b2530c013f629ea8059bf3be08032723b532c1dde76fd1", kill_on_drop: false }`
[INFO] [stderr]    Compiling memchr v2.5.0
[INFO] [stderr]    Compiling proc-macro2 v1.0.66
[INFO] [stderr]    Compiling glob v0.3.1
[INFO] [stderr]    Compiling unicode-ident v1.0.11
[INFO] [stderr]    Compiling libc v0.2.147
[INFO] [stderr]    Compiling regex-syntax v0.7.4
[INFO] [stderr]    Compiling minimal-lexical v0.2.1
[INFO] [stderr]    Compiling cfg-if v1.0.0
[INFO] [stderr]    Compiling libloading v0.7.4
[INFO] [stderr]    Compiling bindgen v0.66.1
[INFO] [stderr]    Compiling rustc-hash v1.1.0
[INFO] [stderr]    Compiling lazycell v1.3.0
[INFO] [stderr]    Compiling shlex v1.1.0
[INFO] [stderr]    Compiling lazy_static v1.4.0
[INFO] [stderr]    Compiling peeking_take_while v0.1.2
[INFO] [stderr]    Compiling bitflags v2.4.0
[INFO] [stderr]    Compiling shell-words v1.1.0
[INFO] [stderr]    Compiling rb-sys-env v0.1.2
[INFO] [stderr]    Compiling clang-sys v1.6.1
[INFO] [stderr]    Compiling seq-macro v0.3.5
[INFO] [stderr]    Compiling aho-corasick v1.0.4
[INFO] [stderr]    Compiling nom v7.1.3
[INFO] [stderr]    Compiling quote v1.0.32
[INFO] [stderr]    Compiling magnus v0.6.2 (/opt/rustwide/workdir)
[INFO] [stderr]    Compiling syn v2.0.28
[INFO] [stderr]    Compiling regex-automata v0.3.6
[INFO] [stderr]    Compiling cexpr v0.6.0
[INFO] [stderr]    Compiling regex v1.9.3
[INFO] [stderr]    Compiling magnus-macros v0.6.0
[INFO] [stderr]    Compiling rb-sys-build v0.9.81
[INFO] [stderr]    Compiling rb-sys v0.9.81
[INFO] [stderr]     Finished dev [unoptimized + debuginfo] target(s) in 20.59s
[INFO] running `Command { std: "docker" "inspect" "e1c57632c10d741327b2530c013f629ea8059bf3be08032723b532c1dde76fd1", kill_on_drop: false }`
[INFO] running `Command { std: "docker" "rm" "-f" "e1c57632c10d741327b2530c013f629ea8059bf3be08032723b532c1dde76fd1", kill_on_drop: false }`
[INFO] [stdout] e1c57632c10d741327b2530c013f629ea8059bf3be08032723b532c1dde76fd1
[INFO] running `Command { std: "docker" "create" "-v" "/var/lib/crater-agent-workspace/builds/worker-0-tc2/target:/opt/rustwide/target:rw,Z" "-v" "/var/lib/crater-agent-workspace/builds/worker-0-tc2/source:/opt/rustwide/workdir:ro,Z" "-v" "/var/lib/crater-agent-workspace/cargo-home:/opt/rustwide/cargo-home:ro,Z" "-v" "/var/lib/crater-agent-workspace/rustup-home:/opt/rustwide/rustup-home:ro,Z" "-e" "SOURCE_DIR=/opt/rustwide/workdir" "-e" "CARGO_TARGET_DIR=/opt/rustwide/target" "-e" "CARGO_INCREMENTAL=0" "-e" "RUST_BACKTRACE=full" "-e" "RUSTFLAGS=--cap-lints=warn" "-e" "RUSTDOCFLAGS=--cap-lints=warn" "-e" "CARGO_HOME=/opt/rustwide/cargo-home" "-e" "RUSTUP_HOME=/opt/rustwide/rustup-home" "-w" "/opt/rustwide/workdir" "-m" "1610612736" "--user" "0:0" "--network" "none" "ghcr.io/rust-lang/crates-build-env/linux@sha256:2788e3201cd34a07e3172128adcd8b3090168a8e3bcc40d7c032b9dda1df7d1c" "/opt/rustwide/cargo-home/bin/cargo" "+beta-2023-12-22" "test" "--frozen" "--no-run" "--message-format=json", kill_on_drop: false }`
[INFO] [stdout] 9054e650247296a7422ae36a24401629cecb0e53b29b34e0e789c433f8d37e05
[INFO] running `Command { std: "docker" "start" "-a" "9054e650247296a7422ae36a24401629cecb0e53b29b34e0e789c433f8d37e05", kill_on_drop: false }`
[INFO] [stderr]    Compiling rb-sys v0.9.81
[INFO] [stderr]    Compiling magnus v0.6.2 (/opt/rustwide/workdir)
[INFO] [stdout] error[E0433]: failed to resolve: could not find `embed` in `magnus`
[INFO] [stdout]  --> tests/try_convert_array.rs:5:33
[INFO] [stdout]   |
[INFO] [stdout] 5 |     let ruby = unsafe { magnus::embed::init() };
[INFO] [stdout]   |                                 ^^^^^ could not find `embed` in `magnus`
[INFO] [stdout] 
[INFO] [stdout] 
[INFO] [stdout] error[E0433]: failed to resolve: could not find `embed` in `magnus`
[INFO] [stdout]  --> tests/freeze.rs:5:33
[INFO] [stdout]   |
[INFO] [stdout] 5 |     let ruby = unsafe { magnus::embed::init() };
[INFO] [stdout]   |                                 ^^^^^ could not find `embed` in `magnus`
[INFO] [stdout] 
[INFO] [stdout] 
[INFO] [stdout] error[E0433]: failed to resolve: could not find `embed` in `magnus`
[INFO] [stdout]  --> tests/ivar.rs:5:33
[INFO] [stdout]   |
[INFO] [stdout] 5 |     let ruby = unsafe { magnus::embed::init() };
[INFO] [stdout]   |                                 ^^^^^ could not find `embed` in `magnus`
[INFO] [stdout] 
[INFO] [stdout] 
[INFO] [stdout] error[E0433]: failed to resolve: could not find `embed` in `magnus`
[INFO] [stdout]  --> tests/enumeratorize.rs:5:33
[INFO] [stdout]   |
[INFO] [stdout] 5 |     let ruby = unsafe { magnus::embed::init() };
[INFO] [stdout]   |                                 ^^^^^ could not find `embed` in `magnus`
[INFO] [stdout] 
[INFO] [stdout] 
[INFO] [stdout] error[E0433]: failed to resolve: could not find `embed` in `magnus`
[INFO] [stdout]   --> tests/proc_new.rs:11:33
[INFO] [stdout]    |
[INFO] [stdout] 11 |     let ruby = unsafe { magnus::embed::init() };
[INFO] [stdout]    |                                 ^^^^^ could not find `embed` in `magnus`
[INFO] [stdout] 
[INFO] [stdout] 
[INFO] [stdout] error[E0433]: failed to resolve: could not find `embed` in `magnus`
[INFO] [stdout]  --> tests/codepoints.rs:3:33
[INFO] [stdout]   |
[INFO] [stdout] 3 |     let ruby = unsafe { magnus::embed::init() };
[INFO] [stdout]   |                                 ^^^^^ could not find `embed` in `magnus`
[INFO] [stdout] 
[INFO] [stdout] 
[INFO] [stdout] error[E0433]: failed to resolve: could not find `embed` in `magnus`
[INFO] [stdout]   --> tests/scan_args.rs:45:33
[INFO] [stdout]    |
[INFO] [stdout] 45 |     let ruby = unsafe { magnus::embed::init() };
[INFO] [stdout]    |                                 ^^^^^ could not find `embed` in `magnus`
[INFO] [stdout] 
[INFO] [stdout] 
[INFO] [stdout] error: aborting due to 1 previous error
[INFO] [stdout] 
[INFO] [stdout] 
[INFO] [stdout] For more information about this error, try `rustc --explain E0433`.
[INFO] [stdout] 
[INFO] [stdout] warning: unused import: `prelude`
[INFO] [stdout]  --> tests/ivar.rs:1:20
[INFO] [stdout]   |
[INFO] [stdout] 1 | use magnus::{eval, prelude::*, rb_assert, RObject, Value};
[INFO] [stdout]   |                    ^^^^^^^
[INFO] [stdout]   |
[INFO] [stdout]   = note: `#[warn(unused_imports)]` on by default
[INFO] [stdout] 
[INFO] [stdout] 
[INFO] [stdout] warning: unused import: `prelude`
[INFO] [stdout]  --> tests/freeze.rs:1:14
[INFO] [stdout]   |
[INFO] [stdout] 1 | use magnus::{prelude::*, rb_assert, Value};
[INFO] [stdout]   |              ^^^^^^^
[INFO] [stdout]   |
[INFO] [stdout]   = note: `#[warn(unused_imports)]` on by default
[INFO] [stdout] 
[INFO] [stdout] 
[INFO] [stdout] error[E0433]: failed to resolve: could not find `embed` in `magnus`
[INFO] [stdout]  --> tests/array_slice.rs:5:33
[INFO] [stdout]   |
[INFO] [stdout] 5 |     let ruby = unsafe { magnus::embed::init() };
[INFO] [stdout]   |                                 ^^^^^ could not find `embed` in `magnus`
[INFO] [stdout] 
[INFO] [stdout] 
[INFO] [stdout] warning: unused import: `prelude`
[INFO] [stdout]  --> tests/enumeratorize.rs:1:14
[INFO] [stdout]   |
[INFO] [stdout] 1 | use magnus::{prelude::*, rb_assert, Value};
[INFO] [stdout]   |              ^^^^^^^
[INFO] [stdout]   |
[INFO] [stdout]   = note: `#[warn(unused_imports)]` on by default
[INFO] [stdout] 
[INFO] [stdout] 
[INFO] [stdout] error: aborting due to 1 previous error; 1 warning emitted
[INFO] [stdout] 
[INFO] [stdout] 
[INFO] [stdout] error: aborting due to 1 previous error; 1 warning emitted
[INFO] [stdout] 
[INFO] [stdout] 
[INFO] [stdout] For more information about this error, try `rustc --explain E0433`.
[INFO] [stdout] 
[INFO] [stdout] For more information about this error, try `rustc --explain E0433`.
[INFO] [stdout] 
[INFO] [stdout] error: aborting due to 1 previous error
[INFO] [stdout] 
[INFO] [stdout] 
[INFO] [stdout] For more information about this error, try `rustc --explain E0433`.
[INFO] [stdout] 
[INFO] [stdout] error: aborting due to 1 previous error; 1 warning emitted
[INFO] [stdout] 
[INFO] [stdout] 
[INFO] [stdout] For more information about this error, try `rustc --explain E0433`.
[INFO] [stdout] 
[INFO] [stdout] error: aborting due to 1 previous error
[INFO] [stdout] 
[INFO] [stdout] 
[INFO] [stdout] For more information about this error, try `rustc --explain E0433`.
[INFO] [stdout] 
[INFO] [stderr] error: could not compile `magnus` (test "try_convert_array") due to 2 previous errors
[INFO] [stderr] warning: build failed, waiting for other jobs to finish...
[INFO] [stdout] error: aborting due to 1 previous error
[INFO] [stdout] 
[INFO] [stdout] 
[INFO] [stdout] For more information about this error, try `rustc --explain E0433`.
[INFO] [stdout] 
[INFO] [stderr] error: could not compile `magnus` (test "freeze") due to 2 previous errors; 1 warning emitted
[INFO] [stderr] error: could not compile `magnus` (test "ivar") due to 2 previous errors; 1 warning emitted
[INFO] [stderr] error: could not compile `magnus` (test "proc_new") due to 2 previous errors
[INFO] [stderr] error: could not compile `magnus` (test "enumeratorize") due to 2 previous errors; 1 warning emitted
[INFO] [stderr] error: could not compile `magnus` (test "codepoints") due to 2 previous errors
[INFO] [stderr] error: could not compile `magnus` (test "scan_args") due to 2 previous errors
[INFO] [stdout] error: aborting due to 1 previous error
[INFO] [stdout] 
[INFO] [stdout] 
[INFO] [stdout] For more information about this error, try `rustc --explain E0433`.
[INFO] [stdout] 
[INFO] [stderr] error: could not compile `magnus` (test "array_slice") due to 2 previous errors
[INFO] running `Command { std: "docker" "inspect" "9054e650247296a7422ae36a24401629cecb0e53b29b34e0e789c433f8d37e05", kill_on_drop: false }`
[INFO] running `Command { std: "docker" "rm" "-f" "9054e650247296a7422ae36a24401629cecb0e53b29b34e0e789c433f8d37e05", kill_on_drop: false }`
[INFO] [stdout] 9054e650247296a7422ae36a24401629cecb0e53b29b34e0e789c433f8d37e05
