[INFO] fetching crate mage-core 0.1.0...
[INFO] testing mage-core-0.1.0 against 1.75.0 for beta-1.76-1
[INFO] extracting crate mage-core 0.1.0 into /workspace/builds/worker-4-tc1/source
[INFO] validating manifest of crates.io crate mage-core 0.1.0 on toolchain 1.75.0
[INFO] running `Command { std: CARGO_HOME="/workspace/cargo-home" RUSTUP_HOME="/workspace/rustup-home" "/workspace/cargo-home/bin/cargo" "+1.75.0" "metadata" "--manifest-path" "Cargo.toml" "--no-deps", kill_on_drop: false }`
[INFO] started tweaking crates.io crate mage-core 0.1.0
[INFO] finished tweaking crates.io crate mage-core 0.1.0
[INFO] tweaked toml for crates.io crate mage-core 0.1.0 written to /workspace/builds/worker-4-tc1/source/Cargo.toml
[INFO] crate crates.io crate mage-core 0.1.0 already has a lockfile, it will not be regenerated
[INFO] running `Command { std: CARGO_HOME="/workspace/cargo-home" RUSTUP_HOME="/workspace/rustup-home" "/workspace/cargo-home/bin/cargo" "+1.75.0" "fetch" "--manifest-path" "Cargo.toml", kill_on_drop: false }`
[INFO] [stderr]     Updating crates.io index
[INFO] [stderr]  Downloading crates ...
[INFO] [stderr]   Downloaded wgpu-types v0.16.0
[INFO] [stderr]   Downloaded gpu-alloc v0.5.3
[INFO] [stderr]   Downloaded libloading v0.8.0
[INFO] [stderr]   Downloaded bitflags v2.2.1
[INFO] [stderr]   Downloaded xml-rs v0.8.5
[INFO] [stderr]   Downloaded wgpu v0.16.0
[INFO] [stderr]   Downloaded exr v1.6.3
[INFO] [stderr]   Downloaded wgpu-hal v0.16.0
[INFO] [stderr]   Downloaded naga v0.12.0
[INFO] [stderr]   Downloaded winit v0.28.3
[INFO] [stderr]   Downloaded image v0.24.6
[INFO] [stderr]   Downloaded tokio v1.28.0
[INFO] [stderr]   Downloaded wgpu-core v0.16.0
[INFO] [stderr]   Downloaded winit-fullscreen v1.0.1
[INFO] running `Command { std: "docker" "create" "-v" "/var/lib/crater-agent-workspace/builds/worker-4-tc1/target:/opt/rustwide/target:rw,Z" "-v" "/var/lib/crater-agent-workspace/builds/worker-4-tc1/source:/opt/rustwide/workdir:ro,Z" "-v" "/var/lib/crater-agent-workspace/cargo-home:/opt/rustwide/cargo-home:ro,Z" "-v" "/var/lib/crater-agent-workspace/rustup-home:/opt/rustwide/rustup-home:ro,Z" "-e" "SOURCE_DIR=/opt/rustwide/workdir" "-e" "CARGO_TARGET_DIR=/opt/rustwide/target" "-e" "CARGO_HOME=/opt/rustwide/cargo-home" "-e" "RUSTUP_HOME=/opt/rustwide/rustup-home" "-w" "/opt/rustwide/workdir" "-m" "1610612736" "--user" "0:0" "--network" "none" "ghcr.io/rust-lang/crates-build-env/linux@sha256:2788e3201cd34a07e3172128adcd8b3090168a8e3bcc40d7c032b9dda1df7d1c" "/opt/rustwide/cargo-home/bin/cargo" "+1.75.0" "metadata" "--no-deps" "--format-version=1", kill_on_drop: false }`
[INFO] [stdout] 589a368815bbe59c4d7aef5e5d98c909c9695626170f1bf4f38ab7c997d17d70
[INFO] running `Command { std: "docker" "start" "-a" "589a368815bbe59c4d7aef5e5d98c909c9695626170f1bf4f38ab7c997d17d70", kill_on_drop: false }`
[INFO] running `Command { std: "docker" "inspect" "589a368815bbe59c4d7aef5e5d98c909c9695626170f1bf4f38ab7c997d17d70", kill_on_drop: false }`
[INFO] running `Command { std: "docker" "rm" "-f" "589a368815bbe59c4d7aef5e5d98c909c9695626170f1bf4f38ab7c997d17d70", kill_on_drop: false }`
[INFO] [stdout] 589a368815bbe59c4d7aef5e5d98c909c9695626170f1bf4f38ab7c997d17d70
[INFO] running `Command { std: "docker" "create" "-v" "/var/lib/crater-agent-workspace/builds/worker-4-tc1/target:/opt/rustwide/target:rw,Z" "-v" "/var/lib/crater-agent-workspace/builds/worker-4-tc1/source:/opt/rustwide/workdir:ro,Z" "-v" "/var/lib/crater-agent-workspace/cargo-home:/opt/rustwide/cargo-home:ro,Z" "-v" "/var/lib/crater-agent-workspace/rustup-home:/opt/rustwide/rustup-home:ro,Z" "-e" "SOURCE_DIR=/opt/rustwide/workdir" "-e" "CARGO_TARGET_DIR=/opt/rustwide/target" "-e" "CARGO_INCREMENTAL=0" "-e" "RUST_BACKTRACE=full" "-e" "RUSTFLAGS=--cap-lints=warn" "-e" "RUSTDOCFLAGS=--cap-lints=warn" "-e" "CARGO_HOME=/opt/rustwide/cargo-home" "-e" "RUSTUP_HOME=/opt/rustwide/rustup-home" "-w" "/opt/rustwide/workdir" "-m" "1610612736" "--user" "0:0" "--network" "none" "ghcr.io/rust-lang/crates-build-env/linux@sha256:2788e3201cd34a07e3172128adcd8b3090168a8e3bcc40d7c032b9dda1df7d1c" "/opt/rustwide/cargo-home/bin/cargo" "+1.75.0" "build" "--frozen" "--message-format=json", kill_on_drop: false }`
[INFO] [stdout] c5547e0697a90bd79d6e62a5540ff7ef4ef88939f0637f5e2760ca13f61ddc55
[INFO] running `Command { std: "docker" "start" "-a" "c5547e0697a90bd79d6e62a5540ff7ef4ef88939f0637f5e2760ca13f61ddc55", kill_on_drop: false }`
[INFO] [stderr]    Compiling proc-macro2 v1.0.56
[INFO] [stderr]    Compiling libc v0.2.142
[INFO] [stderr]    Compiling quote v1.0.26
[INFO] [stderr]    Compiling unicode-ident v1.0.8
[INFO] [stderr]    Compiling once_cell v1.17.1
[INFO] [stderr]    Compiling pkg-config v0.3.27
[INFO] [stderr]    Compiling libloading v0.7.4
[INFO] [stderr]    Compiling smallvec v1.10.0
[INFO] [stderr]    Compiling xml-rs v0.8.5
[INFO] [stderr]    Compiling memoffset v0.6.5
[INFO] [stderr]    Compiling simd-adler32 v0.3.5
[INFO] [stderr]    Compiling log v0.4.17
[INFO] [stderr]    Compiling adler v1.0.2
[INFO] [stderr]    Compiling thiserror v1.0.40
[INFO] [stderr]    Compiling crossbeam-utils v0.8.15
[INFO] [stderr]    Compiling lock_api v0.4.9
[INFO] [stderr]    Compiling crc32fast v1.3.2
[INFO] [stderr]    Compiling dlib v0.5.0
[INFO] [stderr]    Compiling ahash v0.7.6
[INFO] [stderr]    Compiling crossbeam-epoch v0.9.14
[INFO] [stderr]    Compiling memchr v2.5.0
[INFO] [stderr]    Compiling miniz_oxide v0.7.1
[INFO] [stderr]    Compiling slotmap v1.0.6
[INFO] [stderr]    Compiling scoped-tls v1.0.1
[INFO] [stderr]    Compiling downcast-rs v1.2.0
[INFO] [stderr]    Compiling rayon-core v1.11.0
[INFO] [stderr]    Compiling syn v1.0.109
[INFO] [stderr]    Compiling arrayvec v0.7.2
[INFO] [stderr]    Compiling fdeflate v0.3.0
[INFO] [stderr]    Compiling indexmap v1.9.3
[INFO] [stderr]    Compiling parking_lot_core v0.9.7
[INFO] [stderr]    Compiling wayland-sys v0.29.5
[INFO] [stderr]    Compiling smithay-client-toolkit v0.16.0
[INFO] [stderr]    Compiling num-integer v0.1.45
[INFO] [stderr]    Compiling bit-vec v0.6.3
[INFO] [stderr]    Compiling nom v7.1.3
[INFO] [stderr]    Compiling flate2 v1.0.26
[INFO] [stderr]    Compiling crossbeam-channel v0.5.8
[INFO] [stderr]    Compiling termcolor v1.2.0
[INFO] [stderr]    Compiling ash v0.37.2+1.3.238
[INFO] [stderr]    Compiling syn v2.0.15
[INFO] [stderr]    Compiling wayland-scanner v0.29.5
[INFO] [stderr]    Compiling crossbeam-deque v0.8.3
[INFO] [stderr]    Compiling futures-core v0.3.28
[INFO] [stderr]    Compiling ttf-parser v0.19.0
[INFO] [stderr]    Compiling png v0.17.8
[INFO] [stderr]    Compiling khronos-egl v4.1.0
[INFO] [stderr]    Compiling strict-num v0.1.0
[INFO] [stderr]    Compiling raw-window-handle v0.5.2
[INFO] [stderr]    Compiling codespan-reporting v0.11.1
[INFO] [stderr]    Compiling bit-set v0.5.3
[INFO] [stderr]    Compiling x11-dl v2.21.0
[INFO] [stderr]    Compiling spirv v0.2.0+1.5.4
[INFO] [stderr]    Compiling gpu-alloc-types v0.2.0
[INFO] [stderr]    Compiling gpu-descriptor-types v0.1.1
[INFO] [stderr]    Compiling ab_glyph_rasterizer v0.1.8
[INFO] [stderr]    Compiling cfg_aliases v0.1.1
[INFO] [stderr]    Compiling hexf-parse v0.2.1
[INFO] [stderr]    Compiling unicode-xid v0.2.4
[INFO] [stderr]    Compiling either v1.8.1
[INFO] [stderr]    Compiling bitflags v2.2.1
[INFO] [stderr]    Compiling gpu-alloc v0.5.3
[INFO] [stderr]    Compiling wgpu-types v0.16.0
[INFO] [stderr]    Compiling spin v0.9.8
[INFO] [stderr]    Compiling libloading v0.8.0
[INFO] [stderr]    Compiling num-rational v0.4.1
[INFO] [stderr]    Compiling renderdoc-sys v1.0.0
[INFO] [stderr]    Compiling getrandom v0.2.9
[INFO] [stderr]    Compiling nix v0.24.3
[INFO] [stderr]    Compiling num_cpus v1.15.0
[INFO] [stderr]    Compiling nix v0.25.1
[INFO] [stderr]    Compiling memmap2 v0.5.10
[INFO] [stderr]    Compiling nanorand v0.7.0
[INFO] [stderr]    Compiling hashbrown v0.12.3
[INFO] [stderr]    Compiling parking_lot v0.12.1
[INFO] [stderr]    Compiling profiling v1.0.8
[INFO] [stderr]    Compiling wayland-client v0.29.5
[INFO] [stderr]    Compiling wayland-protocols v0.29.5
[INFO] [stderr]    Compiling xcursor v0.3.4
[INFO] [stderr]    Compiling winit v0.28.3
[INFO] [stderr]    Compiling gpu-descriptor v0.2.3
[INFO] [stderr]    Compiling rayon v1.7.0
[INFO] [stderr]    Compiling weezl v0.1.7
[INFO] [stderr]    Compiling glow v0.12.1
[INFO] [stderr]    Compiling futures-sink v0.3.28
[INFO] [stderr]    Compiling mio v0.8.6
[INFO] [stderr]    Compiling zune-inflate v0.2.54
[INFO] [stderr]    Compiling owned_ttf_parser v0.19.0
[INFO] [stderr]    Compiling wayland-commons v0.29.5
[INFO] [stderr]    Compiling ab_glyph v0.2.21
[INFO] [stderr]    Compiling miniz_oxide v0.6.2
[INFO] [stderr]    Compiling instant v0.1.12
[INFO] [stderr]    Compiling tokio v1.28.0
[INFO] [stderr]    Compiling bit_field v0.10.2
[INFO] [stderr]    Compiling lebe v0.5.2
[INFO] [stderr]    Compiling pin-project-lite v0.2.9
[INFO] [stderr]    Compiling percent-encoding v2.2.0
[INFO] [stderr]    Compiling half v2.2.1
[INFO] [stderr]    Compiling color_quant v1.1.0
[INFO] [stderr]    Compiling time v0.1.45
[INFO] [stderr]    Compiling gif v0.12.0
[INFO] [stderr]    Compiling tracing-core v0.1.30
[INFO] [stderr]    Compiling byteorder v1.4.3
[INFO] [stderr]    Compiling iana-time-zone v0.1.56
[INFO] [stderr]    Compiling chrono v0.4.24
[INFO] [stderr]    Compiling jpeg-decoder v0.3.0
[INFO] [stderr]    Compiling pin-project-internal v1.0.12
[INFO] [stderr]    Compiling tiff v0.8.1
[INFO] [stderr]    Compiling thiserror-impl v1.0.40
[INFO] [stderr]    Compiling bytemuck_derive v1.4.1
[INFO] [stderr]    Compiling tokio-macros v2.1.0
[INFO] [stderr]    Compiling tracing-attributes v0.1.24
[INFO] [stderr]    Compiling wayland-cursor v0.29.5
[INFO] [stderr]    Compiling bytemuck v1.13.1
[INFO] [stderr]    Compiling pin-project v1.0.12
[INFO] [stderr]    Compiling tiny-skia-path v0.8.4
[INFO] [stderr]    Compiling qoi v0.4.1
[INFO] [stderr]    Compiling flume v0.10.14
[INFO] [stderr]    Compiling calloop v0.10.5
[INFO] [stderr]    Compiling naga v0.12.0
[INFO] [stderr]    Compiling tracing v0.1.37
[INFO] [stderr]    Compiling exr v1.6.3
[INFO] [stderr]    Compiling tiny-skia v0.8.4
[INFO] [stderr]    Compiling image v0.24.6
[INFO] [stderr]    Compiling wgpu-hal v0.16.0
[INFO] [stderr]    Compiling wgpu-core v0.16.0
[INFO] [stderr]    Compiling wgpu v0.16.0
[INFO] [stderr]    Compiling sctk-adwaita v0.5.4
[INFO] [stderr]    Compiling winit-fullscreen v1.0.1
[INFO] [stderr]    Compiling mage-core v0.1.0 (/opt/rustwide/workdir)
[INFO] [stdout] warning: unused import: `error::*`
[INFO] [stdout]   --> src/lib.rs:27:9
[INFO] [stdout]    |
[INFO] [stdout] 27 | pub use error::*;
[INFO] [stdout]    |         ^^^^^^^^
[INFO] [stdout]    |
[INFO] [stdout]    = note: `#[warn(unused_imports)]` on by default
[INFO] [stdout] 
[INFO] [stdout] 
[INFO] [stdout] warning: unused import: `input::*`
[INFO] [stdout]   --> src/lib.rs:28:9
[INFO] [stdout]    |
[INFO] [stdout] 28 | pub use input::*;
[INFO] [stdout]    |         ^^^^^^^^
[INFO] [stdout] 
[INFO] [stdout] 
[INFO] [stdout] warning: unused import: `present::*`
[INFO] [stdout]   --> src/lib.rs:29:9
[INFO] [stdout]    |
[INFO] [stdout] 29 | pub use present::*;
[INFO] [stdout]    |         ^^^^^^^^^^
[INFO] [stdout] 
[INFO] [stdout] 
[INFO] [stdout] warning: 3 warnings emitted
[INFO] [stdout] 
[INFO] [stdout] 
[INFO] [stderr]     Finished dev [unoptimized + debuginfo] target(s) in 47.88s
[INFO] running `Command { std: "docker" "inspect" "c5547e0697a90bd79d6e62a5540ff7ef4ef88939f0637f5e2760ca13f61ddc55", kill_on_drop: false }`
[INFO] running `Command { std: "docker" "rm" "-f" "c5547e0697a90bd79d6e62a5540ff7ef4ef88939f0637f5e2760ca13f61ddc55", kill_on_drop: false }`
[INFO] [stdout] c5547e0697a90bd79d6e62a5540ff7ef4ef88939f0637f5e2760ca13f61ddc55
[INFO] running `Command { std: "docker" "create" "-v" "/var/lib/crater-agent-workspace/builds/worker-4-tc1/target:/opt/rustwide/target:rw,Z" "-v" "/var/lib/crater-agent-workspace/builds/worker-4-tc1/source:/opt/rustwide/workdir:ro,Z" "-v" "/var/lib/crater-agent-workspace/cargo-home:/opt/rustwide/cargo-home:ro,Z" "-v" "/var/lib/crater-agent-workspace/rustup-home:/opt/rustwide/rustup-home:ro,Z" "-e" "SOURCE_DIR=/opt/rustwide/workdir" "-e" "CARGO_TARGET_DIR=/opt/rustwide/target" "-e" "CARGO_INCREMENTAL=0" "-e" "RUST_BACKTRACE=full" "-e" "RUSTFLAGS=--cap-lints=warn" "-e" "RUSTDOCFLAGS=--cap-lints=warn" "-e" "CARGO_HOME=/opt/rustwide/cargo-home" "-e" "RUSTUP_HOME=/opt/rustwide/rustup-home" "-w" "/opt/rustwide/workdir" "-m" "1610612736" "--user" "0:0" "--network" "none" "ghcr.io/rust-lang/crates-build-env/linux@sha256:2788e3201cd34a07e3172128adcd8b3090168a8e3bcc40d7c032b9dda1df7d1c" "/opt/rustwide/cargo-home/bin/cargo" "+1.75.0" "test" "--frozen" "--no-run" "--message-format=json", kill_on_drop: false }`
[INFO] [stdout] 81f2ba94949c828470110e2b5cc8cea584fb5185a378b251a7c8d69e64ef2895
[INFO] running `Command { std: "docker" "start" "-a" "81f2ba94949c828470110e2b5cc8cea584fb5185a378b251a7c8d69e64ef2895", kill_on_drop: false }`
[INFO] [stderr]    Compiling log v0.4.17
[INFO] [stderr]    Compiling getrandom v0.2.9
[INFO] [stderr]    Compiling tracing-core v0.1.30
[INFO] [stderr]    Compiling regex-syntax v0.7.1
[INFO] [stderr]    Compiling thread_local v1.1.7
[INFO] [stderr]    Compiling cc v1.0.79
[INFO] [stderr]    Compiling eyre v0.6.8
[INFO] [stderr]    Compiling gimli v0.27.2
[INFO] [stderr]    Compiling object v0.30.3
[INFO] [stderr]    Compiling rustc-demangle v0.1.23
[INFO] [stderr]    Compiling indenter v0.3.3
[INFO] [stderr]    Compiling owo-colors v3.5.0
[INFO] [stderr]    Compiling ahash v0.7.6
[INFO] [stderr]    Compiling nanorand v0.7.0
[INFO] [stderr]    Compiling rand_core v0.6.4
[INFO] [stderr]    Compiling rand_chacha v0.3.1
[INFO] [stderr]    Compiling hashbrown v0.12.3
[INFO] [stderr]    Compiling flume v0.10.14
[INFO] [stderr]    Compiling calloop v0.10.5
[INFO] [stderr]    Compiling tracing v0.1.37
[INFO] [stderr]    Compiling tracing-log v0.1.3
[INFO] [stderr]    Compiling mio v0.8.6
[INFO] [stderr]    Compiling rand v0.8.5
[INFO] [stderr]    Compiling exr v1.6.3
[INFO] [stderr]    Compiling smithay-client-toolkit v0.16.0
[INFO] [stderr]    Compiling indexmap v1.9.3
[INFO] [stderr]    Compiling gpu-descriptor v0.2.3
[INFO] [stderr]    Compiling backtrace v0.3.67
[INFO] [stderr]    Compiling naga v0.12.0
[INFO] [stderr]    Compiling regex v1.8.1
[INFO] [stderr]    Compiling sctk-adwaita v0.5.4
[INFO] [stderr]    Compiling tracing-subscriber v0.3.17
[INFO] [stderr]    Compiling addr2line v0.19.0
[INFO] [stderr]    Compiling winit v0.28.3
[INFO] [stderr]    Compiling image v0.24.6
[INFO] [stderr]    Compiling tracing-error v0.2.0
[INFO] [stderr]    Compiling color-spantrace v0.2.0
[INFO] [stderr]    Compiling color-eyre v0.6.2
[INFO] [stderr]    Compiling winit-fullscreen v1.0.1
[INFO] [stderr]    Compiling wgpu-hal v0.16.0
[INFO] [stderr]    Compiling wgpu-core v0.16.0
[INFO] [stderr]    Compiling wgpu v0.16.0
[INFO] [stderr]    Compiling mage-core v0.1.0 (/opt/rustwide/workdir)
[INFO] [stdout] warning: unused import: `error::*`
[INFO] [stdout]   --> src/lib.rs:27:9
[INFO] [stdout]    |
[INFO] [stdout] 27 | pub use error::*;
[INFO] [stdout]    |         ^^^^^^^^
[INFO] [stdout]    |
[INFO] [stdout]    = note: `#[warn(unused_imports)]` on by default
[INFO] [stdout] 
[INFO] [stdout] 
[INFO] [stdout] warning: unused import: `input::*`
[INFO] [stdout]   --> src/lib.rs:28:9
[INFO] [stdout]    |
[INFO] [stdout] 28 | pub use input::*;
[INFO] [stdout]    |         ^^^^^^^^
[INFO] [stdout] 
[INFO] [stdout] 
[INFO] [stdout] warning: unused import: `present::*`
[INFO] [stdout]   --> src/lib.rs:29:9
[INFO] [stdout]    |
[INFO] [stdout] 29 | pub use present::*;
[INFO] [stdout]    |         ^^^^^^^^^^
[INFO] [stdout] 
[INFO] [stdout] 
[INFO] [stdout] warning: 3 warnings emitted
[INFO] [stdout] 
[INFO] [stdout] 
[INFO] [stdout] error[E0432]: unresolved import `mage`
[INFO] [stdout]  --> examples/hello.rs:1:5
[INFO] [stdout]   |
[INFO] [stdout] 1 | use mage::{run, App, Config};
[INFO] [stdout]   |     ^^^^ use of undeclared crate or module `mage`
[INFO] [stdout]   |
[INFO] [stdout] help: there is a crate or module with a similar name
[INFO] [stdout]   |
[INFO] [stdout] 1 | use image::{run, App, Config};
[INFO] [stdout]   |     ~~~~~
[INFO] [stdout] 
[INFO] [stdout] 
[INFO] [stdout] warning: unused import: `error::*`
[INFO] [stdout]   --> src/lib.rs:27:9
[INFO] [stdout]    |
[INFO] [stdout] 27 | pub use error::*;
[INFO] [stdout]    |         ^^^^^^^^
[INFO] [stdout]    |
[INFO] [stdout]    = note: `#[warn(unused_imports)]` on by default
[INFO] [stdout] 
[INFO] [stdout] 
[INFO] [stdout] warning: unused import: `input::*`
[INFO] [stdout]   --> src/lib.rs:28:9
[INFO] [stdout]    |
[INFO] [stdout] 28 | pub use input::*;
[INFO] [stdout]    |         ^^^^^^^^
[INFO] [stdout] 
[INFO] [stdout] 
[INFO] [stdout] warning: unused import: `present::*`
[INFO] [stdout]   --> src/lib.rs:29:9
[INFO] [stdout]    |
[INFO] [stdout] 29 | pub use present::*;
[INFO] [stdout]    |         ^^^^^^^^^^
[INFO] [stdout] 
[INFO] [stdout] 
[INFO] [stdout] error[E0433]: failed to resolve: use of undeclared crate or module `mage`
[INFO] [stdout]   --> examples/hello.rs:35:9
[INFO] [stdout]    |
[INFO] [stdout] 35 |         mage::TickResult::Continue
[INFO] [stdout]    |         ^^^^ use of undeclared crate or module `mage`
[INFO] [stdout]    |
[INFO] [stdout] help: there is a crate or module with a similar name
[INFO] [stdout]    |
[INFO] [stdout] 35 |         image::TickResult::Continue
[INFO] [stdout]    |         ~~~~~
[INFO] [stdout] help: consider importing this enum
[INFO] [stdout]    |
[INFO] [stdout] 1  + use mage_core::TickResult;
[INFO] [stdout]    |
[INFO] [stdout] help: if you import `TickResult`, refer to it directly
[INFO] [stdout]    |
[INFO] [stdout] 35 -         mage::TickResult::Continue
[INFO] [stdout] 35 +         TickResult::Continue
[INFO] [stdout]    |
[INFO] [stdout] 
[INFO] [stdout] 
[INFO] [stdout] error[E0433]: failed to resolve: use of undeclared crate or module `mage`
[INFO] [stdout]   --> examples/hello.rs:42:9
[INFO] [stdout]    |
[INFO] [stdout] 42 |         mage::PresentResult::Changed
[INFO] [stdout]    |         ^^^^ use of undeclared crate or module `mage`
[INFO] [stdout]    |
[INFO] [stdout] help: there is a crate or module with a similar name
[INFO] [stdout]    |
[INFO] [stdout] 42 |         image::PresentResult::Changed
[INFO] [stdout]    |         ~~~~~
[INFO] [stdout] help: consider importing this enum
[INFO] [stdout]    |
[INFO] [stdout] 1  + use mage_core::PresentResult;
[INFO] [stdout]    |
[INFO] [stdout] help: if you import `PresentResult`, refer to it directly
[INFO] [stdout]    |
[INFO] [stdout] 42 -         mage::PresentResult::Changed
[INFO] [stdout] 42 +         PresentResult::Changed
[INFO] [stdout]    |
[INFO] [stdout] 
[INFO] [stdout] 
[INFO] [stdout] error[E0433]: failed to resolve: use of undeclared crate or module `mage`
[INFO] [stdout]   --> examples/hello.rs:34:37
[INFO] [stdout]    |
[INFO] [stdout] 34 |     fn tick(&mut self, _tick_input: mage::TickInput) -> mage::TickResult {
[INFO] [stdout]    |                                     ^^^^ use of undeclared crate or module `mage`
[INFO] [stdout]    |
[INFO] [stdout] help: there is a crate or module with a similar name
[INFO] [stdout]    |
[INFO] [stdout] 34 |     fn tick(&mut self, _tick_input: image::TickInput) -> mage::TickResult {
[INFO] [stdout]    |                                     ~~~~~
[INFO] [stdout] 
[INFO] [stdout] 
[INFO] [stdout] error[E0433]: failed to resolve: use of undeclared crate or module `mage`
[INFO] [stdout]   --> examples/hello.rs:34:57
[INFO] [stdout]    |
[INFO] [stdout] 34 |     fn tick(&mut self, _tick_input: mage::TickInput) -> mage::TickResult {
[INFO] [stdout]    |                                                         ^^^^ use of undeclared crate or module `mage`
[INFO] [stdout]    |
[INFO] [stdout] help: there is a crate or module with a similar name
[INFO] [stdout]    |
[INFO] [stdout] 34 |     fn tick(&mut self, _tick_input: mage::TickInput) -> image::TickResult {
[INFO] [stdout]    |                                                         ~~~~~
[INFO] [stdout] 
[INFO] [stdout] 
[INFO] [stdout] error[E0433]: failed to resolve: use of undeclared crate or module `mage`
[INFO] [stdout]   --> examples/hello.rs:38:46
[INFO] [stdout]    |
[INFO] [stdout] 38 |     fn present(&mut self, mut present_input: mage::PresentInput) -> mage::PresentResult {
[INFO] [stdout]    |                                              ^^^^ use of undeclared crate or module `mage`
[INFO] [stdout]    |
[INFO] [stdout] help: there is a crate or module with a similar name
[INFO] [stdout]    |
[INFO] [stdout] 38 |     fn present(&mut self, mut present_input: image::PresentInput) -> mage::PresentResult {
[INFO] [stdout]    |                                              ~~~~~
[INFO] [stdout] 
[INFO] [stdout] 
[INFO] [stdout] error[E0433]: failed to resolve: use of undeclared crate or module `mage`
[INFO] [stdout]   --> examples/hello.rs:38:69
[INFO] [stdout]    |
[INFO] [stdout] 38 |     fn present(&mut self, mut present_input: mage::PresentInput) -> mage::PresentResult {
[INFO] [stdout]    |                                                                     ^^^^ use of undeclared crate or module `mage`
[INFO] [stdout]    |
[INFO] [stdout] help: there is a crate or module with a similar name
[INFO] [stdout]    |
[INFO] [stdout] 38 |     fn present(&mut self, mut present_input: mage::PresentInput) -> image::PresentResult {
[INFO] [stdout]    |                                                                     ~~~~~
[INFO] [stdout] 
[INFO] [stdout] 
[INFO] [stdout] error: aborting due to 7 previous errors
[INFO] [stdout] 
[INFO] [stdout] 
[INFO] [stdout] Some errors have detailed explanations: E0432, E0433.
[INFO] [stdout] 
[INFO] [stdout] For more information about an error, try `rustc --explain E0432`.
[INFO] [stdout] 
[INFO] [stderr] error: could not compile `mage-core` (example "hello") due to 8 previous errors
[INFO] [stderr] warning: build failed, waiting for other jobs to finish...
[INFO] [stdout] warning: 3 warnings emitted
[INFO] [stdout] 
[INFO] [stdout] 
[INFO] running `Command { std: "docker" "inspect" "81f2ba94949c828470110e2b5cc8cea584fb5185a378b251a7c8d69e64ef2895", kill_on_drop: false }`
[INFO] running `Command { std: "docker" "rm" "-f" "81f2ba94949c828470110e2b5cc8cea584fb5185a378b251a7c8d69e64ef2895", kill_on_drop: false }`
[INFO] [stdout] 81f2ba94949c828470110e2b5cc8cea584fb5185a378b251a7c8d69e64ef2895
