[INFO] fetching crate macro_magic 0.5.0...
[INFO] testing macro_magic-0.5.0 against 1.75.0 for beta-1.76-1
[INFO] extracting crate macro_magic 0.5.0 into /workspace/builds/worker-1-tc1/source
[INFO] validating manifest of crates.io crate macro_magic 0.5.0 on toolchain 1.75.0
[INFO] running `Command { std: CARGO_HOME="/workspace/cargo-home" RUSTUP_HOME="/workspace/rustup-home" "/workspace/cargo-home/bin/cargo" "+1.75.0" "metadata" "--manifest-path" "Cargo.toml" "--no-deps", kill_on_drop: false }`
[INFO] started tweaking crates.io crate macro_magic 0.5.0
[INFO] finished tweaking crates.io crate macro_magic 0.5.0
[INFO] tweaked toml for crates.io crate macro_magic 0.5.0 written to /workspace/builds/worker-1-tc1/source/Cargo.toml
[INFO] running `Command { std: CARGO_HOME="/workspace/cargo-home" RUSTUP_HOME="/workspace/rustup-home" "/workspace/cargo-home/bin/cargo" "+1.75.0" "generate-lockfile" "--manifest-path" "Cargo.toml", kill_on_drop: false }`
[INFO] [stderr]     Updating crates.io index
[INFO] running `Command { std: CARGO_HOME="/workspace/cargo-home" RUSTUP_HOME="/workspace/rustup-home" "/workspace/cargo-home/bin/cargo" "+1.75.0" "fetch" "--manifest-path" "Cargo.toml", kill_on_drop: false }`
[INFO] running `Command { std: "docker" "create" "-v" "/var/lib/crater-agent-workspace/builds/worker-1-tc1/target:/opt/rustwide/target:rw,Z" "-v" "/var/lib/crater-agent-workspace/builds/worker-1-tc1/source:/opt/rustwide/workdir:ro,Z" "-v" "/var/lib/crater-agent-workspace/cargo-home:/opt/rustwide/cargo-home:ro,Z" "-v" "/var/lib/crater-agent-workspace/rustup-home:/opt/rustwide/rustup-home:ro,Z" "-e" "SOURCE_DIR=/opt/rustwide/workdir" "-e" "CARGO_TARGET_DIR=/opt/rustwide/target" "-e" "CARGO_HOME=/opt/rustwide/cargo-home" "-e" "RUSTUP_HOME=/opt/rustwide/rustup-home" "-w" "/opt/rustwide/workdir" "-m" "1610612736" "--user" "0:0" "--network" "none" "ghcr.io/rust-lang/crates-build-env/linux@sha256:2788e3201cd34a07e3172128adcd8b3090168a8e3bcc40d7c032b9dda1df7d1c" "/opt/rustwide/cargo-home/bin/cargo" "+1.75.0" "metadata" "--no-deps" "--format-version=1", kill_on_drop: false }`
[INFO] [stdout] eb13a9f8a5b8d483a6379391ea0d250596f5bae8b4c80f8869d9b57cc8e6f74a
[INFO] running `Command { std: "docker" "start" "-a" "eb13a9f8a5b8d483a6379391ea0d250596f5bae8b4c80f8869d9b57cc8e6f74a", kill_on_drop: false }`
[INFO] running `Command { std: "docker" "inspect" "eb13a9f8a5b8d483a6379391ea0d250596f5bae8b4c80f8869d9b57cc8e6f74a", kill_on_drop: false }`
[INFO] running `Command { std: "docker" "rm" "-f" "eb13a9f8a5b8d483a6379391ea0d250596f5bae8b4c80f8869d9b57cc8e6f74a", kill_on_drop: false }`
[INFO] [stdout] eb13a9f8a5b8d483a6379391ea0d250596f5bae8b4c80f8869d9b57cc8e6f74a
[INFO] running `Command { std: "docker" "create" "-v" "/var/lib/crater-agent-workspace/builds/worker-1-tc1/target:/opt/rustwide/target:rw,Z" "-v" "/var/lib/crater-agent-workspace/builds/worker-1-tc1/source:/opt/rustwide/workdir:ro,Z" "-v" "/var/lib/crater-agent-workspace/cargo-home:/opt/rustwide/cargo-home:ro,Z" "-v" "/var/lib/crater-agent-workspace/rustup-home:/opt/rustwide/rustup-home:ro,Z" "-e" "SOURCE_DIR=/opt/rustwide/workdir" "-e" "CARGO_TARGET_DIR=/opt/rustwide/target" "-e" "CARGO_INCREMENTAL=0" "-e" "RUST_BACKTRACE=full" "-e" "RUSTFLAGS=--cap-lints=warn" "-e" "RUSTDOCFLAGS=--cap-lints=warn" "-e" "CARGO_HOME=/opt/rustwide/cargo-home" "-e" "RUSTUP_HOME=/opt/rustwide/rustup-home" "-w" "/opt/rustwide/workdir" "-m" "1610612736" "--user" "0:0" "--network" "none" "ghcr.io/rust-lang/crates-build-env/linux@sha256:2788e3201cd34a07e3172128adcd8b3090168a8e3bcc40d7c032b9dda1df7d1c" "/opt/rustwide/cargo-home/bin/cargo" "+1.75.0" "build" "--frozen" "--message-format=json", kill_on_drop: false }`
[INFO] [stdout] 40ef22a3b92d01692a436579a2a553575efbb5936464ad7e29c90ed89cdb43e5
[INFO] running `Command { std: "docker" "start" "-a" "40ef22a3b92d01692a436579a2a553575efbb5936464ad7e29c90ed89cdb43e5", kill_on_drop: false }`
[INFO] [stderr]    Compiling crunchy v0.2.2
[INFO] [stderr]    Compiling tiny-keccak v2.0.2
[INFO] [stderr]    Compiling syn v1.0.109
[INFO] [stderr]    Compiling once_cell v1.19.0
[INFO] [stderr]    Compiling syn v2.0.48
[INFO] [stderr]    Compiling getrandom v0.2.11
[INFO] [stderr]    Compiling const-random-macro v0.1.16
[INFO] [stderr]    Compiling const-random v0.1.17
[INFO] [stderr]    Compiling derive-syn-parse v0.1.5
[INFO] [stderr]    Compiling macro_magic_core_macros v0.5.0
[INFO] [stderr]    Compiling macro_magic_core v0.5.0
[INFO] [stderr]    Compiling macro_magic_macros v0.5.0
[INFO] [stderr]    Compiling macro_magic v0.5.0 (/opt/rustwide/workdir)
[INFO] [stderr]     Finished dev [unoptimized + debuginfo] target(s) in 2.98s
[INFO] running `Command { std: "docker" "inspect" "40ef22a3b92d01692a436579a2a553575efbb5936464ad7e29c90ed89cdb43e5", kill_on_drop: false }`
[INFO] running `Command { std: "docker" "rm" "-f" "40ef22a3b92d01692a436579a2a553575efbb5936464ad7e29c90ed89cdb43e5", kill_on_drop: false }`
[INFO] [stdout] 40ef22a3b92d01692a436579a2a553575efbb5936464ad7e29c90ed89cdb43e5
[INFO] running `Command { std: "docker" "create" "-v" "/var/lib/crater-agent-workspace/builds/worker-1-tc1/target:/opt/rustwide/target:rw,Z" "-v" "/var/lib/crater-agent-workspace/builds/worker-1-tc1/source:/opt/rustwide/workdir:ro,Z" "-v" "/var/lib/crater-agent-workspace/cargo-home:/opt/rustwide/cargo-home:ro,Z" "-v" "/var/lib/crater-agent-workspace/rustup-home:/opt/rustwide/rustup-home:ro,Z" "-e" "SOURCE_DIR=/opt/rustwide/workdir" "-e" "CARGO_TARGET_DIR=/opt/rustwide/target" "-e" "CARGO_INCREMENTAL=0" "-e" "RUST_BACKTRACE=full" "-e" "RUSTFLAGS=--cap-lints=warn" "-e" "RUSTDOCFLAGS=--cap-lints=warn" "-e" "CARGO_HOME=/opt/rustwide/cargo-home" "-e" "RUSTUP_HOME=/opt/rustwide/rustup-home" "-w" "/opt/rustwide/workdir" "-m" "1610612736" "--user" "0:0" "--network" "none" "ghcr.io/rust-lang/crates-build-env/linux@sha256:2788e3201cd34a07e3172128adcd8b3090168a8e3bcc40d7c032b9dda1df7d1c" "/opt/rustwide/cargo-home/bin/cargo" "+1.75.0" "test" "--frozen" "--no-run" "--message-format=json", kill_on_drop: false }`
[INFO] [stdout] 7e481ec84df18d5ba4149daef04426253bc578d041240d44d1a07dc6d89b48a3
[INFO] running `Command { std: "docker" "start" "-a" "7e481ec84df18d5ba4149daef04426253bc578d041240d44d1a07dc6d89b48a3", kill_on_drop: false }`
[INFO] [stderr]    Compiling macro_magic v0.5.0 (/opt/rustwide/workdir)
[INFO] [stdout] error[E0432]: unresolved import `test_macros`
[INFO] [stdout]  --> tests/tests.rs:7:5
[INFO] [stdout]   |
[INFO] [stdout] 7 | use test_macros::{custom_export_tokens, include_impl, include_impl_inner};
[INFO] [stdout]   |     ^^^^^^^^^^^ use of undeclared crate or module `test_macros`
[INFO] [stdout] 
[INFO] [stdout] 
[INFO] [stdout] error[E0432]: unresolved import `test_macros`
[INFO] [stdout]   --> tests/tests.rs:12:5
[INFO] [stdout]    |
[INFO] [stdout] 12 | use test_macros::combine_structs;
[INFO] [stdout]    |     ^^^^^^^^^^^ use of undeclared crate or module `test_macros`
[INFO] [stdout] 
[INFO] [stdout] 
[INFO] [stdout] error[E0432]: unresolved import `test_macros`
[INFO] [stdout]   --> tests/tests.rs:13:5
[INFO] [stdout]    |
[INFO] [stdout] 13 | use test_macros::emit_foreign_path;
[INFO] [stdout]    |     ^^^^^^^^^^^ use of undeclared crate or module `test_macros`
[INFO] [stdout] 
[INFO] [stdout] 
[INFO] [stdout] error[E0432]: unresolved import `test_macros`
[INFO] [stdout]   --> tests/tests.rs:14:5
[INFO] [stdout]    |
[INFO] [stdout] 14 | use test_macros::example_tokens_proc;
[INFO] [stdout]    |     ^^^^^^^^^^^ use of undeclared crate or module `test_macros`
[INFO] [stdout] 
[INFO] [stdout] 
[INFO] [stdout] error[E0432]: unresolved import `test_macros`
[INFO] [stdout]   --> tests/tests.rs:15:5
[INFO] [stdout]    |
[INFO] [stdout] 15 | use test_macros::import_tokens_attr_with_custom_parsing_a;
[INFO] [stdout]    |     ^^^^^^^^^^^ use of undeclared crate or module `test_macros`
[INFO] [stdout] 
[INFO] [stdout] 
[INFO] [stdout] error[E0432]: unresolved import `test_macros`
[INFO] [stdout]   --> tests/tests.rs:16:5
[INFO] [stdout]    |
[INFO] [stdout] 16 | use test_macros::import_tokens_attr_with_custom_parsing_b;
[INFO] [stdout]    |     ^^^^^^^^^^^ use of undeclared crate or module `test_macros`
[INFO] [stdout] 
[INFO] [stdout] 
[INFO] [stdout] error[E0432]: unresolved import `test_macros`
[INFO] [stdout]   --> tests/tests.rs:17:5
[INFO] [stdout]    |
[INFO] [stdout] 17 | use test_macros::item_level_proc;
[INFO] [stdout]    |     ^^^^^^^^^^^ use of undeclared crate or module `test_macros`
[INFO] [stdout] 
[INFO] [stdout] 
[INFO] [stdout] error[E0432]: unresolved import `test_macros`
[INFO] [stdout]   --> tests/tests.rs:18:5
[INFO] [stdout]    |
[INFO] [stdout] 18 | use test_macros::require;
[INFO] [stdout]    |     ^^^^^^^^^^^ use of undeclared crate or module `test_macros`
[INFO] [stdout] 
[INFO] [stdout] 
[INFO] [stdout] error[E0432]: unresolved import `test_macros`
[INFO] [stdout]   --> tests/tests.rs:19:5
[INFO] [stdout]    |
[INFO] [stdout] 19 | use test_macros::test_tokens_attr1;
[INFO] [stdout]    |     ^^^^^^^^^^^ use of undeclared crate or module `test_macros`
[INFO] [stdout] 
[INFO] [stdout] 
[INFO] [stdout] error[E0432]: unresolved import `test_macros`
[INFO] [stdout]   --> tests/tests.rs:20:5
[INFO] [stdout]    |
[INFO] [stdout] 20 | use test_macros::test_tokens_attr2;
[INFO] [stdout]    |     ^^^^^^^^^^^ use of undeclared crate or module `test_macros`
[INFO] [stdout] 
[INFO] [stdout] 
[INFO] [stdout] error[E0432]: unresolved import `test_macros`
[INFO] [stdout]   --> tests/tests.rs:23:9
[INFO] [stdout]    |
[INFO] [stdout] 23 | pub use test_macros::test_tokens_attr_direct_import;
[INFO] [stdout]    |         ^^^^^^^^^^^ use of undeclared crate or module `test_macros`
[INFO] [stdout] 
[INFO] [stdout] 
[INFO] [stdout] error: cannot determine resolution for the attribute macro `emit_foreign_path`
[INFO] [stdout]    --> tests/tests.rs:254:3
[INFO] [stdout]     |
[INFO] [stdout] 254 | #[emit_foreign_path(external_crate::an_external_function)]
[INFO] [stdout]     |   ^^^^^^^^^^^^^^^^^
[INFO] [stdout]     |
[INFO] [stdout]     = note: import resolution is stuck, try simplifying macro imports
[INFO] [stdout] 
[INFO] [stdout] 
[INFO] [stdout] error: cannot determine resolution for the macro `example_tokens_proc`
[INFO] [stdout]    --> tests/tests.rs:247:18
[INFO] [stdout]     |
[INFO] [stdout] 247 |     let tokens = example_tokens_proc!(Wombat);
[INFO] [stdout]     |                  ^^^^^^^^^^^^^^^^^^^
[INFO] [stdout]     |
[INFO] [stdout]     = note: import resolution is stuck, try simplifying macro imports
[INFO] [stdout] 
[INFO] [stdout] 
[INFO] [stdout] error: cannot determine resolution for the attribute macro `custom_export_tokens`
[INFO] [stdout]    --> tests/tests.rs:239:3
[INFO] [stdout]     |
[INFO] [stdout] 239 | #[custom_export_tokens]
[INFO] [stdout]     |   ^^^^^^^^^^^^^^^^^^^^
[INFO] [stdout]     |
[INFO] [stdout]     = note: import resolution is stuck, try simplifying macro imports
[INFO] [stdout] 
[INFO] [stdout] 
[INFO] [stdout] error: cannot determine resolution for the macro `require`
[INFO] [stdout]    --> tests/tests.rs:235:5
[INFO] [stdout]     |
[INFO] [stdout] 235 |     require!(external_crate::an_external_module);
[INFO] [stdout]     |     ^^^^^^^
[INFO] [stdout]     |
[INFO] [stdout]     = note: import resolution is stuck, try simplifying macro imports
[INFO] [stdout] 
[INFO] [stdout] 
[INFO] [stdout] error: cannot determine resolution for the attribute macro `combine_structs`
[INFO] [stdout]    --> tests/tests.rs:216:3
[INFO] [stdout]     |
[INFO] [stdout] 216 | #[combine_structs(ExternalStruct)]
[INFO] [stdout]     |   ^^^^^^^^^^^^^^^
[INFO] [stdout]     |
[INFO] [stdout]     = note: import resolution is stuck, try simplifying macro imports
[INFO] [stdout] 
[INFO] [stdout] 
[INFO] [stdout] error: cannot determine resolution for the macro `example_tokens_proc`
[INFO] [stdout]    --> tests/tests.rs:202:18
[INFO] [stdout]     |
[INFO] [stdout] 202 |     let tokens = example_tokens_proc!(external_crate::external_fn_with_local_macro_calls);
[INFO] [stdout]     |                  ^^^^^^^^^^^^^^^^^^^
[INFO] [stdout]     |
[INFO] [stdout]     = note: import resolution is stuck, try simplifying macro imports
[INFO] [stdout] 
[INFO] [stdout] 
[INFO] [stdout] error: cannot determine resolution for the macro `example_tokens_proc`
[INFO] [stdout]    --> tests/tests.rs:193:18
[INFO] [stdout]     |
[INFO] [stdout] 193 |     let tokens = example_tokens_proc!(external_file::external_fn_with_println);
[INFO] [stdout]     |                  ^^^^^^^^^^^^^^^^^^^
[INFO] [stdout]     |
[INFO] [stdout]     = note: import resolution is stuck, try simplifying macro imports
[INFO] [stdout] 
[INFO] [stdout] 
[INFO] [stdout] error: cannot determine resolution for the macro `example_tokens_proc`
[INFO] [stdout]    --> tests/tests.rs:184:18
[INFO] [stdout]     |
[INFO] [stdout] 184 |     let tokens = example_tokens_proc!(a_random_fn);
[INFO] [stdout]     |                  ^^^^^^^^^^^^^^^^^^^
[INFO] [stdout]     |
[INFO] [stdout]     = note: import resolution is stuck, try simplifying macro imports
[INFO] [stdout] 
[INFO] [stdout] 
[INFO] [stdout] error: cannot determine resolution for the macro `example_tokens_proc`
[INFO] [stdout]    --> tests/tests.rs:121:27
[INFO] [stdout]     |
[INFO] [stdout] 121 |     let _something_else = example_tokens_proc!(external_crate::some_submodule::AnExternalTraitImpl);
[INFO] [stdout]     |                           ^^^^^^^^^^^^^^^^^^^
[INFO] [stdout]     |
[INFO] [stdout]     = note: import resolution is stuck, try simplifying macro imports
[INFO] [stdout] 
[INFO] [stdout] 
[INFO] [stdout] error: cannot determine resolution for the macro `example_tokens_proc`
[INFO] [stdout]    --> tests/tests.rs:119:21
[INFO] [stdout]     |
[INFO] [stdout] 119 |     let something = example_tokens_proc!(TigerStruct);
[INFO] [stdout]     |                     ^^^^^^^^^^^^^^^^^^^
[INFO] [stdout]     |
[INFO] [stdout]     = note: import resolution is stuck, try simplifying macro imports
[INFO] [stdout] 
[INFO] [stdout] 
[INFO] [stdout] error: cannot determine resolution for the macro `example_tokens_proc`
[INFO] [stdout]    --> tests/tests.rs:114:5
[INFO] [stdout]     |
[INFO] [stdout] 114 |     example_tokens_proc!(external_crate::some_submodule::AnExternalTraitImpl);
[INFO] [stdout]     |     ^^^^^^^^^^^^^^^^^^^
[INFO] [stdout]     |
[INFO] [stdout]     = note: import resolution is stuck, try simplifying macro imports
[INFO] [stdout] 
[INFO] [stdout] 
[INFO] [stdout] error: cannot determine resolution for the macro `example_tokens_proc`
[INFO] [stdout]    --> tests/tests.rs:113:5
[INFO] [stdout]     |
[INFO] [stdout] 113 |     example_tokens_proc!(LionStruct);
[INFO] [stdout]     |     ^^^^^^^^^^^^^^^^^^^
[INFO] [stdout]     |
[INFO] [stdout]     = note: import resolution is stuck, try simplifying macro imports
[INFO] [stdout] 
[INFO] [stdout] 
[INFO] [stdout] error: cannot determine resolution for the macro `item_level_proc`
[INFO] [stdout]    --> tests/tests.rs:104:1
[INFO] [stdout]     |
[INFO] [stdout] 104 | item_level_proc!(external_crate::some_submodule::AnExternalTraitImpl);
[INFO] [stdout]     | ^^^^^^^^^^^^^^^
[INFO] [stdout]     |
[INFO] [stdout]     = note: import resolution is stuck, try simplifying macro imports
[INFO] [stdout] 
[INFO] [stdout] 
[INFO] [stdout] error: cannot determine resolution for the attribute macro `test_tokens_attr_direct_import`
[INFO] [stdout]   --> tests/tests.rs:92:3
[INFO] [stdout]    |
[INFO] [stdout] 92 | #[test_tokens_attr_direct_import(external_crate::an_external_function)]
[INFO] [stdout]    |   ^^^^^^^^^^^^^^^^^^^^^^^^^^^^^^
[INFO] [stdout]    |
[INFO] [stdout]    = note: import resolution is stuck, try simplifying macro imports
[INFO] [stdout] 
[INFO] [stdout] 
[INFO] [stdout] error: cannot determine resolution for the attribute macro `test_tokens_attr2`
[INFO] [stdout]   --> tests/tests.rs:89:3
[INFO] [stdout]    |
[INFO] [stdout] 89 | #[test_tokens_attr2(external_crate::some_submodule::AnExternalTraitImpl)]
[INFO] [stdout]    |   ^^^^^^^^^^^^^^^^^
[INFO] [stdout]    |
[INFO] [stdout]    = note: import resolution is stuck, try simplifying macro imports
[INFO] [stdout] 
[INFO] [stdout] 
[INFO] [stdout] error: cannot determine resolution for the attribute macro `test_tokens_attr1`
[INFO] [stdout]   --> tests/tests.rs:82:3
[INFO] [stdout]    |
[INFO] [stdout] 82 | #[test_tokens_attr1(AnotherStruct)]
[INFO] [stdout]    |   ^^^^^^^^^^^^^^^^^
[INFO] [stdout]    |
[INFO] [stdout]    = note: import resolution is stuck, try simplifying macro imports
[INFO] [stdout] 
[INFO] [stdout] 
[INFO] [stdout] error: cannot determine resolution for the attribute macro `include_impl`
[INFO] [stdout]   --> tests/tests.rs:74:3
[INFO] [stdout]    |
[INFO] [stdout] 74 | #[include_impl(SomeStruct)]
[INFO] [stdout]    |   ^^^^^^^^^^^^
[INFO] [stdout]    |
[INFO] [stdout]    = note: import resolution is stuck, try simplifying macro imports
[INFO] [stdout] 
[INFO] [stdout] 
[INFO] [stdout] error: cannot determine resolution for the attribute macro `import_tokens_attr_with_custom_parsing_b`
[INFO] [stdout]   --> tests/tests.rs:35:3
[INFO] [stdout]    |
[INFO] [stdout] 35 | #[import_tokens_attr_with_custom_parsing_b(CustomParsingStructForeign, some::cool::path)]
[INFO] [stdout]    |   ^^^^^^^^^^^^^^^^^^^^^^^^^^^^^^^^^^^^^^^^
[INFO] [stdout]    |
[INFO] [stdout]    = note: import resolution is stuck, try simplifying macro imports
[INFO] [stdout] 
[INFO] [stdout] 
[INFO] [stdout] error: cannot determine resolution for the attribute macro `import_tokens_attr_with_custom_parsing_a`
[INFO] [stdout]   --> tests/tests.rs:30:3
[INFO] [stdout]    |
[INFO] [stdout] 30 | #[import_tokens_attr_with_custom_parsing_a(CustomParsingStructForeign, some::cool::path)]
[INFO] [stdout]    |   ^^^^^^^^^^^^^^^^^^^^^^^^^^^^^^^^^^^^^^^^
[INFO] [stdout]    |
[INFO] [stdout]    = note: import resolution is stuck, try simplifying macro imports
[INFO] [stdout] 
[INFO] [stdout] 
[INFO] [stdout] error[E0422]: cannot find struct, variant or union type `SomeInjectedStruct` in this scope
[INFO] [stdout]    --> tests/tests.rs:108:16
[INFO] [stdout]     |
[INFO] [stdout] 108 |     let _foo = SomeInjectedStruct {};
[INFO] [stdout]     |                ^^^^^^^^^^^^^^^^^^ not found in this scope
[INFO] [stdout] 
[INFO] [stdout] 
[INFO] [stdout] error[E0425]: cannot find value `emitted_path` in this scope
[INFO] [stdout]    --> tests/tests.rs:259:16
[INFO] [stdout]     |
[INFO] [stdout] 259 |     assert_eq!(emitted_path, "external_crate :: an_external_function");
[INFO] [stdout]     |                ^^^^^^^^^^^^ not found in this scope
[INFO] [stdout] 
[INFO] [stdout] 
[INFO] [stdout] error[E0425]: cannot find value `foreign_item_str` in this scope
[INFO] [stdout]    --> tests/tests.rs:261:9
[INFO] [stdout]     |
[INFO] [stdout] 261 |         foreign_item_str,
[INFO] [stdout]     |         ^^^^^^^^^^^^^^^^ not found in this scope
[INFO] [stdout] 
[INFO] [stdout] 
[INFO] [stdout] error[E0425]: cannot find function `an_external_function` in this scope
[INFO] [stdout]    --> tests/tests.rs:126:16
[INFO] [stdout]     |
[INFO] [stdout] 126 |     assert_eq!(an_external_function(4), 37);
[INFO] [stdout]     |                ^^^^^^^^^^^^^^^^^^^^ not found in this scope
[INFO] [stdout] 
[INFO] [stdout] 
[INFO] [stdout] error[E0560]: struct `LocalStruct` has no field named `foo`
[INFO] [stdout]    --> tests/tests.rs:225:9
[INFO] [stdout]     |
[INFO] [stdout] 225 |         foo: 42,
[INFO] [stdout]     |         ^^^ `LocalStruct` does not have this field
[INFO] [stdout]     |
[INFO] [stdout]     = note: all struct fields are already assigned
[INFO] [stdout] 
[INFO] [stdout] 
[INFO] [stdout] error[E0560]: struct `LocalStruct` has no field named `bar`
[INFO] [stdout]    --> tests/tests.rs:226:9
[INFO] [stdout]     |
[INFO] [stdout] 226 |         bar: 19,
[INFO] [stdout]     |         ^^^ `LocalStruct` does not have this field
[INFO] [stdout]     |
[INFO] [stdout]     = note: all struct fields are already assigned
[INFO] [stdout] 
[INFO] [stdout] 
[INFO] [stdout] error[E0560]: struct `LocalStruct` has no field named `fizz`
[INFO] [stdout]    --> tests/tests.rs:227:9
[INFO] [stdout]     |
[INFO] [stdout] 227 |         fizz: -22,
[INFO] [stdout]     |         ^^^^ `LocalStruct` does not have this field
[INFO] [stdout]     |
[INFO] [stdout]     = note: all struct fields are already assigned
[INFO] [stdout] 
[INFO] [stdout] 
[INFO] [stdout] error[E0425]: cannot find function `my_cool_function` in this scope
[INFO] [stdout]    --> tests/tests.rs:236:16
[INFO] [stdout]     |
[INFO] [stdout] 236 |     assert_eq!(my_cool_function(), 567);
[INFO] [stdout]     |                ^^^^^^^^^^^^^^^^ not found in this scope
[INFO] [stdout] 
[INFO] [stdout] 
[INFO] [stdout] error: aborting due to 38 previous errors
[INFO] [stdout] 
[INFO] [stdout] 
[INFO] [stdout] Some errors have detailed explanations: E0422, E0425, E0432, E0560.
[INFO] [stdout] 
[INFO] [stdout] For more information about an error, try `rustc --explain E0422`.
[INFO] [stdout] 
[INFO] [stderr] error: could not compile `macro_magic` (test "tests") due to 39 previous errors
[INFO] [stderr] warning: build failed, waiting for other jobs to finish...
[INFO] running `Command { std: "docker" "inspect" "7e481ec84df18d5ba4149daef04426253bc578d041240d44d1a07dc6d89b48a3", kill_on_drop: false }`
[INFO] running `Command { std: "docker" "rm" "-f" "7e481ec84df18d5ba4149daef04426253bc578d041240d44d1a07dc6d89b48a3", kill_on_drop: false }`
[INFO] [stdout] 7e481ec84df18d5ba4149daef04426253bc578d041240d44d1a07dc6d89b48a3
