[INFO] fetching crate macro-ruby 1.1.1...
[INFO] testing macro-ruby-1.1.1 against 1.75.0 for beta-1.76-1
[INFO] extracting crate macro-ruby 1.1.1 into /workspace/builds/worker-0-tc1/source
[INFO] validating manifest of crates.io crate macro-ruby 1.1.1 on toolchain 1.75.0
[INFO] running `Command { std: CARGO_HOME="/workspace/cargo-home" RUSTUP_HOME="/workspace/rustup-home" "/workspace/cargo-home/bin/cargo" "+1.75.0" "metadata" "--manifest-path" "Cargo.toml" "--no-deps", kill_on_drop: false }`
[INFO] started tweaking crates.io crate macro-ruby 1.1.1
[INFO] finished tweaking crates.io crate macro-ruby 1.1.1
[INFO] tweaked toml for crates.io crate macro-ruby 1.1.1 written to /workspace/builds/worker-0-tc1/source/Cargo.toml
[INFO] running `Command { std: CARGO_HOME="/workspace/cargo-home" RUSTUP_HOME="/workspace/rustup-home" "/workspace/cargo-home/bin/cargo" "+1.75.0" "generate-lockfile" "--manifest-path" "Cargo.toml", kill_on_drop: false }`
[INFO] running `Command { std: CARGO_HOME="/workspace/cargo-home" RUSTUP_HOME="/workspace/rustup-home" "/workspace/cargo-home/bin/cargo" "+1.75.0" "fetch" "--manifest-path" "Cargo.toml", kill_on_drop: false }`
[INFO] running `Command { std: "docker" "create" "-v" "/var/lib/crater-agent-workspace/builds/worker-0-tc1/target:/opt/rustwide/target:rw,Z" "-v" "/var/lib/crater-agent-workspace/builds/worker-0-tc1/source:/opt/rustwide/workdir:ro,Z" "-v" "/var/lib/crater-agent-workspace/cargo-home:/opt/rustwide/cargo-home:ro,Z" "-v" "/var/lib/crater-agent-workspace/rustup-home:/opt/rustwide/rustup-home:ro,Z" "-e" "SOURCE_DIR=/opt/rustwide/workdir" "-e" "CARGO_TARGET_DIR=/opt/rustwide/target" "-e" "CARGO_HOME=/opt/rustwide/cargo-home" "-e" "RUSTUP_HOME=/opt/rustwide/rustup-home" "-w" "/opt/rustwide/workdir" "-m" "1610612736" "--user" "0:0" "--network" "none" "ghcr.io/rust-lang/crates-build-env/linux@sha256:2788e3201cd34a07e3172128adcd8b3090168a8e3bcc40d7c032b9dda1df7d1c" "/opt/rustwide/cargo-home/bin/cargo" "+1.75.0" "metadata" "--no-deps" "--format-version=1", kill_on_drop: false }`
[INFO] [stdout] feb1e3ebd97b3a982170c79067ea081c308c29797e6447069735dedfb662d81b
[INFO] running `Command { std: "docker" "start" "-a" "feb1e3ebd97b3a982170c79067ea081c308c29797e6447069735dedfb662d81b", kill_on_drop: false }`
[INFO] running `Command { std: "docker" "inspect" "feb1e3ebd97b3a982170c79067ea081c308c29797e6447069735dedfb662d81b", kill_on_drop: false }`
[INFO] running `Command { std: "docker" "rm" "-f" "feb1e3ebd97b3a982170c79067ea081c308c29797e6447069735dedfb662d81b", kill_on_drop: false }`
[INFO] [stdout] feb1e3ebd97b3a982170c79067ea081c308c29797e6447069735dedfb662d81b
[INFO] running `Command { std: "docker" "create" "-v" "/var/lib/crater-agent-workspace/builds/worker-0-tc1/target:/opt/rustwide/target:rw,Z" "-v" "/var/lib/crater-agent-workspace/builds/worker-0-tc1/source:/opt/rustwide/workdir:ro,Z" "-v" "/var/lib/crater-agent-workspace/cargo-home:/opt/rustwide/cargo-home:ro,Z" "-v" "/var/lib/crater-agent-workspace/rustup-home:/opt/rustwide/rustup-home:ro,Z" "-e" "SOURCE_DIR=/opt/rustwide/workdir" "-e" "CARGO_TARGET_DIR=/opt/rustwide/target" "-e" "CARGO_INCREMENTAL=0" "-e" "RUST_BACKTRACE=full" "-e" "RUSTFLAGS=--cap-lints=warn" "-e" "RUSTDOCFLAGS=--cap-lints=warn" "-e" "CARGO_HOME=/opt/rustwide/cargo-home" "-e" "RUSTUP_HOME=/opt/rustwide/rustup-home" "-w" "/opt/rustwide/workdir" "-m" "1610612736" "--user" "0:0" "--network" "none" "ghcr.io/rust-lang/crates-build-env/linux@sha256:2788e3201cd34a07e3172128adcd8b3090168a8e3bcc40d7c032b9dda1df7d1c" "/opt/rustwide/cargo-home/bin/cargo" "+1.75.0" "build" "--frozen" "--message-format=json", kill_on_drop: false }`
[INFO] [stdout] 7ff690a8c5e33dc45c08170643b9b10021053e41e3ff616168bcb9d7667c131e
[INFO] running `Command { std: "docker" "start" "-a" "7ff690a8c5e33dc45c08170643b9b10021053e41e3ff616168bcb9d7667c131e", kill_on_drop: false }`
[INFO] [stderr]    Compiling macro-ruby v1.1.1 (/opt/rustwide/workdir)
[INFO] [stderr]     Finished dev [unoptimized + debuginfo] target(s) in 0.34s
[INFO] running `Command { std: "docker" "inspect" "7ff690a8c5e33dc45c08170643b9b10021053e41e3ff616168bcb9d7667c131e", kill_on_drop: false }`
[INFO] running `Command { std: "docker" "rm" "-f" "7ff690a8c5e33dc45c08170643b9b10021053e41e3ff616168bcb9d7667c131e", kill_on_drop: false }`
[INFO] [stdout] 7ff690a8c5e33dc45c08170643b9b10021053e41e3ff616168bcb9d7667c131e
[INFO] running `Command { std: "docker" "create" "-v" "/var/lib/crater-agent-workspace/builds/worker-0-tc1/target:/opt/rustwide/target:rw,Z" "-v" "/var/lib/crater-agent-workspace/builds/worker-0-tc1/source:/opt/rustwide/workdir:ro,Z" "-v" "/var/lib/crater-agent-workspace/cargo-home:/opt/rustwide/cargo-home:ro,Z" "-v" "/var/lib/crater-agent-workspace/rustup-home:/opt/rustwide/rustup-home:ro,Z" "-e" "SOURCE_DIR=/opt/rustwide/workdir" "-e" "CARGO_TARGET_DIR=/opt/rustwide/target" "-e" "CARGO_INCREMENTAL=0" "-e" "RUST_BACKTRACE=full" "-e" "RUSTFLAGS=--cap-lints=warn" "-e" "RUSTDOCFLAGS=--cap-lints=warn" "-e" "CARGO_HOME=/opt/rustwide/cargo-home" "-e" "RUSTUP_HOME=/opt/rustwide/rustup-home" "-w" "/opt/rustwide/workdir" "-m" "1610612736" "--user" "0:0" "--network" "none" "ghcr.io/rust-lang/crates-build-env/linux@sha256:2788e3201cd34a07e3172128adcd8b3090168a8e3bcc40d7c032b9dda1df7d1c" "/opt/rustwide/cargo-home/bin/cargo" "+1.75.0" "test" "--frozen" "--no-run" "--message-format=json", kill_on_drop: false }`
[INFO] [stdout] b2007224137a5a452c262461aa8d5110b9d30f61765c6c4f90119944db7d1394
[INFO] running `Command { std: "docker" "start" "-a" "b2007224137a5a452c262461aa8d5110b9d30f61765c6c4f90119944db7d1394", kill_on_drop: false }`
[INFO] [stderr]    Compiling macro-ruby v1.1.1 (/opt/rustwide/workdir)
[INFO] [stdout] error: proc macro panicked
[INFO] [stdout]  --> tests/test.rs:6:20
[INFO] [stdout]   |
[INFO] [stdout] 6 |         assert_eq!(ruby_code_str!("puts 'hi'"), "hi\n");
[INFO] [stdout]   |                    ^^^^^^^^^^^^^^^^^^^^^^^^^^^
[INFO] [stdout]   |
[INFO] [stdout]   = help: message: Couldn't get output from mruby: Os { code: 2, kind: NotFound, message: "No such file or directory" }
[INFO] [stdout] 
[INFO] [stdout] 
[INFO] [stdout] error: proc macro panicked
[INFO] [stdout]  --> tests/test.rs:7:20
[INFO] [stdout]   |
[INFO] [stdout] 7 |         assert_eq!(ruby_code_str!(r"puts 'hi'"), "hi\n");
[INFO] [stdout]   |                    ^^^^^^^^^^^^^^^^^^^^^^^^^^^^
[INFO] [stdout]   |
[INFO] [stdout]   = help: message: Couldn't get output from mruby: Os { code: 2, kind: NotFound, message: "No such file or directory" }
[INFO] [stdout] 
[INFO] [stdout] 
[INFO] [stdout] error: proc macro panicked
[INFO] [stdout]  --> tests/test.rs:8:20
[INFO] [stdout]   |
[INFO] [stdout] 8 |         assert_eq!(ruby_code_str!(r#"puts 'hi'"#), "hi\n");
[INFO] [stdout]   |                    ^^^^^^^^^^^^^^^^^^^^^^^^^^^^^^
[INFO] [stdout]   |
[INFO] [stdout]   = help: message: Couldn't get output from mruby: Os { code: 2, kind: NotFound, message: "No such file or directory" }
[INFO] [stdout] 
[INFO] [stdout] 
[INFO] [stdout] error: proc macro panicked
[INFO] [stdout]   --> tests/test.rs:9:20
[INFO] [stdout]    |
[INFO] [stdout] 9  |           assert_eq!(ruby_code_str!(r#"
[INFO] [stdout]    |  ____________________^
[INFO] [stdout] 10 | |                 puts 'hi'
[INFO] [stdout] 11 | |                 "#), "hi\n");
[INFO] [stdout]    | |___________________^
[INFO] [stdout]    |
[INFO] [stdout]    = help: message: Couldn't get output from mruby: Os { code: 2, kind: NotFound, message: "No such file or directory" }
[INFO] [stdout] 
[INFO] [stdout] 
[INFO] [stdout] error: proc macro panicked
[INFO] [stdout]   --> tests/test.rs:16:20
[INFO] [stdout]    |
[INFO] [stdout] 16 |         assert_eq!(ruby_code_to!(i32 "print 500+500"), 1000);
[INFO] [stdout]    |                    ^^^^^^^^^^^^^^^^^^^^^^^^^^^^^^^^^^
[INFO] [stdout]    |
[INFO] [stdout]    = help: message: Couldn't get output from mruby: Os { code: 2, kind: NotFound, message: "No such file or directory" }
[INFO] [stdout] 
[INFO] [stdout] 
[INFO] [stdout] error: proc macro panicked
[INFO] [stdout]   --> tests/test.rs:17:20
[INFO] [stdout]    |
[INFO] [stdout] 17 |         assert_eq!(ruby_code_to!(i32, "print 500+500"), 1000);
[INFO] [stdout]    |                    ^^^^^^^^^^^^^^^^^^^^^^^^^^^^^^^^^^^
[INFO] [stdout]    |
[INFO] [stdout]    = help: message: Couldn't get output from mruby: Os { code: 2, kind: NotFound, message: "No such file or directory" }
[INFO] [stdout] 
[INFO] [stdout] 
[INFO] [stdout] error: proc macro panicked
[INFO] [stdout]   --> tests/test.rs:18:20
[INFO] [stdout]    |
[INFO] [stdout] 18 |         assert_eq!(ruby_code_to!(i32: "print 500+500"), 1000);
[INFO] [stdout]    |                    ^^^^^^^^^^^^^^^^^^^^^^^^^^^^^^^^^^^
[INFO] [stdout]    |
[INFO] [stdout]    = help: message: Couldn't get output from mruby: Os { code: 2, kind: NotFound, message: "No such file or directory" }
[INFO] [stdout] 
[INFO] [stdout] 
[INFO] [stdout] error: proc macro panicked
[INFO] [stdout]   --> tests/test.rs:23:9
[INFO] [stdout]    |
[INFO] [stdout] 23 | /         ruby_code_ast!(r#"
[INFO] [stdout] 24 | |
[INFO] [stdout] 25 | |             3.times do |x|
[INFO] [stdout] 26 | |                 puts "let var#{x} = #{x};"
[INFO] [stdout] 27 | |             end
[INFO] [stdout] 28 | |
[INFO] [stdout] 29 | |             "#);
[INFO] [stdout]    | |_______________^
[INFO] [stdout]    |
[INFO] [stdout]    = help: message: Couldn't get output from mruby: Os { code: 2, kind: NotFound, message: "No such file or directory" }
[INFO] [stdout] 
[INFO] [stdout] 
[INFO] [stdout] error[E0425]: cannot find value `var0` in this scope
[INFO] [stdout]   --> tests/test.rs:31:20
[INFO] [stdout]    |
[INFO] [stdout] 31 |         assert_eq!(var0, 0);
[INFO] [stdout]    |                    ^^^^ not found in this scope
[INFO] [stdout] 
[INFO] [stdout] 
[INFO] [stdout] error[E0425]: cannot find value `var1` in this scope
[INFO] [stdout]   --> tests/test.rs:32:20
[INFO] [stdout]    |
[INFO] [stdout] 32 |         assert_eq!(var1, 1);
[INFO] [stdout]    |                    ^^^^ not found in this scope
[INFO] [stdout] 
[INFO] [stdout] 
[INFO] [stdout] error[E0425]: cannot find value `var2` in this scope
[INFO] [stdout]   --> tests/test.rs:33:20
[INFO] [stdout]    |
[INFO] [stdout] 33 |         assert_eq!(var2, 2);
[INFO] [stdout]    |                    ^^^^ not found in this scope
[INFO] [stdout] 
[INFO] [stdout] 
[INFO] [stdout] error: aborting due to 11 previous errors
[INFO] [stdout] 
[INFO] [stdout] 
[INFO] [stdout] For more information about this error, try `rustc --explain E0425`.
[INFO] [stdout] 
[INFO] [stderr] error: could not compile `macro-ruby` (test "test") due to 12 previous errors
[INFO] running `Command { std: "docker" "inspect" "b2007224137a5a452c262461aa8d5110b9d30f61765c6c4f90119944db7d1394", kill_on_drop: false }`
[INFO] running `Command { std: "docker" "rm" "-f" "b2007224137a5a452c262461aa8d5110b9d30f61765c6c4f90119944db7d1394", kill_on_drop: false }`
[INFO] [stdout] b2007224137a5a452c262461aa8d5110b9d30f61765c6c4f90119944db7d1394
