[INFO] fetching crate macro-circom 0.1.0...
[INFO] testing macro-circom-0.1.0 against 1.75.0 for beta-1.76-1
[INFO] extracting crate macro-circom 0.1.0 into /workspace/builds/worker-0-tc1/source
[INFO] validating manifest of crates.io crate macro-circom 0.1.0 on toolchain 1.75.0
[INFO] running `Command { std: CARGO_HOME="/workspace/cargo-home" RUSTUP_HOME="/workspace/rustup-home" "/workspace/cargo-home/bin/cargo" "+1.75.0" "metadata" "--manifest-path" "Cargo.toml" "--no-deps", kill_on_drop: false }`
[INFO] started tweaking crates.io crate macro-circom 0.1.0
[INFO] finished tweaking crates.io crate macro-circom 0.1.0
[INFO] tweaked toml for crates.io crate macro-circom 0.1.0 written to /workspace/builds/worker-0-tc1/source/Cargo.toml
[INFO] crate crates.io crate macro-circom 0.1.0 already has a lockfile, it will not be regenerated
[INFO] running `Command { std: CARGO_HOME="/workspace/cargo-home" RUSTUP_HOME="/workspace/rustup-home" "/workspace/cargo-home/bin/cargo" "+1.75.0" "fetch" "--manifest-path" "Cargo.toml", kill_on_drop: false }`
[INFO] running `Command { std: "docker" "create" "-v" "/var/lib/crater-agent-workspace/builds/worker-0-tc1/target:/opt/rustwide/target:rw,Z" "-v" "/var/lib/crater-agent-workspace/builds/worker-0-tc1/source:/opt/rustwide/workdir:ro,Z" "-v" "/var/lib/crater-agent-workspace/cargo-home:/opt/rustwide/cargo-home:ro,Z" "-v" "/var/lib/crater-agent-workspace/rustup-home:/opt/rustwide/rustup-home:ro,Z" "-e" "SOURCE_DIR=/opt/rustwide/workdir" "-e" "CARGO_TARGET_DIR=/opt/rustwide/target" "-e" "CARGO_HOME=/opt/rustwide/cargo-home" "-e" "RUSTUP_HOME=/opt/rustwide/rustup-home" "-w" "/opt/rustwide/workdir" "-m" "1610612736" "--user" "0:0" "--network" "none" "ghcr.io/rust-lang/crates-build-env/linux@sha256:2788e3201cd34a07e3172128adcd8b3090168a8e3bcc40d7c032b9dda1df7d1c" "/opt/rustwide/cargo-home/bin/cargo" "+1.75.0" "metadata" "--no-deps" "--format-version=1", kill_on_drop: false }`
[INFO] [stdout] 3bb964a654c3a8d3d8d338003373531d81a6fe821cf182208b19b87beda4b092
[INFO] running `Command { std: "docker" "start" "-a" "3bb964a654c3a8d3d8d338003373531d81a6fe821cf182208b19b87beda4b092", kill_on_drop: false }`
[INFO] running `Command { std: "docker" "inspect" "3bb964a654c3a8d3d8d338003373531d81a6fe821cf182208b19b87beda4b092", kill_on_drop: false }`
[INFO] running `Command { std: "docker" "rm" "-f" "3bb964a654c3a8d3d8d338003373531d81a6fe821cf182208b19b87beda4b092", kill_on_drop: false }`
[INFO] [stdout] 3bb964a654c3a8d3d8d338003373531d81a6fe821cf182208b19b87beda4b092
[INFO] running `Command { std: "docker" "create" "-v" "/var/lib/crater-agent-workspace/builds/worker-0-tc1/target:/opt/rustwide/target:rw,Z" "-v" "/var/lib/crater-agent-workspace/builds/worker-0-tc1/source:/opt/rustwide/workdir:ro,Z" "-v" "/var/lib/crater-agent-workspace/cargo-home:/opt/rustwide/cargo-home:ro,Z" "-v" "/var/lib/crater-agent-workspace/rustup-home:/opt/rustwide/rustup-home:ro,Z" "-e" "SOURCE_DIR=/opt/rustwide/workdir" "-e" "CARGO_TARGET_DIR=/opt/rustwide/target" "-e" "CARGO_INCREMENTAL=0" "-e" "RUST_BACKTRACE=full" "-e" "RUSTFLAGS=--cap-lints=warn" "-e" "RUSTDOCFLAGS=--cap-lints=warn" "-e" "CARGO_HOME=/opt/rustwide/cargo-home" "-e" "RUSTUP_HOME=/opt/rustwide/rustup-home" "-w" "/opt/rustwide/workdir" "-m" "1610612736" "--user" "0:0" "--network" "none" "ghcr.io/rust-lang/crates-build-env/linux@sha256:2788e3201cd34a07e3172128adcd8b3090168a8e3bcc40d7c032b9dda1df7d1c" "/opt/rustwide/cargo-home/bin/cargo" "+1.75.0" "build" "--frozen" "--message-format=json", kill_on_drop: false }`
[INFO] [stdout] 2c98777bd777bc0ecee08f9d97db75a268e9a80834fa6c80cc6294e3075594ad
[INFO] running `Command { std: "docker" "start" "-a" "2c98777bd777bc0ecee08f9d97db75a268e9a80834fa6c80cc6294e3075594ad", kill_on_drop: false }`
[INFO] [stderr]    Compiling proc-macro2 v1.0.56
[INFO] [stderr]    Compiling unicode-ident v1.0.8
[INFO] [stderr]    Compiling quote v1.0.27
[INFO] [stderr]    Compiling anyhow v1.0.71
[INFO] [stderr]    Compiling thiserror v1.0.40
[INFO] [stderr]    Compiling regex-syntax v0.7.1
[INFO] [stderr]    Compiling aho-corasick v1.0.1
[INFO] [stderr]    Compiling syn v2.0.15
[INFO] [stderr]    Compiling regex v1.8.1
[INFO] [stderr]    Compiling thiserror-impl v1.0.40
[INFO] [stderr]    Compiling macro-circom v0.1.0 (/opt/rustwide/workdir)
[INFO] [stdout] warning: call to `.clone()` on a reference in this situation does nothing
[INFO] [stdout]    --> src/main.rs:101:40
[INFO] [stdout]     |
[INFO] [stdout] 101 |             instance.file_name.as_str().clone(),
[INFO] [stdout]     |                                        ^^^^^^^^ help: remove this redundant call
[INFO] [stdout]     |
[INFO] [stdout]     = note: the type `str` does not implement `Clone`, so calling `clone` on `&str` copies the reference, which does not do anything and can be removed
[INFO] [stdout]     = note: `#[warn(noop_method_call)]` on by default
[INFO] [stdout] 
[INFO] [stdout] 
[INFO] [stdout] warning: 1 warning emitted
[INFO] [stdout] 
[INFO] [stdout] 
[INFO] [stderr]     Finished dev [unoptimized + debuginfo] target(s) in 3.51s
[INFO] running `Command { std: "docker" "inspect" "2c98777bd777bc0ecee08f9d97db75a268e9a80834fa6c80cc6294e3075594ad", kill_on_drop: false }`
[INFO] running `Command { std: "docker" "rm" "-f" "2c98777bd777bc0ecee08f9d97db75a268e9a80834fa6c80cc6294e3075594ad", kill_on_drop: false }`
[INFO] [stdout] 2c98777bd777bc0ecee08f9d97db75a268e9a80834fa6c80cc6294e3075594ad
[INFO] running `Command { std: "docker" "create" "-v" "/var/lib/crater-agent-workspace/builds/worker-0-tc1/target:/opt/rustwide/target:rw,Z" "-v" "/var/lib/crater-agent-workspace/builds/worker-0-tc1/source:/opt/rustwide/workdir:ro,Z" "-v" "/var/lib/crater-agent-workspace/cargo-home:/opt/rustwide/cargo-home:ro,Z" "-v" "/var/lib/crater-agent-workspace/rustup-home:/opt/rustwide/rustup-home:ro,Z" "-e" "SOURCE_DIR=/opt/rustwide/workdir" "-e" "CARGO_TARGET_DIR=/opt/rustwide/target" "-e" "CARGO_INCREMENTAL=0" "-e" "RUST_BACKTRACE=full" "-e" "RUSTFLAGS=--cap-lints=warn" "-e" "RUSTDOCFLAGS=--cap-lints=warn" "-e" "CARGO_HOME=/opt/rustwide/cargo-home" "-e" "RUSTUP_HOME=/opt/rustwide/rustup-home" "-w" "/opt/rustwide/workdir" "-m" "1610612736" "--user" "0:0" "--network" "none" "ghcr.io/rust-lang/crates-build-env/linux@sha256:2788e3201cd34a07e3172128adcd8b3090168a8e3bcc40d7c032b9dda1df7d1c" "/opt/rustwide/cargo-home/bin/cargo" "+1.75.0" "test" "--frozen" "--no-run" "--message-format=json", kill_on_drop: false }`
[INFO] [stdout] ca9db418a0c52e12dd4f97da9ad1f833288f0b1de3ef611e97fc4ec0cdd56703
[INFO] running `Command { std: "docker" "start" "-a" "ca9db418a0c52e12dd4f97da9ad1f833288f0b1de3ef611e97fc4ec0cdd56703", kill_on_drop: false }`
[INFO] [stderr]    Compiling macro-circom v0.1.0 (/opt/rustwide/workdir)
[INFO] [stdout] error[E0061]: this function takes 3 arguments but 2 arguments were supplied
[INFO] [stdout]    --> src/main.rs:768:22
[INFO] [stdout]     |
[INFO] [stdout] 768 |         let result = create_rust_idl(UTXO_STRUCT_BASE, &public_inputs);
[INFO] [stdout]     |                      ^^^^^^^^^^^^^^^---------------------------------- an argument of type `&str` is missing
[INFO] [stdout]     |
[INFO] [stdout] note: function defined here
[INFO] [stdout]    --> src/main.rs:469:8
[INFO] [stdout]     |
[INFO] [stdout] 469 | pub fn create_rust_idl(base: &str, public_inputs: &Vec<String>, input_type: &str) -> String {
[INFO] [stdout]     |        ^^^^^^^^^^^^^^^ ----------  ---------------------------  ----------------
[INFO] [stdout] help: provide the argument
[INFO] [stdout]     |
[INFO] [stdout] 768 |         let result = create_rust_idl(UTXO_STRUCT_BASE, &public_inputs, /* &str */);
[INFO] [stdout]     |                                     ~~~~~~~~~~~~~~~~~~~~~~~~~~~~~~~~~~~~~~~~~~~~~~
[INFO] [stdout] 
[INFO] [stdout] 
[INFO] [stdout] error[E0061]: this function takes 3 arguments but 2 arguments were supplied
[INFO] [stdout]    --> src/main.rs:791:22
[INFO] [stdout]     |
[INFO] [stdout] 791 |         let output = create_rust_idl(PUBLIC_INPUTS_INSTRUCTION_DATA_BASE, &public_inputs);
[INFO] [stdout]     |                      ^^^^^^^^^^^^^^^----------------------------------------------------- an argument of type `&str` is missing
[INFO] [stdout]     |
[INFO] [stdout] note: function defined here
[INFO] [stdout]    --> src/main.rs:469:8
[INFO] [stdout]     |
[INFO] [stdout] 469 | pub fn create_rust_idl(base: &str, public_inputs: &Vec<String>, input_type: &str) -> String {
[INFO] [stdout]     |        ^^^^^^^^^^^^^^^ ----------  ---------------------------  ----------------
[INFO] [stdout] help: provide the argument
[INFO] [stdout]     |
[INFO] [stdout] 791 |         let output = create_rust_idl(PUBLIC_INPUTS_INSTRUCTION_DATA_BASE, &public_inputs, /* &str */);
[INFO] [stdout]     |                                     ~~~~~~~~~~~~~~~~~~~~~~~~~~~~~~~~~~~~~~~~~~~~~~~~~~~~~~~~~~~~~~~~~
[INFO] [stdout] 
[INFO] [stdout] 
[INFO] [stdout] error: aborting due to 2 previous errors
[INFO] [stdout] 
[INFO] [stdout] 
[INFO] [stdout] For more information about this error, try `rustc --explain E0061`.
[INFO] [stdout] 
[INFO] [stderr] error: could not compile `macro-circom` (bin "macro-circom" test) due to 3 previous errors
[INFO] running `Command { std: "docker" "inspect" "ca9db418a0c52e12dd4f97da9ad1f833288f0b1de3ef611e97fc4ec0cdd56703", kill_on_drop: false }`
[INFO] running `Command { std: "docker" "rm" "-f" "ca9db418a0c52e12dd4f97da9ad1f833288f0b1de3ef611e97fc4ec0cdd56703", kill_on_drop: false }`
[INFO] [stdout] ca9db418a0c52e12dd4f97da9ad1f833288f0b1de3ef611e97fc4ec0cdd56703
[INFO] testing macro-circom-0.1.0 against beta-2023-12-22 for beta-1.76-1
[INFO] extracting crate macro-circom 0.1.0 into /workspace/builds/worker-0-tc2/source
[INFO] validating manifest of crates.io crate macro-circom 0.1.0 on toolchain beta-2023-12-22
[INFO] running `Command { std: CARGO_HOME="/workspace/cargo-home" RUSTUP_HOME="/workspace/rustup-home" "/workspace/cargo-home/bin/cargo" "+beta-2023-12-22" "metadata" "--manifest-path" "Cargo.toml" "--no-deps", kill_on_drop: false }`
[INFO] started tweaking crates.io crate macro-circom 0.1.0
[INFO] finished tweaking crates.io crate macro-circom 0.1.0
[INFO] tweaked toml for crates.io crate macro-circom 0.1.0 written to /workspace/builds/worker-0-tc2/source/Cargo.toml
[INFO] crate crates.io crate macro-circom 0.1.0 already has a lockfile, it will not be regenerated
[INFO] running `Command { std: CARGO_HOME="/workspace/cargo-home" RUSTUP_HOME="/workspace/rustup-home" "/workspace/cargo-home/bin/cargo" "+beta-2023-12-22" "fetch" "--manifest-path" "Cargo.toml", kill_on_drop: false }`
[INFO] running `Command { std: "docker" "create" "-v" "/var/lib/crater-agent-workspace/builds/worker-0-tc2/target:/opt/rustwide/target:rw,Z" "-v" "/var/lib/crater-agent-workspace/builds/worker-0-tc2/source:/opt/rustwide/workdir:ro,Z" "-v" "/var/lib/crater-agent-workspace/cargo-home:/opt/rustwide/cargo-home:ro,Z" "-v" "/var/lib/crater-agent-workspace/rustup-home:/opt/rustwide/rustup-home:ro,Z" "-e" "SOURCE_DIR=/opt/rustwide/workdir" "-e" "CARGO_TARGET_DIR=/opt/rustwide/target" "-e" "CARGO_HOME=/opt/rustwide/cargo-home" "-e" "RUSTUP_HOME=/opt/rustwide/rustup-home" "-w" "/opt/rustwide/workdir" "-m" "1610612736" "--user" "0:0" "--network" "none" "ghcr.io/rust-lang/crates-build-env/linux@sha256:2788e3201cd34a07e3172128adcd8b3090168a8e3bcc40d7c032b9dda1df7d1c" "/opt/rustwide/cargo-home/bin/cargo" "+beta-2023-12-22" "metadata" "--no-deps" "--format-version=1", kill_on_drop: false }`
[INFO] [stdout] c454fc78482dbc544af9108e00d19b1af3394225eef3b959ca6caa432faeb654
[INFO] running `Command { std: "docker" "start" "-a" "c454fc78482dbc544af9108e00d19b1af3394225eef3b959ca6caa432faeb654", kill_on_drop: false }`
[INFO] running `Command { std: "docker" "inspect" "c454fc78482dbc544af9108e00d19b1af3394225eef3b959ca6caa432faeb654", kill_on_drop: false }`
[INFO] running `Command { std: "docker" "rm" "-f" "c454fc78482dbc544af9108e00d19b1af3394225eef3b959ca6caa432faeb654", kill_on_drop: false }`
[INFO] [stdout] c454fc78482dbc544af9108e00d19b1af3394225eef3b959ca6caa432faeb654
[INFO] running `Command { std: "docker" "create" "-v" "/var/lib/crater-agent-workspace/builds/worker-0-tc2/target:/opt/rustwide/target:rw,Z" "-v" "/var/lib/crater-agent-workspace/builds/worker-0-tc2/source:/opt/rustwide/workdir:ro,Z" "-v" "/var/lib/crater-agent-workspace/cargo-home:/opt/rustwide/cargo-home:ro,Z" "-v" "/var/lib/crater-agent-workspace/rustup-home:/opt/rustwide/rustup-home:ro,Z" "-e" "SOURCE_DIR=/opt/rustwide/workdir" "-e" "CARGO_TARGET_DIR=/opt/rustwide/target" "-e" "CARGO_INCREMENTAL=0" "-e" "RUST_BACKTRACE=full" "-e" "RUSTFLAGS=--cap-lints=warn" "-e" "RUSTDOCFLAGS=--cap-lints=warn" "-e" "CARGO_HOME=/opt/rustwide/cargo-home" "-e" "RUSTUP_HOME=/opt/rustwide/rustup-home" "-w" "/opt/rustwide/workdir" "-m" "1610612736" "--user" "0:0" "--network" "none" "ghcr.io/rust-lang/crates-build-env/linux@sha256:2788e3201cd34a07e3172128adcd8b3090168a8e3bcc40d7c032b9dda1df7d1c" "/opt/rustwide/cargo-home/bin/cargo" "+beta-2023-12-22" "build" "--frozen" "--message-format=json", kill_on_drop: false }`
[INFO] [stdout] 8142a2be1a2cc863ba5220377c40a7655c77039151f73a0704fdae96c024e175
[INFO] running `Command { std: "docker" "start" "-a" "8142a2be1a2cc863ba5220377c40a7655c77039151f73a0704fdae96c024e175", kill_on_drop: false }`
[INFO] [stderr]    Compiling proc-macro2 v1.0.56
[INFO] [stderr]    Compiling quote v1.0.27
[INFO] [stderr]    Compiling unicode-ident v1.0.8
[INFO] [stderr]    Compiling thiserror v1.0.40
[INFO] [stderr]    Compiling anyhow v1.0.71
[INFO] [stderr]    Compiling regex-syntax v0.7.1
[INFO] [stderr]    Compiling aho-corasick v1.0.1
[INFO] [stderr]    Compiling syn v2.0.15
[INFO] [stderr]    Compiling regex v1.8.1
[INFO] [stderr]    Compiling thiserror-impl v1.0.40
[INFO] [stderr]    Compiling macro-circom v0.1.0 (/opt/rustwide/workdir)
[INFO] [stdout] warning: call to `.clone()` on a reference in this situation does nothing
[INFO] [stdout]    --> src/main.rs:101:40
[INFO] [stdout]     |
[INFO] [stdout] 101 |             instance.file_name.as_str().clone(),
[INFO] [stdout]     |                                        ^^^^^^^^ help: remove this redundant call
[INFO] [stdout]     |
[INFO] [stdout]     = note: the type `str` does not implement `Clone`, so calling `clone` on `&str` copies the reference, which does not do anything and can be removed
[INFO] [stdout]     = note: `#[warn(noop_method_call)]` on by default
[INFO] [stdout] 
[INFO] [stdout] 
[INFO] [stdout] warning: 1 warning emitted
[INFO] [stdout] 
[INFO] [stdout] 
[INFO] [stderr]     Finished dev [unoptimized + debuginfo] target(s) in 5.44s
[INFO] running `Command { std: "docker" "inspect" "8142a2be1a2cc863ba5220377c40a7655c77039151f73a0704fdae96c024e175", kill_on_drop: false }`
[INFO] running `Command { std: "docker" "rm" "-f" "8142a2be1a2cc863ba5220377c40a7655c77039151f73a0704fdae96c024e175", kill_on_drop: false }`
[INFO] [stdout] 8142a2be1a2cc863ba5220377c40a7655c77039151f73a0704fdae96c024e175
[INFO] running `Command { std: "docker" "create" "-v" "/var/lib/crater-agent-workspace/builds/worker-0-tc2/target:/opt/rustwide/target:rw,Z" "-v" "/var/lib/crater-agent-workspace/builds/worker-0-tc2/source:/opt/rustwide/workdir:ro,Z" "-v" "/var/lib/crater-agent-workspace/cargo-home:/opt/rustwide/cargo-home:ro,Z" "-v" "/var/lib/crater-agent-workspace/rustup-home:/opt/rustwide/rustup-home:ro,Z" "-e" "SOURCE_DIR=/opt/rustwide/workdir" "-e" "CARGO_TARGET_DIR=/opt/rustwide/target" "-e" "CARGO_INCREMENTAL=0" "-e" "RUST_BACKTRACE=full" "-e" "RUSTFLAGS=--cap-lints=warn" "-e" "RUSTDOCFLAGS=--cap-lints=warn" "-e" "CARGO_HOME=/opt/rustwide/cargo-home" "-e" "RUSTUP_HOME=/opt/rustwide/rustup-home" "-w" "/opt/rustwide/workdir" "-m" "1610612736" "--user" "0:0" "--network" "none" "ghcr.io/rust-lang/crates-build-env/linux@sha256:2788e3201cd34a07e3172128adcd8b3090168a8e3bcc40d7c032b9dda1df7d1c" "/opt/rustwide/cargo-home/bin/cargo" "+beta-2023-12-22" "test" "--frozen" "--no-run" "--message-format=json", kill_on_drop: false }`
[INFO] [stdout] ab3e5f892d7c348514eabb2714c635fed85b3ee12bfebd1a750b20262de0e8b9
[INFO] running `Command { std: "docker" "start" "-a" "ab3e5f892d7c348514eabb2714c635fed85b3ee12bfebd1a750b20262de0e8b9", kill_on_drop: false }`
[INFO] [stderr]    Compiling macro-circom v0.1.0 (/opt/rustwide/workdir)
[INFO] [stdout] error[E0061]: this function takes 3 arguments but 2 arguments were supplied
[INFO] [stdout]    --> src/main.rs:768:22
[INFO] [stdout]     |
[INFO] [stdout] 768 |         let result = create_rust_idl(UTXO_STRUCT_BASE, &public_inputs);
[INFO] [stdout]     |                      ^^^^^^^^^^^^^^^---------------------------------- an argument of type `&str` is missing
[INFO] [stdout]     |
[INFO] [stdout] note: function defined here
[INFO] [stdout]    --> src/main.rs:469:8
[INFO] [stdout]     |
[INFO] [stdout] 469 | pub fn create_rust_idl(base: &str, public_inputs: &Vec<String>, input_type: &str) -> String {
[INFO] [stdout]     |        ^^^^^^^^^^^^^^^ ----------  ---------------------------  ----------------
[INFO] [stdout] help: provide the argument
[INFO] [stdout]     |
[INFO] [stdout] 768 |         let result = create_rust_idl(UTXO_STRUCT_BASE, &public_inputs, /* &str */);
[INFO] [stdout]     |                                     ~~~~~~~~~~~~~~~~~~~~~~~~~~~~~~~~~~~~~~~~~~~~~~
[INFO] [stdout] 
[INFO] [stdout] 
[INFO] [stdout] error[E0061]: this function takes 3 arguments but 2 arguments were supplied
[INFO] [stdout]    --> src/main.rs:791:22
[INFO] [stdout]     |
[INFO] [stdout] 791 |         let output = create_rust_idl(PUBLIC_INPUTS_INSTRUCTION_DATA_BASE, &public_inputs);
[INFO] [stdout]     |                      ^^^^^^^^^^^^^^^----------------------------------------------------- an argument of type `&str` is missing
[INFO] [stdout]     |
[INFO] [stdout] note: function defined here
[INFO] [stdout]    --> src/main.rs:469:8
[INFO] [stdout]     |
[INFO] [stdout] 469 | pub fn create_rust_idl(base: &str, public_inputs: &Vec<String>, input_type: &str) -> String {
[INFO] [stdout]     |        ^^^^^^^^^^^^^^^ ----------  ---------------------------  ----------------
[INFO] [stdout] help: provide the argument
[INFO] [stdout]     |
[INFO] [stdout] 791 |         let output = create_rust_idl(PUBLIC_INPUTS_INSTRUCTION_DATA_BASE, &public_inputs, /* &str */);
[INFO] [stdout]     |                                     ~~~~~~~~~~~~~~~~~~~~~~~~~~~~~~~~~~~~~~~~~~~~~~~~~~~~~~~~~~~~~~~~~
[INFO] [stdout] 
[INFO] [stdout] 
[INFO] [stdout] error: aborting due to 2 previous errors
[INFO] [stdout] 
[INFO] [stdout] 
[INFO] [stdout] For more information about this error, try `rustc --explain E0061`.
[INFO] [stdout] 
[INFO] [stderr] error: could not compile `macro-circom` (bin "macro-circom" test) due to 3 previous errors
[INFO] running `Command { std: "docker" "inspect" "ab3e5f892d7c348514eabb2714c635fed85b3ee12bfebd1a750b20262de0e8b9", kill_on_drop: false }`
[INFO] running `Command { std: "docker" "rm" "-f" "ab3e5f892d7c348514eabb2714c635fed85b3ee12bfebd1a750b20262de0e8b9", kill_on_drop: false }`
[INFO] [stdout] ab3e5f892d7c348514eabb2714c635fed85b3ee12bfebd1a750b20262de0e8b9
