[INFO] fetching crate lyte 0.1.0...
[INFO] testing lyte-0.1.0 against 1.75.0 for beta-1.76-1
[INFO] extracting crate lyte 0.1.0 into /workspace/builds/worker-3-tc1/source
[INFO] validating manifest of crates.io crate lyte 0.1.0 on toolchain 1.75.0
[INFO] running `Command { std: CARGO_HOME="/workspace/cargo-home" RUSTUP_HOME="/workspace/rustup-home" "/workspace/cargo-home/bin/cargo" "+1.75.0" "metadata" "--manifest-path" "Cargo.toml" "--no-deps", kill_on_drop: false }`
[INFO] started tweaking crates.io crate lyte 0.1.0
[INFO] finished tweaking crates.io crate lyte 0.1.0
[INFO] tweaked toml for crates.io crate lyte 0.1.0 written to /workspace/builds/worker-3-tc1/source/Cargo.toml
[INFO] crate crates.io crate lyte 0.1.0 already has a lockfile, it will not be regenerated
[INFO] running `Command { std: CARGO_HOME="/workspace/cargo-home" RUSTUP_HOME="/workspace/rustup-home" "/workspace/cargo-home/bin/cargo" "+1.75.0" "fetch" "--manifest-path" "Cargo.toml", kill_on_drop: false }`
[INFO] [stderr]     Blocking waiting for file lock on package cache
[INFO] [stderr]  Downloading crates ...
[INFO] [stderr]   Downloaded insta v1.21.1
[INFO] running `Command { std: "docker" "create" "-v" "/var/lib/crater-agent-workspace/builds/worker-3-tc1/target:/opt/rustwide/target:rw,Z" "-v" "/var/lib/crater-agent-workspace/builds/worker-3-tc1/source:/opt/rustwide/workdir:ro,Z" "-v" "/var/lib/crater-agent-workspace/cargo-home:/opt/rustwide/cargo-home:ro,Z" "-v" "/var/lib/crater-agent-workspace/rustup-home:/opt/rustwide/rustup-home:ro,Z" "-e" "SOURCE_DIR=/opt/rustwide/workdir" "-e" "CARGO_TARGET_DIR=/opt/rustwide/target" "-e" "CARGO_HOME=/opt/rustwide/cargo-home" "-e" "RUSTUP_HOME=/opt/rustwide/rustup-home" "-w" "/opt/rustwide/workdir" "-m" "1610612736" "--user" "0:0" "--network" "none" "ghcr.io/rust-lang/crates-build-env/linux@sha256:2788e3201cd34a07e3172128adcd8b3090168a8e3bcc40d7c032b9dda1df7d1c" "/opt/rustwide/cargo-home/bin/cargo" "+1.75.0" "metadata" "--no-deps" "--format-version=1", kill_on_drop: false }`
[INFO] [stdout] 3ba7d463c98f5dda4daf86e79dbae510141f39bc2507c5c88a40cbc6266dba62
[INFO] running `Command { std: "docker" "start" "-a" "3ba7d463c98f5dda4daf86e79dbae510141f39bc2507c5c88a40cbc6266dba62", kill_on_drop: false }`
[INFO] running `Command { std: "docker" "inspect" "3ba7d463c98f5dda4daf86e79dbae510141f39bc2507c5c88a40cbc6266dba62", kill_on_drop: false }`
[INFO] running `Command { std: "docker" "rm" "-f" "3ba7d463c98f5dda4daf86e79dbae510141f39bc2507c5c88a40cbc6266dba62", kill_on_drop: false }`
[INFO] [stdout] 3ba7d463c98f5dda4daf86e79dbae510141f39bc2507c5c88a40cbc6266dba62
[INFO] running `Command { std: "docker" "create" "-v" "/var/lib/crater-agent-workspace/builds/worker-3-tc1/target:/opt/rustwide/target:rw,Z" "-v" "/var/lib/crater-agent-workspace/builds/worker-3-tc1/source:/opt/rustwide/workdir:ro,Z" "-v" "/var/lib/crater-agent-workspace/cargo-home:/opt/rustwide/cargo-home:ro,Z" "-v" "/var/lib/crater-agent-workspace/rustup-home:/opt/rustwide/rustup-home:ro,Z" "-e" "SOURCE_DIR=/opt/rustwide/workdir" "-e" "CARGO_TARGET_DIR=/opt/rustwide/target" "-e" "CARGO_INCREMENTAL=0" "-e" "RUST_BACKTRACE=full" "-e" "RUSTFLAGS=--cap-lints=warn" "-e" "RUSTDOCFLAGS=--cap-lints=warn" "-e" "CARGO_HOME=/opt/rustwide/cargo-home" "-e" "RUSTUP_HOME=/opt/rustwide/rustup-home" "-w" "/opt/rustwide/workdir" "-m" "1610612736" "--user" "0:0" "--network" "none" "ghcr.io/rust-lang/crates-build-env/linux@sha256:2788e3201cd34a07e3172128adcd8b3090168a8e3bcc40d7c032b9dda1df7d1c" "/opt/rustwide/cargo-home/bin/cargo" "+1.75.0" "build" "--frozen" "--message-format=json", kill_on_drop: false }`
[INFO] [stdout] 5437ff2f6aaefba37ac1ae9f23c9d20418602a7d00c0d3a00c6e21386ef2af73
[INFO] running `Command { std: "docker" "start" "-a" "5437ff2f6aaefba37ac1ae9f23c9d20418602a7d00c0d3a00c6e21386ef2af73", kill_on_drop: false }`
[INFO] [stderr]    Compiling libc v0.2.81
[INFO] [stderr]    Compiling linked-hash-map v0.5.6
[INFO] [stderr]    Compiling either v1.6.1
[INFO] [stderr]    Compiling similar v2.2.1
[INFO] [stderr]    Compiling owo-colors v3.5.0
[INFO] [stderr]    Compiling smallvec v1.10.0
[INFO] [stderr]    Compiling itertools v0.10.5
[INFO] [stderr]    Compiling yaml-rust v0.4.5
[INFO] [stderr]    Compiling terminal_size v0.1.17
[INFO] [stderr]    Compiling console v0.15.2
[INFO] [stderr]    Compiling insta v1.21.1
[INFO] [stderr]    Compiling lyte v0.1.0 (/opt/rustwide/workdir)
[INFO] [stderr]     Finished dev [unoptimized + debuginfo] target(s) in 1.79s
[INFO] running `Command { std: "docker" "inspect" "5437ff2f6aaefba37ac1ae9f23c9d20418602a7d00c0d3a00c6e21386ef2af73", kill_on_drop: false }`
[INFO] running `Command { std: "docker" "rm" "-f" "5437ff2f6aaefba37ac1ae9f23c9d20418602a7d00c0d3a00c6e21386ef2af73", kill_on_drop: false }`
[INFO] [stdout] 5437ff2f6aaefba37ac1ae9f23c9d20418602a7d00c0d3a00c6e21386ef2af73
[INFO] running `Command { std: "docker" "create" "-v" "/var/lib/crater-agent-workspace/builds/worker-3-tc1/target:/opt/rustwide/target:rw,Z" "-v" "/var/lib/crater-agent-workspace/builds/worker-3-tc1/source:/opt/rustwide/workdir:ro,Z" "-v" "/var/lib/crater-agent-workspace/cargo-home:/opt/rustwide/cargo-home:ro,Z" "-v" "/var/lib/crater-agent-workspace/rustup-home:/opt/rustwide/rustup-home:ro,Z" "-e" "SOURCE_DIR=/opt/rustwide/workdir" "-e" "CARGO_TARGET_DIR=/opt/rustwide/target" "-e" "CARGO_INCREMENTAL=0" "-e" "RUST_BACKTRACE=full" "-e" "RUSTFLAGS=--cap-lints=warn" "-e" "RUSTDOCFLAGS=--cap-lints=warn" "-e" "CARGO_HOME=/opt/rustwide/cargo-home" "-e" "RUSTUP_HOME=/opt/rustwide/rustup-home" "-w" "/opt/rustwide/workdir" "-m" "1610612736" "--user" "0:0" "--network" "none" "ghcr.io/rust-lang/crates-build-env/linux@sha256:2788e3201cd34a07e3172128adcd8b3090168a8e3bcc40d7c032b9dda1df7d1c" "/opt/rustwide/cargo-home/bin/cargo" "+1.75.0" "test" "--frozen" "--no-run" "--message-format=json", kill_on_drop: false }`
[INFO] [stdout] dfdf51bd281c5caf8da25a96cfd221f92119b2f6dfb4c8798fa5083d73d25e51
[INFO] running `Command { std: "docker" "start" "-a" "dfdf51bd281c5caf8da25a96cfd221f92119b2f6dfb4c8798fa5083d73d25e51", kill_on_drop: false }`
[INFO] [stderr]    Compiling lyte v0.1.0 (/opt/rustwide/workdir)
[INFO] [stdout] error[E0433]: failed to resolve: use of undeclared crate or module `lumina_typesystem`
[INFO] [stdout]  --> examples/sum.rs:1:5
[INFO] [stdout]   |
[INFO] [stdout] 1 | use lumina_typesystem::frontend::Sum;
[INFO] [stdout]   |     ^^^^^^^^^^^^^^^^^ use of undeclared crate or module `lumina_typesystem`
[INFO] [stdout] 
[INFO] [stdout] 
[INFO] [stdout] error[E0433]: failed to resolve: use of undeclared crate or module `lumina_typesystem`
[INFO] [stdout]  --> examples/function.rs:1:5
[INFO] [stdout]   |
[INFO] [stdout] 1 | use lumina_typesystem::frontend::Function;
[INFO] [stdout]   |     ^^^^^^^^^^^^^^^^^ use of undeclared crate or module `lumina_typesystem`
[INFO] [stdout] 
[INFO] [stdout] 
[INFO] [stdout] error[E0433]: failed to resolve: use of undeclared crate or module `lumina_typesystem`
[INFO] [stdout]  --> examples/record.rs:1:5
[INFO] [stdout]   |
[INFO] [stdout] 1 | use lumina_typesystem::frontend::Product;
[INFO] [stdout]   |     ^^^^^^^^^^^^^^^^^ use of undeclared crate or module `lumina_typesystem`
[INFO] [stdout] 
[INFO] [stdout] 
[INFO] [stdout] error[E0432]: unresolved import `lumina_typesystem`
[INFO] [stdout]  --> examples/function.rs:2:5
[INFO] [stdout]   |
[INFO] [stdout] 2 | use lumina_typesystem::{TEnv, TraitIndex};
[INFO] [stdout]   |     ^^^^^^^^^^^^^^^^^ use of undeclared crate or module `lumina_typesystem`
[INFO] [stdout] 
[INFO] [stdout] 
[INFO] [stdout] error[E0432]: unresolved import `lumina_typesystem`
[INFO] [stdout]  --> examples/record.rs:2:5
[INFO] [stdout]   |
[INFO] [stdout] 2 | use lumina_typesystem::{ErrorHandler, TEnv, TraitIndex, TypeContext};
[INFO] [stdout]   |     ^^^^^^^^^^^^^^^^^ use of undeclared crate or module `lumina_typesystem`
[INFO] [stdout] 
[INFO] [stdout] 
[INFO] [stdout] error[E0432]: unresolved import `lumina_typesystem`
[INFO] [stdout]  --> examples/sum.rs:2:5
[INFO] [stdout]   |
[INFO] [stdout] 2 | use lumina_typesystem::{TEnv, TraitIndex};
[INFO] [stdout]   |     ^^^^^^^^^^^^^^^^^ use of undeclared crate or module `lumina_typesystem`
[INFO] [stdout] 
[INFO] [stdout] 
[INFO] [stdout] error[E0433]: failed to resolve: use of undeclared crate or module `lumina_typesystem`
[INFO] [stdout]  --> examples/shared.rs:7:17
[INFO] [stdout]   |
[INFO] [stdout] 7 | pub type Type = lumina_typesystem::Type<TypeData>;
[INFO] [stdout]   |                 ^^^^^^^^^^^^^^^^^ use of undeclared crate or module `lumina_typesystem`
[INFO] [stdout] 
[INFO] [stdout] 
[INFO] [stdout] error[E0433]: failed to resolve: use of undeclared crate or module `lumina_typesystem`
[INFO] [stdout]  --> examples/shared.rs:7:17
[INFO] [stdout]   |
[INFO] [stdout] 7 | pub type Type = lumina_typesystem::Type<TypeData>;
[INFO] [stdout]   |                 ^^^^^^^^^^^^^^^^^ use of undeclared crate or module `lumina_typesystem`
[INFO] [stdout] 
[INFO] [stdout] 
[INFO] [stdout] error[E0433]: failed to resolve: use of undeclared crate or module `lumina_typesystem`
[INFO] [stdout]  --> examples/shared.rs:7:17
[INFO] [stdout]   |
[INFO] [stdout] 7 | pub type Type = lumina_typesystem::Type<TypeData>;
[INFO] [stdout]   |                 ^^^^^^^^^^^^^^^^^ use of undeclared crate or module `lumina_typesystem`
[INFO] [stdout] 
[INFO] [stdout] 
[INFO] [stdout] error[E0433]: failed to resolve: use of undeclared crate or module `lumina_typesystem`
[INFO] [stdout]  --> examples/shared.rs:8:21
[INFO] [stdout]   |
[INFO] [stdout] 8 | pub type TypeKind = lumina_typesystem::TypeKind<TypeData>;
[INFO] [stdout]   |                     ^^^^^^^^^^^^^^^^^ use of undeclared crate or module `lumina_typesystem`
[INFO] [stdout] 
[INFO] [stdout] 
[INFO] [stdout] error[E0433]: failed to resolve: use of undeclared crate or module `lumina_typesystem`
[INFO] [stdout]  --> examples/shared.rs:7:17
[INFO] [stdout]   |
[INFO] [stdout] 7 | pub type Type = lumina_typesystem::Type<TypeData>;
[INFO] [stdout]   |                 ^^^^^^^^^^^^^^^^^ use of undeclared crate or module `lumina_typesystem`
[INFO] [stdout] 
[INFO] [stdout] 
[INFO] [stdout] error[E0433]: failed to resolve: use of undeclared crate or module `lumina_typesystem`
[INFO] [stdout]  --> examples/shared.rs:8:21
[INFO] [stdout]   |
[INFO] [stdout] 8 | pub type TypeKind = lumina_typesystem::TypeKind<TypeData>;
[INFO] [stdout]   |                     ^^^^^^^^^^^^^^^^^ use of undeclared crate or module `lumina_typesystem`
[INFO] [stdout] 
[INFO] [stdout] 
[INFO] [stdout] error[E0433]: failed to resolve: use of undeclared crate or module `lumina_typesystem`
[INFO] [stdout]   --> examples/shared.rs:10:6
[INFO] [stdout]    |
[INFO] [stdout] 10 | impl lumina_typesystem::TypeData for TypeData {
[INFO] [stdout]    |      ^^^^^^^^^^^^^^^^^ use of undeclared crate or module `lumina_typesystem`
[INFO] [stdout] 
[INFO] [stdout] 
[INFO] [stdout] error[E0433]: failed to resolve: use of undeclared crate or module `lumina_typesystem`
[INFO] [stdout]  --> examples/shared.rs:8:21
[INFO] [stdout]   |
[INFO] [stdout] 8 | pub type TypeKind = lumina_typesystem::TypeKind<TypeData>;
[INFO] [stdout]   |                     ^^^^^^^^^^^^^^^^^ use of undeclared crate or module `lumina_typesystem`
[INFO] [stdout] 
[INFO] [stdout] 
[INFO] [stderr] error: could not compile `lyte` (example "sum") due to 7 previous errors
[INFO] [stdout] error[E0433]: failed to resolve: use of undeclared crate or module `lumina_typesystem`
[INFO] [stdout]   --> examples/shared.rs:18:33
[INFO] [stdout]    |
[INFO] [stdout] 18 |     fn first_available(forall: &lumina_typesystem::Generics<Self>) -> char {
[INFO] [stdout]    |                                 ^^^^^^^^^^^^^^^^^ use of undeclared crate or module `lumina_typesystem`
[INFO] [stdout] 
[INFO] [stdout] 
[INFO] [stderr] warning: build failed, waiting for other jobs to finish...
[INFO] [stdout] error[E0433]: failed to resolve: use of undeclared crate or module `lumina_typesystem`
[INFO] [stdout]  --> examples/shared.rs:8:21
[INFO] [stdout]   |
[INFO] [stdout] 8 | pub type TypeKind = lumina_typesystem::TypeKind<TypeData>;
[INFO] [stdout]   |                     ^^^^^^^^^^^^^^^^^ use of undeclared crate or module `lumina_typesystem`
[INFO] [stdout] 
[INFO] [stdout] 
[INFO] [stdout] error: aborting due to 6 previous errors
[INFO] [stdout] 
[INFO] [stdout] 
[INFO] [stdout] Some errors have detailed explanations: E0432, E0433.
[INFO] [stdout] 
[INFO] [stdout] error[E0433]: failed to resolve: use of undeclared crate or module `lumina_typesystem`
[INFO] [stdout]   --> examples/shared.rs:10:6
[INFO] [stdout]    |
[INFO] [stdout] 10 | impl lumina_typesystem::TypeData for TypeData {
[INFO] [stdout]    |      ^^^^^^^^^^^^^^^^^ use of undeclared crate or module `lumina_typesystem`
[INFO] [stdout] 
[INFO] [stdout] 
[INFO] [stdout] For more information about an error, try `rustc --explain E0432`.
[INFO] [stdout] 
[INFO] [stdout] error[E0433]: failed to resolve: use of undeclared crate or module `lumina_typesystem`
[INFO] [stdout]   --> examples/shared.rs:10:6
[INFO] [stdout]    |
[INFO] [stdout] 10 | impl lumina_typesystem::TypeData for TypeData {
[INFO] [stdout]    |      ^^^^^^^^^^^^^^^^^ use of undeclared crate or module `lumina_typesystem`
[INFO] [stdout] 
[INFO] [stdout] 
[INFO] [stdout] error[E0433]: failed to resolve: use of undeclared crate or module `lumina_typesystem`
[INFO] [stdout]   --> examples/shared.rs:18:33
[INFO] [stdout]    |
[INFO] [stdout] 18 |     fn first_available(forall: &lumina_typesystem::Generics<Self>) -> char {
[INFO] [stdout]    |                                 ^^^^^^^^^^^^^^^^^ use of undeclared crate or module `lumina_typesystem`
[INFO] [stdout] 
[INFO] [stdout] 
[INFO] [stderr] error: could not compile `lyte` (example "record") due to 7 previous errors
[INFO] [stdout] error[E0433]: failed to resolve: use of undeclared crate or module `lumina_typesystem`
[INFO] [stdout]   --> examples/shared.rs:10:6
[INFO] [stdout]    |
[INFO] [stdout] 10 | impl lumina_typesystem::TypeData for TypeData {
[INFO] [stdout]    |      ^^^^^^^^^^^^^^^^^ use of undeclared crate or module `lumina_typesystem`
[INFO] [stdout] 
[INFO] [stdout] 
[INFO] [stdout] error: aborting due to 4 previous errors
[INFO] [stdout] 
[INFO] [stdout] 
[INFO] [stdout] error[E0433]: failed to resolve: use of undeclared crate or module `lumina_typesystem`
[INFO] [stdout]   --> examples/shared.rs:18:33
[INFO] [stdout]    |
[INFO] [stdout] 18 |     fn first_available(forall: &lumina_typesystem::Generics<Self>) -> char {
[INFO] [stdout]    |                                 ^^^^^^^^^^^^^^^^^ use of undeclared crate or module `lumina_typesystem`
[INFO] [stdout] 
[INFO] [stdout] 
[INFO] [stdout] For more information about this error, try `rustc --explain E0433`.
[INFO] [stdout] 
[INFO] [stdout] error[E0433]: failed to resolve: use of undeclared crate or module `lumina_typesystem`
[INFO] [stdout]   --> examples/shared.rs:18:33
[INFO] [stdout]    |
[INFO] [stdout] 18 |     fn first_available(forall: &lumina_typesystem::Generics<Self>) -> char {
[INFO] [stdout]    |                                 ^^^^^^^^^^^^^^^^^ use of undeclared crate or module `lumina_typesystem`
[INFO] [stdout] 
[INFO] [stdout] 
[INFO] [stdout] error: aborting due to 6 previous errors
[INFO] [stdout] 
[INFO] [stdout] 
[INFO] [stdout] Some errors have detailed explanations: E0432, E0433.
[INFO] [stdout] 
[INFO] [stderr] error: could not compile `lyte` (example "shared") due to 5 previous errors
[INFO] [stdout] For more information about an error, try `rustc --explain E0432`.
[INFO] [stdout] 
[INFO] [stdout] error: aborting due to 6 previous errors
[INFO] [stdout] 
[INFO] [stdout] 
[INFO] [stdout] Some errors have detailed explanations: E0432, E0433.
[INFO] [stdout] 
[INFO] [stdout] For more information about an error, try `rustc --explain E0432`.
[INFO] [stdout] 
[INFO] [stderr] error: could not compile `lyte` (example "function") due to 7 previous errors
[INFO] running `Command { std: "docker" "inspect" "dfdf51bd281c5caf8da25a96cfd221f92119b2f6dfb4c8798fa5083d73d25e51", kill_on_drop: false }`
[INFO] running `Command { std: "docker" "rm" "-f" "dfdf51bd281c5caf8da25a96cfd221f92119b2f6dfb4c8798fa5083d73d25e51", kill_on_drop: false }`
[INFO] [stdout] dfdf51bd281c5caf8da25a96cfd221f92119b2f6dfb4c8798fa5083d73d25e51
