[INFO] fetching crate lpl-token-auth-rules 1.1.0...
[INFO] testing lpl-token-auth-rules-1.1.0 against 1.75.0 for beta-1.76-1
[INFO] extracting crate lpl-token-auth-rules 1.1.0 into /workspace/builds/worker-6-tc1/source
[INFO] validating manifest of crates.io crate lpl-token-auth-rules 1.1.0 on toolchain 1.75.0
[INFO] running `Command { std: CARGO_HOME="/workspace/cargo-home" RUSTUP_HOME="/workspace/rustup-home" "/workspace/cargo-home/bin/cargo" "+1.75.0" "metadata" "--manifest-path" "Cargo.toml" "--no-deps", kill_on_drop: false }`
[INFO] started tweaking crates.io crate lpl-token-auth-rules 1.1.0
[INFO] finished tweaking crates.io crate lpl-token-auth-rules 1.1.0
[INFO] tweaked toml for crates.io crate lpl-token-auth-rules 1.1.0 written to /workspace/builds/worker-6-tc1/source/Cargo.toml
[INFO] running `Command { std: CARGO_HOME="/workspace/cargo-home" RUSTUP_HOME="/workspace/rustup-home" "/workspace/cargo-home/bin/cargo" "+1.75.0" "generate-lockfile" "--manifest-path" "Cargo.toml", kill_on_drop: false }`
[INFO] [stderr]     Updating crates.io index
[INFO] running `Command { std: CARGO_HOME="/workspace/cargo-home" RUSTUP_HOME="/workspace/rustup-home" "/workspace/cargo-home/bin/cargo" "+1.75.0" "fetch" "--manifest-path" "Cargo.toml", kill_on_drop: false }`
[INFO] [stderr]  Downloading crates ...
[INFO] [stderr]   Downloaded safecoin-sdk-macro v1.14.17
[INFO] [stderr]   Downloaded shank_macro v0.0.11
[INFO] [stderr]   Downloaded solana_rbpf v0.2.31
[INFO] [stderr]   Downloaded enum-iterator-derive v0.8.1
[INFO] [stderr]   Downloaded enum-iterator v0.8.1
[INFO] [stderr]   Downloaded lpl-token-metadata-context-derive v0.2.1
[INFO] [stderr]   Downloaded safe-token v3.5.1
[INFO] [stderr]   Downloaded shank v0.0.11
[INFO] [stderr]   Downloaded safecoin-program v1.14.17
[INFO] [stderr]   Downloaded reqwest v0.11.17
[INFO] [stderr]   Downloaded safecoin-logger v1.14.17
[INFO] [stderr]   Downloaded safecoin-frozen-abi-macro v1.14.17
[INFO] [stderr]   Downloaded safecoin-frozen-abi v1.14.17
[INFO] [stderr]   Downloaded shank_macro_impl v0.0.11
[INFO] [stderr]   Downloaded safecoin-rayon-threadlimit v1.14.17
[INFO] [stderr]   Downloaded safecoin-bucket-map v1.14.17
[INFO] [stderr]   Downloaded safecoin-send-transaction-service v1.14.17
[INFO] [stderr]   Downloaded safecoin-banks-server v1.14.17
[INFO] [stderr]   Downloaded safecoin-measure v1.14.17
[INFO] [stderr]   Downloaded safecoin-clap-utils v1.14.17
[INFO] [stderr]   Downloaded safe-associated-token-account v1.1.2
[INFO] [stderr]   Downloaded safecoin-banks-client v1.14.17
[INFO] [stderr]   Downloaded safecoin-version v1.14.17
[INFO] [stderr]   Downloaded safecoin-compute-budget-program v1.14.17
[INFO] [stderr]   Downloaded safecoin-cli-config v1.14.17
[INFO] [stderr]   Downloaded safecoin-account-decoder v1.14.17
[INFO] [stderr]   Downloaded safecoin-config-program v1.14.17
[INFO] [stderr]   Downloaded safecoin-remote-wallet v1.14.17
[INFO] [stderr]   Downloaded safe-memo v3.0.9
[INFO] [stderr]   Downloaded safe-zk-token-proof-program v1.14.17
[INFO] [stderr]   Downloaded safecoin-address-lookup-table-program v1.14.17
[INFO] [stderr]   Downloaded safecoin-banks-interface v1.14.17
[INFO] [stderr]   Downloaded safecoin-net-utils v1.14.17
[INFO] [stderr]   Downloaded safecoin-program-runtime v1.14.17
[INFO] [stderr]   Downloaded safecoin-bpf-loader-program v1.14.17
[INFO] [stderr]   Downloaded safecoin-metrics v1.14.17
[INFO] [stderr]   Downloaded safecoin-stake-program v1.14.17
[INFO] [stderr]   Downloaded safecoin-perf v1.14.17
[INFO] [stderr]   Downloaded safecoin-vote-program v1.14.17
[INFO] [stderr]   Downloaded safecoin-streamer v1.14.17
[INFO] [stderr]   Downloaded safecoin-faucet v1.14.17
[INFO] [stderr]   Downloaded safecoin-transaction-status v1.14.17
[INFO] [stderr]   Downloaded safe-token-2022 v0.5.0
[INFO] [stderr]   Downloaded safecoin-sdk v1.14.17
[INFO] [stderr]   Downloaded safecoin-client v1.14.17
[INFO] [stderr]   Downloaded safecoin-program-test v1.14.17
[INFO] [stderr]   Downloaded safecoin-runtime v1.14.17
[INFO] [stderr]   Downloaded safe-zk-token-sdk v1.14.17
[INFO] running `Command { std: "docker" "create" "-v" "/var/lib/crater-agent-workspace/builds/worker-6-tc1/target:/opt/rustwide/target:rw,Z" "-v" "/var/lib/crater-agent-workspace/builds/worker-6-tc1/source:/opt/rustwide/workdir:ro,Z" "-v" "/var/lib/crater-agent-workspace/cargo-home:/opt/rustwide/cargo-home:ro,Z" "-v" "/var/lib/crater-agent-workspace/rustup-home:/opt/rustwide/rustup-home:ro,Z" "-e" "SOURCE_DIR=/opt/rustwide/workdir" "-e" "CARGO_TARGET_DIR=/opt/rustwide/target" "-e" "CARGO_HOME=/opt/rustwide/cargo-home" "-e" "RUSTUP_HOME=/opt/rustwide/rustup-home" "-w" "/opt/rustwide/workdir" "-m" "1610612736" "--user" "0:0" "--network" "none" "ghcr.io/rust-lang/crates-build-env/linux@sha256:2788e3201cd34a07e3172128adcd8b3090168a8e3bcc40d7c032b9dda1df7d1c" "/opt/rustwide/cargo-home/bin/cargo" "+1.75.0" "metadata" "--no-deps" "--format-version=1", kill_on_drop: false }`
[INFO] [stdout] 40a87b525c8a9d24ad7b2652ff8768c9523feeeca18af39b0596f63976712f47
[INFO] running `Command { std: "docker" "start" "-a" "40a87b525c8a9d24ad7b2652ff8768c9523feeeca18af39b0596f63976712f47", kill_on_drop: false }`
[INFO] running `Command { std: "docker" "inspect" "40a87b525c8a9d24ad7b2652ff8768c9523feeeca18af39b0596f63976712f47", kill_on_drop: false }`
[INFO] running `Command { std: "docker" "rm" "-f" "40a87b525c8a9d24ad7b2652ff8768c9523feeeca18af39b0596f63976712f47", kill_on_drop: false }`
[INFO] [stdout] 40a87b525c8a9d24ad7b2652ff8768c9523feeeca18af39b0596f63976712f47
[INFO] running `Command { std: "docker" "create" "-v" "/var/lib/crater-agent-workspace/builds/worker-6-tc1/target:/opt/rustwide/target:rw,Z" "-v" "/var/lib/crater-agent-workspace/builds/worker-6-tc1/source:/opt/rustwide/workdir:ro,Z" "-v" "/var/lib/crater-agent-workspace/cargo-home:/opt/rustwide/cargo-home:ro,Z" "-v" "/var/lib/crater-agent-workspace/rustup-home:/opt/rustwide/rustup-home:ro,Z" "-e" "SOURCE_DIR=/opt/rustwide/workdir" "-e" "CARGO_TARGET_DIR=/opt/rustwide/target" "-e" "CARGO_INCREMENTAL=0" "-e" "RUST_BACKTRACE=full" "-e" "RUSTFLAGS=--cap-lints=warn" "-e" "RUSTDOCFLAGS=--cap-lints=warn" "-e" "CARGO_HOME=/opt/rustwide/cargo-home" "-e" "RUSTUP_HOME=/opt/rustwide/rustup-home" "-w" "/opt/rustwide/workdir" "-m" "1610612736" "--user" "0:0" "--network" "none" "ghcr.io/rust-lang/crates-build-env/linux@sha256:2788e3201cd34a07e3172128adcd8b3090168a8e3bcc40d7c032b9dda1df7d1c" "/opt/rustwide/cargo-home/bin/cargo" "+1.75.0" "build" "--frozen" "--message-format=json", kill_on_drop: false }`
[INFO] [stdout] 9bcbd4d5cee9238714953af5d2c6cc741f92aa4259e64d2800b62e142c22c180
[INFO] running `Command { std: "docker" "start" "-a" "9bcbd4d5cee9238714953af5d2c6cc741f92aa4259e64d2800b62e142c22c180", kill_on_drop: false }`
[INFO] [stderr]    Compiling proc-macro2 v1.0.75
[INFO] [stderr]    Compiling unicode-ident v1.0.12
[INFO] [stderr]    Compiling version_check v0.9.4
[INFO] [stderr]    Compiling typenum v1.17.0
[INFO] [stderr]    Compiling serde v1.0.194
[INFO] [stderr]    Compiling cfg-if v1.0.0
[INFO] [stderr]    Compiling libc v0.2.151
[INFO] [stderr]    Compiling subtle v2.4.1
[INFO] [stderr]    Compiling syn v1.0.109
[INFO] [stderr]    Compiling semver v1.0.21
[INFO] [stderr]    Compiling getrandom v0.1.16
[INFO] [stderr]    Compiling generic-array v0.14.7
[INFO] [stderr]    Compiling cpufeatures v0.2.12
[INFO] [stderr]    Compiling once_cell v1.19.0
[INFO] [stderr]    Compiling opaque-debug v0.3.0
[INFO] [stderr]    Compiling crunchy v0.2.2
[INFO] [stderr]    Compiling autocfg v1.1.0
[INFO] [stderr]    Compiling rustc_version v0.4.0
[INFO] [stderr]    Compiling quote v1.0.35
[INFO] [stderr]    Compiling syn v2.0.48
[INFO] [stderr]    Compiling crossbeam-utils v0.8.18
[INFO] [stderr]    Compiling block-padding v0.2.1
[INFO] [stderr]    Compiling byteorder v1.5.0
[INFO] [stderr]    Compiling ahash v0.7.7
[INFO] [stderr]    Compiling ppv-lite86 v0.2.17
[INFO] [stderr]    Compiling wasm-bindgen-shared v0.2.89
[INFO] [stderr]    Compiling jobserver v0.1.27
[INFO] [stderr]    Compiling getrandom v0.2.11
[INFO] [stderr]    Compiling rand_core v0.5.1
[INFO] [stderr]    Compiling digest v0.9.0
[INFO] [stderr]    Compiling cc v1.0.83
[INFO] [stderr]    Compiling anyhow v1.0.79
[INFO] [stderr]    Compiling rand_chacha v0.2.2
[INFO] [stderr]    Compiling libsecp256k1-core v0.2.2
[INFO] [stderr]    Compiling crossbeam-epoch v0.9.17
[INFO] [stderr]    Compiling num-traits v0.2.17
[INFO] [stderr]    Compiling rayon-core v1.12.0
[INFO] [stderr]    Compiling crossbeam-deque v0.8.4
[INFO] [stderr]    Compiling rand v0.7.3
[INFO] [stderr]    Compiling rand_core v0.6.4
[INFO] [stderr]    Compiling memchr v2.7.1
[INFO] [stderr]    Compiling log v0.4.20
[INFO] [stderr]    Compiling thiserror v1.0.56
[INFO] [stderr]    Compiling feature-probe v0.1.1
[INFO] [stderr]    Compiling bumpalo v3.14.0
[INFO] [stderr]    Compiling either v1.9.0
[INFO] [stderr]    Compiling bv v0.11.1
[INFO] [stderr]    Compiling aho-corasick v1.1.2
[INFO] [stderr]    Compiling libsecp256k1-gen-ecmult v0.2.1
[INFO] [stderr]    Compiling libsecp256k1-gen-genmult v0.2.1
[INFO] [stderr]    Compiling bitmaps v2.1.0
[INFO] [stderr]    Compiling safecoin-frozen-abi-macro v1.14.17
[INFO] [stderr]    Compiling blake3 v1.5.0
[INFO] [stderr]    Compiling wasm-bindgen-backend v0.2.89
[INFO] [stderr]    Compiling im v15.1.0
[INFO] [stderr]    Compiling lazy_static v1.4.0
[INFO] [stderr]    Compiling serde_json v1.0.111
[INFO] [stderr]    Compiling keccak v0.1.4
[INFO] [stderr]    Compiling rustversion v1.0.14
[INFO] [stderr]    Compiling arrayref v0.3.7
[INFO] [stderr]    Compiling regex-syntax v0.8.2
[INFO] [stderr]    Compiling tinyvec_macros v0.1.1
[INFO] [stderr]    Compiling tinyvec v1.6.0
[INFO] [stderr]    Compiling borsh-schema-derive-internal v0.9.3
[INFO] [stderr]    Compiling wasm-bindgen-macro-support v0.2.89
[INFO] [stderr]    Compiling borsh-derive-internal v0.9.3
[INFO] [stderr]    Compiling sized-chunks v0.6.5
[INFO] [stderr]    Compiling rayon v1.8.0
[INFO] [stderr]    Compiling libsecp256k1 v0.6.0
[INFO] [stderr]    Compiling regex-automata v0.4.3
[INFO] [stderr]    Compiling rand_xoshiro v0.6.0
[INFO] [stderr]    Compiling safecoin-frozen-abi v1.14.17
[INFO] [stderr]    Compiling memoffset v0.6.5
[INFO] [stderr]    Compiling serde_derive v1.0.194
[INFO] [stderr]    Compiling zeroize_derive v1.4.2
[INFO] [stderr]    Compiling thiserror-impl v1.0.56
[INFO] [stderr]    Compiling signature v1.6.4
[INFO] [stderr]    Compiling ryu v1.0.16
[INFO] [stderr]    Compiling itoa v1.0.10
[INFO] [stderr]    Compiling wasm-bindgen v0.2.89
[INFO] [stderr]    Compiling arrayvec v0.7.4
[INFO] [stderr]    Compiling constant_time_eq v0.3.0
[INFO] [stderr]    Compiling bs58 v0.4.0
[INFO] [stderr]    Compiling zeroize v1.3.0
[INFO] [stderr]    Compiling ed25519 v1.5.3
[INFO] [stderr]    Compiling bytemuck_derive v1.5.0
[INFO] [stderr]    Compiling wasm-bindgen-macro v0.2.89
[INFO] [stderr]    Compiling unicode-normalization v0.1.22
[INFO] [stderr]    Compiling regex v1.10.2
[INFO] [stderr]    Compiling safecoin-program v1.14.17
[INFO] [stderr]    Compiling hashbrown v0.12.3
[INFO] [stderr]    Compiling hashbrown v0.11.2
[INFO] [stderr]    Compiling memmap2 v0.5.10
[INFO] [stderr]    Compiling atty v0.2.14
[INFO] [stderr]    Compiling base64 v0.12.3
[INFO] [stderr]    Compiling rustc-hash v1.1.0
[INFO] [stderr]    Compiling termcolor v1.4.0
[INFO] [stderr]    Compiling paste v1.0.14
[INFO] [stderr]    Compiling humantime v2.1.0
[INFO] [stderr]    Compiling safecoin-sdk-macro v1.14.17
[INFO] [stderr]    Compiling env_logger v0.9.3
[INFO] [stderr]    Compiling bytemuck v1.14.0
[INFO] [stderr]    Compiling num-derive v0.3.3
[INFO] [stderr]    Compiling itertools v0.10.5
[INFO] [stderr]    Compiling safecoin-sdk v1.14.17
[INFO] [stderr]    Compiling percent-encoding v2.3.1
[INFO] [stderr]    Compiling bitflags v1.3.2
[INFO] [stderr]    Compiling fnv v1.0.7
[INFO] [stderr]    Compiling derivation-path v0.2.0
[INFO] [stderr]    Compiling base64 v0.13.1
[INFO] [stderr]    Compiling uriparse v0.6.4
[INFO] [stderr]    Compiling qstring v0.7.2
[INFO] [stderr]    Compiling safecoin-logger v1.14.17
[INFO] [stderr]    Compiling chrono v0.4.31
[INFO] [stderr]    Compiling assert_matches v1.5.0
[INFO] [stderr]    Compiling merlin v3.0.0
[INFO] [stderr]    Compiling lpl-token-metadata-context-derive v0.2.1
[INFO] [stderr]    Compiling rmp v0.8.12
[INFO] [stderr]    Compiling toml v0.5.11
[INFO] [stderr]    Compiling shank_macro_impl v0.0.11
[INFO] [stderr]    Compiling serde_bytes v0.11.14
[INFO] [stderr]    Compiling bincode v1.3.3
[INFO] [stderr]    Compiling rmp-serde v1.1.2
[INFO] [stderr]    Compiling crypto-common v0.1.6
[INFO] [stderr]    Compiling block-buffer v0.10.4
[INFO] [stderr]    Compiling block-buffer v0.9.0
[INFO] [stderr]    Compiling digest v0.10.7
[INFO] [stderr]    Compiling crypto-mac v0.8.0
[INFO] [stderr]    Compiling sha2 v0.9.9
[INFO] [stderr]    Compiling hmac v0.8.1
[INFO] [stderr]    Compiling proc-macro-crate v0.1.5
[INFO] [stderr]    Compiling curve25519-dalek v3.2.1
[INFO] [stderr]    Compiling sha2 v0.10.8
[INFO] [stderr]    Compiling hmac-drbg v0.3.0
[INFO] [stderr]    Compiling pbkdf2 v0.4.0
[INFO] [stderr]    Compiling cipher v0.3.0
[INFO] [stderr]    Compiling borsh-derive v0.9.3
[INFO] [stderr]    Compiling tiny-bip39 v0.8.2
[INFO] [stderr]    Compiling ed25519-dalek v1.0.1
[INFO] [stderr]    Compiling hmac v0.12.1
[INFO] [stderr]    Compiling sha3 v0.10.8
[INFO] [stderr]    Compiling universal-hash v0.4.1
[INFO] [stderr]    Compiling ed25519-dalek-bip32 v0.2.0
[INFO] [stderr]    Compiling polyval v0.5.3
[INFO] [stderr]    Compiling aes v0.7.5
[INFO] [stderr]    Compiling ctr v0.8.0
[INFO] [stderr]    Compiling pbkdf2 v0.11.0
[INFO] [stderr]    Compiling inout v0.1.3
[INFO] [stderr]    Compiling aead v0.4.3
[INFO] [stderr]    Compiling borsh v0.9.3
[INFO] [stderr]    Compiling shank_macro v0.0.11
[INFO] [stderr]    Compiling cipher v0.4.4
[INFO] [stderr]    Compiling sha3 v0.9.1
[INFO] [stderr]    Compiling aes-gcm-siv v0.10.3
[INFO] [stderr]    Compiling shank v0.0.11
[INFO] [stderr]    Compiling safe-zk-token-sdk v1.14.17
[INFO] [stderr]    Compiling lpl-token-auth-rules v1.1.0 (/opt/rustwide/workdir)
[INFO] [stdout] error[E0433]: failed to resolve: use of undeclared crate or module `safecoin_program`
[INFO] [stdout]  --> src/error.rs:3:5
[INFO] [stdout]   |
[INFO] [stdout] 3 | use safecoin_program::{
[INFO] [stdout]   |     ^^^^^^^^^^^^^^^^ use of undeclared crate or module `safecoin_program`
[INFO] [stdout] 
[INFO] [stdout] 
[INFO] [stdout] error[E0433]: failed to resolve: use of undeclared crate or module `safecoin_program`
[INFO] [stdout]  --> src/instruction.rs:5:5
[INFO] [stdout]   |
[INFO] [stdout] 5 | use safecoin_program::{
[INFO] [stdout]   |     ^^^^^^^^^^^^^^^^ use of undeclared crate or module `safecoin_program`
[INFO] [stdout] 
[INFO] [stdout] 
[INFO] [stdout] error[E0433]: failed to resolve: use of undeclared crate or module `safecoin_program`
[INFO] [stdout]  --> src/payload.rs:5:5
[INFO] [stdout]   |
[INFO] [stdout] 5 | use safecoin_program::{entrypoint::ProgramResult, pubkey::Pubkey};
[INFO] [stdout]   |     ^^^^^^^^^^^^^^^^ use of undeclared crate or module `safecoin_program`
[INFO] [stdout] 
[INFO] [stdout] 
[INFO] [stdout] error[E0433]: failed to resolve: use of undeclared crate or module `safecoin_program`
[INFO] [stdout]  --> src/pda.rs:2:5
[INFO] [stdout]   |
[INFO] [stdout] 2 | use safecoin_program::pubkey::Pubkey;
[INFO] [stdout]   |     ^^^^^^^^^^^^^^^^ use of undeclared crate or module `safecoin_program`
[INFO] [stdout] 
[INFO] [stdout] 
[INFO] [stdout] error[E0433]: failed to resolve: use of undeclared crate or module `safecoin_program`
[INFO] [stdout]   --> src/processor.rs:22:5
[INFO] [stdout]    |
[INFO] [stdout] 22 | use safecoin_program::{
[INFO] [stdout]    |     ^^^^^^^^^^^^^^^^ use of undeclared crate or module `safecoin_program`
[INFO] [stdout] 
[INFO] [stdout] 
[INFO] [stdout] error[E0432]: unresolved import `safecoin_program`
[INFO] [stdout]  --> src/error.rs:3:5
[INFO] [stdout]   |
[INFO] [stdout] 3 | use safecoin_program::{
[INFO] [stdout]   |     ^^^^^^^^^^^^^^^^ use of undeclared crate or module `safecoin_program`
[INFO] [stdout] 
[INFO] [stdout] 
[INFO] [stdout] error[E0433]: failed to resolve: use of undeclared crate or module `safecoin_program`
[INFO] [stdout]   --> src/state/mod.rs:29:5
[INFO] [stdout]    |
[INFO] [stdout] 29 | use safecoin_program::{
[INFO] [stdout]    |     ^^^^^^^^^^^^^^^^ use of undeclared crate or module `safecoin_program`
[INFO] [stdout] 
[INFO] [stdout] 
[INFO] [stdout] error[E0433]: failed to resolve: use of undeclared crate or module `safecoin_program`
[INFO] [stdout]   --> src/state/rule_set.rs:10:5
[INFO] [stdout]    |
[INFO] [stdout] 10 | use safecoin_program::{entrypoint::ProgramResult, pubkey::Pubkey};
[INFO] [stdout]    |     ^^^^^^^^^^^^^^^^ use of undeclared crate or module `safecoin_program`
[INFO] [stdout] 
[INFO] [stdout] 
[INFO] [stdout] error[E0433]: failed to resolve: use of undeclared crate or module `safecoin_program`
[INFO] [stdout]   --> src/state/rules.rs:11:5
[INFO] [stdout]    |
[INFO] [stdout] 11 | use safecoin_program::{
[INFO] [stdout]    |     ^^^^^^^^^^^^^^^^ use of undeclared crate or module `safecoin_program`
[INFO] [stdout] 
[INFO] [stdout] 
[INFO] [stdout] error[E0432]: unresolved import `safecoin_program`
[INFO] [stdout]   --> src/processor.rs:22:5
[INFO] [stdout]    |
[INFO] [stdout] 22 | use safecoin_program::{
[INFO] [stdout]    |     ^^^^^^^^^^^^^^^^ use of undeclared crate or module `safecoin_program`
[INFO] [stdout] 
[INFO] [stdout] 
[INFO] [stdout] error[E0433]: failed to resolve: use of undeclared crate or module `safecoin_program`
[INFO] [stdout]   --> src/utils.rs:11:5
[INFO] [stdout]    |
[INFO] [stdout] 11 | use safecoin_program::{
[INFO] [stdout]    |     ^^^^^^^^^^^^^^^^ use of undeclared crate or module `safecoin_program`
[INFO] [stdout] 
[INFO] [stdout] 
[INFO] [stdout] error[E0432]: unresolved import `safecoin_program`
[INFO] [stdout]   --> src/state/rules.rs:11:5
[INFO] [stdout]    |
[INFO] [stdout] 11 | use safecoin_program::{
[INFO] [stdout]    |     ^^^^^^^^^^^^^^^^ use of undeclared crate or module `safecoin_program`
[INFO] [stdout] 
[INFO] [stdout] 
[INFO] [stdout] error[E0432]: unresolved import `safecoin_program`
[INFO] [stdout]   --> src/utils.rs:11:5
[INFO] [stdout]    |
[INFO] [stdout] 11 | use safecoin_program::{
[INFO] [stdout]    |     ^^^^^^^^^^^^^^^^ use of undeclared crate or module `safecoin_program`
[INFO] [stdout] 
[INFO] [stdout] 
[INFO] [stdout] error[E0432]: unresolved import `safecoin_program`
[INFO] [stdout]   --> src/lib.rs:17:9
[INFO] [stdout]    |
[INFO] [stdout] 17 | pub use safecoin_program;
[INFO] [stdout]    |         ^^^^^^^^^^^^^^^^ no external crate `safecoin_program`
[INFO] [stdout] 
[INFO] [stdout] 
[INFO] [stdout] error: cannot determine resolution for the macro `safecoin_program::declare_id`
[INFO] [stdout]   --> src/lib.rs:22:1
[INFO] [stdout]    |
[INFO] [stdout] 22 | safecoin_program::declare_id!("auth9SigNpDKz4sJJ1DfCTuZrZNSAgh9sFD3rboVmgg");
[INFO] [stdout]    | ^^^^^^^^^^^^^^^^^^^^^^^^^^^^
[INFO] [stdout]    |
[INFO] [stdout]    = note: import resolution is stuck, try simplifying macro imports
[INFO] [stdout] 
[INFO] [stdout] 
[INFO] [stdout] error: cannot determine resolution for the macro `msg`
[INFO] [stdout]    --> src/error.rs:156:9
[INFO] [stdout]     |
[INFO] [stdout] 156 |         msg!(&self.to_string());
[INFO] [stdout]     |         ^^^
[INFO] [stdout]     |
[INFO] [stdout]     = note: import resolution is stuck, try simplifying macro imports
[INFO] [stdout] 
[INFO] [stdout] 
[INFO] [stdout] error: cannot determine resolution for the macro `msg`
[INFO] [stdout]   --> src/processor.rs:43:17
[INFO] [stdout]    |
[INFO] [stdout] 43 |                 msg!("Instruction: CreateOrUpdate");
[INFO] [stdout]    |                 ^^^
[INFO] [stdout]    |
[INFO] [stdout]    = note: import resolution is stuck, try simplifying macro imports
[INFO] [stdout] 
[INFO] [stdout] 
[INFO] [stdout] error: cannot determine resolution for the macro `msg`
[INFO] [stdout]   --> src/processor.rs:47:17
[INFO] [stdout]    |
[INFO] [stdout] 47 |                 msg!("Instruction: Validate");
[INFO] [stdout]    |                 ^^^
[INFO] [stdout]    |
[INFO] [stdout]    = note: import resolution is stuck, try simplifying macro imports
[INFO] [stdout] 
[INFO] [stdout] 
[INFO] [stdout] error: cannot determine resolution for the macro `msg`
[INFO] [stdout]   --> src/processor.rs:51:17
[INFO] [stdout]    |
[INFO] [stdout] 51 |                 msg!("Instruction: WriteToBuffer");
[INFO] [stdout]    |                 ^^^
[INFO] [stdout]    |
[INFO] [stdout]    = note: import resolution is stuck, try simplifying macro imports
[INFO] [stdout] 
[INFO] [stdout] 
[INFO] [stdout] error: cannot determine resolution for the macro `msg`
[INFO] [stdout]    --> src/processor.rs:375:9
[INFO] [stdout]     |
[INFO] [stdout] 375 |         msg!("Failed to validate: {}", err);
[INFO] [stdout]     |         ^^^
[INFO] [stdout]     |
[INFO] [stdout]     = note: import resolution is stuck, try simplifying macro imports
[INFO] [stdout] 
[INFO] [stdout] 
[INFO] [stdout] error: cannot determine resolution for the macro `msg`
[INFO] [stdout]    --> src/processor.rs:460:5
[INFO] [stdout]     |
[INFO] [stdout] 460 |     msg!(
[INFO] [stdout]     |     ^^^
[INFO] [stdout]     |
[INFO] [stdout]     = note: import resolution is stuck, try simplifying macro imports
[INFO] [stdout] 
[INFO] [stdout] 
[INFO] [stdout] error: cannot determine resolution for the macro `msg`
[INFO] [stdout]    --> src/state/rules.rs:224:17
[INFO] [stdout]     |
[INFO] [stdout] 224 |                 msg!("Validating All");
[INFO] [stdout]     |                 ^^^
[INFO] [stdout]     |
[INFO] [stdout]     = note: import resolution is stuck, try simplifying macro imports
[INFO] [stdout] 
[INFO] [stdout] 
[INFO] [stdout] error: cannot determine resolution for the macro `msg`
[INFO] [stdout]    --> src/state/rules.rs:243:17
[INFO] [stdout]     |
[INFO] [stdout] 243 |                 msg!("Validating Any");
[INFO] [stdout]     |                 ^^^
[INFO] [stdout]     |
[INFO] [stdout]     = note: import resolution is stuck, try simplifying macro imports
[INFO] [stdout] 
[INFO] [stdout] 
[INFO] [stdout] error: cannot determine resolution for the macro `msg`
[INFO] [stdout]    --> src/state/rules.rs:285:17
[INFO] [stdout]     |
[INFO] [stdout] 285 |                 msg!("Validating AdditionalSigner");
[INFO] [stdout]     |                 ^^^
[INFO] [stdout]     |
[INFO] [stdout]     = note: import resolution is stuck, try simplifying macro imports
[INFO] [stdout] 
[INFO] [stdout] 
[INFO] [stdout] error: cannot determine resolution for the macro `msg`
[INFO] [stdout]    --> src/state/rules.rs:293:17
[INFO] [stdout]     |
[INFO] [stdout] 293 |                 msg!("Validating PubkeyMatch");
[INFO] [stdout]     |                 ^^^
[INFO] [stdout]     |
[INFO] [stdout]     = note: import resolution is stuck, try simplifying macro imports
[INFO] [stdout] 
[INFO] [stdout] 
[INFO] [stdout] error: cannot determine resolution for the macro `msg`
[INFO] [stdout]    --> src/state/rules.rs:307:17
[INFO] [stdout]     |
[INFO] [stdout] 307 |                 msg!("Validating PubkeyListMatch");
[INFO] [stdout]     |                 ^^^
[INFO] [stdout]     |
[INFO] [stdout]     = note: import resolution is stuck, try simplifying macro imports
[INFO] [stdout] 
[INFO] [stdout] 
[INFO] [stdout] error: cannot determine resolution for the macro `msg`
[INFO] [stdout]    --> src/state/rules.rs:325:17
[INFO] [stdout]     |
[INFO] [stdout] 325 |                 msg!("Validating PubkeyTreeMatch");
[INFO] [stdout]     |                 ^^^
[INFO] [stdout]     |
[INFO] [stdout]     = note: import resolution is stuck, try simplifying macro imports
[INFO] [stdout] 
[INFO] [stdout] 
[INFO] [stdout] error: cannot determine resolution for the macro `msg`
[INFO] [stdout]    --> src/state/rules.rs:352:17
[INFO] [stdout]     |
[INFO] [stdout] 352 |                 msg!("Validating PDAMatch");
[INFO] [stdout]     |                 ^^^
[INFO] [stdout]     |
[INFO] [stdout]     = note: import resolution is stuck, try simplifying macro imports
[INFO] [stdout] 
[INFO] [stdout] 
[INFO] [stdout] error: cannot determine resolution for the macro `msg`
[INFO] [stdout]    --> src/state/rules.rs:393:17
[INFO] [stdout]     |
[INFO] [stdout] 393 |                 msg!("Validating ProgramOwned");
[INFO] [stdout]     |                 ^^^
[INFO] [stdout]     |
[INFO] [stdout]     = note: import resolution is stuck, try simplifying macro imports
[INFO] [stdout] 
[INFO] [stdout] 
[INFO] [stdout] error: cannot determine resolution for the macro `msg`
[INFO] [stdout]    --> src/state/rules.rs:419:17
[INFO] [stdout]     |
[INFO] [stdout] 419 |                 msg!("Validating ProgramOwnedList");
[INFO] [stdout]     |                 ^^^
[INFO] [stdout]     |
[INFO] [stdout]     = note: import resolution is stuck, try simplifying macro imports
[INFO] [stdout] 
[INFO] [stdout] 
[INFO] [stdout] error: cannot determine resolution for the macro `msg`
[INFO] [stdout]    --> src/state/rules.rs:451:17
[INFO] [stdout]     |
[INFO] [stdout] 451 |                 msg!("Validating ProgramOwnedTree");
[INFO] [stdout]     |                 ^^^
[INFO] [stdout]     |
[INFO] [stdout]     = note: import resolution is stuck, try simplifying macro imports
[INFO] [stdout] 
[INFO] [stdout] 
[INFO] [stdout] error: cannot determine resolution for the macro `msg`
[INFO] [stdout]    --> src/state/rules.rs:497:17
[INFO] [stdout]     |
[INFO] [stdout] 497 |                 msg!("Validating Amount");
[INFO] [stdout]     |                 ^^^
[INFO] [stdout]     |
[INFO] [stdout]     = note: import resolution is stuck, try simplifying macro imports
[INFO] [stdout] 
[INFO] [stdout] 
[INFO] [stdout] error: cannot determine resolution for the macro `msg`
[INFO] [stdout]    --> src/state/rules.rs:517:17
[INFO] [stdout]     |
[INFO] [stdout] 517 |                 msg!("Validating Frequency");
[INFO] [stdout]     |                 ^^^
[INFO] [stdout]     |
[INFO] [stdout]     = note: import resolution is stuck, try simplifying macro imports
[INFO] [stdout] 
[INFO] [stdout] 
[INFO] [stdout] error: cannot determine resolution for the macro `msg`
[INFO] [stdout]    --> src/state/rules.rs:532:17
[INFO] [stdout]     |
[INFO] [stdout] 532 |                 msg!("Validating Pass");
[INFO] [stdout]     |                 ^^^
[INFO] [stdout]     |
[INFO] [stdout]     = note: import resolution is stuck, try simplifying macro imports
[INFO] [stdout] 
[INFO] [stdout] 
[INFO] [stdout] error: cannot determine resolution for the macro `msg`
[INFO] [stdout]    --> src/state/rules.rs:536:17
[INFO] [stdout]     |
[INFO] [stdout] 536 |                 msg!("Validating IsWallet");
[INFO] [stdout]     |                 ^^^
[INFO] [stdout]     |
[INFO] [stdout]     = note: import resolution is stuck, try simplifying macro imports
[INFO] [stdout] 
[INFO] [stdout] 
[INFO] [stdout] error: cannot determine resolution for the macro `msg`
[INFO] [stdout]   --> src/utils.rs:43:9
[INFO] [stdout]    |
[INFO] [stdout] 43 |         msg!("Transfer {} lamports to the new account", required_lamports);
[INFO] [stdout]    |         ^^^
[INFO] [stdout]    |
[INFO] [stdout]    = note: import resolution is stuck, try simplifying macro imports
[INFO] [stdout] 
[INFO] [stdout] 
[INFO] [stdout] error: cannot determine resolution for the macro `msg`
[INFO] [stdout]   --> src/utils.rs:56:5
[INFO] [stdout]    |
[INFO] [stdout] 56 |     msg!("Allocate space for the account");
[INFO] [stdout]    |     ^^^
[INFO] [stdout]    |
[INFO] [stdout]    = note: import resolution is stuck, try simplifying macro imports
[INFO] [stdout] 
[INFO] [stdout] 
[INFO] [stdout] error: cannot determine resolution for the macro `msg`
[INFO] [stdout]   --> src/utils.rs:63:5
[INFO] [stdout]    |
[INFO] [stdout] 63 |     msg!("Assign the account to the owning program");
[INFO] [stdout]    |     ^^^
[INFO] [stdout]    |
[INFO] [stdout]    = note: import resolution is stuck, try simplifying macro imports
[INFO] [stdout] 
[INFO] [stdout] 
[INFO] [stdout] error[E0433]: failed to resolve: use of undeclared crate or module `safecoin_program`
[INFO] [stdout]   --> src/instruction.rs:51:42
[INFO] [stdout]    |
[INFO] [stdout] 51 | #[derive(Debug, Clone, ShankInstruction, AccountContext, BorshSerialize, BorshDeserialize)]
[INFO] [stdout]    |                                          ^^^^^^^^^^^^^^ use of undeclared crate or module `safecoin_program`
[INFO] [stdout]    |
[INFO] [stdout]    = note: this error originates in the derive macro `AccountContext` (in Nightly builds, run with -Z macro-backtrace for more info)
[INFO] [stdout] help: consider importing this module
[INFO] [stdout]    |
[INFO] [stdout] 1  + use solana_program::account_info;
[INFO] [stdout]    |
[INFO] [stdout] 
[INFO] [stdout] 
[INFO] [stdout] error[E0433]: failed to resolve: use of undeclared crate or module `safecoin_program`
[INFO] [stdout]   --> src/instruction.rs:51:42
[INFO] [stdout]    |
[INFO] [stdout] 51 | #[derive(Debug, Clone, ShankInstruction, AccountContext, BorshSerialize, BorshDeserialize)]
[INFO] [stdout]    |                                          ^^^^^^^^^^^^^^ use of undeclared crate or module `safecoin_program`
[INFO] [stdout]    |
[INFO] [stdout]    = note: this error originates in the derive macro `AccountContext` (in Nightly builds, run with -Z macro-backtrace for more info)
[INFO] [stdout] help: consider importing this module
[INFO] [stdout]    |
[INFO] [stdout] 1  + use solana_program::sysvar::slot_history;
[INFO] [stdout]    |
[INFO] [stdout] 
[INFO] [stdout] 
[INFO] [stdout] error[E0433]: failed to resolve: use of undeclared crate or module `safecoin_program`
[INFO] [stdout]   --> src/instruction.rs:51:42
[INFO] [stdout]    |
[INFO] [stdout] 51 | #[derive(Debug, Clone, ShankInstruction, AccountContext, BorshSerialize, BorshDeserialize)]
[INFO] [stdout]    |                                          ^^^^^^^^^^^^^^ use of undeclared crate or module `safecoin_program`
[INFO] [stdout]    |
[INFO] [stdout]    = help: consider importing this module:
[INFO] [stdout]            solana_program::pubkey
[INFO] [stdout]    = note: this error originates in the derive macro `AccountContext` (in Nightly builds, run with -Z macro-backtrace for more info)
[INFO] [stdout] 
[INFO] [stdout] 
[INFO] [stdout] error[E0433]: failed to resolve: use of undeclared crate or module `safecoin_program`
[INFO] [stdout]   --> src/instruction.rs:51:42
[INFO] [stdout]    |
[INFO] [stdout] 51 | #[derive(Debug, Clone, ShankInstruction, AccountContext, BorshSerialize, BorshDeserialize)]
[INFO] [stdout]    |                                          ^^^^^^^^^^^^^^ use of undeclared crate or module `safecoin_program`
[INFO] [stdout]    |
[INFO] [stdout]    = help: consider importing this module:
[INFO] [stdout]            solana_program::system_program
[INFO] [stdout]    = note: this error originates in the derive macro `AccountContext` (in Nightly builds, run with -Z macro-backtrace for more info)
[INFO] [stdout] 
[INFO] [stdout] 
[INFO] [stdout] error[E0433]: failed to resolve: use of undeclared crate or module `safecoin_program`
[INFO] [stdout]   --> src/instruction.rs:88:30
[INFO] [stdout]    |
[INFO] [stdout] 88 |     fn instruction(&self) -> safecoin_program::instruction::Instruction {
[INFO] [stdout]    |                              ^^^^^^^^^^^^^^^^ use of undeclared crate or module `safecoin_program`
[INFO] [stdout]    |
[INFO] [stdout] help: consider importing one of these items
[INFO] [stdout]    |
[INFO] [stdout] 1  + use solana_program::instruction;
[INFO] [stdout]    |
[INFO] [stdout] 1  + use solana_program::stake::instruction;
[INFO] [stdout]    |
[INFO] [stdout] help: if you import `instruction`, refer to it directly
[INFO] [stdout]    |
[INFO] [stdout] 88 -     fn instruction(&self) -> safecoin_program::instruction::Instruction {
[INFO] [stdout] 88 +     fn instruction(&self) -> instruction::Instruction {
[INFO] [stdout]    |
[INFO] [stdout] 
[INFO] [stdout] 
[INFO] [stdout] error[E0433]: failed to resolve: use of undeclared crate or module `safecoin_program`
[INFO] [stdout]   --> src/instruction.rs:92:39
[INFO] [stdout]    |
[INFO] [stdout] 92 |             AccountMeta::new_readonly(safecoin_program::system_program::id(), false),
[INFO] [stdout]    |                                       ^^^^^^^^^^^^^^^^ use of undeclared crate or module `safecoin_program`
[INFO] [stdout]    |
[INFO] [stdout] help: consider importing this module
[INFO] [stdout]    |
[INFO] [stdout] 1  + use solana_program::system_program;
[INFO] [stdout]    |
[INFO] [stdout] help: if you import `system_program`, refer to it directly
[INFO] [stdout]    |
[INFO] [stdout] 92 -             AccountMeta::new_readonly(safecoin_program::system_program::id(), false),
[INFO] [stdout] 92 +             AccountMeta::new_readonly(system_program::id(), false),
[INFO] [stdout]    |
[INFO] [stdout] 
[INFO] [stdout] 
[INFO] [stdout] error[E0425]: cannot find value `ID` in the crate root
[INFO] [stdout]   --> src/instruction.rs:98:60
[INFO] [stdout]    |
[INFO] [stdout] 98 |             accounts.push(AccountMeta::new_readonly(crate::ID, false));
[INFO] [stdout]    |                                                            ^^ not found in the crate root
[INFO] [stdout]    |
[INFO] [stdout] help: consider importing one of these items
[INFO] [stdout]    |
[INFO] [stdout] 1  + use safe_zk_token_sdk::zk_token_proof_program::ID;
[INFO] [stdout]    |
[INFO] [stdout] 1  + use solana_program::bpf_loader::ID;
[INFO] [stdout]    |
[INFO] [stdout] 1  + use solana_program::bpf_loader_deprecated::ID;
[INFO] [stdout]    |
[INFO] [stdout] 1  + use solana_program::bpf_loader_upgradeable::ID;
[INFO] [stdout]    |
[INFO] [stdout]      and 21 other candidates
[INFO] [stdout] help: if you import `ID`, refer to it directly
[INFO] [stdout]    |
[INFO] [stdout] 98 -             accounts.push(AccountMeta::new_readonly(crate::ID, false));
[INFO] [stdout] 98 +             accounts.push(AccountMeta::new_readonly(ID, false));
[INFO] [stdout]    |
[INFO] [stdout] 
[INFO] [stdout] 
[INFO] [stdout] error[E0425]: cannot find value `ID` in the crate root
[INFO] [stdout]    --> src/instruction.rs:102:32
[INFO] [stdout]     |
[INFO] [stdout] 102 |             program_id: crate::ID,
[INFO] [stdout]     |                                ^^ not found in the crate root
[INFO] [stdout]     |
[INFO] [stdout] help: consider importing one of these items
[INFO] [stdout]     |
[INFO] [stdout] 1   + use safe_zk_token_sdk::zk_token_proof_program::ID;
[INFO] [stdout]     |
[INFO] [stdout] 1   + use solana_program::bpf_loader::ID;
[INFO] [stdout]     |
[INFO] [stdout] 1   + use solana_program::bpf_loader_deprecated::ID;
[INFO] [stdout]     |
[INFO] [stdout] 1   + use solana_program::bpf_loader_upgradeable::ID;
[INFO] [stdout]     |
[INFO] [stdout]       and 21 other candidates
[INFO] [stdout] help: if you import `ID`, refer to it directly
[INFO] [stdout]     |
[INFO] [stdout] 102 -             program_id: crate::ID,
[INFO] [stdout] 102 +             program_id: ID,
[INFO] [stdout]     |
[INFO] [stdout] 
[INFO] [stdout] 
[INFO] [stdout] error[E0433]: failed to resolve: use of undeclared crate or module `safecoin_program`
[INFO] [stdout]    --> src/instruction.rs:113:30
[INFO] [stdout]     |
[INFO] [stdout] 113 |     fn instruction(&self) -> safecoin_program::instruction::Instruction {
[INFO] [stdout]     |                              ^^^^^^^^^^^^^^^^ use of undeclared crate or module `safecoin_program`
[INFO] [stdout]     |
[INFO] [stdout] help: consider importing one of these items
[INFO] [stdout]     |
[INFO] [stdout] 1   + use solana_program::instruction;
[INFO] [stdout]     |
[INFO] [stdout] 1   + use solana_program::stake::instruction;
[INFO] [stdout]     |
[INFO] [stdout] help: if you import `instruction`, refer to it directly
[INFO] [stdout]     |
[INFO] [stdout] 113 -     fn instruction(&self) -> safecoin_program::instruction::Instruction {
[INFO] [stdout] 113 +     fn instruction(&self) -> instruction::Instruction {
[INFO] [stdout]     |
[INFO] [stdout] 
[INFO] [stdout] 
[INFO] [stdout] error[E0433]: failed to resolve: use of undeclared crate or module `safecoin_program`
[INFO] [stdout]    --> src/instruction.rs:117:39
[INFO] [stdout]     |
[INFO] [stdout] 117 |             AccountMeta::new_readonly(safecoin_program::system_program::id(), false),
[INFO] [stdout]     |                                       ^^^^^^^^^^^^^^^^ use of undeclared crate or module `safecoin_program`
[INFO] [stdout]     |
[INFO] [stdout] help: consider importing this module
[INFO] [stdout]     |
[INFO] [stdout] 1   + use solana_program::system_program;
[INFO] [stdout]     |
[INFO] [stdout] help: if you import `system_program`, refer to it directly
[INFO] [stdout]     |
[INFO] [stdout] 117 -             AccountMeta::new_readonly(safecoin_program::system_program::id(), false),
[INFO] [stdout] 117 +             AccountMeta::new_readonly(system_program::id(), false),
[INFO] [stdout]     |
[INFO] [stdout] 
[INFO] [stdout] 
[INFO] [stdout] error[E0425]: cannot find value `ID` in the crate root
[INFO] [stdout]    --> src/instruction.rs:124:60
[INFO] [stdout]     |
[INFO] [stdout] 124 |             accounts.push(AccountMeta::new_readonly(crate::ID, false));
[INFO] [stdout]     |                                                            ^^ not found in the crate root
[INFO] [stdout]     |
[INFO] [stdout] help: consider importing one of these items
[INFO] [stdout]     |
[INFO] [stdout] 1   + use safe_zk_token_sdk::zk_token_proof_program::ID;
[INFO] [stdout]     |
[INFO] [stdout] 1   + use solana_program::bpf_loader::ID;
[INFO] [stdout]     |
[INFO] [stdout] 1   + use solana_program::bpf_loader_deprecated::ID;
[INFO] [stdout]     |
[INFO] [stdout] 1   + use solana_program::bpf_loader_upgradeable::ID;
[INFO] [stdout]     |
[INFO] [stdout]       and 21 other candidates
[INFO] [stdout] help: if you import `ID`, refer to it directly
[INFO] [stdout]     |
[INFO] [stdout] 124 -             accounts.push(AccountMeta::new_readonly(crate::ID, false));
[INFO] [stdout] 124 +             accounts.push(AccountMeta::new_readonly(ID, false));
[INFO] [stdout]     |
[INFO] [stdout] 
[INFO] [stdout] 
[INFO] [stdout] error[E0425]: cannot find value `ID` in the crate root
[INFO] [stdout]    --> src/instruction.rs:131:60
[INFO] [stdout]     |
[INFO] [stdout] 131 |             accounts.push(AccountMeta::new_readonly(crate::ID, false));
[INFO] [stdout]     |                                                            ^^ not found in the crate root
[INFO] [stdout]     |
[INFO] [stdout] help: consider importing one of these items
[INFO] [stdout]     |
[INFO] [stdout] 1   + use safe_zk_token_sdk::zk_token_proof_program::ID;
[INFO] [stdout]     |
[INFO] [stdout] 1   + use solana_program::bpf_loader::ID;
[INFO] [stdout]     |
[INFO] [stdout] 1   + use solana_program::bpf_loader_deprecated::ID;
[INFO] [stdout]     |
[INFO] [stdout] 1   + use solana_program::bpf_loader_upgradeable::ID;
[INFO] [stdout]     |
[INFO] [stdout]       and 21 other candidates
[INFO] [stdout] help: if you import `ID`, refer to it directly
[INFO] [stdout]     |
[INFO] [stdout] 131 -             accounts.push(AccountMeta::new_readonly(crate::ID, false));
[INFO] [stdout] 131 +             accounts.push(AccountMeta::new_readonly(ID, false));
[INFO] [stdout]     |
[INFO] [stdout] 
[INFO] [stdout] 
[INFO] [stdout] error[E0425]: cannot find value `ID` in the crate root
[INFO] [stdout]    --> src/instruction.rs:138:60
[INFO] [stdout]     |
[INFO] [stdout] 138 |             accounts.push(AccountMeta::new_readonly(crate::ID, false));
[INFO] [stdout]     |                                                            ^^ not found in the crate root
[INFO] [stdout]     |
[INFO] [stdout] help: consider importing one of these items
[INFO] [stdout]     |
[INFO] [stdout] 1   + use safe_zk_token_sdk::zk_token_proof_program::ID;
[INFO] [stdout]     |
[INFO] [stdout] 1   + use solana_program::bpf_loader::ID;
[INFO] [stdout]     |
[INFO] [stdout] 1   + use solana_program::bpf_loader_deprecated::ID;
[INFO] [stdout]     |
[INFO] [stdout] 1   + use solana_program::bpf_loader_upgradeable::ID;
[INFO] [stdout]     |
[INFO] [stdout]       and 21 other candidates
[INFO] [stdout] help: if you import `ID`, refer to it directly
[INFO] [stdout]     |
[INFO] [stdout] 138 -             accounts.push(AccountMeta::new_readonly(crate::ID, false));
[INFO] [stdout] 138 +             accounts.push(AccountMeta::new_readonly(ID, false));
[INFO] [stdout]     |
[INFO] [stdout] 
[INFO] [stdout] 
[INFO] [stdout] error[E0425]: cannot find value `ID` in the crate root
[INFO] [stdout]    --> src/instruction.rs:144:32
[INFO] [stdout]     |
[INFO] [stdout] 144 |             program_id: crate::ID,
[INFO] [stdout]     |                                ^^ not found in the crate root
[INFO] [stdout]     |
[INFO] [stdout] help: consider importing one of these items
[INFO] [stdout]     |
[INFO] [stdout] 1   + use safe_zk_token_sdk::zk_token_proof_program::ID;
[INFO] [stdout]     |
[INFO] [stdout] 1   + use solana_program::bpf_loader::ID;
[INFO] [stdout]     |
[INFO] [stdout] 1   + use solana_program::bpf_loader_deprecated::ID;
[INFO] [stdout]     |
[INFO] [stdout] 1   + use solana_program::bpf_loader_upgradeable::ID;
[INFO] [stdout]     |
[INFO] [stdout]       and 21 other candidates
[INFO] [stdout] help: if you import `ID`, refer to it directly
[INFO] [stdout]     |
[INFO] [stdout] 144 -             program_id: crate::ID,
[INFO] [stdout] 144 +             program_id: ID,
[INFO] [stdout]     |
[INFO] [stdout] 
[INFO] [stdout] 
[INFO] [stdout] error[E0433]: failed to resolve: use of undeclared crate or module `safecoin_program`
[INFO] [stdout]    --> src/instruction.rs:155:30
[INFO] [stdout]     |
[INFO] [stdout] 155 |     fn instruction(&self) -> safecoin_program::instruction::Instruction {
[INFO] [stdout]     |                              ^^^^^^^^^^^^^^^^ use of undeclared crate or module `safecoin_program`
[INFO] [stdout]     |
[INFO] [stdout] help: consider importing one of these items
[INFO] [stdout]     |
[INFO] [stdout] 1   + use solana_program::instruction;
[INFO] [stdout]     |
[INFO] [stdout] 1   + use solana_program::stake::instruction;
[INFO] [stdout]     |
[INFO] [stdout] help: if you import `instruction`, refer to it directly
[INFO] [stdout]     |
[INFO] [stdout] 155 -     fn instruction(&self) -> safecoin_program::instruction::Instruction {
[INFO] [stdout] 155 +     fn instruction(&self) -> instruction::Instruction {
[INFO] [stdout]     |
[INFO] [stdout] 
[INFO] [stdout] 
[INFO] [stdout] error[E0433]: failed to resolve: use of undeclared crate or module `safecoin_program`
[INFO] [stdout]    --> src/instruction.rs:159:39
[INFO] [stdout]     |
[INFO] [stdout] 159 |             AccountMeta::new_readonly(safecoin_program::system_program::id(), false),
[INFO] [stdout]     |                                       ^^^^^^^^^^^^^^^^ use of undeclared crate or module `safecoin_program`
[INFO] [stdout]     |
[INFO] [stdout] help: consider importing this module
[INFO] [stdout]     |
[INFO] [stdout] 1   + use solana_program::system_program;
[INFO] [stdout]     |
[INFO] [stdout] help: if you import `system_program`, refer to it directly
[INFO] [stdout]     |
[INFO] [stdout] 159 -             AccountMeta::new_readonly(safecoin_program::system_program::id(), false),
[INFO] [stdout] 159 +             AccountMeta::new_readonly(system_program::id(), false),
[INFO] [stdout]     |
[INFO] [stdout] 
[INFO] [stdout] 
[INFO] [stdout] error[E0425]: cannot find value `ID` in the crate root
[INFO] [stdout]    --> src/instruction.rs:163:32
[INFO] [stdout]     |
[INFO] [stdout] 163 |             program_id: crate::ID,
[INFO] [stdout]     |                                ^^ not found in the crate root
[INFO] [stdout]     |
[INFO] [stdout] help: consider importing one of these items
[INFO] [stdout]     |
[INFO] [stdout] 1   + use safe_zk_token_sdk::zk_token_proof_program::ID;
[INFO] [stdout]     |
[INFO] [stdout] 1   + use solana_program::bpf_loader::ID;
[INFO] [stdout]     |
[INFO] [stdout] 1   + use solana_program::bpf_loader_deprecated::ID;
[INFO] [stdout]     |
[INFO] [stdout] 1   + use solana_program::bpf_loader_upgradeable::ID;
[INFO] [stdout]     |
[INFO] [stdout]       and 21 other candidates
[INFO] [stdout] help: if you import `ID`, refer to it directly
[INFO] [stdout]     |
[INFO] [stdout] 163 -             program_id: crate::ID,
[INFO] [stdout] 163 +             program_id: ID,
[INFO] [stdout]     |
[INFO] [stdout] 
[INFO] [stdout] 
[INFO] [stdout] error[E0433]: failed to resolve: use of undeclared crate or module `safecoin_program`
[INFO] [stdout]    --> src/instruction.rs:183:30
[INFO] [stdout]     |
[INFO] [stdout] 183 |     fn instruction(&self) -> safecoin_program::instruction::Instruction;
[INFO] [stdout]     |                              ^^^^^^^^^^^^^^^^ use of undeclared crate or module `safecoin_program`
[INFO] [stdout]     |
[INFO] [stdout] help: consider importing one of these items
[INFO] [stdout]     |
[INFO] [stdout] 1   + use solana_program::instruction;
[INFO] [stdout]     |
[INFO] [stdout] 1   + use solana_program::stake::instruction;
[INFO] [stdout]     |
[INFO] [stdout] help: if you import `instruction`, refer to it directly
[INFO] [stdout]     |
[INFO] [stdout] 183 -     fn instruction(&self) -> safecoin_program::instruction::Instruction;
[INFO] [stdout] 183 +     fn instruction(&self) -> instruction::Instruction;
[INFO] [stdout]     |
[INFO] [stdout] 
[INFO] [stdout] 
[INFO] [stdout] error[E0425]: cannot find value `ID` in the crate root
[INFO] [stdout]   --> src/pda.rs:18:17
[INFO] [stdout]    |
[INFO] [stdout] 18 |         &crate::ID,
[INFO] [stdout]    |                 ^^ not found in the crate root
[INFO] [stdout]    |
[INFO] [stdout] help: consider importing one of these items
[INFO] [stdout]    |
[INFO] [stdout] 2  + use safe_zk_token_sdk::zk_token_proof_program::ID;
[INFO] [stdout]    |
[INFO] [stdout] 2  + use solana_program::bpf_loader::ID;
[INFO] [stdout]    |
[INFO] [stdout] 2  + use solana_program::bpf_loader_deprecated::ID;
[INFO] [stdout]    |
[INFO] [stdout] 2  + use solana_program::bpf_loader_upgradeable::ID;
[INFO] [stdout]    |
[INFO] [stdout]      and 21 other candidates
[INFO] [stdout] help: if you import `ID`, refer to it directly
[INFO] [stdout]    |
[INFO] [stdout] 18 -         &crate::ID,
[INFO] [stdout] 18 +         &ID,
[INFO] [stdout]    |
[INFO] [stdout] 
[INFO] [stdout] 
[INFO] [stdout] error[E0425]: cannot find value `ID` in the crate root
[INFO] [stdout]   --> src/pda.rs:35:17
[INFO] [stdout]    |
[INFO] [stdout] 35 |         &crate::ID,
[INFO] [stdout]    |                 ^^ not found in the crate root
[INFO] [stdout]    |
[INFO] [stdout] help: consider importing one of these items
[INFO] [stdout]    |
[INFO] [stdout] 2  + use safe_zk_token_sdk::zk_token_proof_program::ID;
[INFO] [stdout]    |
[INFO] [stdout] 2  + use solana_program::bpf_loader::ID;
[INFO] [stdout]    |
[INFO] [stdout] 2  + use solana_program::bpf_loader_deprecated::ID;
[INFO] [stdout]    |
[INFO] [stdout] 2  + use solana_program::bpf_loader_upgradeable::ID;
[INFO] [stdout]    |
[INFO] [stdout]      and 21 other candidates
[INFO] [stdout] help: if you import `ID`, refer to it directly
[INFO] [stdout]    |
[INFO] [stdout] 35 -         &crate::ID,
[INFO] [stdout] 35 +         &ID,
[INFO] [stdout]    |
[INFO] [stdout] 
[INFO] [stdout] 
[INFO] [stdout] error[E0425]: cannot find value `ID` in the crate root
[INFO] [stdout]   --> src/pda.rs:41:82
[INFO] [stdout]    |
[INFO] [stdout] 41 |     Pubkey::find_program_address(&[PREFIX.as_bytes(), creator.as_ref()], &crate::ID)
[INFO] [stdout]    |                                                                                  ^^ not found in the crate root
[INFO] [stdout]    |
[INFO] [stdout] help: consider importing one of these items
[INFO] [stdout]    |
[INFO] [stdout] 2  + use safe_zk_token_sdk::zk_token_proof_program::ID;
[INFO] [stdout]    |
[INFO] [stdout] 2  + use solana_program::bpf_loader::ID;
[INFO] [stdout]    |
[INFO] [stdout] 2  + use solana_program::bpf_loader_deprecated::ID;
[INFO] [stdout]    |
[INFO] [stdout] 2  + use solana_program::bpf_loader_upgradeable::ID;
[INFO] [stdout]    |
[INFO] [stdout]      and 21 other candidates
[INFO] [stdout] help: if you import `ID`, refer to it directly
[INFO] [stdout]    |
[INFO] [stdout] 41 -     Pubkey::find_program_address(&[PREFIX.as_bytes(), creator.as_ref()], &crate::ID)
[INFO] [stdout] 41 +     Pubkey::find_program_address(&[PREFIX.as_bytes(), creator.as_ref()], &ID)
[INFO] [stdout]    |
[INFO] [stdout] 
[INFO] [stdout] 
[INFO] [stdout] error[E0425]: cannot find value `ID` in the crate root
[INFO] [stdout]    --> src/processor.rs:256:56
[INFO] [stdout]     |
[INFO] [stdout] 256 |     if *ctx.accounts.rule_set_pda_info.owner != crate::ID {
[INFO] [stdout]     |                                                        ^^ not found in the crate root
[INFO] [stdout]     |
[INFO] [stdout] help: consider importing one of these items
[INFO] [stdout]     |
[INFO] [stdout] 2   + use safe_zk_token_sdk::zk_token_proof_program::ID;
[INFO] [stdout]     |
[INFO] [stdout] 2   + use solana_program::bpf_loader::ID;
[INFO] [stdout]     |
[INFO] [stdout] 2   + use solana_program::bpf_loader_deprecated::ID;
[INFO] [stdout]     |
[INFO] [stdout] 2   + use solana_program::bpf_loader_upgradeable::ID;
[INFO] [stdout]     |
[INFO] [stdout]       and 21 other candidates
[INFO] [stdout] help: if you import `ID`, refer to it directly
[INFO] [stdout]     |
[INFO] [stdout] 256 -     if *ctx.accounts.rule_set_pda_info.owner != crate::ID {
[INFO] [stdout] 256 +     if *ctx.accounts.rule_set_pda_info.owner != ID {
[INFO] [stdout]     |
[INFO] [stdout] 
[INFO] [stdout] 
[INFO] [stdout] error[E0425]: cannot find function `id` in the crate root
[INFO] [stdout]    --> src/processor.rs:486:49
[INFO] [stdout]     |
[INFO] [stdout] 486 |     Ok(if cmp_pubkeys(account_info.key, &crate::id()) {
[INFO] [stdout]     |                                                 ^^ not found in the crate root
[INFO] [stdout]     |
[INFO] [stdout] help: consider importing one of these items
[INFO] [stdout]     |
[INFO] [stdout] 2   + use safe_zk_token_sdk::zk_token_proof_program::id;
[INFO] [stdout]     |
[INFO] [stdout] 2   + use solana_program::bpf_loader::id;
[INFO] [stdout]     |
[INFO] [stdout] 2   + use solana_program::bpf_loader_deprecated::id;
[INFO] [stdout]     |
[INFO] [stdout] 2   + use solana_program::bpf_loader_upgradeable::id;
[INFO] [stdout]     |
[INFO] [stdout]       and 22 other candidates
[INFO] [stdout] help: if you import `id`, refer to it directly
[INFO] [stdout]     |
[INFO] [stdout] 486 -     Ok(if cmp_pubkeys(account_info.key, &crate::id()) {
[INFO] [stdout] 486 +     Ok(if cmp_pubkeys(account_info.key, &id()) {
[INFO] [stdout]     |
[INFO] [stdout] 
[INFO] [stdout] 
[INFO] [stdout] error[E0425]: cannot find value `ID` in the crate root
[INFO] [stdout]   --> src/state/mod.rs:76:42
[INFO] [stdout]    |
[INFO] [stdout] 76 |         assert_owned_by(account, &crate::ID)?;
[INFO] [stdout]    |                                          ^^ not found in the crate root
[INFO] [stdout]    |
[INFO] [stdout] help: consider importing one of these items
[INFO] [stdout]    |
[INFO] [stdout] 26 + use safe_zk_token_sdk::zk_token_proof_program::ID;
[INFO] [stdout]    |
[INFO] [stdout] 26 + use solana_program::bpf_loader::ID;
[INFO] [stdout]    |
[INFO] [stdout] 26 + use solana_program::bpf_loader_deprecated::ID;
[INFO] [stdout]    |
[INFO] [stdout] 26 + use solana_program::bpf_loader_upgradeable::ID;
[INFO] [stdout]    |
[INFO] [stdout]      and 21 other candidates
[INFO] [stdout] help: if you import `ID`, refer to it directly
[INFO] [stdout]    |
[INFO] [stdout] 76 -         assert_owned_by(account, &crate::ID)?;
[INFO] [stdout] 76 +         assert_owned_by(account, &ID)?;
[INFO] [stdout]    |
[INFO] [stdout] 
[INFO] [stdout] 
[INFO] [stdout] error[E0433]: failed to resolve: use of undeclared crate or module `safecoin_program`
[INFO] [stdout]    --> src/utils.rs:129:17
[INFO] [stdout]     |
[INFO] [stdout] 129 |                 safecoin_program::keccak::hashv(&[&[0x01], &computed_hash, proof_element]).0;
[INFO] [stdout]     |                 ^^^^^^^^^^^^^^^^ use of undeclared crate or module `safecoin_program`
[INFO] [stdout]     |
[INFO] [stdout] help: consider importing this module
[INFO] [stdout]     |
[INFO] [stdout] 2   + use solana_program::keccak;
[INFO] [stdout]     |
[INFO] [stdout] help: if you import `keccak`, refer to it directly
[INFO] [stdout]     |
[INFO] [stdout] 129 -                 safecoin_program::keccak::hashv(&[&[0x01], &computed_hash, proof_element]).0;
[INFO] [stdout] 129 +                 keccak::hashv(&[&[0x01], &computed_hash, proof_element]).0;
[INFO] [stdout]     |
[INFO] [stdout] 
[INFO] [stdout] 
[INFO] [stdout] error[E0433]: failed to resolve: use of undeclared crate or module `safecoin_program`
[INFO] [stdout]    --> src/utils.rs:133:17
[INFO] [stdout]     |
[INFO] [stdout] 133 |                 safecoin_program::keccak::hashv(&[&[0x01], proof_element, &computed_hash]).0;
[INFO] [stdout]     |                 ^^^^^^^^^^^^^^^^ use of undeclared crate or module `safecoin_program`
[INFO] [stdout]     |
[INFO] [stdout] help: consider importing this module
[INFO] [stdout]     |
[INFO] [stdout] 2   + use solana_program::keccak;
[INFO] [stdout]     |
[INFO] [stdout] help: if you import `keccak`, refer to it directly
[INFO] [stdout]     |
[INFO] [stdout] 133 -                 safecoin_program::keccak::hashv(&[&[0x01], proof_element, &computed_hash]).0;
[INFO] [stdout] 133 +                 keccak::hashv(&[&[0x01], proof_element, &computed_hash]).0;
[INFO] [stdout]     |
[INFO] [stdout] 
[INFO] [stdout] 
[INFO] [stdout] error: aborting due to 64 previous errors
[INFO] [stdout] 
[INFO] [stdout] 
[INFO] [stdout] Some errors have detailed explanations: E0425, E0432, E0433.
[INFO] [stdout] 
[INFO] [stdout] For more information about an error, try `rustc --explain E0425`.
[INFO] [stdout] 
[INFO] [stderr] error: could not compile `lpl-token-auth-rules` (lib) due to 65 previous errors
[INFO] running `Command { std: "docker" "inspect" "9bcbd4d5cee9238714953af5d2c6cc741f92aa4259e64d2800b62e142c22c180", kill_on_drop: false }`
[INFO] running `Command { std: "docker" "rm" "-f" "9bcbd4d5cee9238714953af5d2c6cc741f92aa4259e64d2800b62e142c22c180", kill_on_drop: false }`
[INFO] [stdout] 9bcbd4d5cee9238714953af5d2c6cc741f92aa4259e64d2800b62e142c22c180
[INFO] testing lpl-token-auth-rules-1.1.0 against beta-2023-12-22 for beta-1.76-1
[INFO] extracting crate lpl-token-auth-rules 1.1.0 into /workspace/builds/worker-6-tc2/source
[INFO] validating manifest of crates.io crate lpl-token-auth-rules 1.1.0 on toolchain beta-2023-12-22
[INFO] running `Command { std: CARGO_HOME="/workspace/cargo-home" RUSTUP_HOME="/workspace/rustup-home" "/workspace/cargo-home/bin/cargo" "+beta-2023-12-22" "metadata" "--manifest-path" "Cargo.toml" "--no-deps", kill_on_drop: false }`
[INFO] started tweaking crates.io crate lpl-token-auth-rules 1.1.0
[INFO] finished tweaking crates.io crate lpl-token-auth-rules 1.1.0
[INFO] tweaked toml for crates.io crate lpl-token-auth-rules 1.1.0 written to /workspace/builds/worker-6-tc2/source/Cargo.toml
[INFO] running `Command { std: CARGO_HOME="/workspace/cargo-home" RUSTUP_HOME="/workspace/rustup-home" "/workspace/cargo-home/bin/cargo" "+beta-2023-12-22" "generate-lockfile" "--manifest-path" "Cargo.toml", kill_on_drop: false }`
[INFO] [stderr]     Updating crates.io index
[INFO] running `Command { std: CARGO_HOME="/workspace/cargo-home" RUSTUP_HOME="/workspace/rustup-home" "/workspace/cargo-home/bin/cargo" "+beta-2023-12-22" "fetch" "--manifest-path" "Cargo.toml", kill_on_drop: false }`
[INFO] [stderr]     Blocking waiting for file lock on package cache
[INFO] [stderr]     Blocking waiting for file lock on package cache
[INFO] running `Command { std: "docker" "create" "-v" "/var/lib/crater-agent-workspace/builds/worker-6-tc2/target:/opt/rustwide/target:rw,Z" "-v" "/var/lib/crater-agent-workspace/builds/worker-6-tc2/source:/opt/rustwide/workdir:ro,Z" "-v" "/var/lib/crater-agent-workspace/cargo-home:/opt/rustwide/cargo-home:ro,Z" "-v" "/var/lib/crater-agent-workspace/rustup-home:/opt/rustwide/rustup-home:ro,Z" "-e" "SOURCE_DIR=/opt/rustwide/workdir" "-e" "CARGO_TARGET_DIR=/opt/rustwide/target" "-e" "CARGO_HOME=/opt/rustwide/cargo-home" "-e" "RUSTUP_HOME=/opt/rustwide/rustup-home" "-w" "/opt/rustwide/workdir" "-m" "1610612736" "--user" "0:0" "--network" "none" "ghcr.io/rust-lang/crates-build-env/linux@sha256:2788e3201cd34a07e3172128adcd8b3090168a8e3bcc40d7c032b9dda1df7d1c" "/opt/rustwide/cargo-home/bin/cargo" "+beta-2023-12-22" "metadata" "--no-deps" "--format-version=1", kill_on_drop: false }`
[INFO] [stdout] 688a18feb8bf3c1127075e682de7196a7510b09152ff77bc31907964413ac806
[INFO] running `Command { std: "docker" "start" "-a" "688a18feb8bf3c1127075e682de7196a7510b09152ff77bc31907964413ac806", kill_on_drop: false }`
[INFO] running `Command { std: "docker" "inspect" "688a18feb8bf3c1127075e682de7196a7510b09152ff77bc31907964413ac806", kill_on_drop: false }`
[INFO] running `Command { std: "docker" "rm" "-f" "688a18feb8bf3c1127075e682de7196a7510b09152ff77bc31907964413ac806", kill_on_drop: false }`
[INFO] [stdout] 688a18feb8bf3c1127075e682de7196a7510b09152ff77bc31907964413ac806
[INFO] running `Command { std: "docker" "create" "-v" "/var/lib/crater-agent-workspace/builds/worker-6-tc2/target:/opt/rustwide/target:rw,Z" "-v" "/var/lib/crater-agent-workspace/builds/worker-6-tc2/source:/opt/rustwide/workdir:ro,Z" "-v" "/var/lib/crater-agent-workspace/cargo-home:/opt/rustwide/cargo-home:ro,Z" "-v" "/var/lib/crater-agent-workspace/rustup-home:/opt/rustwide/rustup-home:ro,Z" "-e" "SOURCE_DIR=/opt/rustwide/workdir" "-e" "CARGO_TARGET_DIR=/opt/rustwide/target" "-e" "CARGO_INCREMENTAL=0" "-e" "RUST_BACKTRACE=full" "-e" "RUSTFLAGS=--cap-lints=warn" "-e" "RUSTDOCFLAGS=--cap-lints=warn" "-e" "CARGO_HOME=/opt/rustwide/cargo-home" "-e" "RUSTUP_HOME=/opt/rustwide/rustup-home" "-w" "/opt/rustwide/workdir" "-m" "1610612736" "--user" "0:0" "--network" "none" "ghcr.io/rust-lang/crates-build-env/linux@sha256:2788e3201cd34a07e3172128adcd8b3090168a8e3bcc40d7c032b9dda1df7d1c" "/opt/rustwide/cargo-home/bin/cargo" "+beta-2023-12-22" "build" "--frozen" "--message-format=json", kill_on_drop: false }`
[INFO] [stdout] 2c1c99727245693ba76f98fe68789fb85b584b8d174cd5a142fa670046f094ab
[INFO] running `Command { std: "docker" "start" "-a" "2c1c99727245693ba76f98fe68789fb85b584b8d174cd5a142fa670046f094ab", kill_on_drop: false }`
[INFO] [stderr]    Compiling proc-macro2 v1.0.75
[INFO] [stderr]    Compiling unicode-ident v1.0.12
[INFO] [stderr]    Compiling version_check v0.9.4
[INFO] [stderr]    Compiling typenum v1.17.0
[INFO] [stderr]    Compiling serde v1.0.194
[INFO] [stderr]    Compiling cfg-if v1.0.0
[INFO] [stderr]    Compiling libc v0.2.151
[INFO] [stderr]    Compiling subtle v2.4.1
[INFO] [stderr]    Compiling syn v1.0.109
[INFO] [stderr]    Compiling semver v1.0.21
[INFO] [stderr]    Compiling getrandom v0.1.16
[INFO] [stderr]    Compiling once_cell v1.19.0
[INFO] [stderr]    Compiling generic-array v0.14.7
[INFO] [stderr]    Compiling cpufeatures v0.2.12
[INFO] [stderr]    Compiling autocfg v1.1.0
[INFO] [stderr]    Compiling opaque-debug v0.3.0
[INFO] [stderr]    Compiling crunchy v0.2.2
[INFO] [stderr]    Compiling rustc_version v0.4.0
[INFO] [stderr]    Compiling quote v1.0.35
[INFO] [stderr]    Compiling crossbeam-utils v0.8.18
[INFO] [stderr]    Compiling syn v2.0.48
[INFO] [stderr]    Compiling block-padding v0.2.1
[INFO] [stderr]    Compiling byteorder v1.5.0
[INFO] [stderr]    Compiling jobserver v0.1.27
[INFO] [stderr]    Compiling ahash v0.7.7
[INFO] [stderr]    Compiling getrandom v0.2.11
[INFO] [stderr]    Compiling rand_core v0.5.1
[INFO] [stderr]    Compiling digest v0.9.0
[INFO] [stderr]    Compiling cc v1.0.83
[INFO] [stderr]    Compiling ppv-lite86 v0.2.17
[INFO] [stderr]    Compiling wasm-bindgen-shared v0.2.89
[INFO] [stderr]    Compiling anyhow v1.0.79
[INFO] [stderr]    Compiling libsecp256k1-core v0.2.2
[INFO] [stderr]    Compiling rand_chacha v0.2.2
[INFO] [stderr]    Compiling crossbeam-epoch v0.9.17
[INFO] [stderr]    Compiling num-traits v0.2.17
[INFO] [stderr]    Compiling rayon-core v1.12.0
[INFO] [stderr]    Compiling rand v0.7.3
[INFO] [stderr]    Compiling crossbeam-deque v0.8.4
[INFO] [stderr]    Compiling rand_core v0.6.4
[INFO] [stderr]    Compiling log v0.4.20
[INFO] [stderr]    Compiling either v1.9.0
[INFO] [stderr]    Compiling bumpalo v3.14.0
[INFO] [stderr]    Compiling thiserror v1.0.56
[INFO] [stderr]    Compiling memchr v2.7.1
[INFO] [stderr]    Compiling feature-probe v0.1.1
[INFO] [stderr]    Compiling libsecp256k1-gen-genmult v0.2.1
[INFO] [stderr]    Compiling libsecp256k1-gen-ecmult v0.2.1
[INFO] [stderr]    Compiling bv v0.11.1
[INFO] [stderr]    Compiling bitmaps v2.1.0
[INFO] [stderr]    Compiling aho-corasick v1.1.2
[INFO] [stderr]    Compiling blake3 v1.5.0
[INFO] [stderr]    Compiling wasm-bindgen-backend v0.2.89
[INFO] [stderr]    Compiling safecoin-frozen-abi-macro v1.14.17
[INFO] [stderr]    Compiling im v15.1.0
[INFO] [stderr]    Compiling serde_json v1.0.111
[INFO] [stderr]    Compiling keccak v0.1.4
[INFO] [stderr]    Compiling arrayref v0.3.7
[INFO] [stderr]    Compiling tinyvec_macros v0.1.1
[INFO] [stderr]    Compiling regex-syntax v0.8.2
[INFO] [stderr]    Compiling lazy_static v1.4.0
[INFO] [stderr]    Compiling rustversion v1.0.14
[INFO] [stderr]    Compiling tinyvec v1.6.0
[INFO] [stderr]    Compiling borsh-derive-internal v0.9.3
[INFO] [stderr]    Compiling borsh-schema-derive-internal v0.9.3
[INFO] [stderr]    Compiling wasm-bindgen-macro-support v0.2.89
[INFO] [stderr]    Compiling sized-chunks v0.6.5
[INFO] [stderr]    Compiling regex-automata v0.4.3
[INFO] [stderr]    Compiling rayon v1.8.0
[INFO] [stderr]    Compiling libsecp256k1 v0.6.0
[INFO] [stderr]    Compiling rand_xoshiro v0.6.0
[INFO] [stderr]    Compiling serde_derive v1.0.194
[INFO] [stderr]    Compiling zeroize_derive v1.4.2
[INFO] [stderr]    Compiling thiserror-impl v1.0.56
[INFO] [stderr]    Compiling safecoin-frozen-abi v1.14.17
[INFO] [stderr]    Compiling memoffset v0.6.5
[INFO] [stderr]    Compiling constant_time_eq v0.3.0
[INFO] [stderr]    Compiling arrayvec v0.7.4
[INFO] [stderr]    Compiling bs58 v0.4.0
[INFO] [stderr]    Compiling ryu v1.0.16
[INFO] [stderr]    Compiling zeroize v1.3.0
[INFO] [stderr]    Compiling itoa v1.0.10
[INFO] [stderr]    Compiling signature v1.6.4
[INFO] [stderr]    Compiling wasm-bindgen v0.2.89
[INFO] [stderr]    Compiling regex v1.10.2
[INFO] [stderr]    Compiling ed25519 v1.5.3
[INFO] [stderr]    Compiling wasm-bindgen-macro v0.2.89
[INFO] [stderr]    Compiling bytemuck_derive v1.5.0
[INFO] [stderr]    Compiling unicode-normalization v0.1.22
[INFO] [stderr]    Compiling safecoin-program v1.14.17
[INFO] [stderr]    Compiling hashbrown v0.11.2
[INFO] [stderr]    Compiling hashbrown v0.12.3
[INFO] [stderr]    Compiling atty v0.2.14
[INFO] [stderr]    Compiling memmap2 v0.5.10
[INFO] [stderr]    Compiling rustc-hash v1.1.0
[INFO] [stderr]    Compiling base64 v0.12.3
[INFO] [stderr]    Compiling termcolor v1.4.0
[INFO] [stderr]    Compiling paste v1.0.14
[INFO] [stderr]    Compiling humantime v2.1.0
[INFO] [stderr]    Compiling bytemuck v1.14.0
[INFO] [stderr]    Compiling safecoin-sdk-macro v1.14.17
[INFO] [stderr]    Compiling env_logger v0.9.3
[INFO] [stderr]    Compiling num-derive v0.3.3
[INFO] [stderr]    Compiling itertools v0.10.5
[INFO] [stderr]    Compiling safecoin-sdk v1.14.17
[INFO] [stderr]    Compiling percent-encoding v2.3.1
[INFO] [stderr]    Compiling fnv v1.0.7
[INFO] [stderr]    Compiling base64 v0.13.1
[INFO] [stderr]    Compiling derivation-path v0.2.0
[INFO] [stderr]    Compiling bitflags v1.3.2
[INFO] [stderr]    Compiling uriparse v0.6.4
[INFO] [stderr]    Compiling qstring v0.7.2
[INFO] [stderr]    Compiling safecoin-logger v1.14.17
[INFO] [stderr]    Compiling chrono v0.4.31
[INFO] [stderr]    Compiling assert_matches v1.5.0
[INFO] [stderr]    Compiling merlin v3.0.0
[INFO] [stderr]    Compiling lpl-token-metadata-context-derive v0.2.1
[INFO] [stderr]    Compiling rmp v0.8.12
[INFO] [stderr]    Compiling serde_bytes v0.11.14
[INFO] [stderr]    Compiling bincode v1.3.3
[INFO] [stderr]    Compiling toml v0.5.11
[INFO] [stderr]    Compiling shank_macro_impl v0.0.11
[INFO] [stderr]    Compiling rmp-serde v1.1.2
[INFO] [stderr]    Compiling crypto-common v0.1.6
[INFO] [stderr]    Compiling block-buffer v0.10.4
[INFO] [stderr]    Compiling block-buffer v0.9.0
[INFO] [stderr]    Compiling digest v0.10.7
[INFO] [stderr]    Compiling crypto-mac v0.8.0
[INFO] [stderr]    Compiling curve25519-dalek v3.2.1
[INFO] [stderr]    Compiling sha2 v0.9.9
[INFO] [stderr]    Compiling hmac v0.8.1
[INFO] [stderr]    Compiling sha2 v0.10.8
[INFO] [stderr]    Compiling proc-macro-crate v0.1.5
[INFO] [stderr]    Compiling hmac-drbg v0.3.0
[INFO] [stderr]    Compiling pbkdf2 v0.4.0
[INFO] [stderr]    Compiling cipher v0.3.0
[INFO] [stderr]    Compiling tiny-bip39 v0.8.2
[INFO] [stderr]    Compiling ed25519-dalek v1.0.1
[INFO] [stderr]    Compiling hmac v0.12.1
[INFO] [stderr]    Compiling sha3 v0.10.8
[INFO] [stderr]    Compiling universal-hash v0.4.1
[INFO] [stderr]    Compiling polyval v0.5.3
[INFO] [stderr]    Compiling ed25519-dalek-bip32 v0.2.0
[INFO] [stderr]    Compiling aes v0.7.5
[INFO] [stderr]    Compiling borsh-derive v0.9.3
[INFO] [stderr]    Compiling ctr v0.8.0
[INFO] [stderr]    Compiling pbkdf2 v0.11.0
[INFO] [stderr]    Compiling inout v0.1.3
[INFO] [stderr]    Compiling aead v0.4.3
[INFO] [stderr]    Compiling cipher v0.4.4
[INFO] [stderr]    Compiling shank_macro v0.0.11
[INFO] [stderr]    Compiling sha3 v0.9.1
[INFO] [stderr]    Compiling aes-gcm-siv v0.10.3
[INFO] [stderr]    Compiling borsh v0.9.3
[INFO] [stderr]    Compiling shank v0.0.11
[INFO] [stderr]    Compiling safe-zk-token-sdk v1.14.17
[INFO] [stderr]    Compiling lpl-token-auth-rules v1.1.0 (/opt/rustwide/workdir)
[INFO] [stdout] error[E0433]: failed to resolve: use of undeclared crate or module `safecoin_program`
[INFO] [stdout]  --> src/error.rs:3:5
[INFO] [stdout]   |
[INFO] [stdout] 3 | use safecoin_program::{
[INFO] [stdout]   |     ^^^^^^^^^^^^^^^^ use of undeclared crate or module `safecoin_program`
[INFO] [stdout] 
[INFO] [stdout] 
[INFO] [stdout] error[E0433]: failed to resolve: use of undeclared crate or module `safecoin_program`
[INFO] [stdout]  --> src/instruction.rs:5:5
[INFO] [stdout]   |
[INFO] [stdout] 5 | use safecoin_program::{
[INFO] [stdout]   |     ^^^^^^^^^^^^^^^^ use of undeclared crate or module `safecoin_program`
[INFO] [stdout] 
[INFO] [stdout] 
[INFO] [stdout] error[E0433]: failed to resolve: use of undeclared crate or module `safecoin_program`
[INFO] [stdout]  --> src/payload.rs:5:5
[INFO] [stdout]   |
[INFO] [stdout] 5 | use safecoin_program::{entrypoint::ProgramResult, pubkey::Pubkey};
[INFO] [stdout]   |     ^^^^^^^^^^^^^^^^ use of undeclared crate or module `safecoin_program`
[INFO] [stdout] 
[INFO] [stdout] 
[INFO] [stdout] error[E0433]: failed to resolve: use of undeclared crate or module `safecoin_program`
[INFO] [stdout]  --> src/pda.rs:2:5
[INFO] [stdout]   |
[INFO] [stdout] 2 | use safecoin_program::pubkey::Pubkey;
[INFO] [stdout]   |     ^^^^^^^^^^^^^^^^ use of undeclared crate or module `safecoin_program`
[INFO] [stdout] 
[INFO] [stdout] 
[INFO] [stdout] error[E0433]: failed to resolve: use of undeclared crate or module `safecoin_program`
[INFO] [stdout]   --> src/processor.rs:22:5
[INFO] [stdout]    |
[INFO] [stdout] 22 | use safecoin_program::{
[INFO] [stdout]    |     ^^^^^^^^^^^^^^^^ use of undeclared crate or module `safecoin_program`
[INFO] [stdout] 
[INFO] [stdout] 
[INFO] [stdout] error[E0432]: unresolved import `safecoin_program`
[INFO] [stdout]  --> src/error.rs:3:5
[INFO] [stdout]   |
[INFO] [stdout] 3 | use safecoin_program::{
[INFO] [stdout]   |     ^^^^^^^^^^^^^^^^ use of undeclared crate or module `safecoin_program`
[INFO] [stdout] 
[INFO] [stdout] 
[INFO] [stdout] error[E0433]: failed to resolve: use of undeclared crate or module `safecoin_program`
[INFO] [stdout]   --> src/state/mod.rs:29:5
[INFO] [stdout]    |
[INFO] [stdout] 29 | use safecoin_program::{
[INFO] [stdout]    |     ^^^^^^^^^^^^^^^^ use of undeclared crate or module `safecoin_program`
[INFO] [stdout] 
[INFO] [stdout] 
[INFO] [stdout] error[E0433]: failed to resolve: use of undeclared crate or module `safecoin_program`
[INFO] [stdout]   --> src/state/rule_set.rs:10:5
[INFO] [stdout]    |
[INFO] [stdout] 10 | use safecoin_program::{entrypoint::ProgramResult, pubkey::Pubkey};
[INFO] [stdout]    |     ^^^^^^^^^^^^^^^^ use of undeclared crate or module `safecoin_program`
[INFO] [stdout] 
[INFO] [stdout] 
[INFO] [stdout] error[E0433]: failed to resolve: use of undeclared crate or module `safecoin_program`
[INFO] [stdout]   --> src/state/rules.rs:11:5
[INFO] [stdout]    |
[INFO] [stdout] 11 | use safecoin_program::{
[INFO] [stdout]    |     ^^^^^^^^^^^^^^^^ use of undeclared crate or module `safecoin_program`
[INFO] [stdout] 
[INFO] [stdout] 
[INFO] [stdout] error[E0432]: unresolved import `safecoin_program`
[INFO] [stdout]   --> src/processor.rs:22:5
[INFO] [stdout]    |
[INFO] [stdout] 22 | use safecoin_program::{
[INFO] [stdout]    |     ^^^^^^^^^^^^^^^^ use of undeclared crate or module `safecoin_program`
[INFO] [stdout] 
[INFO] [stdout] 
[INFO] [stdout] error[E0433]: failed to resolve: use of undeclared crate or module `safecoin_program`
[INFO] [stdout]   --> src/utils.rs:11:5
[INFO] [stdout]    |
[INFO] [stdout] 11 | use safecoin_program::{
[INFO] [stdout]    |     ^^^^^^^^^^^^^^^^ use of undeclared crate or module `safecoin_program`
[INFO] [stdout] 
[INFO] [stdout] 
[INFO] [stdout] error[E0432]: unresolved import `safecoin_program`
[INFO] [stdout]   --> src/state/rules.rs:11:5
[INFO] [stdout]    |
[INFO] [stdout] 11 | use safecoin_program::{
[INFO] [stdout]    |     ^^^^^^^^^^^^^^^^ use of undeclared crate or module `safecoin_program`
[INFO] [stdout] 
[INFO] [stdout] 
[INFO] [stdout] error[E0432]: unresolved import `safecoin_program`
[INFO] [stdout]   --> src/utils.rs:11:5
[INFO] [stdout]    |
[INFO] [stdout] 11 | use safecoin_program::{
[INFO] [stdout]    |     ^^^^^^^^^^^^^^^^ use of undeclared crate or module `safecoin_program`
[INFO] [stdout] 
[INFO] [stdout] 
[INFO] [stdout] error[E0432]: unresolved import `safecoin_program`
[INFO] [stdout]   --> src/lib.rs:17:9
[INFO] [stdout]    |
[INFO] [stdout] 17 | pub use safecoin_program;
[INFO] [stdout]    |         ^^^^^^^^^^^^^^^^ no external crate `safecoin_program`
[INFO] [stdout] 
[INFO] [stdout] 
[INFO] [stdout] error: cannot determine resolution for the macro `safecoin_program::declare_id`
[INFO] [stdout]   --> src/lib.rs:22:1
[INFO] [stdout]    |
[INFO] [stdout] 22 | safecoin_program::declare_id!("auth9SigNpDKz4sJJ1DfCTuZrZNSAgh9sFD3rboVmgg");
[INFO] [stdout]    | ^^^^^^^^^^^^^^^^^^^^^^^^^^^^
[INFO] [stdout]    |
[INFO] [stdout]    = note: import resolution is stuck, try simplifying macro imports
[INFO] [stdout] 
[INFO] [stdout] 
[INFO] [stdout] error: cannot determine resolution for the macro `msg`
[INFO] [stdout]    --> src/error.rs:156:9
[INFO] [stdout]     |
[INFO] [stdout] 156 |         msg!(&self.to_string());
[INFO] [stdout]     |         ^^^
[INFO] [stdout]     |
[INFO] [stdout]     = note: import resolution is stuck, try simplifying macro imports
[INFO] [stdout] 
[INFO] [stdout] 
[INFO] [stdout] error: cannot determine resolution for the macro `msg`
[INFO] [stdout]   --> src/processor.rs:43:17
[INFO] [stdout]    |
[INFO] [stdout] 43 |                 msg!("Instruction: CreateOrUpdate");
[INFO] [stdout]    |                 ^^^
[INFO] [stdout]    |
[INFO] [stdout]    = note: import resolution is stuck, try simplifying macro imports
[INFO] [stdout] 
[INFO] [stdout] 
[INFO] [stdout] error: cannot determine resolution for the macro `msg`
[INFO] [stdout]   --> src/processor.rs:47:17
[INFO] [stdout]    |
[INFO] [stdout] 47 |                 msg!("Instruction: Validate");
[INFO] [stdout]    |                 ^^^
[INFO] [stdout]    |
[INFO] [stdout]    = note: import resolution is stuck, try simplifying macro imports
[INFO] [stdout] 
[INFO] [stdout] 
[INFO] [stdout] error: cannot determine resolution for the macro `msg`
[INFO] [stdout]   --> src/processor.rs:51:17
[INFO] [stdout]    |
[INFO] [stdout] 51 |                 msg!("Instruction: WriteToBuffer");
[INFO] [stdout]    |                 ^^^
[INFO] [stdout]    |
[INFO] [stdout]    = note: import resolution is stuck, try simplifying macro imports
[INFO] [stdout] 
[INFO] [stdout] 
[INFO] [stdout] error: cannot determine resolution for the macro `msg`
[INFO] [stdout]    --> src/processor.rs:375:9
[INFO] [stdout]     |
[INFO] [stdout] 375 |         msg!("Failed to validate: {}", err);
[INFO] [stdout]     |         ^^^
[INFO] [stdout]     |
[INFO] [stdout]     = note: import resolution is stuck, try simplifying macro imports
[INFO] [stdout] 
[INFO] [stdout] 
[INFO] [stdout] error: cannot determine resolution for the macro `msg`
[INFO] [stdout]    --> src/processor.rs:460:5
[INFO] [stdout]     |
[INFO] [stdout] 460 |     msg!(
[INFO] [stdout]     |     ^^^
[INFO] [stdout]     |
[INFO] [stdout]     = note: import resolution is stuck, try simplifying macro imports
[INFO] [stdout] 
[INFO] [stdout] 
[INFO] [stdout] error: cannot determine resolution for the macro `msg`
[INFO] [stdout]    --> src/state/rules.rs:224:17
[INFO] [stdout]     |
[INFO] [stdout] 224 |                 msg!("Validating All");
[INFO] [stdout]     |                 ^^^
[INFO] [stdout]     |
[INFO] [stdout]     = note: import resolution is stuck, try simplifying macro imports
[INFO] [stdout] 
[INFO] [stdout] 
[INFO] [stdout] error: cannot determine resolution for the macro `msg`
[INFO] [stdout]    --> src/state/rules.rs:243:17
[INFO] [stdout]     |
[INFO] [stdout] 243 |                 msg!("Validating Any");
[INFO] [stdout]     |                 ^^^
[INFO] [stdout]     |
[INFO] [stdout]     = note: import resolution is stuck, try simplifying macro imports
[INFO] [stdout] 
[INFO] [stdout] 
[INFO] [stdout] error: cannot determine resolution for the macro `msg`
[INFO] [stdout]    --> src/state/rules.rs:285:17
[INFO] [stdout]     |
[INFO] [stdout] 285 |                 msg!("Validating AdditionalSigner");
[INFO] [stdout]     |                 ^^^
[INFO] [stdout]     |
[INFO] [stdout]     = note: import resolution is stuck, try simplifying macro imports
[INFO] [stdout] 
[INFO] [stdout] 
[INFO] [stdout] error: cannot determine resolution for the macro `msg`
[INFO] [stdout]    --> src/state/rules.rs:293:17
[INFO] [stdout]     |
[INFO] [stdout] 293 |                 msg!("Validating PubkeyMatch");
[INFO] [stdout]     |                 ^^^
[INFO] [stdout]     |
[INFO] [stdout]     = note: import resolution is stuck, try simplifying macro imports
[INFO] [stdout] 
[INFO] [stdout] 
[INFO] [stdout] error: cannot determine resolution for the macro `msg`
[INFO] [stdout]    --> src/state/rules.rs:307:17
[INFO] [stdout]     |
[INFO] [stdout] 307 |                 msg!("Validating PubkeyListMatch");
[INFO] [stdout]     |                 ^^^
[INFO] [stdout]     |
[INFO] [stdout]     = note: import resolution is stuck, try simplifying macro imports
[INFO] [stdout] 
[INFO] [stdout] 
[INFO] [stdout] error: cannot determine resolution for the macro `msg`
[INFO] [stdout]    --> src/state/rules.rs:325:17
[INFO] [stdout]     |
[INFO] [stdout] 325 |                 msg!("Validating PubkeyTreeMatch");
[INFO] [stdout]     |                 ^^^
[INFO] [stdout]     |
[INFO] [stdout]     = note: import resolution is stuck, try simplifying macro imports
[INFO] [stdout] 
[INFO] [stdout] 
[INFO] [stdout] error: cannot determine resolution for the macro `msg`
[INFO] [stdout]    --> src/state/rules.rs:352:17
[INFO] [stdout]     |
[INFO] [stdout] 352 |                 msg!("Validating PDAMatch");
[INFO] [stdout]     |                 ^^^
[INFO] [stdout]     |
[INFO] [stdout]     = note: import resolution is stuck, try simplifying macro imports
[INFO] [stdout] 
[INFO] [stdout] 
[INFO] [stdout] error: cannot determine resolution for the macro `msg`
[INFO] [stdout]    --> src/state/rules.rs:393:17
[INFO] [stdout]     |
[INFO] [stdout] 393 |                 msg!("Validating ProgramOwned");
[INFO] [stdout]     |                 ^^^
[INFO] [stdout]     |
[INFO] [stdout]     = note: import resolution is stuck, try simplifying macro imports
[INFO] [stdout] 
[INFO] [stdout] 
[INFO] [stdout] error: cannot determine resolution for the macro `msg`
[INFO] [stdout]    --> src/state/rules.rs:419:17
[INFO] [stdout]     |
[INFO] [stdout] 419 |                 msg!("Validating ProgramOwnedList");
[INFO] [stdout]     |                 ^^^
[INFO] [stdout]     |
[INFO] [stdout]     = note: import resolution is stuck, try simplifying macro imports
[INFO] [stdout] 
[INFO] [stdout] 
[INFO] [stdout] error: cannot determine resolution for the macro `msg`
[INFO] [stdout]    --> src/state/rules.rs:451:17
[INFO] [stdout]     |
[INFO] [stdout] 451 |                 msg!("Validating ProgramOwnedTree");
[INFO] [stdout]     |                 ^^^
[INFO] [stdout]     |
[INFO] [stdout]     = note: import resolution is stuck, try simplifying macro imports
[INFO] [stdout] 
[INFO] [stdout] 
[INFO] [stdout] error: cannot determine resolution for the macro `msg`
[INFO] [stdout]    --> src/state/rules.rs:497:17
[INFO] [stdout]     |
[INFO] [stdout] 497 |                 msg!("Validating Amount");
[INFO] [stdout]     |                 ^^^
[INFO] [stdout]     |
[INFO] [stdout]     = note: import resolution is stuck, try simplifying macro imports
[INFO] [stdout] 
[INFO] [stdout] 
[INFO] [stdout] error: cannot determine resolution for the macro `msg`
[INFO] [stdout]    --> src/state/rules.rs:517:17
[INFO] [stdout]     |
[INFO] [stdout] 517 |                 msg!("Validating Frequency");
[INFO] [stdout]     |                 ^^^
[INFO] [stdout]     |
[INFO] [stdout]     = note: import resolution is stuck, try simplifying macro imports
[INFO] [stdout] 
[INFO] [stdout] 
[INFO] [stdout] error: cannot determine resolution for the macro `msg`
[INFO] [stdout]    --> src/state/rules.rs:532:17
[INFO] [stdout]     |
[INFO] [stdout] 532 |                 msg!("Validating Pass");
[INFO] [stdout]     |                 ^^^
[INFO] [stdout]     |
[INFO] [stdout]     = note: import resolution is stuck, try simplifying macro imports
[INFO] [stdout] 
[INFO] [stdout] 
[INFO] [stdout] error: cannot determine resolution for the macro `msg`
[INFO] [stdout]    --> src/state/rules.rs:536:17
[INFO] [stdout]     |
[INFO] [stdout] 536 |                 msg!("Validating IsWallet");
[INFO] [stdout]     |                 ^^^
[INFO] [stdout]     |
[INFO] [stdout]     = note: import resolution is stuck, try simplifying macro imports
[INFO] [stdout] 
[INFO] [stdout] 
[INFO] [stdout] error: cannot determine resolution for the macro `msg`
[INFO] [stdout]   --> src/utils.rs:43:9
[INFO] [stdout]    |
[INFO] [stdout] 43 |         msg!("Transfer {} lamports to the new account", required_lamports);
[INFO] [stdout]    |         ^^^
[INFO] [stdout]    |
[INFO] [stdout]    = note: import resolution is stuck, try simplifying macro imports
[INFO] [stdout] 
[INFO] [stdout] 
[INFO] [stdout] error: cannot determine resolution for the macro `msg`
[INFO] [stdout]   --> src/utils.rs:56:5
[INFO] [stdout]    |
[INFO] [stdout] 56 |     msg!("Allocate space for the account");
[INFO] [stdout]    |     ^^^
[INFO] [stdout]    |
[INFO] [stdout]    = note: import resolution is stuck, try simplifying macro imports
[INFO] [stdout] 
[INFO] [stdout] 
[INFO] [stdout] error: cannot determine resolution for the macro `msg`
[INFO] [stdout]   --> src/utils.rs:63:5
[INFO] [stdout]    |
[INFO] [stdout] 63 |     msg!("Assign the account to the owning program");
[INFO] [stdout]    |     ^^^
[INFO] [stdout]    |
[INFO] [stdout]    = note: import resolution is stuck, try simplifying macro imports
[INFO] [stdout] 
[INFO] [stdout] 
[INFO] [stdout] error[E0433]: failed to resolve: use of undeclared crate or module `safecoin_program`
[INFO] [stdout]   --> src/instruction.rs:51:42
[INFO] [stdout]    |
[INFO] [stdout] 51 | #[derive(Debug, Clone, ShankInstruction, AccountContext, BorshSerialize, BorshDeserialize)]
[INFO] [stdout]    |                                          ^^^^^^^^^^^^^^ use of undeclared crate or module `safecoin_program`
[INFO] [stdout]    |
[INFO] [stdout]    = note: this error originates in the derive macro `AccountContext` (in Nightly builds, run with -Z macro-backtrace for more info)
[INFO] [stdout] help: consider importing this module
[INFO] [stdout]    |
[INFO] [stdout] 1  + use solana_program::account_info;
[INFO] [stdout]    |
[INFO] [stdout] 
[INFO] [stdout] 
[INFO] [stdout] error[E0433]: failed to resolve: use of undeclared crate or module `safecoin_program`
[INFO] [stdout]   --> src/instruction.rs:51:42
[INFO] [stdout]    |
[INFO] [stdout] 51 | #[derive(Debug, Clone, ShankInstruction, AccountContext, BorshSerialize, BorshDeserialize)]
[INFO] [stdout]    |                                          ^^^^^^^^^^^^^^ use of undeclared crate or module `safecoin_program`
[INFO] [stdout]    |
[INFO] [stdout]    = note: this error originates in the derive macro `AccountContext` (in Nightly builds, run with -Z macro-backtrace for more info)
[INFO] [stdout] help: consider importing this module
[INFO] [stdout]    |
[INFO] [stdout] 1  + use solana_program::sysvar::slot_history;
[INFO] [stdout]    |
[INFO] [stdout] 
[INFO] [stdout] 
[INFO] [stdout] error[E0433]: failed to resolve: use of undeclared crate or module `safecoin_program`
[INFO] [stdout]   --> src/instruction.rs:51:42
[INFO] [stdout]    |
[INFO] [stdout] 51 | #[derive(Debug, Clone, ShankInstruction, AccountContext, BorshSerialize, BorshDeserialize)]
[INFO] [stdout]    |                                          ^^^^^^^^^^^^^^ use of undeclared crate or module `safecoin_program`
[INFO] [stdout]    |
[INFO] [stdout]    = help: consider importing this module:
[INFO] [stdout]            solana_program::pubkey
[INFO] [stdout]    = note: this error originates in the derive macro `AccountContext` (in Nightly builds, run with -Z macro-backtrace for more info)
[INFO] [stdout] 
[INFO] [stdout] 
[INFO] [stdout] error[E0433]: failed to resolve: use of undeclared crate or module `safecoin_program`
[INFO] [stdout]   --> src/instruction.rs:51:42
[INFO] [stdout]    |
[INFO] [stdout] 51 | #[derive(Debug, Clone, ShankInstruction, AccountContext, BorshSerialize, BorshDeserialize)]
[INFO] [stdout]    |                                          ^^^^^^^^^^^^^^ use of undeclared crate or module `safecoin_program`
[INFO] [stdout]    |
[INFO] [stdout]    = help: consider importing this module:
[INFO] [stdout]            solana_program::system_program
[INFO] [stdout]    = note: this error originates in the derive macro `AccountContext` (in Nightly builds, run with -Z macro-backtrace for more info)
[INFO] [stdout] 
[INFO] [stdout] 
[INFO] [stdout] error[E0433]: failed to resolve: use of undeclared crate or module `safecoin_program`
[INFO] [stdout]   --> src/instruction.rs:88:30
[INFO] [stdout]    |
[INFO] [stdout] 88 |     fn instruction(&self) -> safecoin_program::instruction::Instruction {
[INFO] [stdout]    |                              ^^^^^^^^^^^^^^^^ use of undeclared crate or module `safecoin_program`
[INFO] [stdout]    |
[INFO] [stdout] help: consider importing one of these items
[INFO] [stdout]    |
[INFO] [stdout] 1  + use solana_program::instruction;
[INFO] [stdout]    |
[INFO] [stdout] 1  + use solana_program::stake::instruction;
[INFO] [stdout]    |
[INFO] [stdout] help: if you import `instruction`, refer to it directly
[INFO] [stdout]    |
[INFO] [stdout] 88 -     fn instruction(&self) -> safecoin_program::instruction::Instruction {
[INFO] [stdout] 88 +     fn instruction(&self) -> instruction::Instruction {
[INFO] [stdout]    |
[INFO] [stdout] 
[INFO] [stdout] 
[INFO] [stdout] error[E0433]: failed to resolve: use of undeclared crate or module `safecoin_program`
[INFO] [stdout]   --> src/instruction.rs:92:39
[INFO] [stdout]    |
[INFO] [stdout] 92 |             AccountMeta::new_readonly(safecoin_program::system_program::id(), false),
[INFO] [stdout]    |                                       ^^^^^^^^^^^^^^^^ use of undeclared crate or module `safecoin_program`
[INFO] [stdout]    |
[INFO] [stdout] help: consider importing this module
[INFO] [stdout]    |
[INFO] [stdout] 1  + use solana_program::system_program;
[INFO] [stdout]    |
[INFO] [stdout] help: if you import `system_program`, refer to it directly
[INFO] [stdout]    |
[INFO] [stdout] 92 -             AccountMeta::new_readonly(safecoin_program::system_program::id(), false),
[INFO] [stdout] 92 +             AccountMeta::new_readonly(system_program::id(), false),
[INFO] [stdout]    |
[INFO] [stdout] 
[INFO] [stdout] 
[INFO] [stdout] error[E0425]: cannot find value `ID` in the crate root
[INFO] [stdout]   --> src/instruction.rs:98:60
[INFO] [stdout]    |
[INFO] [stdout] 98 |             accounts.push(AccountMeta::new_readonly(crate::ID, false));
[INFO] [stdout]    |                                                            ^^ not found in the crate root
[INFO] [stdout]    |
[INFO] [stdout] help: consider importing one of these items
[INFO] [stdout]    |
[INFO] [stdout] 1  + use safe_zk_token_sdk::zk_token_proof_program::ID;
[INFO] [stdout]    |
[INFO] [stdout] 1  + use solana_program::bpf_loader::ID;
[INFO] [stdout]    |
[INFO] [stdout] 1  + use solana_program::bpf_loader_deprecated::ID;
[INFO] [stdout]    |
[INFO] [stdout] 1  + use solana_program::bpf_loader_upgradeable::ID;
[INFO] [stdout]    |
[INFO] [stdout]      and 21 other candidates
[INFO] [stdout] help: if you import `ID`, refer to it directly
[INFO] [stdout]    |
[INFO] [stdout] 98 -             accounts.push(AccountMeta::new_readonly(crate::ID, false));
[INFO] [stdout] 98 +             accounts.push(AccountMeta::new_readonly(ID, false));
[INFO] [stdout]    |
[INFO] [stdout] 
[INFO] [stdout] 
[INFO] [stdout] error[E0425]: cannot find value `ID` in the crate root
[INFO] [stdout]    --> src/instruction.rs:102:32
[INFO] [stdout]     |
[INFO] [stdout] 102 |             program_id: crate::ID,
[INFO] [stdout]     |                                ^^ not found in the crate root
[INFO] [stdout]     |
[INFO] [stdout] help: consider importing one of these items
[INFO] [stdout]     |
[INFO] [stdout] 1   + use safe_zk_token_sdk::zk_token_proof_program::ID;
[INFO] [stdout]     |
[INFO] [stdout] 1   + use solana_program::bpf_loader::ID;
[INFO] [stdout]     |
[INFO] [stdout] 1   + use solana_program::bpf_loader_deprecated::ID;
[INFO] [stdout]     |
[INFO] [stdout] 1   + use solana_program::bpf_loader_upgradeable::ID;
[INFO] [stdout]     |
[INFO] [stdout]       and 21 other candidates
[INFO] [stdout] help: if you import `ID`, refer to it directly
[INFO] [stdout]     |
[INFO] [stdout] 102 -             program_id: crate::ID,
[INFO] [stdout] 102 +             program_id: ID,
[INFO] [stdout]     |
[INFO] [stdout] 
[INFO] [stdout] 
[INFO] [stdout] error[E0433]: failed to resolve: use of undeclared crate or module `safecoin_program`
[INFO] [stdout]    --> src/instruction.rs:113:30
[INFO] [stdout]     |
[INFO] [stdout] 113 |     fn instruction(&self) -> safecoin_program::instruction::Instruction {
[INFO] [stdout]     |                              ^^^^^^^^^^^^^^^^ use of undeclared crate or module `safecoin_program`
[INFO] [stdout]     |
[INFO] [stdout] help: consider importing one of these items
[INFO] [stdout]     |
[INFO] [stdout] 1   + use solana_program::instruction;
[INFO] [stdout]     |
[INFO] [stdout] 1   + use solana_program::stake::instruction;
[INFO] [stdout]     |
[INFO] [stdout] help: if you import `instruction`, refer to it directly
[INFO] [stdout]     |
[INFO] [stdout] 113 -     fn instruction(&self) -> safecoin_program::instruction::Instruction {
[INFO] [stdout] 113 +     fn instruction(&self) -> instruction::Instruction {
[INFO] [stdout]     |
[INFO] [stdout] 
[INFO] [stdout] 
[INFO] [stdout] error[E0433]: failed to resolve: use of undeclared crate or module `safecoin_program`
[INFO] [stdout]    --> src/instruction.rs:117:39
[INFO] [stdout]     |
[INFO] [stdout] 117 |             AccountMeta::new_readonly(safecoin_program::system_program::id(), false),
[INFO] [stdout]     |                                       ^^^^^^^^^^^^^^^^ use of undeclared crate or module `safecoin_program`
[INFO] [stdout]     |
[INFO] [stdout] help: consider importing this module
[INFO] [stdout]     |
[INFO] [stdout] 1   + use solana_program::system_program;
[INFO] [stdout]     |
[INFO] [stdout] help: if you import `system_program`, refer to it directly
[INFO] [stdout]     |
[INFO] [stdout] 117 -             AccountMeta::new_readonly(safecoin_program::system_program::id(), false),
[INFO] [stdout] 117 +             AccountMeta::new_readonly(system_program::id(), false),
[INFO] [stdout]     |
[INFO] [stdout] 
[INFO] [stdout] 
[INFO] [stdout] error[E0425]: cannot find value `ID` in the crate root
[INFO] [stdout]    --> src/instruction.rs:124:60
[INFO] [stdout]     |
[INFO] [stdout] 124 |             accounts.push(AccountMeta::new_readonly(crate::ID, false));
[INFO] [stdout]     |                                                            ^^ not found in the crate root
[INFO] [stdout]     |
[INFO] [stdout] help: consider importing one of these items
[INFO] [stdout]     |
[INFO] [stdout] 1   + use safe_zk_token_sdk::zk_token_proof_program::ID;
[INFO] [stdout]     |
[INFO] [stdout] 1   + use solana_program::bpf_loader::ID;
[INFO] [stdout]     |
[INFO] [stdout] 1   + use solana_program::bpf_loader_deprecated::ID;
[INFO] [stdout]     |
[INFO] [stdout] 1   + use solana_program::bpf_loader_upgradeable::ID;
[INFO] [stdout]     |
[INFO] [stdout]       and 21 other candidates
[INFO] [stdout] help: if you import `ID`, refer to it directly
[INFO] [stdout]     |
[INFO] [stdout] 124 -             accounts.push(AccountMeta::new_readonly(crate::ID, false));
[INFO] [stdout] 124 +             accounts.push(AccountMeta::new_readonly(ID, false));
[INFO] [stdout]     |
[INFO] [stdout] 
[INFO] [stdout] 
[INFO] [stdout] error[E0425]: cannot find value `ID` in the crate root
[INFO] [stdout]    --> src/instruction.rs:131:60
[INFO] [stdout]     |
[INFO] [stdout] 131 |             accounts.push(AccountMeta::new_readonly(crate::ID, false));
[INFO] [stdout]     |                                                            ^^ not found in the crate root
[INFO] [stdout]     |
[INFO] [stdout] help: consider importing one of these items
[INFO] [stdout]     |
[INFO] [stdout] 1   + use safe_zk_token_sdk::zk_token_proof_program::ID;
[INFO] [stdout]     |
[INFO] [stdout] 1   + use solana_program::bpf_loader::ID;
[INFO] [stdout]     |
[INFO] [stdout] 1   + use solana_program::bpf_loader_deprecated::ID;
[INFO] [stdout]     |
[INFO] [stdout] 1   + use solana_program::bpf_loader_upgradeable::ID;
[INFO] [stdout]     |
[INFO] [stdout]       and 21 other candidates
[INFO] [stdout] help: if you import `ID`, refer to it directly
[INFO] [stdout]     |
[INFO] [stdout] 131 -             accounts.push(AccountMeta::new_readonly(crate::ID, false));
[INFO] [stdout] 131 +             accounts.push(AccountMeta::new_readonly(ID, false));
[INFO] [stdout]     |
[INFO] [stdout] 
[INFO] [stdout] 
[INFO] [stdout] error[E0425]: cannot find value `ID` in the crate root
[INFO] [stdout]    --> src/instruction.rs:138:60
[INFO] [stdout]     |
[INFO] [stdout] 138 |             accounts.push(AccountMeta::new_readonly(crate::ID, false));
[INFO] [stdout]     |                                                            ^^ not found in the crate root
[INFO] [stdout]     |
[INFO] [stdout] help: consider importing one of these items
[INFO] [stdout]     |
[INFO] [stdout] 1   + use safe_zk_token_sdk::zk_token_proof_program::ID;
[INFO] [stdout]     |
[INFO] [stdout] 1   + use solana_program::bpf_loader::ID;
[INFO] [stdout]     |
[INFO] [stdout] 1   + use solana_program::bpf_loader_deprecated::ID;
[INFO] [stdout]     |
[INFO] [stdout] 1   + use solana_program::bpf_loader_upgradeable::ID;
[INFO] [stdout]     |
[INFO] [stdout]       and 21 other candidates
[INFO] [stdout] help: if you import `ID`, refer to it directly
[INFO] [stdout]     |
[INFO] [stdout] 138 -             accounts.push(AccountMeta::new_readonly(crate::ID, false));
[INFO] [stdout] 138 +             accounts.push(AccountMeta::new_readonly(ID, false));
[INFO] [stdout]     |
[INFO] [stdout] 
[INFO] [stdout] 
[INFO] [stdout] error[E0425]: cannot find value `ID` in the crate root
[INFO] [stdout]    --> src/instruction.rs:144:32
[INFO] [stdout]     |
[INFO] [stdout] 144 |             program_id: crate::ID,
[INFO] [stdout]     |                                ^^ not found in the crate root
[INFO] [stdout]     |
[INFO] [stdout] help: consider importing one of these items
[INFO] [stdout]     |
[INFO] [stdout] 1   + use safe_zk_token_sdk::zk_token_proof_program::ID;
[INFO] [stdout]     |
[INFO] [stdout] 1   + use solana_program::bpf_loader::ID;
[INFO] [stdout]     |
[INFO] [stdout] 1   + use solana_program::bpf_loader_deprecated::ID;
[INFO] [stdout]     |
[INFO] [stdout] 1   + use solana_program::bpf_loader_upgradeable::ID;
[INFO] [stdout]     |
[INFO] [stdout]       and 21 other candidates
[INFO] [stdout] help: if you import `ID`, refer to it directly
[INFO] [stdout]     |
[INFO] [stdout] 144 -             program_id: crate::ID,
[INFO] [stdout] 144 +             program_id: ID,
[INFO] [stdout]     |
[INFO] [stdout] 
[INFO] [stdout] 
[INFO] [stdout] error[E0433]: failed to resolve: use of undeclared crate or module `safecoin_program`
[INFO] [stdout]    --> src/instruction.rs:155:30
[INFO] [stdout]     |
[INFO] [stdout] 155 |     fn instruction(&self) -> safecoin_program::instruction::Instruction {
[INFO] [stdout]     |                              ^^^^^^^^^^^^^^^^ use of undeclared crate or module `safecoin_program`
[INFO] [stdout]     |
[INFO] [stdout] help: consider importing one of these items
[INFO] [stdout]     |
[INFO] [stdout] 1   + use solana_program::instruction;
[INFO] [stdout]     |
[INFO] [stdout] 1   + use solana_program::stake::instruction;
[INFO] [stdout]     |
[INFO] [stdout] help: if you import `instruction`, refer to it directly
[INFO] [stdout]     |
[INFO] [stdout] 155 -     fn instruction(&self) -> safecoin_program::instruction::Instruction {
[INFO] [stdout] 155 +     fn instruction(&self) -> instruction::Instruction {
[INFO] [stdout]     |
[INFO] [stdout] 
[INFO] [stdout] 
[INFO] [stdout] error[E0433]: failed to resolve: use of undeclared crate or module `safecoin_program`
[INFO] [stdout]    --> src/instruction.rs:159:39
[INFO] [stdout]     |
[INFO] [stdout] 159 |             AccountMeta::new_readonly(safecoin_program::system_program::id(), false),
[INFO] [stdout]     |                                       ^^^^^^^^^^^^^^^^ use of undeclared crate or module `safecoin_program`
[INFO] [stdout]     |
[INFO] [stdout] help: consider importing this module
[INFO] [stdout]     |
[INFO] [stdout] 1   + use solana_program::system_program;
[INFO] [stdout]     |
[INFO] [stdout] help: if you import `system_program`, refer to it directly
[INFO] [stdout]     |
[INFO] [stdout] 159 -             AccountMeta::new_readonly(safecoin_program::system_program::id(), false),
[INFO] [stdout] 159 +             AccountMeta::new_readonly(system_program::id(), false),
[INFO] [stdout]     |
[INFO] [stdout] 
[INFO] [stdout] 
[INFO] [stdout] error[E0425]: cannot find value `ID` in the crate root
[INFO] [stdout]    --> src/instruction.rs:163:32
[INFO] [stdout]     |
[INFO] [stdout] 163 |             program_id: crate::ID,
[INFO] [stdout]     |                                ^^ not found in the crate root
[INFO] [stdout]     |
[INFO] [stdout] help: consider importing one of these items
[INFO] [stdout]     |
[INFO] [stdout] 1   + use safe_zk_token_sdk::zk_token_proof_program::ID;
[INFO] [stdout]     |
[INFO] [stdout] 1   + use solana_program::bpf_loader::ID;
[INFO] [stdout]     |
[INFO] [stdout] 1   + use solana_program::bpf_loader_deprecated::ID;
[INFO] [stdout]     |
[INFO] [stdout] 1   + use solana_program::bpf_loader_upgradeable::ID;
[INFO] [stdout]     |
[INFO] [stdout]       and 21 other candidates
[INFO] [stdout] help: if you import `ID`, refer to it directly
[INFO] [stdout]     |
[INFO] [stdout] 163 -             program_id: crate::ID,
[INFO] [stdout] 163 +             program_id: ID,
[INFO] [stdout]     |
[INFO] [stdout] 
[INFO] [stdout] 
[INFO] [stdout] error[E0433]: failed to resolve: use of undeclared crate or module `safecoin_program`
[INFO] [stdout]    --> src/instruction.rs:183:30
[INFO] [stdout]     |
[INFO] [stdout] 183 |     fn instruction(&self) -> safecoin_program::instruction::Instruction;
[INFO] [stdout]     |                              ^^^^^^^^^^^^^^^^ use of undeclared crate or module `safecoin_program`
[INFO] [stdout]     |
[INFO] [stdout] help: consider importing one of these items
[INFO] [stdout]     |
[INFO] [stdout] 1   + use solana_program::instruction;
[INFO] [stdout]     |
[INFO] [stdout] 1   + use solana_program::stake::instruction;
[INFO] [stdout]     |
[INFO] [stdout] help: if you import `instruction`, refer to it directly
[INFO] [stdout]     |
[INFO] [stdout] 183 -     fn instruction(&self) -> safecoin_program::instruction::Instruction;
[INFO] [stdout] 183 +     fn instruction(&self) -> instruction::Instruction;
[INFO] [stdout]     |
[INFO] [stdout] 
[INFO] [stdout] 
[INFO] [stdout] error[E0425]: cannot find value `ID` in the crate root
[INFO] [stdout]   --> src/pda.rs:18:17
[INFO] [stdout]    |
[INFO] [stdout] 18 |         &crate::ID,
[INFO] [stdout]    |                 ^^ not found in the crate root
[INFO] [stdout]    |
[INFO] [stdout] help: consider importing one of these items
[INFO] [stdout]    |
[INFO] [stdout] 2  + use safe_zk_token_sdk::zk_token_proof_program::ID;
[INFO] [stdout]    |
[INFO] [stdout] 2  + use solana_program::bpf_loader::ID;
[INFO] [stdout]    |
[INFO] [stdout] 2  + use solana_program::bpf_loader_deprecated::ID;
[INFO] [stdout]    |
[INFO] [stdout] 2  + use solana_program::bpf_loader_upgradeable::ID;
[INFO] [stdout]    |
[INFO] [stdout]      and 21 other candidates
[INFO] [stdout] help: if you import `ID`, refer to it directly
[INFO] [stdout]    |
[INFO] [stdout] 18 -         &crate::ID,
[INFO] [stdout] 18 +         &ID,
[INFO] [stdout]    |
[INFO] [stdout] 
[INFO] [stdout] 
[INFO] [stdout] error[E0425]: cannot find value `ID` in the crate root
[INFO] [stdout]   --> src/pda.rs:35:17
[INFO] [stdout]    |
[INFO] [stdout] 35 |         &crate::ID,
[INFO] [stdout]    |                 ^^ not found in the crate root
[INFO] [stdout]    |
[INFO] [stdout] help: consider importing one of these items
[INFO] [stdout]    |
[INFO] [stdout] 2  + use safe_zk_token_sdk::zk_token_proof_program::ID;
[INFO] [stdout]    |
[INFO] [stdout] 2  + use solana_program::bpf_loader::ID;
[INFO] [stdout]    |
[INFO] [stdout] 2  + use solana_program::bpf_loader_deprecated::ID;
[INFO] [stdout]    |
[INFO] [stdout] 2  + use solana_program::bpf_loader_upgradeable::ID;
[INFO] [stdout]    |
[INFO] [stdout]      and 21 other candidates
[INFO] [stdout] help: if you import `ID`, refer to it directly
[INFO] [stdout]    |
[INFO] [stdout] 35 -         &crate::ID,
[INFO] [stdout] 35 +         &ID,
[INFO] [stdout]    |
[INFO] [stdout] 
[INFO] [stdout] 
[INFO] [stdout] error[E0425]: cannot find value `ID` in the crate root
[INFO] [stdout]   --> src/pda.rs:41:82
[INFO] [stdout]    |
[INFO] [stdout] 41 |     Pubkey::find_program_address(&[PREFIX.as_bytes(), creator.as_ref()], &crate::ID)
[INFO] [stdout]    |                                                                                  ^^ not found in the crate root
[INFO] [stdout]    |
[INFO] [stdout] help: consider importing one of these items
[INFO] [stdout]    |
[INFO] [stdout] 2  + use safe_zk_token_sdk::zk_token_proof_program::ID;
[INFO] [stdout]    |
[INFO] [stdout] 2  + use solana_program::bpf_loader::ID;
[INFO] [stdout]    |
[INFO] [stdout] 2  + use solana_program::bpf_loader_deprecated::ID;
[INFO] [stdout]    |
[INFO] [stdout] 2  + use solana_program::bpf_loader_upgradeable::ID;
[INFO] [stdout]    |
[INFO] [stdout]      and 21 other candidates
[INFO] [stdout] help: if you import `ID`, refer to it directly
[INFO] [stdout]    |
[INFO] [stdout] 41 -     Pubkey::find_program_address(&[PREFIX.as_bytes(), creator.as_ref()], &crate::ID)
[INFO] [stdout] 41 +     Pubkey::find_program_address(&[PREFIX.as_bytes(), creator.as_ref()], &ID)
[INFO] [stdout]    |
[INFO] [stdout] 
[INFO] [stdout] 
[INFO] [stdout] error[E0425]: cannot find value `ID` in the crate root
[INFO] [stdout]    --> src/processor.rs:256:56
[INFO] [stdout]     |
[INFO] [stdout] 256 |     if *ctx.accounts.rule_set_pda_info.owner != crate::ID {
[INFO] [stdout]     |                                                        ^^ not found in the crate root
[INFO] [stdout]     |
[INFO] [stdout] help: consider importing one of these items
[INFO] [stdout]     |
[INFO] [stdout] 2   + use safe_zk_token_sdk::zk_token_proof_program::ID;
[INFO] [stdout]     |
[INFO] [stdout] 2   + use solana_program::bpf_loader::ID;
[INFO] [stdout]     |
[INFO] [stdout] 2   + use solana_program::bpf_loader_deprecated::ID;
[INFO] [stdout]     |
[INFO] [stdout] 2   + use solana_program::bpf_loader_upgradeable::ID;
[INFO] [stdout]     |
[INFO] [stdout]       and 21 other candidates
[INFO] [stdout] help: if you import `ID`, refer to it directly
[INFO] [stdout]     |
[INFO] [stdout] 256 -     if *ctx.accounts.rule_set_pda_info.owner != crate::ID {
[INFO] [stdout] 256 +     if *ctx.accounts.rule_set_pda_info.owner != ID {
[INFO] [stdout]     |
[INFO] [stdout] 
[INFO] [stdout] 
[INFO] [stdout] error[E0425]: cannot find function `id` in the crate root
[INFO] [stdout]    --> src/processor.rs:486:49
[INFO] [stdout]     |
[INFO] [stdout] 486 |     Ok(if cmp_pubkeys(account_info.key, &crate::id()) {
[INFO] [stdout]     |                                                 ^^ not found in the crate root
[INFO] [stdout]     |
[INFO] [stdout] help: consider importing one of these items
[INFO] [stdout]     |
[INFO] [stdout] 2   + use safe_zk_token_sdk::zk_token_proof_program::id;
[INFO] [stdout]     |
[INFO] [stdout] 2   + use solana_program::bpf_loader::id;
[INFO] [stdout]     |
[INFO] [stdout] 2   + use solana_program::bpf_loader_deprecated::id;
[INFO] [stdout]     |
[INFO] [stdout] 2   + use solana_program::bpf_loader_upgradeable::id;
[INFO] [stdout]     |
[INFO] [stdout]       and 22 other candidates
[INFO] [stdout] help: if you import `id`, refer to it directly
[INFO] [stdout]     |
[INFO] [stdout] 486 -     Ok(if cmp_pubkeys(account_info.key, &crate::id()) {
[INFO] [stdout] 486 +     Ok(if cmp_pubkeys(account_info.key, &id()) {
[INFO] [stdout]     |
[INFO] [stdout] 
[INFO] [stdout] 
[INFO] [stdout] error[E0425]: cannot find value `ID` in the crate root
[INFO] [stdout]   --> src/state/mod.rs:76:42
[INFO] [stdout]    |
[INFO] [stdout] 76 |         assert_owned_by(account, &crate::ID)?;
[INFO] [stdout]    |                                          ^^ not found in the crate root
[INFO] [stdout]    |
[INFO] [stdout] help: consider importing one of these items
[INFO] [stdout]    |
[INFO] [stdout] 26 + use safe_zk_token_sdk::zk_token_proof_program::ID;
[INFO] [stdout]    |
[INFO] [stdout] 26 + use solana_program::bpf_loader::ID;
[INFO] [stdout]    |
[INFO] [stdout] 26 + use solana_program::bpf_loader_deprecated::ID;
[INFO] [stdout]    |
[INFO] [stdout] 26 + use solana_program::bpf_loader_upgradeable::ID;
[INFO] [stdout]    |
[INFO] [stdout]      and 21 other candidates
[INFO] [stdout] help: if you import `ID`, refer to it directly
[INFO] [stdout]    |
[INFO] [stdout] 76 -         assert_owned_by(account, &crate::ID)?;
[INFO] [stdout] 76 +         assert_owned_by(account, &ID)?;
[INFO] [stdout]    |
[INFO] [stdout] 
[INFO] [stdout] 
[INFO] [stdout] error[E0433]: failed to resolve: use of undeclared crate or module `safecoin_program`
[INFO] [stdout]    --> src/utils.rs:129:17
[INFO] [stdout]     |
[INFO] [stdout] 129 |                 safecoin_program::keccak::hashv(&[&[0x01], &computed_hash, proof_element]).0;
[INFO] [stdout]     |                 ^^^^^^^^^^^^^^^^ use of undeclared crate or module `safecoin_program`
[INFO] [stdout]     |
[INFO] [stdout] help: consider importing this module
[INFO] [stdout]     |
[INFO] [stdout] 2   + use solana_program::keccak;
[INFO] [stdout]     |
[INFO] [stdout] help: if you import `keccak`, refer to it directly
[INFO] [stdout]     |
[INFO] [stdout] 129 -                 safecoin_program::keccak::hashv(&[&[0x01], &computed_hash, proof_element]).0;
[INFO] [stdout] 129 +                 keccak::hashv(&[&[0x01], &computed_hash, proof_element]).0;
[INFO] [stdout]     |
[INFO] [stdout] 
[INFO] [stdout] 
[INFO] [stdout] error[E0433]: failed to resolve: use of undeclared crate or module `safecoin_program`
[INFO] [stdout]    --> src/utils.rs:133:17
[INFO] [stdout]     |
[INFO] [stdout] 133 |                 safecoin_program::keccak::hashv(&[&[0x01], proof_element, &computed_hash]).0;
[INFO] [stdout]     |                 ^^^^^^^^^^^^^^^^ use of undeclared crate or module `safecoin_program`
[INFO] [stdout]     |
[INFO] [stdout] help: consider importing this module
[INFO] [stdout]     |
[INFO] [stdout] 2   + use solana_program::keccak;
[INFO] [stdout]     |
[INFO] [stdout] help: if you import `keccak`, refer to it directly
[INFO] [stdout]     |
[INFO] [stdout] 133 -                 safecoin_program::keccak::hashv(&[&[0x01], proof_element, &computed_hash]).0;
[INFO] [stdout] 133 +                 keccak::hashv(&[&[0x01], proof_element, &computed_hash]).0;
[INFO] [stdout]     |
[INFO] [stdout] 
[INFO] [stdout] 
[INFO] [stdout] error: aborting due to 64 previous errors
[INFO] [stdout] 
[INFO] [stdout] 
[INFO] [stdout] Some errors have detailed explanations: E0425, E0432, E0433.
[INFO] [stdout] 
[INFO] [stdout] For more information about an error, try `rustc --explain E0425`.
[INFO] [stdout] 
[INFO] [stderr] error: could not compile `lpl-token-auth-rules` (lib) due to 65 previous errors
[INFO] running `Command { std: "docker" "inspect" "2c1c99727245693ba76f98fe68789fb85b584b8d174cd5a142fa670046f094ab", kill_on_drop: false }`
[INFO] running `Command { std: "docker" "rm" "-f" "2c1c99727245693ba76f98fe68789fb85b584b8d174cd5a142fa670046f094ab", kill_on_drop: false }`
[INFO] [stdout] 2c1c99727245693ba76f98fe68789fb85b584b8d174cd5a142fa670046f094ab
