[INFO] fetching crate logic-mesh 0.1.4...
[INFO] testing logic-mesh-0.1.4 against 1.75.0 for beta-1.76-1
[INFO] extracting crate logic-mesh 0.1.4 into /workspace/builds/worker-3-tc1/source
[INFO] validating manifest of crates.io crate logic-mesh 0.1.4 on toolchain 1.75.0
[INFO] running `Command { std: CARGO_HOME="/workspace/cargo-home" RUSTUP_HOME="/workspace/rustup-home" "/workspace/cargo-home/bin/cargo" "+1.75.0" "metadata" "--manifest-path" "Cargo.toml" "--no-deps", kill_on_drop: false }`
[INFO] removed /workspace/builds/worker-3-tc1/source/.cargo/config.toml
[INFO] removed /workspace/builds/worker-3-tc1/source/rust-toolchain.toml
[INFO] started tweaking crates.io crate logic-mesh 0.1.4
[INFO] finished tweaking crates.io crate logic-mesh 0.1.4
[INFO] tweaked toml for crates.io crate logic-mesh 0.1.4 written to /workspace/builds/worker-3-tc1/source/Cargo.toml
[INFO] running `Command { std: CARGO_HOME="/workspace/cargo-home" RUSTUP_HOME="/workspace/rustup-home" "/workspace/cargo-home/bin/cargo" "+1.75.0" "generate-lockfile" "--manifest-path" "Cargo.toml", kill_on_drop: false }`
[INFO] [stderr]     Updating crates.io index
[INFO] running `Command { std: CARGO_HOME="/workspace/cargo-home" RUSTUP_HOME="/workspace/rustup-home" "/workspace/cargo-home/bin/cargo" "+1.75.0" "fetch" "--manifest-path" "Cargo.toml", kill_on_drop: false }`
[INFO] [stderr]  Downloading crates ...
[INFO] [stderr]   Downloaded litrs v0.3.0
[INFO] [stderr]   Downloaded logic_mesh_block_macro v0.1.5
[INFO] [stderr]   Downloaded chrono-tz-build v0.0.3
[INFO] [stderr]   Downloaded libhaystack v1.0.13
[INFO] [stderr]   Downloaded chrono-tz v0.6.3
[INFO] [stderr]   Downloaded wasm-bindgen-console-logger v0.1.1
[INFO] running `Command { std: "docker" "create" "-v" "/var/lib/crater-agent-workspace/builds/worker-3-tc1/target:/opt/rustwide/target:rw,Z" "-v" "/var/lib/crater-agent-workspace/builds/worker-3-tc1/source:/opt/rustwide/workdir:ro,Z" "-v" "/var/lib/crater-agent-workspace/cargo-home:/opt/rustwide/cargo-home:ro,Z" "-v" "/var/lib/crater-agent-workspace/rustup-home:/opt/rustwide/rustup-home:ro,Z" "-e" "SOURCE_DIR=/opt/rustwide/workdir" "-e" "CARGO_TARGET_DIR=/opt/rustwide/target" "-e" "CARGO_HOME=/opt/rustwide/cargo-home" "-e" "RUSTUP_HOME=/opt/rustwide/rustup-home" "-w" "/opt/rustwide/workdir" "-m" "1610612736" "--user" "0:0" "--network" "none" "ghcr.io/rust-lang/crates-build-env/linux@sha256:2788e3201cd34a07e3172128adcd8b3090168a8e3bcc40d7c032b9dda1df7d1c" "/opt/rustwide/cargo-home/bin/cargo" "+1.75.0" "metadata" "--no-deps" "--format-version=1", kill_on_drop: false }`
[INFO] [stdout] 0bcd9ab29289cacdc09f8f138339d0830cfa78f6272703495c9eb37b97b00f9f
[INFO] running `Command { std: "docker" "start" "-a" "0bcd9ab29289cacdc09f8f138339d0830cfa78f6272703495c9eb37b97b00f9f", kill_on_drop: false }`
[INFO] running `Command { std: "docker" "inspect" "0bcd9ab29289cacdc09f8f138339d0830cfa78f6272703495c9eb37b97b00f9f", kill_on_drop: false }`
[INFO] running `Command { std: "docker" "rm" "-f" "0bcd9ab29289cacdc09f8f138339d0830cfa78f6272703495c9eb37b97b00f9f", kill_on_drop: false }`
[INFO] [stdout] 0bcd9ab29289cacdc09f8f138339d0830cfa78f6272703495c9eb37b97b00f9f
[INFO] running `Command { std: "docker" "create" "-v" "/var/lib/crater-agent-workspace/builds/worker-3-tc1/target:/opt/rustwide/target:rw,Z" "-v" "/var/lib/crater-agent-workspace/builds/worker-3-tc1/source:/opt/rustwide/workdir:ro,Z" "-v" "/var/lib/crater-agent-workspace/cargo-home:/opt/rustwide/cargo-home:ro,Z" "-v" "/var/lib/crater-agent-workspace/rustup-home:/opt/rustwide/rustup-home:ro,Z" "-e" "SOURCE_DIR=/opt/rustwide/workdir" "-e" "CARGO_TARGET_DIR=/opt/rustwide/target" "-e" "CARGO_INCREMENTAL=0" "-e" "RUST_BACKTRACE=full" "-e" "RUSTFLAGS=--cap-lints=warn" "-e" "RUSTDOCFLAGS=--cap-lints=warn" "-e" "CARGO_HOME=/opt/rustwide/cargo-home" "-e" "RUSTUP_HOME=/opt/rustwide/rustup-home" "-w" "/opt/rustwide/workdir" "-m" "1610612736" "--user" "0:0" "--network" "none" "ghcr.io/rust-lang/crates-build-env/linux@sha256:2788e3201cd34a07e3172128adcd8b3090168a8e3bcc40d7c032b9dda1df7d1c" "/opt/rustwide/cargo-home/bin/cargo" "+1.75.0" "build" "--frozen" "--message-format=json", kill_on_drop: false }`
[INFO] [stdout] 7c4c587ebd2180fa25c43bef6904eaf37694cc7497549a29d17354c5f4b8584b
[INFO] running `Command { std: "docker" "start" "-a" "7c4c587ebd2180fa25c43bef6904eaf37694cc7497549a29d17354c5f4b8584b", kill_on_drop: false }`
[INFO] [stderr]    Compiling siphasher v0.3.11
[INFO] [stderr]    Compiling rand_core v0.6.4
[INFO] [stderr]    Compiling regex-syntax v0.8.2
[INFO] [stderr]    Compiling futures-core v0.3.30
[INFO] [stderr]    Compiling futures-sink v0.3.30
[INFO] [stderr]    Compiling uncased v0.9.9
[INFO] [stderr]    Compiling futures-io v0.3.30
[INFO] [stderr]    Compiling futures-task v0.3.30
[INFO] [stderr]    Compiling serde_derive v1.0.194
[INFO] [stderr]    Compiling futures-macro v0.3.30
[INFO] [stderr]    Compiling chrono v0.4.31
[INFO] [stderr]    Compiling hashbrown v0.14.3
[INFO] [stderr]    Compiling tokio-macros v2.2.0
[INFO] [stderr]    Compiling uuid v1.6.1
[INFO] [stderr]    Compiling litrs v0.3.0
[INFO] [stderr]    Compiling futures-channel v0.3.30
[INFO] [stderr]    Compiling rand v0.8.5
[INFO] [stderr]    Compiling phf_shared v0.11.2
[INFO] [stderr]    Compiling phf v0.11.2
[INFO] [stderr]    Compiling logic_mesh_block_macro v0.1.5
[INFO] [stderr]    Compiling dashmap v5.5.3
[INFO] [stderr]    Compiling phf_generator v0.11.2
[INFO] [stderr]    Compiling phf_codegen v0.11.2
[INFO] [stderr]    Compiling tokio v1.35.1
[INFO] [stderr]    Compiling futures-util v0.3.30
[INFO] [stderr]    Compiling regex-automata v0.4.3
[INFO] [stderr]    Compiling regex v1.10.2
[INFO] [stderr]    Compiling serde v1.0.194
[INFO] [stderr]    Compiling parse-zoneinfo v0.3.0
[INFO] [stderr]    Compiling chrono-tz-build v0.0.3
[INFO] [stderr]    Compiling chrono-tz v0.6.3
[INFO] [stderr]    Compiling futures-executor v0.3.30
[INFO] [stderr]    Compiling futures v0.3.30
[INFO] [stderr]    Compiling serde_json v1.0.111
[INFO] [stderr]    Compiling libhaystack v1.0.13
[INFO] [stderr]    Compiling logic-mesh v0.1.4 (/opt/rustwide/workdir)
[INFO] [stdout] error[E0554]: `#![feature]` may not be used on the stable release channel
[INFO] [stdout]  --> src/lib.rs:4:1
[INFO] [stdout]   |
[INFO] [stdout] 4 | #![feature(async_closure)]
[INFO] [stdout]   | ^^^^^^^^^^^^^^^^^^^^^^^^^^
[INFO] [stdout] 
[INFO] [stdout] 
[INFO] [stdout] error[E0554]: `#![feature]` may not be used on the stable release channel
[INFO] [stdout]  --> src/lib.rs:5:1
[INFO] [stdout]   |
[INFO] [stdout] 5 | #![feature(async_fn_in_trait)]
[INFO] [stdout]   | ^^^^^^^^^^^^^^^^^^^^^^^^^^^^^^ help: remove the attribute
[INFO] [stdout]   |
[INFO] [stdout]   = help: the feature `async_fn_in_trait` has been stable since `1.75.0` and no longer requires an attribute to enable
[INFO] [stdout] 
[INFO] [stdout] 
[INFO] [stdout] error[E0554]: `#![feature]` may not be used on the stable release channel
[INFO] [stdout]  --> src/lib.rs:6:1
[INFO] [stdout]   |
[INFO] [stdout] 6 | #![feature(trait_alias)]
[INFO] [stdout]   | ^^^^^^^^^^^^^^^^^^^^^^^^
[INFO] [stdout] 
[INFO] [stdout] 
[INFO] [stdout] error[E0554]: `#![feature]` may not be used on the stable release channel
[INFO] [stdout]  --> src/lib.rs:7:1
[INFO] [stdout]   |
[INFO] [stdout] 7 | #![feature(trait_upcasting)]
[INFO] [stdout]   | ^^^^^^^^^^^^^^^^^^^^^^^^^^^^
[INFO] [stdout] 
[INFO] [stdout] 
[INFO] [stdout] error[E0554]: `#![feature]` may not be used on the stable release channel
[INFO] [stdout]  --> src/lib.rs:8:1
[INFO] [stdout]   |
[INFO] [stdout] 8 | #![feature(assert_matches)]
[INFO] [stdout]   | ^^^^^^^^^^^^^^^^^^^^^^^^^^^
[INFO] [stdout] 
[INFO] [stdout] 
[INFO] [stdout] warning: the feature `async_fn_in_trait` has been stable since 1.75.0 and no longer requires an attribute to enable
[INFO] [stdout]  --> src/lib.rs:5:12
[INFO] [stdout]   |
[INFO] [stdout] 5 | #![feature(async_fn_in_trait)]
[INFO] [stdout]   |            ^^^^^^^^^^^^^^^^^
[INFO] [stdout]   |
[INFO] [stdout]   = note: `#[warn(stable_features)]` on by default
[INFO] [stdout] 
[INFO] [stdout] 
[INFO] [stdout] error[E0554]: `#![feature]` may not be used on the stable release channel
[INFO] [stdout]  --> src/lib.rs:8:12
[INFO] [stdout]   |
[INFO] [stdout] 8 | #![feature(assert_matches)]
[INFO] [stdout]   |            ^^^^^^^^^^^^^^
[INFO] [stdout] 
[INFO] [stdout] 
[INFO] [stdout] error[E0560]: struct `BlockDesc` has no field named `run_condition`
[INFO] [stdout]   --> src/blocks/control/pid.rs:25:10
[INFO] [stdout]    |
[INFO] [stdout] 25 | #[derive(BlockProps, Debug)]
[INFO] [stdout]    |          ^^^^^^^^^^ `BlockDesc` does not have this field
[INFO] [stdout]    |
[INFO] [stdout]    = note: all struct fields are already assigned
[INFO] [stdout]    = note: this error originates in the derive macro `BlockProps` (in Nightly builds, run with -Z macro-backtrace for more info)
[INFO] [stdout] 
[INFO] [stdout] 
[INFO] [stdout] error[E0560]: struct `BlockDesc` has no field named `run_condition`
[INFO] [stdout]   --> src/blocks/logic/and.rs:17:10
[INFO] [stdout]    |
[INFO] [stdout] 17 | #[derive(BlockProps, Debug)]
[INFO] [stdout]    |          ^^^^^^^^^^ `BlockDesc` does not have this field
[INFO] [stdout]    |
[INFO] [stdout]    = note: all struct fields are already assigned
[INFO] [stdout]    = note: this error originates in the derive macro `BlockProps` (in Nightly builds, run with -Z macro-backtrace for more info)
[INFO] [stdout] 
[INFO] [stdout] 
[INFO] [stdout] error[E0560]: struct `BlockDesc` has no field named `run_condition`
[INFO] [stdout]   --> src/blocks/logic/eq.rs:19:10
[INFO] [stdout]    |
[INFO] [stdout] 19 | #[derive(BlockProps, Debug)]
[INFO] [stdout]    |          ^^^^^^^^^^ `BlockDesc` does not have this field
[INFO] [stdout]    |
[INFO] [stdout]    = note: all struct fields are already assigned
[INFO] [stdout]    = note: this error originates in the derive macro `BlockProps` (in Nightly builds, run with -Z macro-backtrace for more info)
[INFO] [stdout] 
[INFO] [stdout] 
[INFO] [stdout] error[E0560]: struct `BlockDesc` has no field named `run_condition`
[INFO] [stdout]   --> src/blocks/logic/gt.rs:19:10
[INFO] [stdout]    |
[INFO] [stdout] 19 | #[derive(BlockProps, Debug)]
[INFO] [stdout]    |          ^^^^^^^^^^ `BlockDesc` does not have this field
[INFO] [stdout]    |
[INFO] [stdout]    = note: all struct fields are already assigned
[INFO] [stdout]    = note: this error originates in the derive macro `BlockProps` (in Nightly builds, run with -Z macro-backtrace for more info)
[INFO] [stdout] 
[INFO] [stdout] 
[INFO] [stdout] error[E0560]: struct `BlockDesc` has no field named `run_condition`
[INFO] [stdout]   --> src/blocks/logic/gte.rs:19:10
[INFO] [stdout]    |
[INFO] [stdout] 19 | #[derive(BlockProps, Debug)]
[INFO] [stdout]    |          ^^^^^^^^^^ `BlockDesc` does not have this field
[INFO] [stdout]    |
[INFO] [stdout]    = note: all struct fields are already assigned
[INFO] [stdout]    = note: this error originates in the derive macro `BlockProps` (in Nightly builds, run with -Z macro-backtrace for more info)
[INFO] [stdout] 
[INFO] [stdout] 
[INFO] [stdout] error[E0560]: struct `BlockDesc` has no field named `run_condition`
[INFO] [stdout]   --> src/blocks/logic/lt.rs:19:10
[INFO] [stdout]    |
[INFO] [stdout] 19 | #[derive(BlockProps, Debug)]
[INFO] [stdout]    |          ^^^^^^^^^^ `BlockDesc` does not have this field
[INFO] [stdout]    |
[INFO] [stdout]    = note: all struct fields are already assigned
[INFO] [stdout]    = note: this error originates in the derive macro `BlockProps` (in Nightly builds, run with -Z macro-backtrace for more info)
[INFO] [stdout] 
[INFO] [stdout] 
[INFO] [stdout] error[E0560]: struct `BlockDesc` has no field named `run_condition`
[INFO] [stdout]   --> src/blocks/logic/lte.rs:19:10
[INFO] [stdout]    |
[INFO] [stdout] 19 | #[derive(BlockProps, Debug)]
[INFO] [stdout]    |          ^^^^^^^^^^ `BlockDesc` does not have this field
[INFO] [stdout]    |
[INFO] [stdout]    = note: all struct fields are already assigned
[INFO] [stdout]    = note: this error originates in the derive macro `BlockProps` (in Nightly builds, run with -Z macro-backtrace for more info)
[INFO] [stdout] 
[INFO] [stdout] 
[INFO] [stdout] error[E0560]: struct `BlockDesc` has no field named `run_condition`
[INFO] [stdout]   --> src/blocks/logic/neq.rs:19:10
[INFO] [stdout]    |
[INFO] [stdout] 19 | #[derive(BlockProps, Debug)]
[INFO] [stdout]    |          ^^^^^^^^^^ `BlockDesc` does not have this field
[INFO] [stdout]    |
[INFO] [stdout]    = note: all struct fields are already assigned
[INFO] [stdout]    = note: this error originates in the derive macro `BlockProps` (in Nightly builds, run with -Z macro-backtrace for more info)
[INFO] [stdout] 
[INFO] [stdout] 
[INFO] [stdout] error[E0560]: struct `BlockDesc` has no field named `run_condition`
[INFO] [stdout]   --> src/blocks/logic/not.rs:17:10
[INFO] [stdout]    |
[INFO] [stdout] 17 | #[derive(BlockProps, Debug)]
[INFO] [stdout]    |          ^^^^^^^^^^ `BlockDesc` does not have this field
[INFO] [stdout]    |
[INFO] [stdout]    = note: all struct fields are already assigned
[INFO] [stdout]    = note: this error originates in the derive macro `BlockProps` (in Nightly builds, run with -Z macro-backtrace for more info)
[INFO] [stdout] 
[INFO] [stdout] 
[INFO] [stdout] error[E0560]: struct `BlockDesc` has no field named `run_condition`
[INFO] [stdout]   --> src/blocks/logic/or.rs:17:10
[INFO] [stdout]    |
[INFO] [stdout] 17 | #[derive(BlockProps, Debug)]
[INFO] [stdout]    |          ^^^^^^^^^^ `BlockDesc` does not have this field
[INFO] [stdout]    |
[INFO] [stdout]    = note: all struct fields are already assigned
[INFO] [stdout]    = note: this error originates in the derive macro `BlockProps` (in Nightly builds, run with -Z macro-backtrace for more info)
[INFO] [stdout] 
[INFO] [stdout] 
[INFO] [stdout] error[E0560]: struct `BlockDesc` has no field named `run_condition`
[INFO] [stdout]   --> src/blocks/logic/xor.rs:17:10
[INFO] [stdout]    |
[INFO] [stdout] 17 | #[derive(BlockProps, Debug)]
[INFO] [stdout]    |          ^^^^^^^^^^ `BlockDesc` does not have this field
[INFO] [stdout]    |
[INFO] [stdout]    = note: all struct fields are already assigned
[INFO] [stdout]    = note: this error originates in the derive macro `BlockProps` (in Nightly builds, run with -Z macro-backtrace for more info)
[INFO] [stdout] 
[INFO] [stdout] 
[INFO] [stdout] error[E0560]: struct `BlockDesc` has no field named `run_condition`
[INFO] [stdout]   --> src/blocks/math/abs.rs:17:10
[INFO] [stdout]    |
[INFO] [stdout] 17 | #[derive(BlockProps, Debug)]
[INFO] [stdout]    |          ^^^^^^^^^^ `BlockDesc` does not have this field
[INFO] [stdout]    |
[INFO] [stdout]    = note: all struct fields are already assigned
[INFO] [stdout]    = note: this error originates in the derive macro `BlockProps` (in Nightly builds, run with -Z macro-backtrace for more info)
[INFO] [stdout] 
[INFO] [stdout] 
[INFO] [stdout] error[E0560]: struct `BlockDesc` has no field named `run_condition`
[INFO] [stdout]   --> src/blocks/math/add.rs:20:10
[INFO] [stdout]    |
[INFO] [stdout] 20 | #[derive(BlockProps, Debug)]
[INFO] [stdout]    |          ^^^^^^^^^^ `BlockDesc` does not have this field
[INFO] [stdout]    |
[INFO] [stdout]    = note: all struct fields are already assigned
[INFO] [stdout]    = note: this error originates in the derive macro `BlockProps` (in Nightly builds, run with -Z macro-backtrace for more info)
[INFO] [stdout] 
[INFO] [stdout] 
[INFO] [stdout] error[E0560]: struct `BlockDesc` has no field named `run_condition`
[INFO] [stdout]   --> src/blocks/math/arccos.rs:17:10
[INFO] [stdout]    |
[INFO] [stdout] 17 | #[derive(BlockProps, Debug)]
[INFO] [stdout]    |          ^^^^^^^^^^ `BlockDesc` does not have this field
[INFO] [stdout]    |
[INFO] [stdout]    = note: all struct fields are already assigned
[INFO] [stdout]    = note: this error originates in the derive macro `BlockProps` (in Nightly builds, run with -Z macro-backtrace for more info)
[INFO] [stdout] 
[INFO] [stdout] 
[INFO] [stdout] error[E0560]: struct `BlockDesc` has no field named `run_condition`
[INFO] [stdout]   --> src/blocks/math/arcsin.rs:17:10
[INFO] [stdout]    |
[INFO] [stdout] 17 | #[derive(BlockProps, Debug)]
[INFO] [stdout]    |          ^^^^^^^^^^ `BlockDesc` does not have this field
[INFO] [stdout]    |
[INFO] [stdout]    = note: all struct fields are already assigned
[INFO] [stdout]    = note: this error originates in the derive macro `BlockProps` (in Nightly builds, run with -Z macro-backtrace for more info)
[INFO] [stdout] 
[INFO] [stdout] 
[INFO] [stdout] error[E0560]: struct `BlockDesc` has no field named `run_condition`
[INFO] [stdout]   --> src/blocks/math/arctan.rs:17:10
[INFO] [stdout]    |
[INFO] [stdout] 17 | #[derive(BlockProps, Debug)]
[INFO] [stdout]    |          ^^^^^^^^^^ `BlockDesc` does not have this field
[INFO] [stdout]    |
[INFO] [stdout]    = note: all struct fields are already assigned
[INFO] [stdout]    = note: this error originates in the derive macro `BlockProps` (in Nightly builds, run with -Z macro-backtrace for more info)
[INFO] [stdout] 
[INFO] [stdout] 
[INFO] [stdout] error[E0560]: struct `BlockDesc` has no field named `run_condition`
[INFO] [stdout]   --> src/blocks/math/average.rs:23:10
[INFO] [stdout]    |
[INFO] [stdout] 23 | #[derive(BlockProps, Debug)]
[INFO] [stdout]    |          ^^^^^^^^^^ `BlockDesc` does not have this field
[INFO] [stdout]    |
[INFO] [stdout]    = note: all struct fields are already assigned
[INFO] [stdout]    = note: this error originates in the derive macro `BlockProps` (in Nightly builds, run with -Z macro-backtrace for more info)
[INFO] [stdout] 
[INFO] [stdout] 
[INFO] [stdout] error[E0560]: struct `BlockDesc` has no field named `run_condition`
[INFO] [stdout]   --> src/blocks/math/cos.rs:17:10
[INFO] [stdout]    |
[INFO] [stdout] 17 | #[derive(BlockProps, Debug)]
[INFO] [stdout]    |          ^^^^^^^^^^ `BlockDesc` does not have this field
[INFO] [stdout]    |
[INFO] [stdout]    = note: all struct fields are already assigned
[INFO] [stdout]    = note: this error originates in the derive macro `BlockProps` (in Nightly builds, run with -Z macro-backtrace for more info)
[INFO] [stdout] 
[INFO] [stdout] 
[INFO] [stdout] error[E0560]: struct `BlockDesc` has no field named `run_condition`
[INFO] [stdout]   --> src/blocks/math/div.rs:19:10
[INFO] [stdout]    |
[INFO] [stdout] 19 | #[derive(BlockProps, Debug)]
[INFO] [stdout]    |          ^^^^^^^^^^ `BlockDesc` does not have this field
[INFO] [stdout]    |
[INFO] [stdout]    = note: all struct fields are already assigned
[INFO] [stdout]    = note: this error originates in the derive macro `BlockProps` (in Nightly builds, run with -Z macro-backtrace for more info)
[INFO] [stdout] 
[INFO] [stdout] 
[INFO] [stdout] error[E0560]: struct `BlockDesc` has no field named `run_condition`
[INFO] [stdout]   --> src/blocks/math/even.rs:17:10
[INFO] [stdout]    |
[INFO] [stdout] 17 | #[derive(BlockProps, Debug)]
[INFO] [stdout]    |          ^^^^^^^^^^ `BlockDesc` does not have this field
[INFO] [stdout]    |
[INFO] [stdout]    = note: all struct fields are already assigned
[INFO] [stdout]    = note: this error originates in the derive macro `BlockProps` (in Nightly builds, run with -Z macro-backtrace for more info)
[INFO] [stdout] 
[INFO] [stdout] 
[INFO] [stdout] error[E0560]: struct `BlockDesc` has no field named `run_condition`
[INFO] [stdout]   --> src/blocks/math/exp.rs:17:10
[INFO] [stdout]    |
[INFO] [stdout] 17 | #[derive(BlockProps, Debug)]
[INFO] [stdout]    |          ^^^^^^^^^^ `BlockDesc` does not have this field
[INFO] [stdout]    |
[INFO] [stdout]    = note: all struct fields are already assigned
[INFO] [stdout]    = note: this error originates in the derive macro `BlockProps` (in Nightly builds, run with -Z macro-backtrace for more info)
[INFO] [stdout] 
[INFO] [stdout] 
[INFO] [stdout] error[E0560]: struct `BlockDesc` has no field named `run_condition`
[INFO] [stdout]   --> src/blocks/math/log10.rs:17:10
[INFO] [stdout]    |
[INFO] [stdout] 17 | #[derive(BlockProps, Debug)]
[INFO] [stdout]    |          ^^^^^^^^^^ `BlockDesc` does not have this field
[INFO] [stdout]    |
[INFO] [stdout]    = note: all struct fields are already assigned
[INFO] [stdout]    = note: this error originates in the derive macro `BlockProps` (in Nightly builds, run with -Z macro-backtrace for more info)
[INFO] [stdout] 
[INFO] [stdout] 
[INFO] [stdout] error[E0560]: struct `BlockDesc` has no field named `run_condition`
[INFO] [stdout]   --> src/blocks/math/logn.rs:17:10
[INFO] [stdout]    |
[INFO] [stdout] 17 | #[derive(BlockProps, Debug)]
[INFO] [stdout]    |          ^^^^^^^^^^ `BlockDesc` does not have this field
[INFO] [stdout]    |
[INFO] [stdout]    = note: all struct fields are already assigned
[INFO] [stdout]    = note: this error originates in the derive macro `BlockProps` (in Nightly builds, run with -Z macro-backtrace for more info)
[INFO] [stdout] 
[INFO] [stdout] 
[INFO] [stdout] error[E0560]: struct `BlockDesc` has no field named `run_condition`
[INFO] [stdout]   --> src/blocks/math/max.rs:21:10
[INFO] [stdout]    |
[INFO] [stdout] 21 | #[derive(BlockProps, Debug)]
[INFO] [stdout]    |          ^^^^^^^^^^ `BlockDesc` does not have this field
[INFO] [stdout]    |
[INFO] [stdout]    = note: all struct fields are already assigned
[INFO] [stdout]    = note: this error originates in the derive macro `BlockProps` (in Nightly builds, run with -Z macro-backtrace for more info)
[INFO] [stdout] 
[INFO] [stdout] 
[INFO] [stdout] error[E0560]: struct `BlockDesc` has no field named `run_condition`
[INFO] [stdout]   --> src/blocks/math/median.rs:23:10
[INFO] [stdout]    |
[INFO] [stdout] 23 | #[derive(BlockProps, Debug)]
[INFO] [stdout]    |          ^^^^^^^^^^ `BlockDesc` does not have this field
[INFO] [stdout]    |
[INFO] [stdout]    = note: all struct fields are already assigned
[INFO] [stdout]    = note: this error originates in the derive macro `BlockProps` (in Nightly builds, run with -Z macro-backtrace for more info)
[INFO] [stdout] 
[INFO] [stdout] 
[INFO] [stdout] error[E0560]: struct `BlockDesc` has no field named `run_condition`
[INFO] [stdout]   --> src/blocks/math/min.rs:21:10
[INFO] [stdout]    |
[INFO] [stdout] 21 | #[derive(BlockProps, Debug)]
[INFO] [stdout]    |          ^^^^^^^^^^ `BlockDesc` does not have this field
[INFO] [stdout]    |
[INFO] [stdout]    = note: all struct fields are already assigned
[INFO] [stdout]    = note: this error originates in the derive macro `BlockProps` (in Nightly builds, run with -Z macro-backtrace for more info)
[INFO] [stdout] 
[INFO] [stdout] 
[INFO] [stdout] error[E0560]: struct `BlockDesc` has no field named `run_condition`
[INFO] [stdout]   --> src/blocks/math/modulus.rs:21:10
[INFO] [stdout]    |
[INFO] [stdout] 21 | #[derive(BlockProps, Debug)]
[INFO] [stdout]    |          ^^^^^^^^^^ `BlockDesc` does not have this field
[INFO] [stdout]    |
[INFO] [stdout]    = note: all struct fields are already assigned
[INFO] [stdout]    = note: this error originates in the derive macro `BlockProps` (in Nightly builds, run with -Z macro-backtrace for more info)
[INFO] [stdout] 
[INFO] [stdout] 
[INFO] [stdout] error[E0560]: struct `BlockDesc` has no field named `run_condition`
[INFO] [stdout]   --> src/blocks/math/mul.rs:20:10
[INFO] [stdout]    |
[INFO] [stdout] 20 | #[derive(BlockProps, Debug)]
[INFO] [stdout]    |          ^^^^^^^^^^ `BlockDesc` does not have this field
[INFO] [stdout]    |
[INFO] [stdout]    = note: all struct fields are already assigned
[INFO] [stdout]    = note: this error originates in the derive macro `BlockProps` (in Nightly builds, run with -Z macro-backtrace for more info)
[INFO] [stdout] 
[INFO] [stdout] 
[INFO] [stdout] error[E0560]: struct `BlockDesc` has no field named `run_condition`
[INFO] [stdout]   --> src/blocks/math/neg.rs:17:10
[INFO] [stdout]    |
[INFO] [stdout] 17 | #[derive(BlockProps, Debug)]
[INFO] [stdout]    |          ^^^^^^^^^^ `BlockDesc` does not have this field
[INFO] [stdout]    |
[INFO] [stdout]    = note: all struct fields are already assigned
[INFO] [stdout]    = note: this error originates in the derive macro `BlockProps` (in Nightly builds, run with -Z macro-backtrace for more info)
[INFO] [stdout] 
[INFO] [stdout] 
[INFO] [stdout] error[E0560]: struct `BlockDesc` has no field named `run_condition`
[INFO] [stdout]   --> src/blocks/math/odd.rs:17:10
[INFO] [stdout]    |
[INFO] [stdout] 17 | #[derive(BlockProps, Debug)]
[INFO] [stdout]    |          ^^^^^^^^^^ `BlockDesc` does not have this field
[INFO] [stdout]    |
[INFO] [stdout]    = note: all struct fields are already assigned
[INFO] [stdout]    = note: this error originates in the derive macro `BlockProps` (in Nightly builds, run with -Z macro-backtrace for more info)
[INFO] [stdout] 
[INFO] [stdout] 
[INFO] [stdout] error[E0560]: struct `BlockDesc` has no field named `run_condition`
[INFO] [stdout]   --> src/blocks/math/pow.rs:17:10
[INFO] [stdout]    |
[INFO] [stdout] 17 | #[derive(BlockProps, Debug)]
[INFO] [stdout]    |          ^^^^^^^^^^ `BlockDesc` does not have this field
[INFO] [stdout]    |
[INFO] [stdout]    = note: all struct fields are already assigned
[INFO] [stdout]    = note: this error originates in the derive macro `BlockProps` (in Nightly builds, run with -Z macro-backtrace for more info)
[INFO] [stdout] 
[INFO] [stdout] 
[INFO] [stdout] error[E0560]: struct `BlockDesc` has no field named `run_condition`
[INFO] [stdout]   --> src/blocks/math/sin.rs:17:10
[INFO] [stdout]    |
[INFO] [stdout] 17 | #[derive(BlockProps, Debug)]
[INFO] [stdout]    |          ^^^^^^^^^^ `BlockDesc` does not have this field
[INFO] [stdout]    |
[INFO] [stdout]    = note: all struct fields are already assigned
[INFO] [stdout]    = note: this error originates in the derive macro `BlockProps` (in Nightly builds, run with -Z macro-backtrace for more info)
[INFO] [stdout] 
[INFO] [stdout] 
[INFO] [stdout] error[E0560]: struct `BlockDesc` has no field named `run_condition`
[INFO] [stdout]   --> src/blocks/math/sqrt.rs:17:10
[INFO] [stdout]    |
[INFO] [stdout] 17 | #[derive(BlockProps, Debug)]
[INFO] [stdout]    |          ^^^^^^^^^^ `BlockDesc` does not have this field
[INFO] [stdout]    |
[INFO] [stdout]    = note: all struct fields are already assigned
[INFO] [stdout]    = note: this error originates in the derive macro `BlockProps` (in Nightly builds, run with -Z macro-backtrace for more info)
[INFO] [stdout] 
[INFO] [stdout] 
[INFO] [stdout] error[E0560]: struct `BlockDesc` has no field named `run_condition`
[INFO] [stdout]   --> src/blocks/math/sub.rs:19:10
[INFO] [stdout]    |
[INFO] [stdout] 19 | #[derive(BlockProps, Debug)]
[INFO] [stdout]    |          ^^^^^^^^^^ `BlockDesc` does not have this field
[INFO] [stdout]    |
[INFO] [stdout]    = note: all struct fields are already assigned
[INFO] [stdout]    = note: this error originates in the derive macro `BlockProps` (in Nightly builds, run with -Z macro-backtrace for more info)
[INFO] [stdout] 
[INFO] [stdout] 
[INFO] [stdout] error[E0560]: struct `BlockDesc` has no field named `run_condition`
[INFO] [stdout]   --> src/blocks/math/tan.rs:17:10
[INFO] [stdout]    |
[INFO] [stdout] 17 | #[derive(BlockProps, Debug)]
[INFO] [stdout]    |          ^^^^^^^^^^ `BlockDesc` does not have this field
[INFO] [stdout]    |
[INFO] [stdout]    = note: all struct fields are already assigned
[INFO] [stdout]    = note: this error originates in the derive macro `BlockProps` (in Nightly builds, run with -Z macro-backtrace for more info)
[INFO] [stdout] 
[INFO] [stdout] 
[INFO] [stdout] error[E0560]: struct `BlockDesc` has no field named `run_condition`
[INFO] [stdout]   --> src/blocks/misc/parse_number.rs:17:10
[INFO] [stdout]    |
[INFO] [stdout] 17 | #[derive(BlockProps, Debug)]
[INFO] [stdout]    |          ^^^^^^^^^^ `BlockDesc` does not have this field
[INFO] [stdout]    |
[INFO] [stdout]    = note: all struct fields are already assigned
[INFO] [stdout]    = note: this error originates in the derive macro `BlockProps` (in Nightly builds, run with -Z macro-backtrace for more info)
[INFO] [stdout] 
[INFO] [stdout] 
[INFO] [stdout] error[E0560]: struct `BlockDesc` has no field named `run_condition`
[INFO] [stdout]   --> src/blocks/misc/random.rs:30:10
[INFO] [stdout]    |
[INFO] [stdout] 30 | #[derive(BlockProps, Debug)]
[INFO] [stdout]    |          ^^^^^^^^^^ `BlockDesc` does not have this field
[INFO] [stdout]    |
[INFO] [stdout]    = note: all struct fields are already assigned
[INFO] [stdout]    = note: this error originates in the derive macro `BlockProps` (in Nightly builds, run with -Z macro-backtrace for more info)
[INFO] [stdout] 
[INFO] [stdout] 
[INFO] [stdout] error[E0560]: struct `BlockDesc` has no field named `run_condition`
[INFO] [stdout]   --> src/blocks/misc/sinewave.rs:27:10
[INFO] [stdout]    |
[INFO] [stdout] 27 | #[derive(BlockProps, Debug)]
[INFO] [stdout]    |          ^^^^^^^^^^ `BlockDesc` does not have this field
[INFO] [stdout]    |
[INFO] [stdout]    = note: all struct fields are already assigned
[INFO] [stdout]    = note: this error originates in the derive macro `BlockProps` (in Nightly builds, run with -Z macro-backtrace for more info)
[INFO] [stdout] 
[INFO] [stdout] 
[INFO] [stdout] error[E0560]: struct `BlockDesc` has no field named `run_condition`
[INFO] [stdout]   --> src/blocks/string/len.rs:17:10
[INFO] [stdout]    |
[INFO] [stdout] 17 | #[derive(BlockProps, Debug)]
[INFO] [stdout]    |          ^^^^^^^^^^ `BlockDesc` does not have this field
[INFO] [stdout]    |
[INFO] [stdout]    = note: all struct fields are already assigned
[INFO] [stdout]    = note: this error originates in the derive macro `BlockProps` (in Nightly builds, run with -Z macro-backtrace for more info)
[INFO] [stdout] 
[INFO] [stdout] 
[INFO] [stdout] error: aborting due to 45 previous errors; 1 warning emitted
[INFO] [stdout] 
[INFO] [stdout] 
[INFO] [stdout] Some errors have detailed explanations: E0554, E0560.
[INFO] [stdout] 
[INFO] [stdout] For more information about an error, try `rustc --explain E0554`.
[INFO] [stdout] 
[INFO] [stderr] error: could not compile `logic-mesh` (lib) due to 46 previous errors; 1 warning emitted
[INFO] running `Command { std: "docker" "inspect" "7c4c587ebd2180fa25c43bef6904eaf37694cc7497549a29d17354c5f4b8584b", kill_on_drop: false }`
[INFO] running `Command { std: "docker" "rm" "-f" "7c4c587ebd2180fa25c43bef6904eaf37694cc7497549a29d17354c5f4b8584b", kill_on_drop: false }`
[INFO] [stdout] 7c4c587ebd2180fa25c43bef6904eaf37694cc7497549a29d17354c5f4b8584b
[INFO] testing logic-mesh-0.1.4 against beta-2023-12-22 for beta-1.76-1
[INFO] extracting crate logic-mesh 0.1.4 into /workspace/builds/worker-3-tc2/source
[INFO] validating manifest of crates.io crate logic-mesh 0.1.4 on toolchain beta-2023-12-22
[INFO] running `Command { std: CARGO_HOME="/workspace/cargo-home" RUSTUP_HOME="/workspace/rustup-home" "/workspace/cargo-home/bin/cargo" "+beta-2023-12-22" "metadata" "--manifest-path" "Cargo.toml" "--no-deps", kill_on_drop: false }`
[INFO] removed /workspace/builds/worker-3-tc2/source/.cargo/config.toml
[INFO] removed /workspace/builds/worker-3-tc2/source/rust-toolchain.toml
[INFO] started tweaking crates.io crate logic-mesh 0.1.4
[INFO] finished tweaking crates.io crate logic-mesh 0.1.4
[INFO] tweaked toml for crates.io crate logic-mesh 0.1.4 written to /workspace/builds/worker-3-tc2/source/Cargo.toml
[INFO] running `Command { std: CARGO_HOME="/workspace/cargo-home" RUSTUP_HOME="/workspace/rustup-home" "/workspace/cargo-home/bin/cargo" "+beta-2023-12-22" "generate-lockfile" "--manifest-path" "Cargo.toml", kill_on_drop: false }`
[INFO] [stderr]     Updating crates.io index
[INFO] running `Command { std: CARGO_HOME="/workspace/cargo-home" RUSTUP_HOME="/workspace/rustup-home" "/workspace/cargo-home/bin/cargo" "+beta-2023-12-22" "fetch" "--manifest-path" "Cargo.toml", kill_on_drop: false }`
[INFO] running `Command { std: "docker" "create" "-v" "/var/lib/crater-agent-workspace/builds/worker-3-tc2/target:/opt/rustwide/target:rw,Z" "-v" "/var/lib/crater-agent-workspace/builds/worker-3-tc2/source:/opt/rustwide/workdir:ro,Z" "-v" "/var/lib/crater-agent-workspace/cargo-home:/opt/rustwide/cargo-home:ro,Z" "-v" "/var/lib/crater-agent-workspace/rustup-home:/opt/rustwide/rustup-home:ro,Z" "-e" "SOURCE_DIR=/opt/rustwide/workdir" "-e" "CARGO_TARGET_DIR=/opt/rustwide/target" "-e" "CARGO_HOME=/opt/rustwide/cargo-home" "-e" "RUSTUP_HOME=/opt/rustwide/rustup-home" "-w" "/opt/rustwide/workdir" "-m" "1610612736" "--user" "0:0" "--network" "none" "ghcr.io/rust-lang/crates-build-env/linux@sha256:2788e3201cd34a07e3172128adcd8b3090168a8e3bcc40d7c032b9dda1df7d1c" "/opt/rustwide/cargo-home/bin/cargo" "+beta-2023-12-22" "metadata" "--no-deps" "--format-version=1", kill_on_drop: false }`
[INFO] [stdout] 2cac7a6856666562f0b63df08a3e69492caeb477b0e3655947e4a4da366650d2
[INFO] running `Command { std: "docker" "start" "-a" "2cac7a6856666562f0b63df08a3e69492caeb477b0e3655947e4a4da366650d2", kill_on_drop: false }`
[INFO] running `Command { std: "docker" "inspect" "2cac7a6856666562f0b63df08a3e69492caeb477b0e3655947e4a4da366650d2", kill_on_drop: false }`
[INFO] running `Command { std: "docker" "rm" "-f" "2cac7a6856666562f0b63df08a3e69492caeb477b0e3655947e4a4da366650d2", kill_on_drop: false }`
[INFO] [stdout] 2cac7a6856666562f0b63df08a3e69492caeb477b0e3655947e4a4da366650d2
[INFO] running `Command { std: "docker" "create" "-v" "/var/lib/crater-agent-workspace/builds/worker-3-tc2/target:/opt/rustwide/target:rw,Z" "-v" "/var/lib/crater-agent-workspace/builds/worker-3-tc2/source:/opt/rustwide/workdir:ro,Z" "-v" "/var/lib/crater-agent-workspace/cargo-home:/opt/rustwide/cargo-home:ro,Z" "-v" "/var/lib/crater-agent-workspace/rustup-home:/opt/rustwide/rustup-home:ro,Z" "-e" "SOURCE_DIR=/opt/rustwide/workdir" "-e" "CARGO_TARGET_DIR=/opt/rustwide/target" "-e" "CARGO_INCREMENTAL=0" "-e" "RUST_BACKTRACE=full" "-e" "RUSTFLAGS=--cap-lints=warn" "-e" "RUSTDOCFLAGS=--cap-lints=warn" "-e" "CARGO_HOME=/opt/rustwide/cargo-home" "-e" "RUSTUP_HOME=/opt/rustwide/rustup-home" "-w" "/opt/rustwide/workdir" "-m" "1610612736" "--user" "0:0" "--network" "none" "ghcr.io/rust-lang/crates-build-env/linux@sha256:2788e3201cd34a07e3172128adcd8b3090168a8e3bcc40d7c032b9dda1df7d1c" "/opt/rustwide/cargo-home/bin/cargo" "+beta-2023-12-22" "build" "--frozen" "--message-format=json", kill_on_drop: false }`
[INFO] [stdout] 3cd928c7171e3ba6ea08c5a5aa7134f7ad78b36b11c2d4f18efe37464bf234f0
[INFO] running `Command { std: "docker" "start" "-a" "3cd928c7171e3ba6ea08c5a5aa7134f7ad78b36b11c2d4f18efe37464bf234f0", kill_on_drop: false }`
[INFO] [stderr]    Compiling siphasher v0.3.11
[INFO] [stderr]    Compiling rand_core v0.6.4
[INFO] [stderr]    Compiling regex-syntax v0.8.2
[INFO] [stderr]    Compiling futures-core v0.3.30
[INFO] [stderr]    Compiling futures-sink v0.3.30
[INFO] [stderr]    Compiling uncased v0.9.9
[INFO] [stderr]    Compiling futures-io v0.3.30
[INFO] [stderr]    Compiling futures-task v0.3.30
[INFO] [stderr]    Compiling futures-macro v0.3.30
[INFO] [stderr]    Compiling serde_derive v1.0.194
[INFO] [stderr]    Compiling chrono v0.4.31
[INFO] [stderr]    Compiling hashbrown v0.14.3
[INFO] [stderr]    Compiling tokio-macros v2.2.0
[INFO] [stderr]    Compiling uuid v1.6.1
[INFO] [stderr]    Compiling litrs v0.3.0
[INFO] [stderr]    Compiling futures-channel v0.3.30
[INFO] [stderr]    Compiling rand v0.8.5
[INFO] [stderr]    Compiling phf_shared v0.11.2
[INFO] [stderr]    Compiling phf v0.11.2
[INFO] [stderr]    Compiling logic_mesh_block_macro v0.1.5
[INFO] [stderr]    Compiling dashmap v5.5.3
[INFO] [stderr]    Compiling phf_generator v0.11.2
[INFO] [stderr]    Compiling phf_codegen v0.11.2
[INFO] [stderr]    Compiling tokio v1.35.1
[INFO] [stderr]    Compiling futures-util v0.3.30
[INFO] [stderr]    Compiling regex-automata v0.4.3
[INFO] [stderr]    Compiling regex v1.10.2
[INFO] [stderr]    Compiling serde v1.0.194
[INFO] [stderr]    Compiling parse-zoneinfo v0.3.0
[INFO] [stderr]    Compiling chrono-tz-build v0.0.3
[INFO] [stderr]    Compiling chrono-tz v0.6.3
[INFO] [stderr]    Compiling futures-executor v0.3.30
[INFO] [stderr]    Compiling futures v0.3.30
[INFO] [stderr]    Compiling serde_json v1.0.111
[INFO] [stderr]    Compiling libhaystack v1.0.13
[INFO] [stderr]    Compiling logic-mesh v0.1.4 (/opt/rustwide/workdir)
[INFO] [stdout] error[E0554]: `#![feature]` may not be used on the beta release channel
[INFO] [stdout]  --> src/lib.rs:4:1
[INFO] [stdout]   |
[INFO] [stdout] 4 | #![feature(async_closure)]
[INFO] [stdout]   | ^^^^^^^^^^^^^^^^^^^^^^^^^^
[INFO] [stdout] 
[INFO] [stdout] 
[INFO] [stdout] error[E0554]: `#![feature]` may not be used on the beta release channel
[INFO] [stdout]  --> src/lib.rs:5:1
[INFO] [stdout]   |
[INFO] [stdout] 5 | #![feature(async_fn_in_trait)]
[INFO] [stdout]   | ^^^^^^^^^^^^^^^^^^^^^^^^^^^^^^ help: remove the attribute
[INFO] [stdout]   |
[INFO] [stdout]   = help: the feature `async_fn_in_trait` has been stable since `1.75.0` and no longer requires an attribute to enable
[INFO] [stdout] 
[INFO] [stdout] 
[INFO] [stdout] error[E0554]: `#![feature]` may not be used on the beta release channel
[INFO] [stdout]  --> src/lib.rs:6:1
[INFO] [stdout]   |
[INFO] [stdout] 6 | #![feature(trait_alias)]
[INFO] [stdout]   | ^^^^^^^^^^^^^^^^^^^^^^^^
[INFO] [stdout] 
[INFO] [stdout] 
[INFO] [stdout] error[E0554]: `#![feature]` may not be used on the beta release channel
[INFO] [stdout]  --> src/lib.rs:7:1
[INFO] [stdout]   |
[INFO] [stdout] 7 | #![feature(trait_upcasting)]
[INFO] [stdout]   | ^^^^^^^^^^^^^^^^^^^^^^^^^^^^ help: remove the attribute
[INFO] [stdout]   |
[INFO] [stdout]   = help: the feature `trait_upcasting` has been stable since `1.76.0` and no longer requires an attribute to enable
[INFO] [stdout] 
[INFO] [stdout] 
[INFO] [stdout] error[E0554]: `#![feature]` may not be used on the beta release channel
[INFO] [stdout]  --> src/lib.rs:8:1
[INFO] [stdout]   |
[INFO] [stdout] 8 | #![feature(assert_matches)]
[INFO] [stdout]   | ^^^^^^^^^^^^^^^^^^^^^^^^^^^
[INFO] [stdout] 
[INFO] [stdout] 
[INFO] [stdout] warning: the feature `async_fn_in_trait` has been stable since 1.75.0 and no longer requires an attribute to enable
[INFO] [stdout]  --> src/lib.rs:5:12
[INFO] [stdout]   |
[INFO] [stdout] 5 | #![feature(async_fn_in_trait)]
[INFO] [stdout]   |            ^^^^^^^^^^^^^^^^^
[INFO] [stdout]   |
[INFO] [stdout]   = note: `#[warn(stable_features)]` on by default
[INFO] [stdout] 
[INFO] [stdout] 
[INFO] [stdout] warning: the feature `trait_upcasting` has been stable since 1.76.0 and no longer requires an attribute to enable
[INFO] [stdout]  --> src/lib.rs:7:12
[INFO] [stdout]   |
[INFO] [stdout] 7 | #![feature(trait_upcasting)]
[INFO] [stdout]   |            ^^^^^^^^^^^^^^^
[INFO] [stdout] 
[INFO] [stdout] 
[INFO] [stdout] error[E0554]: `#![feature]` may not be used on the beta release channel
[INFO] [stdout]  --> src/lib.rs:8:12
[INFO] [stdout]   |
[INFO] [stdout] 8 | #![feature(assert_matches)]
[INFO] [stdout]   |            ^^^^^^^^^^^^^^
[INFO] [stdout] 
[INFO] [stdout] 
[INFO] [stdout] error[E0560]: struct `BlockDesc` has no field named `run_condition`
[INFO] [stdout]   --> src/blocks/control/pid.rs:25:10
[INFO] [stdout]    |
[INFO] [stdout] 25 | #[derive(BlockProps, Debug)]
[INFO] [stdout]    |          ^^^^^^^^^^ `BlockDesc` does not have this field
[INFO] [stdout]    |
[INFO] [stdout]    = note: all struct fields are already assigned
[INFO] [stdout]    = note: this error originates in the derive macro `BlockProps` (in Nightly builds, run with -Z macro-backtrace for more info)
[INFO] [stdout] 
[INFO] [stdout] 
[INFO] [stdout] error[E0560]: struct `BlockDesc` has no field named `run_condition`
[INFO] [stdout]   --> src/blocks/logic/and.rs:17:10
[INFO] [stdout]    |
[INFO] [stdout] 17 | #[derive(BlockProps, Debug)]
[INFO] [stdout]    |          ^^^^^^^^^^ `BlockDesc` does not have this field
[INFO] [stdout]    |
[INFO] [stdout]    = note: all struct fields are already assigned
[INFO] [stdout]    = note: this error originates in the derive macro `BlockProps` (in Nightly builds, run with -Z macro-backtrace for more info)
[INFO] [stdout] 
[INFO] [stdout] 
[INFO] [stdout] error[E0560]: struct `BlockDesc` has no field named `run_condition`
[INFO] [stdout]   --> src/blocks/logic/eq.rs:19:10
[INFO] [stdout]    |
[INFO] [stdout] 19 | #[derive(BlockProps, Debug)]
[INFO] [stdout]    |          ^^^^^^^^^^ `BlockDesc` does not have this field
[INFO] [stdout]    |
[INFO] [stdout]    = note: all struct fields are already assigned
[INFO] [stdout]    = note: this error originates in the derive macro `BlockProps` (in Nightly builds, run with -Z macro-backtrace for more info)
[INFO] [stdout] 
[INFO] [stdout] 
[INFO] [stdout] error[E0560]: struct `BlockDesc` has no field named `run_condition`
[INFO] [stdout]   --> src/blocks/logic/gt.rs:19:10
[INFO] [stdout]    |
[INFO] [stdout] 19 | #[derive(BlockProps, Debug)]
[INFO] [stdout]    |          ^^^^^^^^^^ `BlockDesc` does not have this field
[INFO] [stdout]    |
[INFO] [stdout]    = note: all struct fields are already assigned
[INFO] [stdout]    = note: this error originates in the derive macro `BlockProps` (in Nightly builds, run with -Z macro-backtrace for more info)
[INFO] [stdout] 
[INFO] [stdout] 
[INFO] [stdout] error[E0560]: struct `BlockDesc` has no field named `run_condition`
[INFO] [stdout]   --> src/blocks/logic/gte.rs:19:10
[INFO] [stdout]    |
[INFO] [stdout] 19 | #[derive(BlockProps, Debug)]
[INFO] [stdout]    |          ^^^^^^^^^^ `BlockDesc` does not have this field
[INFO] [stdout]    |
[INFO] [stdout]    = note: all struct fields are already assigned
[INFO] [stdout]    = note: this error originates in the derive macro `BlockProps` (in Nightly builds, run with -Z macro-backtrace for more info)
[INFO] [stdout] 
[INFO] [stdout] 
[INFO] [stdout] error[E0560]: struct `BlockDesc` has no field named `run_condition`
[INFO] [stdout]   --> src/blocks/logic/lt.rs:19:10
[INFO] [stdout]    |
[INFO] [stdout] 19 | #[derive(BlockProps, Debug)]
[INFO] [stdout]    |          ^^^^^^^^^^ `BlockDesc` does not have this field
[INFO] [stdout]    |
[INFO] [stdout]    = note: all struct fields are already assigned
[INFO] [stdout]    = note: this error originates in the derive macro `BlockProps` (in Nightly builds, run with -Z macro-backtrace for more info)
[INFO] [stdout] 
[INFO] [stdout] 
[INFO] [stdout] error[E0560]: struct `BlockDesc` has no field named `run_condition`
[INFO] [stdout]   --> src/blocks/logic/lte.rs:19:10
[INFO] [stdout]    |
[INFO] [stdout] 19 | #[derive(BlockProps, Debug)]
[INFO] [stdout]    |          ^^^^^^^^^^ `BlockDesc` does not have this field
[INFO] [stdout]    |
[INFO] [stdout]    = note: all struct fields are already assigned
[INFO] [stdout]    = note: this error originates in the derive macro `BlockProps` (in Nightly builds, run with -Z macro-backtrace for more info)
[INFO] [stdout] 
[INFO] [stdout] 
[INFO] [stdout] error[E0560]: struct `BlockDesc` has no field named `run_condition`
[INFO] [stdout]   --> src/blocks/logic/neq.rs:19:10
[INFO] [stdout]    |
[INFO] [stdout] 19 | #[derive(BlockProps, Debug)]
[INFO] [stdout]    |          ^^^^^^^^^^ `BlockDesc` does not have this field
[INFO] [stdout]    |
[INFO] [stdout]    = note: all struct fields are already assigned
[INFO] [stdout]    = note: this error originates in the derive macro `BlockProps` (in Nightly builds, run with -Z macro-backtrace for more info)
[INFO] [stdout] 
[INFO] [stdout] 
[INFO] [stdout] error[E0560]: struct `BlockDesc` has no field named `run_condition`
[INFO] [stdout]   --> src/blocks/logic/not.rs:17:10
[INFO] [stdout]    |
[INFO] [stdout] 17 | #[derive(BlockProps, Debug)]
[INFO] [stdout]    |          ^^^^^^^^^^ `BlockDesc` does not have this field
[INFO] [stdout]    |
[INFO] [stdout]    = note: all struct fields are already assigned
[INFO] [stdout]    = note: this error originates in the derive macro `BlockProps` (in Nightly builds, run with -Z macro-backtrace for more info)
[INFO] [stdout] 
[INFO] [stdout] 
[INFO] [stdout] error[E0560]: struct `BlockDesc` has no field named `run_condition`
[INFO] [stdout]   --> src/blocks/logic/or.rs:17:10
[INFO] [stdout]    |
[INFO] [stdout] 17 | #[derive(BlockProps, Debug)]
[INFO] [stdout]    |          ^^^^^^^^^^ `BlockDesc` does not have this field
[INFO] [stdout]    |
[INFO] [stdout]    = note: all struct fields are already assigned
[INFO] [stdout]    = note: this error originates in the derive macro `BlockProps` (in Nightly builds, run with -Z macro-backtrace for more info)
[INFO] [stdout] 
[INFO] [stdout] 
[INFO] [stdout] error[E0560]: struct `BlockDesc` has no field named `run_condition`
[INFO] [stdout]   --> src/blocks/logic/xor.rs:17:10
[INFO] [stdout]    |
[INFO] [stdout] 17 | #[derive(BlockProps, Debug)]
[INFO] [stdout]    |          ^^^^^^^^^^ `BlockDesc` does not have this field
[INFO] [stdout]    |
[INFO] [stdout]    = note: all struct fields are already assigned
[INFO] [stdout]    = note: this error originates in the derive macro `BlockProps` (in Nightly builds, run with -Z macro-backtrace for more info)
[INFO] [stdout] 
[INFO] [stdout] 
[INFO] [stdout] error[E0560]: struct `BlockDesc` has no field named `run_condition`
[INFO] [stdout]   --> src/blocks/math/abs.rs:17:10
[INFO] [stdout]    |
[INFO] [stdout] 17 | #[derive(BlockProps, Debug)]
[INFO] [stdout]    |          ^^^^^^^^^^ `BlockDesc` does not have this field
[INFO] [stdout]    |
[INFO] [stdout]    = note: all struct fields are already assigned
[INFO] [stdout]    = note: this error originates in the derive macro `BlockProps` (in Nightly builds, run with -Z macro-backtrace for more info)
[INFO] [stdout] 
[INFO] [stdout] 
[INFO] [stdout] error[E0560]: struct `BlockDesc` has no field named `run_condition`
[INFO] [stdout]   --> src/blocks/math/add.rs:20:10
[INFO] [stdout]    |
[INFO] [stdout] 20 | #[derive(BlockProps, Debug)]
[INFO] [stdout]    |          ^^^^^^^^^^ `BlockDesc` does not have this field
[INFO] [stdout]    |
[INFO] [stdout]    = note: all struct fields are already assigned
[INFO] [stdout]    = note: this error originates in the derive macro `BlockProps` (in Nightly builds, run with -Z macro-backtrace for more info)
[INFO] [stdout] 
[INFO] [stdout] 
[INFO] [stdout] error[E0560]: struct `BlockDesc` has no field named `run_condition`
[INFO] [stdout]   --> src/blocks/math/arccos.rs:17:10
[INFO] [stdout]    |
[INFO] [stdout] 17 | #[derive(BlockProps, Debug)]
[INFO] [stdout]    |          ^^^^^^^^^^ `BlockDesc` does not have this field
[INFO] [stdout]    |
[INFO] [stdout]    = note: all struct fields are already assigned
[INFO] [stdout]    = note: this error originates in the derive macro `BlockProps` (in Nightly builds, run with -Z macro-backtrace for more info)
[INFO] [stdout] 
[INFO] [stdout] 
[INFO] [stdout] error[E0560]: struct `BlockDesc` has no field named `run_condition`
[INFO] [stdout]   --> src/blocks/math/arcsin.rs:17:10
[INFO] [stdout]    |
[INFO] [stdout] 17 | #[derive(BlockProps, Debug)]
[INFO] [stdout]    |          ^^^^^^^^^^ `BlockDesc` does not have this field
[INFO] [stdout]    |
[INFO] [stdout]    = note: all struct fields are already assigned
[INFO] [stdout]    = note: this error originates in the derive macro `BlockProps` (in Nightly builds, run with -Z macro-backtrace for more info)
[INFO] [stdout] 
[INFO] [stdout] 
[INFO] [stdout] error[E0560]: struct `BlockDesc` has no field named `run_condition`
[INFO] [stdout]   --> src/blocks/math/arctan.rs:17:10
[INFO] [stdout]    |
[INFO] [stdout] 17 | #[derive(BlockProps, Debug)]
[INFO] [stdout]    |          ^^^^^^^^^^ `BlockDesc` does not have this field
[INFO] [stdout]    |
[INFO] [stdout]    = note: all struct fields are already assigned
[INFO] [stdout]    = note: this error originates in the derive macro `BlockProps` (in Nightly builds, run with -Z macro-backtrace for more info)
[INFO] [stdout] 
[INFO] [stdout] 
[INFO] [stdout] error[E0560]: struct `BlockDesc` has no field named `run_condition`
[INFO] [stdout]   --> src/blocks/math/average.rs:23:10
[INFO] [stdout]    |
[INFO] [stdout] 23 | #[derive(BlockProps, Debug)]
[INFO] [stdout]    |          ^^^^^^^^^^ `BlockDesc` does not have this field
[INFO] [stdout]    |
[INFO] [stdout]    = note: all struct fields are already assigned
[INFO] [stdout]    = note: this error originates in the derive macro `BlockProps` (in Nightly builds, run with -Z macro-backtrace for more info)
[INFO] [stdout] 
[INFO] [stdout] 
[INFO] [stdout] error[E0560]: struct `BlockDesc` has no field named `run_condition`
[INFO] [stdout]   --> src/blocks/math/cos.rs:17:10
[INFO] [stdout]    |
[INFO] [stdout] 17 | #[derive(BlockProps, Debug)]
[INFO] [stdout]    |          ^^^^^^^^^^ `BlockDesc` does not have this field
[INFO] [stdout]    |
[INFO] [stdout]    = note: all struct fields are already assigned
[INFO] [stdout]    = note: this error originates in the derive macro `BlockProps` (in Nightly builds, run with -Z macro-backtrace for more info)
[INFO] [stdout] 
[INFO] [stdout] 
[INFO] [stdout] error[E0560]: struct `BlockDesc` has no field named `run_condition`
[INFO] [stdout]   --> src/blocks/math/div.rs:19:10
[INFO] [stdout]    |
[INFO] [stdout] 19 | #[derive(BlockProps, Debug)]
[INFO] [stdout]    |          ^^^^^^^^^^ `BlockDesc` does not have this field
[INFO] [stdout]    |
[INFO] [stdout]    = note: all struct fields are already assigned
[INFO] [stdout]    = note: this error originates in the derive macro `BlockProps` (in Nightly builds, run with -Z macro-backtrace for more info)
[INFO] [stdout] 
[INFO] [stdout] 
[INFO] [stdout] error[E0560]: struct `BlockDesc` has no field named `run_condition`
[INFO] [stdout]   --> src/blocks/math/even.rs:17:10
[INFO] [stdout]    |
[INFO] [stdout] 17 | #[derive(BlockProps, Debug)]
[INFO] [stdout]    |          ^^^^^^^^^^ `BlockDesc` does not have this field
[INFO] [stdout]    |
[INFO] [stdout]    = note: all struct fields are already assigned
[INFO] [stdout]    = note: this error originates in the derive macro `BlockProps` (in Nightly builds, run with -Z macro-backtrace for more info)
[INFO] [stdout] 
[INFO] [stdout] 
[INFO] [stdout] error[E0560]: struct `BlockDesc` has no field named `run_condition`
[INFO] [stdout]   --> src/blocks/math/exp.rs:17:10
[INFO] [stdout]    |
[INFO] [stdout] 17 | #[derive(BlockProps, Debug)]
[INFO] [stdout]    |          ^^^^^^^^^^ `BlockDesc` does not have this field
[INFO] [stdout]    |
[INFO] [stdout]    = note: all struct fields are already assigned
[INFO] [stdout]    = note: this error originates in the derive macro `BlockProps` (in Nightly builds, run with -Z macro-backtrace for more info)
[INFO] [stdout] 
[INFO] [stdout] 
[INFO] [stdout] error[E0560]: struct `BlockDesc` has no field named `run_condition`
[INFO] [stdout]   --> src/blocks/math/log10.rs:17:10
[INFO] [stdout]    |
[INFO] [stdout] 17 | #[derive(BlockProps, Debug)]
[INFO] [stdout]    |          ^^^^^^^^^^ `BlockDesc` does not have this field
[INFO] [stdout]    |
[INFO] [stdout]    = note: all struct fields are already assigned
[INFO] [stdout]    = note: this error originates in the derive macro `BlockProps` (in Nightly builds, run with -Z macro-backtrace for more info)
[INFO] [stdout] 
[INFO] [stdout] 
[INFO] [stdout] error[E0560]: struct `BlockDesc` has no field named `run_condition`
[INFO] [stdout]   --> src/blocks/math/logn.rs:17:10
[INFO] [stdout]    |
[INFO] [stdout] 17 | #[derive(BlockProps, Debug)]
[INFO] [stdout]    |          ^^^^^^^^^^ `BlockDesc` does not have this field
[INFO] [stdout]    |
[INFO] [stdout]    = note: all struct fields are already assigned
[INFO] [stdout]    = note: this error originates in the derive macro `BlockProps` (in Nightly builds, run with -Z macro-backtrace for more info)
[INFO] [stdout] 
[INFO] [stdout] 
[INFO] [stdout] error[E0560]: struct `BlockDesc` has no field named `run_condition`
[INFO] [stdout]   --> src/blocks/math/max.rs:21:10
[INFO] [stdout]    |
[INFO] [stdout] 21 | #[derive(BlockProps, Debug)]
[INFO] [stdout]    |          ^^^^^^^^^^ `BlockDesc` does not have this field
[INFO] [stdout]    |
[INFO] [stdout]    = note: all struct fields are already assigned
[INFO] [stdout]    = note: this error originates in the derive macro `BlockProps` (in Nightly builds, run with -Z macro-backtrace for more info)
[INFO] [stdout] 
[INFO] [stdout] 
[INFO] [stdout] error[E0560]: struct `BlockDesc` has no field named `run_condition`
[INFO] [stdout]   --> src/blocks/math/median.rs:23:10
[INFO] [stdout]    |
[INFO] [stdout] 23 | #[derive(BlockProps, Debug)]
[INFO] [stdout]    |          ^^^^^^^^^^ `BlockDesc` does not have this field
[INFO] [stdout]    |
[INFO] [stdout]    = note: all struct fields are already assigned
[INFO] [stdout]    = note: this error originates in the derive macro `BlockProps` (in Nightly builds, run with -Z macro-backtrace for more info)
[INFO] [stdout] 
[INFO] [stdout] 
[INFO] [stdout] error[E0560]: struct `BlockDesc` has no field named `run_condition`
[INFO] [stdout]   --> src/blocks/math/min.rs:21:10
[INFO] [stdout]    |
[INFO] [stdout] 21 | #[derive(BlockProps, Debug)]
[INFO] [stdout]    |          ^^^^^^^^^^ `BlockDesc` does not have this field
[INFO] [stdout]    |
[INFO] [stdout]    = note: all struct fields are already assigned
[INFO] [stdout]    = note: this error originates in the derive macro `BlockProps` (in Nightly builds, run with -Z macro-backtrace for more info)
[INFO] [stdout] 
[INFO] [stdout] 
[INFO] [stdout] error[E0560]: struct `BlockDesc` has no field named `run_condition`
[INFO] [stdout]   --> src/blocks/math/modulus.rs:21:10
[INFO] [stdout]    |
[INFO] [stdout] 21 | #[derive(BlockProps, Debug)]
[INFO] [stdout]    |          ^^^^^^^^^^ `BlockDesc` does not have this field
[INFO] [stdout]    |
[INFO] [stdout]    = note: all struct fields are already assigned
[INFO] [stdout]    = note: this error originates in the derive macro `BlockProps` (in Nightly builds, run with -Z macro-backtrace for more info)
[INFO] [stdout] 
[INFO] [stdout] 
[INFO] [stdout] error[E0560]: struct `BlockDesc` has no field named `run_condition`
[INFO] [stdout]   --> src/blocks/math/mul.rs:20:10
[INFO] [stdout]    |
[INFO] [stdout] 20 | #[derive(BlockProps, Debug)]
[INFO] [stdout]    |          ^^^^^^^^^^ `BlockDesc` does not have this field
[INFO] [stdout]    |
[INFO] [stdout]    = note: all struct fields are already assigned
[INFO] [stdout]    = note: this error originates in the derive macro `BlockProps` (in Nightly builds, run with -Z macro-backtrace for more info)
[INFO] [stdout] 
[INFO] [stdout] 
[INFO] [stdout] error[E0560]: struct `BlockDesc` has no field named `run_condition`
[INFO] [stdout]   --> src/blocks/math/neg.rs:17:10
[INFO] [stdout]    |
[INFO] [stdout] 17 | #[derive(BlockProps, Debug)]
[INFO] [stdout]    |          ^^^^^^^^^^ `BlockDesc` does not have this field
[INFO] [stdout]    |
[INFO] [stdout]    = note: all struct fields are already assigned
[INFO] [stdout]    = note: this error originates in the derive macro `BlockProps` (in Nightly builds, run with -Z macro-backtrace for more info)
[INFO] [stdout] 
[INFO] [stdout] 
[INFO] [stdout] error[E0560]: struct `BlockDesc` has no field named `run_condition`
[INFO] [stdout]   --> src/blocks/math/odd.rs:17:10
[INFO] [stdout]    |
[INFO] [stdout] 17 | #[derive(BlockProps, Debug)]
[INFO] [stdout]    |          ^^^^^^^^^^ `BlockDesc` does not have this field
[INFO] [stdout]    |
[INFO] [stdout]    = note: all struct fields are already assigned
[INFO] [stdout]    = note: this error originates in the derive macro `BlockProps` (in Nightly builds, run with -Z macro-backtrace for more info)
[INFO] [stdout] 
[INFO] [stdout] 
[INFO] [stdout] error[E0560]: struct `BlockDesc` has no field named `run_condition`
[INFO] [stdout]   --> src/blocks/math/pow.rs:17:10
[INFO] [stdout]    |
[INFO] [stdout] 17 | #[derive(BlockProps, Debug)]
[INFO] [stdout]    |          ^^^^^^^^^^ `BlockDesc` does not have this field
[INFO] [stdout]    |
[INFO] [stdout]    = note: all struct fields are already assigned
[INFO] [stdout]    = note: this error originates in the derive macro `BlockProps` (in Nightly builds, run with -Z macro-backtrace for more info)
[INFO] [stdout] 
[INFO] [stdout] 
[INFO] [stdout] error[E0560]: struct `BlockDesc` has no field named `run_condition`
[INFO] [stdout]   --> src/blocks/math/sin.rs:17:10
[INFO] [stdout]    |
[INFO] [stdout] 17 | #[derive(BlockProps, Debug)]
[INFO] [stdout]    |          ^^^^^^^^^^ `BlockDesc` does not have this field
[INFO] [stdout]    |
[INFO] [stdout]    = note: all struct fields are already assigned
[INFO] [stdout]    = note: this error originates in the derive macro `BlockProps` (in Nightly builds, run with -Z macro-backtrace for more info)
[INFO] [stdout] 
[INFO] [stdout] 
[INFO] [stdout] error[E0560]: struct `BlockDesc` has no field named `run_condition`
[INFO] [stdout]   --> src/blocks/math/sqrt.rs:17:10
[INFO] [stdout]    |
[INFO] [stdout] 17 | #[derive(BlockProps, Debug)]
[INFO] [stdout]    |          ^^^^^^^^^^ `BlockDesc` does not have this field
[INFO] [stdout]    |
[INFO] [stdout]    = note: all struct fields are already assigned
[INFO] [stdout]    = note: this error originates in the derive macro `BlockProps` (in Nightly builds, run with -Z macro-backtrace for more info)
[INFO] [stdout] 
[INFO] [stdout] 
[INFO] [stdout] error[E0560]: struct `BlockDesc` has no field named `run_condition`
[INFO] [stdout]   --> src/blocks/math/sub.rs:19:10
[INFO] [stdout]    |
[INFO] [stdout] 19 | #[derive(BlockProps, Debug)]
[INFO] [stdout]    |          ^^^^^^^^^^ `BlockDesc` does not have this field
[INFO] [stdout]    |
[INFO] [stdout]    = note: all struct fields are already assigned
[INFO] [stdout]    = note: this error originates in the derive macro `BlockProps` (in Nightly builds, run with -Z macro-backtrace for more info)
[INFO] [stdout] 
[INFO] [stdout] 
[INFO] [stdout] error[E0560]: struct `BlockDesc` has no field named `run_condition`
[INFO] [stdout]   --> src/blocks/math/tan.rs:17:10
[INFO] [stdout]    |
[INFO] [stdout] 17 | #[derive(BlockProps, Debug)]
[INFO] [stdout]    |          ^^^^^^^^^^ `BlockDesc` does not have this field
[INFO] [stdout]    |
[INFO] [stdout]    = note: all struct fields are already assigned
[INFO] [stdout]    = note: this error originates in the derive macro `BlockProps` (in Nightly builds, run with -Z macro-backtrace for more info)
[INFO] [stdout] 
[INFO] [stdout] 
[INFO] [stdout] error[E0560]: struct `BlockDesc` has no field named `run_condition`
[INFO] [stdout]   --> src/blocks/misc/parse_number.rs:17:10
[INFO] [stdout]    |
[INFO] [stdout] 17 | #[derive(BlockProps, Debug)]
[INFO] [stdout]    |          ^^^^^^^^^^ `BlockDesc` does not have this field
[INFO] [stdout]    |
[INFO] [stdout]    = note: all struct fields are already assigned
[INFO] [stdout]    = note: this error originates in the derive macro `BlockProps` (in Nightly builds, run with -Z macro-backtrace for more info)
[INFO] [stdout] 
[INFO] [stdout] 
[INFO] [stdout] error[E0560]: struct `BlockDesc` has no field named `run_condition`
[INFO] [stdout]   --> src/blocks/misc/random.rs:30:10
[INFO] [stdout]    |
[INFO] [stdout] 30 | #[derive(BlockProps, Debug)]
[INFO] [stdout]    |          ^^^^^^^^^^ `BlockDesc` does not have this field
[INFO] [stdout]    |
[INFO] [stdout]    = note: all struct fields are already assigned
[INFO] [stdout]    = note: this error originates in the derive macro `BlockProps` (in Nightly builds, run with -Z macro-backtrace for more info)
[INFO] [stdout] 
[INFO] [stdout] 
[INFO] [stdout] error[E0560]: struct `BlockDesc` has no field named `run_condition`
[INFO] [stdout]   --> src/blocks/misc/sinewave.rs:27:10
[INFO] [stdout]    |
[INFO] [stdout] 27 | #[derive(BlockProps, Debug)]
[INFO] [stdout]    |          ^^^^^^^^^^ `BlockDesc` does not have this field
[INFO] [stdout]    |
[INFO] [stdout]    = note: all struct fields are already assigned
[INFO] [stdout]    = note: this error originates in the derive macro `BlockProps` (in Nightly builds, run with -Z macro-backtrace for more info)
[INFO] [stdout] 
[INFO] [stdout] 
[INFO] [stdout] error[E0560]: struct `BlockDesc` has no field named `run_condition`
[INFO] [stdout]   --> src/blocks/string/len.rs:17:10
[INFO] [stdout]    |
[INFO] [stdout] 17 | #[derive(BlockProps, Debug)]
[INFO] [stdout]    |          ^^^^^^^^^^ `BlockDesc` does not have this field
[INFO] [stdout]    |
[INFO] [stdout]    = note: all struct fields are already assigned
[INFO] [stdout]    = note: this error originates in the derive macro `BlockProps` (in Nightly builds, run with -Z macro-backtrace for more info)
[INFO] [stdout] 
[INFO] [stdout] 
[INFO] [stdout] error: aborting due to 45 previous errors; 2 warnings emitted
[INFO] [stdout] 
[INFO] [stdout] 
[INFO] [stdout] Some errors have detailed explanations: E0554, E0560.
[INFO] [stdout] 
[INFO] [stdout] For more information about an error, try `rustc --explain E0554`.
[INFO] [stdout] 
[INFO] [stderr] error: could not compile `logic-mesh` (lib) due to 46 previous errors; 2 warnings emitted
[INFO] running `Command { std: "docker" "inspect" "3cd928c7171e3ba6ea08c5a5aa7134f7ad78b36b11c2d4f18efe37464bf234f0", kill_on_drop: false }`
[INFO] running `Command { std: "docker" "rm" "-f" "3cd928c7171e3ba6ea08c5a5aa7134f7ad78b36b11c2d4f18efe37464bf234f0", kill_on_drop: false }`
[INFO] [stdout] 3cd928c7171e3ba6ea08c5a5aa7134f7ad78b36b11c2d4f18efe37464bf234f0
