[INFO] fetching crate logcontrol-zbus 1.1.0...
[INFO] testing logcontrol-zbus-1.1.0 against 1.75.0 for beta-1.76-1
[INFO] extracting crate logcontrol-zbus 1.1.0 into /workspace/builds/worker-6-tc1/source
[INFO] validating manifest of crates.io crate logcontrol-zbus 1.1.0 on toolchain 1.75.0
[INFO] running `Command { std: CARGO_HOME="/workspace/cargo-home" RUSTUP_HOME="/workspace/rustup-home" "/workspace/cargo-home/bin/cargo" "+1.75.0" "metadata" "--manifest-path" "Cargo.toml" "--no-deps", kill_on_drop: false }`
[INFO] started tweaking crates.io crate logcontrol-zbus 1.1.0
[INFO] finished tweaking crates.io crate logcontrol-zbus 1.1.0
[INFO] tweaked toml for crates.io crate logcontrol-zbus 1.1.0 written to /workspace/builds/worker-6-tc1/source/Cargo.toml
[INFO] crate crates.io crate logcontrol-zbus 1.1.0 already has a lockfile, it will not be regenerated
[INFO] running `Command { std: CARGO_HOME="/workspace/cargo-home" RUSTUP_HOME="/workspace/rustup-home" "/workspace/cargo-home/bin/cargo" "+1.75.0" "fetch" "--manifest-path" "Cargo.toml", kill_on_drop: false }`
[INFO] [stderr]     Updating crates.io index
[INFO] [stderr]  Downloading crates ...
[INFO] [stderr]   Downloaded async-process v1.7.0
[INFO] [stderr]   Downloaded blocking v1.4.0
[INFO] [stderr]   Downloaded logcontrol v1.0.1
[INFO] running `Command { std: "docker" "create" "-v" "/var/lib/crater-agent-workspace/builds/worker-6-tc1/target:/opt/rustwide/target:rw,Z" "-v" "/var/lib/crater-agent-workspace/builds/worker-6-tc1/source:/opt/rustwide/workdir:ro,Z" "-v" "/var/lib/crater-agent-workspace/cargo-home:/opt/rustwide/cargo-home:ro,Z" "-v" "/var/lib/crater-agent-workspace/rustup-home:/opt/rustwide/rustup-home:ro,Z" "-e" "SOURCE_DIR=/opt/rustwide/workdir" "-e" "CARGO_TARGET_DIR=/opt/rustwide/target" "-e" "CARGO_HOME=/opt/rustwide/cargo-home" "-e" "RUSTUP_HOME=/opt/rustwide/rustup-home" "-w" "/opt/rustwide/workdir" "-m" "1610612736" "--user" "0:0" "--network" "none" "ghcr.io/rust-lang/crates-build-env/linux@sha256:2788e3201cd34a07e3172128adcd8b3090168a8e3bcc40d7c032b9dda1df7d1c" "/opt/rustwide/cargo-home/bin/cargo" "+1.75.0" "metadata" "--no-deps" "--format-version=1", kill_on_drop: false }`
[INFO] [stdout] 6ebaf8af095c6f3e19291315e639fe8eb5684f61d131b33ca11adf4f36bc8c7b
[INFO] running `Command { std: "docker" "start" "-a" "6ebaf8af095c6f3e19291315e639fe8eb5684f61d131b33ca11adf4f36bc8c7b", kill_on_drop: false }`
[INFO] running `Command { std: "docker" "inspect" "6ebaf8af095c6f3e19291315e639fe8eb5684f61d131b33ca11adf4f36bc8c7b", kill_on_drop: false }`
[INFO] running `Command { std: "docker" "rm" "-f" "6ebaf8af095c6f3e19291315e639fe8eb5684f61d131b33ca11adf4f36bc8c7b", kill_on_drop: false }`
[INFO] [stdout] 6ebaf8af095c6f3e19291315e639fe8eb5684f61d131b33ca11adf4f36bc8c7b
[INFO] running `Command { std: "docker" "create" "-v" "/var/lib/crater-agent-workspace/builds/worker-6-tc1/target:/opt/rustwide/target:rw,Z" "-v" "/var/lib/crater-agent-workspace/builds/worker-6-tc1/source:/opt/rustwide/workdir:ro,Z" "-v" "/var/lib/crater-agent-workspace/cargo-home:/opt/rustwide/cargo-home:ro,Z" "-v" "/var/lib/crater-agent-workspace/rustup-home:/opt/rustwide/rustup-home:ro,Z" "-e" "SOURCE_DIR=/opt/rustwide/workdir" "-e" "CARGO_TARGET_DIR=/opt/rustwide/target" "-e" "CARGO_INCREMENTAL=0" "-e" "RUST_BACKTRACE=full" "-e" "RUSTFLAGS=--cap-lints=warn" "-e" "RUSTDOCFLAGS=--cap-lints=warn" "-e" "CARGO_HOME=/opt/rustwide/cargo-home" "-e" "RUSTUP_HOME=/opt/rustwide/rustup-home" "-w" "/opt/rustwide/workdir" "-m" "1610612736" "--user" "0:0" "--network" "none" "ghcr.io/rust-lang/crates-build-env/linux@sha256:2788e3201cd34a07e3172128adcd8b3090168a8e3bcc40d7c032b9dda1df7d1c" "/opt/rustwide/cargo-home/bin/cargo" "+1.75.0" "build" "--frozen" "--message-format=json", kill_on_drop: false }`
[INFO] [stdout] 3128e2e3a44a70a7ba6e844ff4f880666dd5d6b1a34f63e23ddd32ee80655448
[INFO] running `Command { std: "docker" "start" "-a" "3128e2e3a44a70a7ba6e844ff4f880666dd5d6b1a34f63e23ddd32ee80655448", kill_on_drop: false }`
[INFO] [stderr]    Compiling proc-macro2 v1.0.67
[INFO] [stderr]    Compiling libc v0.2.148
[INFO] [stderr]    Compiling futures-core v0.3.28
[INFO] [stderr]    Compiling memchr v2.6.3
[INFO] [stderr]    Compiling crossbeam-utils v0.8.16
[INFO] [stderr]    Compiling hashbrown v0.14.1
[INFO] [stderr]    Compiling futures-io v0.3.28
[INFO] [stderr]    Compiling event-listener v2.5.3
[INFO] [stderr]    Compiling generic-array v0.14.7
[INFO] [stderr]    Compiling winnow v0.5.15
[INFO] [stderr]    Compiling toml_datetime v0.6.3
[INFO] [stderr]    Compiling slab v0.4.9
[INFO] [stderr]    Compiling quote v1.0.33
[INFO] [stderr]    Compiling indexmap v2.0.2
[INFO] [stderr]    Compiling fastrand v1.9.0
[INFO] [stderr]    Compiling syn v2.0.37
[INFO] [stderr]    Compiling syn v1.0.109
[INFO] [stderr]    Compiling concurrent-queue v2.3.0
[INFO] [stderr]    Compiling waker-fn v1.1.1
[INFO] [stderr]    Compiling serde v1.0.188
[INFO] [stderr]    Compiling parking v2.1.1
[INFO] [stderr]    Compiling futures-lite v1.13.0
[INFO] [stderr]    Compiling async-lock v2.8.0
[INFO] [stderr]    Compiling memoffset v0.7.1
[INFO] [stderr]    Compiling io-lifetimes v1.0.11
[INFO] [stderr]    Compiling getrandom v0.2.10
[INFO] [stderr]    Compiling aho-corasick v1.1.1
[INFO] [stderr]    Compiling tracing-core v0.1.31
[INFO] [stderr]    Compiling polling v2.8.0
[INFO] [stderr]    Compiling toml_edit v0.19.15
[INFO] [stderr]    Compiling rustix v0.37.24
[INFO] [stderr]    Compiling regex-syntax v0.7.5
[INFO] [stderr]    Compiling value-bag v1.4.1
[INFO] [stderr]    Compiling async-task v4.4.1
[INFO] [stderr]    Compiling futures-task v0.3.28
[INFO] [stderr]    Compiling atomic-waker v1.1.2
[INFO] [stderr]    Compiling piper v0.2.1
[INFO] [stderr]    Compiling log v0.4.20
[INFO] [stderr]    Compiling rand_core v0.6.4
[INFO] [stderr]    Compiling crypto-common v0.1.6
[INFO] [stderr]    Compiling block-buffer v0.10.4
[INFO] [stderr]    Compiling async-channel v1.9.0
[INFO] [stderr]    Compiling async-io v1.13.0
[INFO] [stderr]    Compiling async-fs v1.6.0
[INFO] [stderr]    Compiling static_assertions v1.1.0
[INFO] [stderr]    Compiling thiserror v1.0.49
[INFO] [stderr]    Compiling futures-util v0.3.28
[INFO] [stderr]    Compiling async-trait v0.1.73
[INFO] [stderr]    Compiling byteorder v1.4.3
[INFO] [stderr]    Compiling proc-macro-crate v1.3.1
[INFO] [stderr]    Compiling linux-raw-sys v0.3.8
[INFO] [stderr]    Compiling rand_chacha v0.3.1
[INFO] [stderr]    Compiling nix v0.26.4
[INFO] [stderr]    Compiling digest v0.10.7
[INFO] [stderr]    Compiling zvariant_utils v1.0.1
[INFO] [stderr]    Compiling regex-automata v0.3.9
[INFO] [stderr]    Compiling socket2 v0.4.9
[INFO] [stderr]    Compiling futures-sink v0.3.28
[INFO] [stderr]    Compiling pin-utils v0.1.0
[INFO] [stderr]    Compiling cpufeatures v0.2.9
[INFO] [stderr]    Compiling sha1 v0.10.6
[INFO] [stderr]    Compiling xdg-home v1.0.0
[INFO] [stderr]    Compiling rand v0.8.5
[INFO] [stderr]    Compiling async-executor v1.5.4
[INFO] [stderr]    Compiling ordered-stream v0.2.0
[INFO] [stderr]    Compiling async-broadcast v0.5.1
[INFO] [stderr]    Compiling hex v0.4.3
[INFO] [stderr]    Compiling regex v1.9.6
[INFO] [stderr]    Compiling serde_derive v1.0.188
[INFO] [stderr]    Compiling tracing-attributes v0.1.26
[INFO] [stderr]    Compiling enumflags2_derive v0.7.8
[INFO] [stderr]    Compiling zvariant_derive v3.15.0
[INFO] [stderr]    Compiling thiserror-impl v1.0.49
[INFO] [stderr]    Compiling derivative v2.2.0
[INFO] [stderr]    Compiling zbus_macros v3.14.1
[INFO] [stderr]    Compiling serde_repr v0.1.16
[INFO] [stderr]    Compiling async-recursion v1.0.5
[INFO] [stderr]    Compiling tracing v0.1.37
[INFO] [stderr]    Compiling blocking v1.4.0
[INFO] [stderr]    Compiling logcontrol v1.0.1
[INFO] [stderr]    Compiling enumflags2 v0.7.8
[INFO] [stderr]    Compiling zvariant v3.15.0
[INFO] [stderr]    Compiling zbus_names v2.6.0
[INFO] [stderr]    Compiling zbus v3.14.1
[INFO] [stderr]    Compiling logcontrol-zbus v1.1.0 (/opt/rustwide/workdir)
[INFO] [stderr]     Finished dev [unoptimized + debuginfo] target(s) in 49.93s
[INFO] running `Command { std: "docker" "inspect" "3128e2e3a44a70a7ba6e844ff4f880666dd5d6b1a34f63e23ddd32ee80655448", kill_on_drop: false }`
[INFO] running `Command { std: "docker" "rm" "-f" "3128e2e3a44a70a7ba6e844ff4f880666dd5d6b1a34f63e23ddd32ee80655448", kill_on_drop: false }`
[INFO] [stdout] 3128e2e3a44a70a7ba6e844ff4f880666dd5d6b1a34f63e23ddd32ee80655448
[INFO] running `Command { std: "docker" "create" "-v" "/var/lib/crater-agent-workspace/builds/worker-6-tc1/target:/opt/rustwide/target:rw,Z" "-v" "/var/lib/crater-agent-workspace/builds/worker-6-tc1/source:/opt/rustwide/workdir:ro,Z" "-v" "/var/lib/crater-agent-workspace/cargo-home:/opt/rustwide/cargo-home:ro,Z" "-v" "/var/lib/crater-agent-workspace/rustup-home:/opt/rustwide/rustup-home:ro,Z" "-e" "SOURCE_DIR=/opt/rustwide/workdir" "-e" "CARGO_TARGET_DIR=/opt/rustwide/target" "-e" "CARGO_INCREMENTAL=0" "-e" "RUST_BACKTRACE=full" "-e" "RUSTFLAGS=--cap-lints=warn" "-e" "RUSTDOCFLAGS=--cap-lints=warn" "-e" "CARGO_HOME=/opt/rustwide/cargo-home" "-e" "RUSTUP_HOME=/opt/rustwide/rustup-home" "-w" "/opt/rustwide/workdir" "-m" "1610612736" "--user" "0:0" "--network" "none" "ghcr.io/rust-lang/crates-build-env/linux@sha256:2788e3201cd34a07e3172128adcd8b3090168a8e3bcc40d7c032b9dda1df7d1c" "/opt/rustwide/cargo-home/bin/cargo" "+1.75.0" "test" "--frozen" "--no-run" "--message-format=json", kill_on_drop: false }`
[INFO] [stdout] 9318de4532e66b60cc9274a39a9d605c251b2067ea3b6464402989643dfe5e82
[INFO] running `Command { std: "docker" "start" "-a" "9318de4532e66b60cc9274a39a9d605c251b2067ea3b6464402989643dfe5e82", kill_on_drop: false }`
[INFO] [stderr]    Compiling overload v0.1.1
[INFO] [stderr]    Compiling tracing-log v0.1.3
[INFO] [stderr]    Compiling sharded-slab v0.1.6
[INFO] [stderr]    Compiling async-global-executor v2.3.1
[INFO] [stderr]    Compiling kv-log-macro v1.0.7
[INFO] [stderr]    Compiling async-attributes v1.1.2
[INFO] [stderr]    Compiling thread_local v1.1.7
[INFO] [stderr]    Compiling smallvec v1.11.1
[INFO] [stderr]    Compiling nu-ansi-term v0.46.0
[INFO] [stderr]    Compiling async-std v1.12.0
[INFO] [stderr]    Compiling tracing-subscriber v0.3.17
[INFO] [stderr]    Compiling logcontrol-zbus v1.1.0 (/opt/rustwide/workdir)
[INFO] [stdout] error[E0432]: unresolved import `logcontrol_tracing`
[INFO] [stdout]   --> examples/tracing-server.rs:22:5
[INFO] [stdout]    |
[INFO] [stdout] 22 | use logcontrol_tracing::{PrettyLogControl1LayerFactory, TracingLogControl1};
[INFO] [stdout]    |     ^^^^^^^^^^^^^^^^^^ use of undeclared crate or module `logcontrol_tracing`
[INFO] [stdout] 
[INFO] [stdout] 
[INFO] [stdout] error[E0433]: failed to resolve: could not find `EnvFilter` in `tracing_subscriber`
[INFO] [stdout]   --> examples/tracing-server.rs:32:42
[INFO] [stdout]    |
[INFO] [stdout] 32 |     let env_filter = tracing_subscriber::EnvFilter::try_from_default_env().ok();
[INFO] [stdout]    |                                          ^^^^^^^^^ could not find `EnvFilter` in `tracing_subscriber`
[INFO] [stdout] 
[INFO] [stdout] 
[INFO] [stdout] error: aborting due to 2 previous errors
[INFO] [stdout] 
[INFO] [stdout] 
[INFO] [stdout] Some errors have detailed explanations: E0432, E0433.
[INFO] [stdout] 
[INFO] [stdout] For more information about an error, try `rustc --explain E0432`.
[INFO] [stdout] 
[INFO] [stderr] error: could not compile `logcontrol-zbus` (example "tracing-server") due to 3 previous errors
[INFO] [stderr] warning: build failed, waiting for other jobs to finish...
[INFO] running `Command { std: "docker" "inspect" "9318de4532e66b60cc9274a39a9d605c251b2067ea3b6464402989643dfe5e82", kill_on_drop: false }`
[INFO] running `Command { std: "docker" "rm" "-f" "9318de4532e66b60cc9274a39a9d605c251b2067ea3b6464402989643dfe5e82", kill_on_drop: false }`
[INFO] [stdout] 9318de4532e66b60cc9274a39a9d605c251b2067ea3b6464402989643dfe5e82
[INFO] testing logcontrol-zbus-1.1.0 against beta-2023-12-22 for beta-1.76-1
[INFO] extracting crate logcontrol-zbus 1.1.0 into /workspace/builds/worker-6-tc2/source
[INFO] validating manifest of crates.io crate logcontrol-zbus 1.1.0 on toolchain beta-2023-12-22
[INFO] running `Command { std: CARGO_HOME="/workspace/cargo-home" RUSTUP_HOME="/workspace/rustup-home" "/workspace/cargo-home/bin/cargo" "+beta-2023-12-22" "metadata" "--manifest-path" "Cargo.toml" "--no-deps", kill_on_drop: false }`
[INFO] started tweaking crates.io crate logcontrol-zbus 1.1.0
[INFO] finished tweaking crates.io crate logcontrol-zbus 1.1.0
[INFO] tweaked toml for crates.io crate logcontrol-zbus 1.1.0 written to /workspace/builds/worker-6-tc2/source/Cargo.toml
[INFO] crate crates.io crate logcontrol-zbus 1.1.0 already has a lockfile, it will not be regenerated
[INFO] running `Command { std: CARGO_HOME="/workspace/cargo-home" RUSTUP_HOME="/workspace/rustup-home" "/workspace/cargo-home/bin/cargo" "+beta-2023-12-22" "fetch" "--manifest-path" "Cargo.toml", kill_on_drop: false }`
[INFO] running `Command { std: "docker" "create" "-v" "/var/lib/crater-agent-workspace/builds/worker-6-tc2/target:/opt/rustwide/target:rw,Z" "-v" "/var/lib/crater-agent-workspace/builds/worker-6-tc2/source:/opt/rustwide/workdir:ro,Z" "-v" "/var/lib/crater-agent-workspace/cargo-home:/opt/rustwide/cargo-home:ro,Z" "-v" "/var/lib/crater-agent-workspace/rustup-home:/opt/rustwide/rustup-home:ro,Z" "-e" "SOURCE_DIR=/opt/rustwide/workdir" "-e" "CARGO_TARGET_DIR=/opt/rustwide/target" "-e" "CARGO_HOME=/opt/rustwide/cargo-home" "-e" "RUSTUP_HOME=/opt/rustwide/rustup-home" "-w" "/opt/rustwide/workdir" "-m" "1610612736" "--user" "0:0" "--network" "none" "ghcr.io/rust-lang/crates-build-env/linux@sha256:2788e3201cd34a07e3172128adcd8b3090168a8e3bcc40d7c032b9dda1df7d1c" "/opt/rustwide/cargo-home/bin/cargo" "+beta-2023-12-22" "metadata" "--no-deps" "--format-version=1", kill_on_drop: false }`
[INFO] [stdout] b6af5d15dfe1b22cc09f35abda1006acc961298e07d6334fee83ee61e397f7f8
[INFO] running `Command { std: "docker" "start" "-a" "b6af5d15dfe1b22cc09f35abda1006acc961298e07d6334fee83ee61e397f7f8", kill_on_drop: false }`
[INFO] running `Command { std: "docker" "inspect" "b6af5d15dfe1b22cc09f35abda1006acc961298e07d6334fee83ee61e397f7f8", kill_on_drop: false }`
[INFO] running `Command { std: "docker" "rm" "-f" "b6af5d15dfe1b22cc09f35abda1006acc961298e07d6334fee83ee61e397f7f8", kill_on_drop: false }`
[INFO] [stdout] b6af5d15dfe1b22cc09f35abda1006acc961298e07d6334fee83ee61e397f7f8
[INFO] running `Command { std: "docker" "create" "-v" "/var/lib/crater-agent-workspace/builds/worker-6-tc2/target:/opt/rustwide/target:rw,Z" "-v" "/var/lib/crater-agent-workspace/builds/worker-6-tc2/source:/opt/rustwide/workdir:ro,Z" "-v" "/var/lib/crater-agent-workspace/cargo-home:/opt/rustwide/cargo-home:ro,Z" "-v" "/var/lib/crater-agent-workspace/rustup-home:/opt/rustwide/rustup-home:ro,Z" "-e" "SOURCE_DIR=/opt/rustwide/workdir" "-e" "CARGO_TARGET_DIR=/opt/rustwide/target" "-e" "CARGO_INCREMENTAL=0" "-e" "RUST_BACKTRACE=full" "-e" "RUSTFLAGS=--cap-lints=warn" "-e" "RUSTDOCFLAGS=--cap-lints=warn" "-e" "CARGO_HOME=/opt/rustwide/cargo-home" "-e" "RUSTUP_HOME=/opt/rustwide/rustup-home" "-w" "/opt/rustwide/workdir" "-m" "1610612736" "--user" "0:0" "--network" "none" "ghcr.io/rust-lang/crates-build-env/linux@sha256:2788e3201cd34a07e3172128adcd8b3090168a8e3bcc40d7c032b9dda1df7d1c" "/opt/rustwide/cargo-home/bin/cargo" "+beta-2023-12-22" "build" "--frozen" "--message-format=json", kill_on_drop: false }`
[INFO] [stdout] 8d49c7983b7e9abd99ad4f2ea4ae8ac1e0ec415f5058950db6569ae2eb7fae15
[INFO] running `Command { std: "docker" "start" "-a" "8d49c7983b7e9abd99ad4f2ea4ae8ac1e0ec415f5058950db6569ae2eb7fae15", kill_on_drop: false }`
[INFO] [stderr]    Compiling proc-macro2 v1.0.67
[INFO] [stderr]    Compiling libc v0.2.148
[INFO] [stderr]    Compiling futures-core v0.3.28
[INFO] [stderr]    Compiling memchr v2.6.3
[INFO] [stderr]    Compiling crossbeam-utils v0.8.16
[INFO] [stderr]    Compiling hashbrown v0.14.1
[INFO] [stderr]    Compiling futures-io v0.3.28
[INFO] [stderr]    Compiling event-listener v2.5.3
[INFO] [stderr]    Compiling generic-array v0.14.7
[INFO] [stderr]    Compiling winnow v0.5.15
[INFO] [stderr]    Compiling toml_datetime v0.6.3
[INFO] [stderr]    Compiling slab v0.4.9
[INFO] [stderr]    Compiling fastrand v1.9.0
[INFO] [stderr]    Compiling concurrent-queue v2.3.0
[INFO] [stderr]    Compiling serde v1.0.188
[INFO] [stderr]    Compiling parking v2.1.1
[INFO] [stderr]    Compiling indexmap v2.0.2
[INFO] [stderr]    Compiling quote v1.0.33
[INFO] [stderr]    Compiling waker-fn v1.1.1
[INFO] [stderr]    Compiling futures-lite v1.13.0
[INFO] [stderr]    Compiling syn v2.0.37
[INFO] [stderr]    Compiling syn v1.0.109
[INFO] [stderr]    Compiling async-lock v2.8.0
[INFO] [stderr]    Compiling memoffset v0.7.1
[INFO] [stderr]    Compiling io-lifetimes v1.0.11
[INFO] [stderr]    Compiling getrandom v0.2.10
[INFO] [stderr]    Compiling toml_edit v0.19.15
[INFO] [stderr]    Compiling aho-corasick v1.1.1
[INFO] [stderr]    Compiling tracing-core v0.1.31
[INFO] [stderr]    Compiling polling v2.8.0
[INFO] [stderr]    Compiling value-bag v1.4.1
[INFO] [stderr]    Compiling futures-task v0.3.28
[INFO] [stderr]    Compiling async-task v4.4.1
[INFO] [stderr]    Compiling regex-syntax v0.7.5
[INFO] [stderr]    Compiling rustix v0.37.24
[INFO] [stderr]    Compiling atomic-waker v1.1.2
[INFO] [stderr]    Compiling piper v0.2.1
[INFO] [stderr]    Compiling log v0.4.20
[INFO] [stderr]    Compiling proc-macro-crate v1.3.1
[INFO] [stderr]    Compiling rand_core v0.6.4
[INFO] [stderr]    Compiling crypto-common v0.1.6
[INFO] [stderr]    Compiling block-buffer v0.10.4
[INFO] [stderr]    Compiling async-channel v1.9.0
[INFO] [stderr]    Compiling async-fs v1.6.0
[INFO] [stderr]    Compiling async-io v1.13.0
[INFO] [stderr]    Compiling static_assertions v1.1.0
[INFO] [stderr]    Compiling linux-raw-sys v0.3.8
[INFO] [stderr]    Compiling futures-util v0.3.28
[INFO] [stderr]    Compiling thiserror v1.0.49
[INFO] [stderr]    Compiling async-trait v0.1.73
[INFO] [stderr]    Compiling regex-automata v0.3.9
[INFO] [stderr]    Compiling byteorder v1.4.3
[INFO] [stderr]    Compiling rand_chacha v0.3.1
[INFO] [stderr]    Compiling zvariant_utils v1.0.1
[INFO] [stderr]    Compiling nix v0.26.4
[INFO] [stderr]    Compiling digest v0.10.7
[INFO] [stderr]    Compiling socket2 v0.4.9
[INFO] [stderr]    Compiling futures-sink v0.3.28
[INFO] [stderr]    Compiling pin-utils v0.1.0
[INFO] [stderr]    Compiling cpufeatures v0.2.9
[INFO] [stderr]    Compiling sha1 v0.10.6
[INFO] [stderr]    Compiling xdg-home v1.0.0
[INFO] [stderr]    Compiling rand v0.8.5
[INFO] [stderr]    Compiling async-executor v1.5.4
[INFO] [stderr]    Compiling async-broadcast v0.5.1
[INFO] [stderr]    Compiling ordered-stream v0.2.0
[INFO] [stderr]    Compiling hex v0.4.3
[INFO] [stderr]    Compiling regex v1.9.6
[INFO] [stderr]    Compiling serde_derive v1.0.188
[INFO] [stderr]    Compiling tracing-attributes v0.1.26
[INFO] [stderr]    Compiling enumflags2_derive v0.7.8
[INFO] [stderr]    Compiling thiserror-impl v1.0.49
[INFO] [stderr]    Compiling zvariant_derive v3.15.0
[INFO] [stderr]    Compiling zbus_macros v3.14.1
[INFO] [stderr]    Compiling derivative v2.2.0
[INFO] [stderr]    Compiling serde_repr v0.1.16
[INFO] [stderr]    Compiling async-recursion v1.0.5
[INFO] [stderr]    Compiling tracing v0.1.37
[INFO] [stderr]    Compiling blocking v1.4.0
[INFO] [stderr]    Compiling logcontrol v1.0.1
[INFO] [stderr]    Compiling enumflags2 v0.7.8
[INFO] [stderr]    Compiling zvariant v3.15.0
[INFO] [stderr]    Compiling zbus_names v2.6.0
[INFO] [stderr]    Compiling zbus v3.14.1
[INFO] [stderr]    Compiling logcontrol-zbus v1.1.0 (/opt/rustwide/workdir)
[INFO] [stderr]     Finished dev [unoptimized + debuginfo] target(s) in 42.61s
[INFO] running `Command { std: "docker" "inspect" "8d49c7983b7e9abd99ad4f2ea4ae8ac1e0ec415f5058950db6569ae2eb7fae15", kill_on_drop: false }`
[INFO] running `Command { std: "docker" "rm" "-f" "8d49c7983b7e9abd99ad4f2ea4ae8ac1e0ec415f5058950db6569ae2eb7fae15", kill_on_drop: false }`
[INFO] [stdout] 8d49c7983b7e9abd99ad4f2ea4ae8ac1e0ec415f5058950db6569ae2eb7fae15
[INFO] running `Command { std: "docker" "create" "-v" "/var/lib/crater-agent-workspace/builds/worker-6-tc2/target:/opt/rustwide/target:rw,Z" "-v" "/var/lib/crater-agent-workspace/builds/worker-6-tc2/source:/opt/rustwide/workdir:ro,Z" "-v" "/var/lib/crater-agent-workspace/cargo-home:/opt/rustwide/cargo-home:ro,Z" "-v" "/var/lib/crater-agent-workspace/rustup-home:/opt/rustwide/rustup-home:ro,Z" "-e" "SOURCE_DIR=/opt/rustwide/workdir" "-e" "CARGO_TARGET_DIR=/opt/rustwide/target" "-e" "CARGO_INCREMENTAL=0" "-e" "RUST_BACKTRACE=full" "-e" "RUSTFLAGS=--cap-lints=warn" "-e" "RUSTDOCFLAGS=--cap-lints=warn" "-e" "CARGO_HOME=/opt/rustwide/cargo-home" "-e" "RUSTUP_HOME=/opt/rustwide/rustup-home" "-w" "/opt/rustwide/workdir" "-m" "1610612736" "--user" "0:0" "--network" "none" "ghcr.io/rust-lang/crates-build-env/linux@sha256:2788e3201cd34a07e3172128adcd8b3090168a8e3bcc40d7c032b9dda1df7d1c" "/opt/rustwide/cargo-home/bin/cargo" "+beta-2023-12-22" "test" "--frozen" "--no-run" "--message-format=json", kill_on_drop: false }`
[INFO] [stdout] 790ffd8459532f2d82f748a1a84b0840ec7e30cc102b0dfd3d3dceb0661060c5
[INFO] running `Command { std: "docker" "start" "-a" "790ffd8459532f2d82f748a1a84b0840ec7e30cc102b0dfd3d3dceb0661060c5", kill_on_drop: false }`
[INFO] [stderr]    Compiling overload v0.1.1
[INFO] [stderr]    Compiling tracing-log v0.1.3
[INFO] [stderr]    Compiling sharded-slab v0.1.6
[INFO] [stderr]    Compiling async-global-executor v2.3.1
[INFO] [stderr]    Compiling kv-log-macro v1.0.7
[INFO] [stderr]    Compiling async-attributes v1.1.2
[INFO] [stderr]    Compiling thread_local v1.1.7
[INFO] [stderr]    Compiling smallvec v1.11.1
[INFO] [stderr]    Compiling nu-ansi-term v0.46.0
[INFO] [stderr]    Compiling async-std v1.12.0
[INFO] [stderr]    Compiling tracing-subscriber v0.3.17
[INFO] [stderr]    Compiling logcontrol-zbus v1.1.0 (/opt/rustwide/workdir)
[INFO] [stdout] error[E0432]: unresolved import `logcontrol_tracing`
[INFO] [stdout]   --> examples/tracing-server.rs:22:5
[INFO] [stdout]    |
[INFO] [stdout] 22 | use logcontrol_tracing::{PrettyLogControl1LayerFactory, TracingLogControl1};
[INFO] [stdout]    |     ^^^^^^^^^^^^^^^^^^ use of undeclared crate or module `logcontrol_tracing`
[INFO] [stdout] 
[INFO] [stdout] 
[INFO] [stdout] error[E0433]: failed to resolve: could not find `EnvFilter` in `tracing_subscriber`
[INFO] [stdout]   --> examples/tracing-server.rs:32:42
[INFO] [stdout]    |
[INFO] [stdout] 32 |     let env_filter = tracing_subscriber::EnvFilter::try_from_default_env().ok();
[INFO] [stdout]    |                                          ^^^^^^^^^ could not find `EnvFilter` in `tracing_subscriber`
[INFO] [stdout] 
[INFO] [stdout] 
[INFO] [stdout] error: aborting due to 2 previous errors
[INFO] [stdout] 
[INFO] [stdout] 
[INFO] [stdout] Some errors have detailed explanations: E0432, E0433.
[INFO] [stdout] 
[INFO] [stdout] For more information about an error, try `rustc --explain E0432`.
[INFO] [stdout] 
[INFO] [stderr] error: could not compile `logcontrol-zbus` (example "tracing-server") due to 3 previous errors
[INFO] [stderr] warning: build failed, waiting for other jobs to finish...
[INFO] running `Command { std: "docker" "inspect" "790ffd8459532f2d82f748a1a84b0840ec7e30cc102b0dfd3d3dceb0661060c5", kill_on_drop: false }`
[INFO] running `Command { std: "docker" "rm" "-f" "790ffd8459532f2d82f748a1a84b0840ec7e30cc102b0dfd3d3dceb0661060c5", kill_on_drop: false }`
[INFO] [stdout] 790ffd8459532f2d82f748a1a84b0840ec7e30cc102b0dfd3d3dceb0661060c5
