[INFO] fetching crate logcontrol-log 0.1.0...
[INFO] testing logcontrol-log-0.1.0 against 1.75.0 for beta-1.76-1
[INFO] extracting crate logcontrol-log 0.1.0 into /workspace/builds/worker-5-tc1/source
[INFO] validating manifest of crates.io crate logcontrol-log 0.1.0 on toolchain 1.75.0
[INFO] running `Command { std: CARGO_HOME="/workspace/cargo-home" RUSTUP_HOME="/workspace/rustup-home" "/workspace/cargo-home/bin/cargo" "+1.75.0" "metadata" "--manifest-path" "Cargo.toml" "--no-deps", kill_on_drop: false }`
[INFO] started tweaking crates.io crate logcontrol-log 0.1.0
[INFO] finished tweaking crates.io crate logcontrol-log 0.1.0
[INFO] tweaked toml for crates.io crate logcontrol-log 0.1.0 written to /workspace/builds/worker-5-tc1/source/Cargo.toml
[INFO] crate crates.io crate logcontrol-log 0.1.0 already has a lockfile, it will not be regenerated
[INFO] running `Command { std: CARGO_HOME="/workspace/cargo-home" RUSTUP_HOME="/workspace/rustup-home" "/workspace/cargo-home/bin/cargo" "+1.75.0" "fetch" "--manifest-path" "Cargo.toml", kill_on_drop: false }`
[INFO] [stderr]     Updating crates.io index
[INFO] [stderr]  Downloading crates ...
[INFO] [stderr]   Downloaded xdg-home v1.0.0
[INFO] [stderr]   Downloaded serde_repr v0.1.16
[INFO] [stderr]   Downloaded zbus_macros v3.14.1
[INFO] [stderr]   Downloaded blocking v1.4.0
[INFO] [stderr]   Downloaded async-task v4.4.1
[INFO] [stderr]   Downloaded parking v2.1.1
[INFO] [stderr]   Downloaded log-reload v0.1.0
[INFO] [stderr]   Downloaded logcontrol v1.0.1
[INFO] [stderr]   Downloaded async-executor v1.5.4
[INFO] [stderr]   Downloaded ordered-stream v0.2.0
[INFO] [stderr]   Downloaded rustix v0.37.24
[INFO] [stderr]   Downloaded zbus v3.14.1
[INFO] [stderr]   Downloaded systemd-journal-logger v2.1.0
[INFO] running `Command { std: "docker" "create" "-v" "/var/lib/crater-agent-workspace/builds/worker-5-tc1/target:/opt/rustwide/target:rw,Z" "-v" "/var/lib/crater-agent-workspace/builds/worker-5-tc1/source:/opt/rustwide/workdir:ro,Z" "-v" "/var/lib/crater-agent-workspace/cargo-home:/opt/rustwide/cargo-home:ro,Z" "-v" "/var/lib/crater-agent-workspace/rustup-home:/opt/rustwide/rustup-home:ro,Z" "-e" "SOURCE_DIR=/opt/rustwide/workdir" "-e" "CARGO_TARGET_DIR=/opt/rustwide/target" "-e" "CARGO_HOME=/opt/rustwide/cargo-home" "-e" "RUSTUP_HOME=/opt/rustwide/rustup-home" "-w" "/opt/rustwide/workdir" "-m" "1610612736" "--user" "0:0" "--network" "none" "ghcr.io/rust-lang/crates-build-env/linux@sha256:2788e3201cd34a07e3172128adcd8b3090168a8e3bcc40d7c032b9dda1df7d1c" "/opt/rustwide/cargo-home/bin/cargo" "+1.75.0" "metadata" "--no-deps" "--format-version=1", kill_on_drop: false }`
[INFO] [stdout] a9a96e30307e41167fafe2b4ca1e7bbe2280d1f37f0c7229375a1a134a8712e1
[INFO] running `Command { std: "docker" "start" "-a" "a9a96e30307e41167fafe2b4ca1e7bbe2280d1f37f0c7229375a1a134a8712e1", kill_on_drop: false }`
[INFO] running `Command { std: "docker" "inspect" "a9a96e30307e41167fafe2b4ca1e7bbe2280d1f37f0c7229375a1a134a8712e1", kill_on_drop: false }`
[INFO] running `Command { std: "docker" "rm" "-f" "a9a96e30307e41167fafe2b4ca1e7bbe2280d1f37f0c7229375a1a134a8712e1", kill_on_drop: false }`
[INFO] [stdout] a9a96e30307e41167fafe2b4ca1e7bbe2280d1f37f0c7229375a1a134a8712e1
[INFO] running `Command { std: "docker" "create" "-v" "/var/lib/crater-agent-workspace/builds/worker-5-tc1/target:/opt/rustwide/target:rw,Z" "-v" "/var/lib/crater-agent-workspace/builds/worker-5-tc1/source:/opt/rustwide/workdir:ro,Z" "-v" "/var/lib/crater-agent-workspace/cargo-home:/opt/rustwide/cargo-home:ro,Z" "-v" "/var/lib/crater-agent-workspace/rustup-home:/opt/rustwide/rustup-home:ro,Z" "-e" "SOURCE_DIR=/opt/rustwide/workdir" "-e" "CARGO_TARGET_DIR=/opt/rustwide/target" "-e" "CARGO_INCREMENTAL=0" "-e" "RUST_BACKTRACE=full" "-e" "RUSTFLAGS=--cap-lints=warn" "-e" "RUSTDOCFLAGS=--cap-lints=warn" "-e" "CARGO_HOME=/opt/rustwide/cargo-home" "-e" "RUSTUP_HOME=/opt/rustwide/rustup-home" "-w" "/opt/rustwide/workdir" "-m" "1610612736" "--user" "0:0" "--network" "none" "ghcr.io/rust-lang/crates-build-env/linux@sha256:2788e3201cd34a07e3172128adcd8b3090168a8e3bcc40d7c032b9dda1df7d1c" "/opt/rustwide/cargo-home/bin/cargo" "+1.75.0" "build" "--frozen" "--message-format=json", kill_on_drop: false }`
[INFO] [stdout] 7b7911de3266851671a84bf02b8b953e87184ae3894210e9045cb796897f3b72
[INFO] running `Command { std: "docker" "start" "-a" "7b7911de3266851671a84bf02b8b953e87184ae3894210e9045cb796897f3b72", kill_on_drop: false }`
[INFO] [stderr]    Compiling proc-macro2 v1.0.67
[INFO] [stderr]    Compiling thiserror v1.0.50
[INFO] [stderr]    Compiling value-bag v1.4.2
[INFO] [stderr]    Compiling rustix v0.38.20
[INFO] [stderr]    Compiling linux-raw-sys v0.4.8
[INFO] [stderr]    Compiling bitflags v2.4.0
[INFO] [stderr]    Compiling log v0.4.20
[INFO] [stderr]    Compiling quote v1.0.33
[INFO] [stderr]    Compiling syn v2.0.37
[INFO] [stderr]    Compiling thiserror-impl v1.0.50
[INFO] [stderr]    Compiling systemd-journal-logger v2.1.0
[INFO] [stderr]    Compiling logcontrol v1.0.1
[INFO] [stderr]    Compiling log-reload v0.1.0
[INFO] [stderr]    Compiling logcontrol-log v0.1.0 (/opt/rustwide/workdir)
[INFO] [stderr]     Finished dev [unoptimized + debuginfo] target(s) in 2.46s
[INFO] running `Command { std: "docker" "inspect" "7b7911de3266851671a84bf02b8b953e87184ae3894210e9045cb796897f3b72", kill_on_drop: false }`
[INFO] running `Command { std: "docker" "rm" "-f" "7b7911de3266851671a84bf02b8b953e87184ae3894210e9045cb796897f3b72", kill_on_drop: false }`
[INFO] [stdout] 7b7911de3266851671a84bf02b8b953e87184ae3894210e9045cb796897f3b72
[INFO] running `Command { std: "docker" "create" "-v" "/var/lib/crater-agent-workspace/builds/worker-5-tc1/target:/opt/rustwide/target:rw,Z" "-v" "/var/lib/crater-agent-workspace/builds/worker-5-tc1/source:/opt/rustwide/workdir:ro,Z" "-v" "/var/lib/crater-agent-workspace/cargo-home:/opt/rustwide/cargo-home:ro,Z" "-v" "/var/lib/crater-agent-workspace/rustup-home:/opt/rustwide/rustup-home:ro,Z" "-e" "SOURCE_DIR=/opt/rustwide/workdir" "-e" "CARGO_TARGET_DIR=/opt/rustwide/target" "-e" "CARGO_INCREMENTAL=0" "-e" "RUST_BACKTRACE=full" "-e" "RUSTFLAGS=--cap-lints=warn" "-e" "RUSTDOCFLAGS=--cap-lints=warn" "-e" "CARGO_HOME=/opt/rustwide/cargo-home" "-e" "RUSTUP_HOME=/opt/rustwide/rustup-home" "-w" "/opt/rustwide/workdir" "-m" "1610612736" "--user" "0:0" "--network" "none" "ghcr.io/rust-lang/crates-build-env/linux@sha256:2788e3201cd34a07e3172128adcd8b3090168a8e3bcc40d7c032b9dda1df7d1c" "/opt/rustwide/cargo-home/bin/cargo" "+1.75.0" "test" "--frozen" "--no-run" "--message-format=json", kill_on_drop: false }`
[INFO] [stdout] 159341d70266a9141cc6516136f3f7f98299546ce15c86387c6e6fbcf2aa5d52
[INFO] running `Command { std: "docker" "start" "-a" "159341d70266a9141cc6516136f3f7f98299546ce15c86387c6e6fbcf2aa5d52", kill_on_drop: false }`
[INFO] [stderr]    Compiling libc v0.2.148
[INFO] [stderr]    Compiling memchr v2.6.3
[INFO] [stderr]    Compiling futures-core v0.3.28
[INFO] [stderr]    Compiling once_cell v1.18.0
[INFO] [stderr]    Compiling pin-project-lite v0.2.13
[INFO] [stderr]    Compiling crossbeam-utils v0.8.16
[INFO] [stderr]    Compiling syn v1.0.109
[INFO] [stderr]    Compiling syn v2.0.37
[INFO] [stderr]    Compiling event-listener v2.5.3
[INFO] [stderr]    Compiling futures-io v0.3.28
[INFO] [stderr]    Compiling slab v0.4.9
[INFO] [stderr]    Compiling waker-fn v1.1.1
[INFO] [stderr]    Compiling equivalent v1.0.1
[INFO] [stderr]    Compiling hashbrown v0.14.1
[INFO] [stderr]    Compiling version_check v0.9.4
[INFO] [stderr]    Compiling typenum v1.17.0
[INFO] [stderr]    Compiling concurrent-queue v2.3.0
[INFO] [stderr]    Compiling parking v2.1.1
[INFO] [stderr]    Compiling fastrand v1.9.0
[INFO] [stderr]    Compiling indexmap v2.0.2
[INFO] [stderr]    Compiling generic-array v0.14.7
[INFO] [stderr]    Compiling futures-lite v1.13.0
[INFO] [stderr]    Compiling aho-corasick v1.1.1
[INFO] [stderr]    Compiling async-lock v2.8.0
[INFO] [stderr]    Compiling fastrand v2.0.1
[INFO] [stderr]    Compiling io-lifetimes v1.0.11
[INFO] [stderr]    Compiling winnow v0.5.15
[INFO] [stderr]    Compiling toml_datetime v0.6.3
[INFO] [stderr]    Compiling tracing-core v0.1.31
[INFO] [stderr]    Compiling polling v2.8.0
[INFO] [stderr]    Compiling rustix v0.37.24
[INFO] [stderr]    Compiling serde v1.0.188
[INFO] [stderr]    Compiling rustix v0.38.20
[INFO] [stderr]    Compiling async-task v4.4.1
[INFO] [stderr]    Compiling atomic-waker v1.1.2
[INFO] [stderr]    Compiling piper v0.2.1
[INFO] [stderr]    Compiling async-channel v1.9.0
[INFO] [stderr]    Compiling memoffset v0.7.1
[INFO] [stderr]    Compiling async-io v1.13.0
[INFO] [stderr]    Compiling linux-raw-sys v0.3.8
[INFO] [stderr]    Compiling getrandom v0.2.10
[INFO] [stderr]    Compiling toml_edit v0.19.15
[INFO] [stderr]    Compiling socket2 v0.4.9
[INFO] [stderr]    Compiling regex-syntax v0.7.5
[INFO] [stderr]    Compiling futures-task v0.3.28
[INFO] [stderr]    Compiling rand_core v0.6.4
[INFO] [stderr]    Compiling zvariant_utils v1.0.1
[INFO] [stderr]    Compiling block-buffer v0.10.4
[INFO] [stderr]    Compiling crypto-common v0.1.6
[INFO] [stderr]    Compiling async-executor v1.5.4
[INFO] [stderr]    Compiling proc-macro-crate v1.3.1
[INFO] [stderr]    Compiling async-fs v1.6.0
[INFO] [stderr]    Compiling regex-automata v0.3.9
[INFO] [stderr]    Compiling static_assertions v1.1.0
[INFO] [stderr]    Compiling tracing-attributes v0.1.26
[INFO] [stderr]    Compiling serde_derive v1.0.188
[INFO] [stderr]    Compiling enumflags2_derive v0.7.8
[INFO] [stderr]    Compiling thiserror-impl v1.0.50
[INFO] [stderr]    Compiling byteorder v1.4.3
[INFO] [stderr]    Compiling futures-util v0.3.28
[INFO] [stderr]    Compiling async-trait v0.1.73
[INFO] [stderr]    Compiling zvariant_derive v3.15.0
[INFO] [stderr]    Compiling pin-utils v0.1.0
[INFO] [stderr]    Compiling ppv-lite86 v0.2.17
[INFO] [stderr]    Compiling regex v1.9.6
[INFO] [stderr]    Compiling rand_chacha v0.3.1
[INFO] [stderr]    Compiling tracing v0.1.37
[INFO] [stderr]    Compiling blocking v1.4.0
[INFO] [stderr]    Compiling thiserror v1.0.50
[INFO] [stderr]    Compiling nix v0.26.4
[INFO] [stderr]    Compiling digest v0.10.7
[INFO] [stderr]    Compiling cpufeatures v0.2.9
[INFO] [stderr]    Compiling futures-sink v0.3.28
[INFO] [stderr]    Compiling sha1 v0.10.6
[INFO] [stderr]    Compiling async-global-executor v2.3.1
[INFO] [stderr]    Compiling log-reload v0.1.0
[INFO] [stderr]    Compiling logcontrol v1.0.1
[INFO] [stderr]    Compiling xdg-home v1.0.0
[INFO] [stderr]    Compiling rand v0.8.5
[INFO] [stderr]    Compiling zbus_macros v3.14.1
[INFO] [stderr]    Compiling async-attributes v1.1.2
[INFO] [stderr]    Compiling derivative v2.2.0
[INFO] [stderr]    Compiling serde_repr v0.1.16
[INFO] [stderr]    Compiling async-recursion v1.0.5
[INFO] [stderr]    Compiling systemd-journal-logger v2.1.0
[INFO] [stderr]    Compiling is-terminal v0.4.9
[INFO] [stderr]    Compiling async-broadcast v0.5.1
[INFO] [stderr]    Compiling ordered-stream v0.2.0
[INFO] [stderr]    Compiling kv-log-macro v1.0.7
[INFO] [stderr]    Compiling hex v0.4.3
[INFO] [stderr]    Compiling termcolor v1.3.0
[INFO] [stderr]    Compiling humantime v2.1.0
[INFO] [stderr]    Compiling async-std v1.12.0
[INFO] [stderr]    Compiling env_logger v0.10.0
[INFO] [stderr]    Compiling logcontrol-log v0.1.0 (/opt/rustwide/workdir)
[INFO] [stderr]    Compiling enumflags2 v0.7.8
[INFO] [stderr]    Compiling zvariant v3.15.0
[INFO] [stderr]    Compiling zbus_names v2.6.0
[INFO] [stderr]    Compiling zbus v3.14.1
[INFO] [stdout] error[E0432]: unresolved import `logcontrol_zbus`
[INFO] [stdout]   --> examples/zbus_log.rs:25:5
[INFO] [stdout]    |
[INFO] [stdout] 25 | use logcontrol_zbus::ConnectionBuilderExt;
[INFO] [stdout]    |     ^^^^^^^^^^^^^^^ use of undeclared crate or module `logcontrol_zbus`
[INFO] [stdout]    |
[INFO] [stdout] help: there is a crate or module with a similar name
[INFO] [stdout]    |
[INFO] [stdout] 25 | use logcontrol_log::ConnectionBuilderExt;
[INFO] [stdout]    |     ~~~~~~~~~~~~~~
[INFO] [stdout] 
[INFO] [stdout] 
[INFO] [stdout] error[E0433]: failed to resolve: use of undeclared crate or module `logcontrol_zbus`
[INFO] [stdout]   --> examples/zbus_log.rs:41:28
[INFO] [stdout]    |
[INFO] [stdout] 41 |         .serve_log_control(logcontrol_zbus::LogControl1::new(control))?
[INFO] [stdout]    |                            ^^^^^^^^^^^^^^^ use of undeclared crate or module `logcontrol_zbus`
[INFO] [stdout]    |
[INFO] [stdout] help: there is a crate or module with a similar name
[INFO] [stdout]    |
[INFO] [stdout] 41 |         .serve_log_control(logcontrol_log::LogControl1::new(control))?
[INFO] [stdout]    |                            ~~~~~~~~~~~~~~
[INFO] [stdout] help: consider importing this trait
[INFO] [stdout]    |
[INFO] [stdout] 20 + use logcontrol::LogControl1;
[INFO] [stdout]    |
[INFO] [stdout] help: if you import `LogControl1`, refer to it directly
[INFO] [stdout]    |
[INFO] [stdout] 41 -         .serve_log_control(logcontrol_zbus::LogControl1::new(control))?
[INFO] [stdout] 41 +         .serve_log_control(LogControl1::new(control))?
[INFO] [stdout]    |
[INFO] [stdout] 
[INFO] [stdout] 
[INFO] [stdout] error[E0599]: no method named `serve_log_control` found for struct `zbus::ConnectionBuilder` in the current scope
[INFO] [stdout]   --> examples/zbus_log.rs:41:10
[INFO] [stdout]    |
[INFO] [stdout] 39 |       let _conn = ConnectionBuilder::session()?
[INFO] [stdout]    |  _________________-
[INFO] [stdout] 40 | |         .name("de.swsnr.logcontrol.LogServerExample")?
[INFO] [stdout] 41 | |         .serve_log_control(logcontrol_zbus::LogControl1::new(control))?
[INFO] [stdout]    | |         -^^^^^^^^^^^^^^^^^ method not found in `ConnectionBuilder<'_>`
[INFO] [stdout]    | |_________|
[INFO] [stdout]    | 
[INFO] [stdout] 
[INFO] [stdout] 
[INFO] [stdout] error: aborting due to 3 previous errors
[INFO] [stdout] 
[INFO] [stdout] 
[INFO] [stdout] Some errors have detailed explanations: E0432, E0433, E0599.
[INFO] [stdout] 
[INFO] [stdout] For more information about an error, try `rustc --explain E0432`.
[INFO] [stdout] 
[INFO] [stderr] error: could not compile `logcontrol-log` (example "zbus_log") due to 4 previous errors
[INFO] [stderr] warning: build failed, waiting for other jobs to finish...
[INFO] running `Command { std: "docker" "inspect" "159341d70266a9141cc6516136f3f7f98299546ce15c86387c6e6fbcf2aa5d52", kill_on_drop: false }`
[INFO] running `Command { std: "docker" "rm" "-f" "159341d70266a9141cc6516136f3f7f98299546ce15c86387c6e6fbcf2aa5d52", kill_on_drop: false }`
[INFO] [stdout] 159341d70266a9141cc6516136f3f7f98299546ce15c86387c6e6fbcf2aa5d52
