[INFO] fetching crate log_hal 0.1.0...
[INFO] testing log_hal-0.1.0 against 1.75.0 for beta-1.76-1
[INFO] extracting crate log_hal 0.1.0 into /workspace/builds/worker-6-tc1/source
[INFO] validating manifest of crates.io crate log_hal 0.1.0 on toolchain 1.75.0
[INFO] running `Command { std: CARGO_HOME="/workspace/cargo-home" RUSTUP_HOME="/workspace/rustup-home" "/workspace/cargo-home/bin/cargo" "+1.75.0" "metadata" "--manifest-path" "Cargo.toml" "--no-deps", kill_on_drop: false }`
[INFO] started tweaking crates.io crate log_hal 0.1.0
[INFO] finished tweaking crates.io crate log_hal 0.1.0
[INFO] tweaked toml for crates.io crate log_hal 0.1.0 written to /workspace/builds/worker-6-tc1/source/Cargo.toml
[INFO] running `Command { std: CARGO_HOME="/workspace/cargo-home" RUSTUP_HOME="/workspace/rustup-home" "/workspace/cargo-home/bin/cargo" "+1.75.0" "generate-lockfile" "--manifest-path" "Cargo.toml", kill_on_drop: false }`
[INFO] running `Command { std: CARGO_HOME="/workspace/cargo-home" RUSTUP_HOME="/workspace/rustup-home" "/workspace/cargo-home/bin/cargo" "+1.75.0" "fetch" "--manifest-path" "Cargo.toml", kill_on_drop: false }`
[INFO] running `Command { std: "docker" "create" "-v" "/var/lib/crater-agent-workspace/builds/worker-6-tc1/target:/opt/rustwide/target:rw,Z" "-v" "/var/lib/crater-agent-workspace/builds/worker-6-tc1/source:/opt/rustwide/workdir:ro,Z" "-v" "/var/lib/crater-agent-workspace/cargo-home:/opt/rustwide/cargo-home:ro,Z" "-v" "/var/lib/crater-agent-workspace/rustup-home:/opt/rustwide/rustup-home:ro,Z" "-e" "SOURCE_DIR=/opt/rustwide/workdir" "-e" "CARGO_TARGET_DIR=/opt/rustwide/target" "-e" "CARGO_HOME=/opt/rustwide/cargo-home" "-e" "RUSTUP_HOME=/opt/rustwide/rustup-home" "-w" "/opt/rustwide/workdir" "-m" "1610612736" "--user" "0:0" "--network" "none" "ghcr.io/rust-lang/crates-build-env/linux@sha256:2788e3201cd34a07e3172128adcd8b3090168a8e3bcc40d7c032b9dda1df7d1c" "/opt/rustwide/cargo-home/bin/cargo" "+1.75.0" "metadata" "--no-deps" "--format-version=1", kill_on_drop: false }`
[INFO] [stdout] 7bea8d4927051e4a7a2fbf7ccb12c170b444260876900506d109e359d372754c
[INFO] running `Command { std: "docker" "start" "-a" "7bea8d4927051e4a7a2fbf7ccb12c170b444260876900506d109e359d372754c", kill_on_drop: false }`
[INFO] running `Command { std: "docker" "inspect" "7bea8d4927051e4a7a2fbf7ccb12c170b444260876900506d109e359d372754c", kill_on_drop: false }`
[INFO] running `Command { std: "docker" "rm" "-f" "7bea8d4927051e4a7a2fbf7ccb12c170b444260876900506d109e359d372754c", kill_on_drop: false }`
[INFO] [stdout] 7bea8d4927051e4a7a2fbf7ccb12c170b444260876900506d109e359d372754c
[INFO] running `Command { std: "docker" "create" "-v" "/var/lib/crater-agent-workspace/builds/worker-6-tc1/target:/opt/rustwide/target:rw,Z" "-v" "/var/lib/crater-agent-workspace/builds/worker-6-tc1/source:/opt/rustwide/workdir:ro,Z" "-v" "/var/lib/crater-agent-workspace/cargo-home:/opt/rustwide/cargo-home:ro,Z" "-v" "/var/lib/crater-agent-workspace/rustup-home:/opt/rustwide/rustup-home:ro,Z" "-e" "SOURCE_DIR=/opt/rustwide/workdir" "-e" "CARGO_TARGET_DIR=/opt/rustwide/target" "-e" "CARGO_INCREMENTAL=0" "-e" "RUST_BACKTRACE=full" "-e" "RUSTFLAGS=--cap-lints=warn" "-e" "RUSTDOCFLAGS=--cap-lints=warn" "-e" "CARGO_HOME=/opt/rustwide/cargo-home" "-e" "RUSTUP_HOME=/opt/rustwide/rustup-home" "-w" "/opt/rustwide/workdir" "-m" "1610612736" "--user" "0:0" "--network" "none" "ghcr.io/rust-lang/crates-build-env/linux@sha256:2788e3201cd34a07e3172128adcd8b3090168a8e3bcc40d7c032b9dda1df7d1c" "/opt/rustwide/cargo-home/bin/cargo" "+1.75.0" "build" "--frozen" "--message-format=json", kill_on_drop: false }`
[INFO] [stdout] 7e5a5a16d1a1ea400b93ac402233e431e58496aab8e989910ba7a2be8050e6cc
[INFO] running `Command { std: "docker" "start" "-a" "7e5a5a16d1a1ea400b93ac402233e431e58496aab8e989910ba7a2be8050e6cc", kill_on_drop: false }`
[INFO] [stderr]    Compiling log_hal v0.1.0 (/opt/rustwide/workdir)
[INFO] [stderr]     Finished dev [unoptimized + debuginfo] target(s) in 0.11s
[INFO] running `Command { std: "docker" "inspect" "7e5a5a16d1a1ea400b93ac402233e431e58496aab8e989910ba7a2be8050e6cc", kill_on_drop: false }`
[INFO] running `Command { std: "docker" "rm" "-f" "7e5a5a16d1a1ea400b93ac402233e431e58496aab8e989910ba7a2be8050e6cc", kill_on_drop: false }`
[INFO] [stdout] 7e5a5a16d1a1ea400b93ac402233e431e58496aab8e989910ba7a2be8050e6cc
[INFO] running `Command { std: "docker" "create" "-v" "/var/lib/crater-agent-workspace/builds/worker-6-tc1/target:/opt/rustwide/target:rw,Z" "-v" "/var/lib/crater-agent-workspace/builds/worker-6-tc1/source:/opt/rustwide/workdir:ro,Z" "-v" "/var/lib/crater-agent-workspace/cargo-home:/opt/rustwide/cargo-home:ro,Z" "-v" "/var/lib/crater-agent-workspace/rustup-home:/opt/rustwide/rustup-home:ro,Z" "-e" "SOURCE_DIR=/opt/rustwide/workdir" "-e" "CARGO_TARGET_DIR=/opt/rustwide/target" "-e" "CARGO_INCREMENTAL=0" "-e" "RUST_BACKTRACE=full" "-e" "RUSTFLAGS=--cap-lints=warn" "-e" "RUSTDOCFLAGS=--cap-lints=warn" "-e" "CARGO_HOME=/opt/rustwide/cargo-home" "-e" "RUSTUP_HOME=/opt/rustwide/rustup-home" "-w" "/opt/rustwide/workdir" "-m" "1610612736" "--user" "0:0" "--network" "none" "ghcr.io/rust-lang/crates-build-env/linux@sha256:2788e3201cd34a07e3172128adcd8b3090168a8e3bcc40d7c032b9dda1df7d1c" "/opt/rustwide/cargo-home/bin/cargo" "+1.75.0" "test" "--frozen" "--no-run" "--message-format=json", kill_on_drop: false }`
[INFO] [stdout] dfaf4c88a4d86308ec6ef1a1e3b3fb5837da550888e9240384d4b61b0b55d036
[INFO] running `Command { std: "docker" "start" "-a" "dfaf4c88a4d86308ec6ef1a1e3b3fb5837da550888e9240384d4b61b0b55d036", kill_on_drop: false }`
[INFO] [stderr]    Compiling log_hal v0.1.0 (/opt/rustwide/workdir)
[INFO] [stdout] error[E0053]: method `log` has an incompatible type for trait
[INFO] [stdout]   --> tests/logstd.rs:16:39
[INFO] [stdout]    |
[INFO] [stdout] 16 |     fn log(&self, level: Level, args: Arguments) {
[INFO] [stdout]    |                                       ^^^^^^^^^
[INFO] [stdout]    |                                       |
[INFO] [stdout]    |                                       expected `&Arguments<'_>`, found `Arguments<'_>`
[INFO] [stdout]    |                                       help: change the parameter type to match the trait: `&Arguments<'_>`
[INFO] [stdout]    |
[INFO] [stdout]    = note: expected signature `fn(&LogStd, Level, &Arguments<'_>)`
[INFO] [stdout]               found signature `fn(&LogStd, Level, Arguments<'_>)`
[INFO] [stdout] 
[INFO] [stdout] 
[INFO] [stdout] error[E0308]: mismatched types
[INFO] [stdout]   --> tests/logstd.rs:32:18
[INFO] [stdout]    |
[INFO] [stdout] 32 |     logger.debug(format_args!("{}", "hello"));
[INFO] [stdout]    |            ----- ^^^^^^^^^^^^^^^^^^^^^^^^^^^ expected `&Arguments<'_>`, found `Arguments<'_>`
[INFO] [stdout]    |            |
[INFO] [stdout]    |            arguments to this method are incorrect
[INFO] [stdout]    |
[INFO] [stdout] note: method defined here
[INFO] [stdout]   --> /opt/rustwide/workdir/src/lib.rs:20:8
[INFO] [stdout]    |
[INFO] [stdout] 20 |     fn debug(&self, args: &Arguments) {
[INFO] [stdout]    |        ^^^^^
[INFO] [stdout] 
[INFO] [stdout] 
[INFO] [stdout] error: aborting due to 2 previous errors
[INFO] [stdout] 
[INFO] [stdout] 
[INFO] [stdout] Some errors have detailed explanations: E0053, E0308.
[INFO] [stdout] 
[INFO] [stdout] For more information about an error, try `rustc --explain E0053`.
[INFO] [stdout] 
[INFO] [stderr] error: could not compile `log_hal` (test "logstd") due to 3 previous errors
[INFO] [stderr] warning: build failed, waiting for other jobs to finish...
[INFO] running `Command { std: "docker" "inspect" "dfaf4c88a4d86308ec6ef1a1e3b3fb5837da550888e9240384d4b61b0b55d036", kill_on_drop: false }`
[INFO] running `Command { std: "docker" "rm" "-f" "dfaf4c88a4d86308ec6ef1a1e3b3fb5837da550888e9240384d4b61b0b55d036", kill_on_drop: false }`
[INFO] [stdout] dfaf4c88a4d86308ec6ef1a1e3b3fb5837da550888e9240384d4b61b0b55d036
[INFO] testing log_hal-0.1.0 against beta-2023-12-22 for beta-1.76-1
[INFO] extracting crate log_hal 0.1.0 into /workspace/builds/worker-6-tc2/source
[INFO] validating manifest of crates.io crate log_hal 0.1.0 on toolchain beta-2023-12-22
[INFO] running `Command { std: CARGO_HOME="/workspace/cargo-home" RUSTUP_HOME="/workspace/rustup-home" "/workspace/cargo-home/bin/cargo" "+beta-2023-12-22" "metadata" "--manifest-path" "Cargo.toml" "--no-deps", kill_on_drop: false }`
[INFO] started tweaking crates.io crate log_hal 0.1.0
[INFO] finished tweaking crates.io crate log_hal 0.1.0
[INFO] tweaked toml for crates.io crate log_hal 0.1.0 written to /workspace/builds/worker-6-tc2/source/Cargo.toml
[INFO] running `Command { std: CARGO_HOME="/workspace/cargo-home" RUSTUP_HOME="/workspace/rustup-home" "/workspace/cargo-home/bin/cargo" "+beta-2023-12-22" "generate-lockfile" "--manifest-path" "Cargo.toml", kill_on_drop: false }`
[INFO] running `Command { std: CARGO_HOME="/workspace/cargo-home" RUSTUP_HOME="/workspace/rustup-home" "/workspace/cargo-home/bin/cargo" "+beta-2023-12-22" "fetch" "--manifest-path" "Cargo.toml", kill_on_drop: false }`
[INFO] running `Command { std: "docker" "create" "-v" "/var/lib/crater-agent-workspace/builds/worker-6-tc2/target:/opt/rustwide/target:rw,Z" "-v" "/var/lib/crater-agent-workspace/builds/worker-6-tc2/source:/opt/rustwide/workdir:ro,Z" "-v" "/var/lib/crater-agent-workspace/cargo-home:/opt/rustwide/cargo-home:ro,Z" "-v" "/var/lib/crater-agent-workspace/rustup-home:/opt/rustwide/rustup-home:ro,Z" "-e" "SOURCE_DIR=/opt/rustwide/workdir" "-e" "CARGO_TARGET_DIR=/opt/rustwide/target" "-e" "CARGO_HOME=/opt/rustwide/cargo-home" "-e" "RUSTUP_HOME=/opt/rustwide/rustup-home" "-w" "/opt/rustwide/workdir" "-m" "1610612736" "--user" "0:0" "--network" "none" "ghcr.io/rust-lang/crates-build-env/linux@sha256:2788e3201cd34a07e3172128adcd8b3090168a8e3bcc40d7c032b9dda1df7d1c" "/opt/rustwide/cargo-home/bin/cargo" "+beta-2023-12-22" "metadata" "--no-deps" "--format-version=1", kill_on_drop: false }`
[INFO] [stdout] ee5cd772507b234811dd64d4588f41f0bc91208ab02ac44be98c9c2b4ebad4d3
[INFO] running `Command { std: "docker" "start" "-a" "ee5cd772507b234811dd64d4588f41f0bc91208ab02ac44be98c9c2b4ebad4d3", kill_on_drop: false }`
[INFO] running `Command { std: "docker" "inspect" "ee5cd772507b234811dd64d4588f41f0bc91208ab02ac44be98c9c2b4ebad4d3", kill_on_drop: false }`
[INFO] running `Command { std: "docker" "rm" "-f" "ee5cd772507b234811dd64d4588f41f0bc91208ab02ac44be98c9c2b4ebad4d3", kill_on_drop: false }`
[INFO] [stdout] ee5cd772507b234811dd64d4588f41f0bc91208ab02ac44be98c9c2b4ebad4d3
[INFO] running `Command { std: "docker" "create" "-v" "/var/lib/crater-agent-workspace/builds/worker-6-tc2/target:/opt/rustwide/target:rw,Z" "-v" "/var/lib/crater-agent-workspace/builds/worker-6-tc2/source:/opt/rustwide/workdir:ro,Z" "-v" "/var/lib/crater-agent-workspace/cargo-home:/opt/rustwide/cargo-home:ro,Z" "-v" "/var/lib/crater-agent-workspace/rustup-home:/opt/rustwide/rustup-home:ro,Z" "-e" "SOURCE_DIR=/opt/rustwide/workdir" "-e" "CARGO_TARGET_DIR=/opt/rustwide/target" "-e" "CARGO_INCREMENTAL=0" "-e" "RUST_BACKTRACE=full" "-e" "RUSTFLAGS=--cap-lints=warn" "-e" "RUSTDOCFLAGS=--cap-lints=warn" "-e" "CARGO_HOME=/opt/rustwide/cargo-home" "-e" "RUSTUP_HOME=/opt/rustwide/rustup-home" "-w" "/opt/rustwide/workdir" "-m" "1610612736" "--user" "0:0" "--network" "none" "ghcr.io/rust-lang/crates-build-env/linux@sha256:2788e3201cd34a07e3172128adcd8b3090168a8e3bcc40d7c032b9dda1df7d1c" "/opt/rustwide/cargo-home/bin/cargo" "+beta-2023-12-22" "build" "--frozen" "--message-format=json", kill_on_drop: false }`
[INFO] [stdout] be8e3d7d8ef7959d2d727c3d182120c75b669b56ffaaeb4cdfc6a74189e188b8
[INFO] running `Command { std: "docker" "start" "-a" "be8e3d7d8ef7959d2d727c3d182120c75b669b56ffaaeb4cdfc6a74189e188b8", kill_on_drop: false }`
[INFO] [stderr]    Compiling log_hal v0.1.0 (/opt/rustwide/workdir)
[INFO] [stderr]     Finished dev [unoptimized + debuginfo] target(s) in 0.10s
[INFO] running `Command { std: "docker" "inspect" "be8e3d7d8ef7959d2d727c3d182120c75b669b56ffaaeb4cdfc6a74189e188b8", kill_on_drop: false }`
[INFO] running `Command { std: "docker" "rm" "-f" "be8e3d7d8ef7959d2d727c3d182120c75b669b56ffaaeb4cdfc6a74189e188b8", kill_on_drop: false }`
[INFO] [stdout] be8e3d7d8ef7959d2d727c3d182120c75b669b56ffaaeb4cdfc6a74189e188b8
[INFO] running `Command { std: "docker" "create" "-v" "/var/lib/crater-agent-workspace/builds/worker-6-tc2/target:/opt/rustwide/target:rw,Z" "-v" "/var/lib/crater-agent-workspace/builds/worker-6-tc2/source:/opt/rustwide/workdir:ro,Z" "-v" "/var/lib/crater-agent-workspace/cargo-home:/opt/rustwide/cargo-home:ro,Z" "-v" "/var/lib/crater-agent-workspace/rustup-home:/opt/rustwide/rustup-home:ro,Z" "-e" "SOURCE_DIR=/opt/rustwide/workdir" "-e" "CARGO_TARGET_DIR=/opt/rustwide/target" "-e" "CARGO_INCREMENTAL=0" "-e" "RUST_BACKTRACE=full" "-e" "RUSTFLAGS=--cap-lints=warn" "-e" "RUSTDOCFLAGS=--cap-lints=warn" "-e" "CARGO_HOME=/opt/rustwide/cargo-home" "-e" "RUSTUP_HOME=/opt/rustwide/rustup-home" "-w" "/opt/rustwide/workdir" "-m" "1610612736" "--user" "0:0" "--network" "none" "ghcr.io/rust-lang/crates-build-env/linux@sha256:2788e3201cd34a07e3172128adcd8b3090168a8e3bcc40d7c032b9dda1df7d1c" "/opt/rustwide/cargo-home/bin/cargo" "+beta-2023-12-22" "test" "--frozen" "--no-run" "--message-format=json", kill_on_drop: false }`
[INFO] [stdout] 830d1dcadc11ef18cfe0ef24f43b29b12f72236203bd01794b81605d39144b04
[INFO] running `Command { std: "docker" "start" "-a" "830d1dcadc11ef18cfe0ef24f43b29b12f72236203bd01794b81605d39144b04", kill_on_drop: false }`
[INFO] [stderr]    Compiling log_hal v0.1.0 (/opt/rustwide/workdir)
[INFO] [stdout] error[E0053]: method `log` has an incompatible type for trait
[INFO] [stdout]   --> tests/logstd.rs:16:39
[INFO] [stdout]    |
[INFO] [stdout] 16 |     fn log(&self, level: Level, args: Arguments) {
[INFO] [stdout]    |                                       ^^^^^^^^^
[INFO] [stdout]    |                                       |
[INFO] [stdout]    |                                       expected `&Arguments<'_>`, found `Arguments<'_>`
[INFO] [stdout]    |                                       help: change the parameter type to match the trait: `&Arguments<'_>`
[INFO] [stdout]    |
[INFO] [stdout]    = note: expected signature `fn(&LogStd, Level, &Arguments<'_>)`
[INFO] [stdout]               found signature `fn(&LogStd, Level, Arguments<'_>)`
[INFO] [stdout] 
[INFO] [stdout] 
[INFO] [stdout] error[E0308]: mismatched types
[INFO] [stdout]   --> tests/logstd.rs:32:18
[INFO] [stdout]    |
[INFO] [stdout] 32 |     logger.debug(format_args!("{}", "hello"));
[INFO] [stdout]    |            ----- ^^^^^^^^^^^^^^^^^^^^^^^^^^^ expected `&Arguments<'_>`, found `Arguments<'_>`
[INFO] [stdout]    |            |
[INFO] [stdout]    |            arguments to this method are incorrect
[INFO] [stdout]    |
[INFO] [stdout] note: method defined here
[INFO] [stdout]   --> /opt/rustwide/workdir/src/lib.rs:20:8
[INFO] [stdout]    |
[INFO] [stdout] 20 |     fn debug(&self, args: &Arguments) {
[INFO] [stdout]    |        ^^^^^
[INFO] [stdout] 
[INFO] [stdout] 
[INFO] [stdout] error: aborting due to 2 previous errors
[INFO] [stdout] 
[INFO] [stdout] 
[INFO] [stdout] Some errors have detailed explanations: E0053, E0308.
[INFO] [stdout] 
[INFO] [stdout] For more information about an error, try `rustc --explain E0053`.
[INFO] [stdout] 
[INFO] [stderr] error: could not compile `log_hal` (test "logstd") due to 3 previous errors
[INFO] [stderr] warning: build failed, waiting for other jobs to finish...
[INFO] running `Command { std: "docker" "inspect" "830d1dcadc11ef18cfe0ef24f43b29b12f72236203bd01794b81605d39144b04", kill_on_drop: false }`
[INFO] running `Command { std: "docker" "rm" "-f" "830d1dcadc11ef18cfe0ef24f43b29b12f72236203bd01794b81605d39144b04", kill_on_drop: false }`
[INFO] [stdout] 830d1dcadc11ef18cfe0ef24f43b29b12f72236203bd01794b81605d39144b04
