[INFO] fetching crate locus-lib 1.0.0...
[INFO] testing locus-lib-1.0.0 against 1.75.0 for beta-1.76-1
[INFO] extracting crate locus-lib 1.0.0 into /workspace/builds/worker-3-tc1/source
[INFO] validating manifest of crates.io crate locus-lib 1.0.0 on toolchain 1.75.0
[INFO] running `Command { std: CARGO_HOME="/workspace/cargo-home" RUSTUP_HOME="/workspace/rustup-home" "/workspace/cargo-home/bin/cargo" "+1.75.0" "metadata" "--manifest-path" "Cargo.toml" "--no-deps", kill_on_drop: false }`
[INFO] started tweaking crates.io crate locus-lib 1.0.0
[INFO] finished tweaking crates.io crate locus-lib 1.0.0
[INFO] tweaked toml for crates.io crate locus-lib 1.0.0 written to /workspace/builds/worker-3-tc1/source/Cargo.toml
[INFO] running `Command { std: CARGO_HOME="/workspace/cargo-home" RUSTUP_HOME="/workspace/rustup-home" "/workspace/cargo-home/bin/cargo" "+1.75.0" "generate-lockfile" "--manifest-path" "Cargo.toml", kill_on_drop: false }`
[INFO] [stderr]     Updating crates.io index
[INFO] running `Command { std: CARGO_HOME="/workspace/cargo-home" RUSTUP_HOME="/workspace/rustup-home" "/workspace/cargo-home/bin/cargo" "+1.75.0" "fetch" "--manifest-path" "Cargo.toml", kill_on_drop: false }`
[INFO] running `Command { std: "docker" "create" "-v" "/var/lib/crater-agent-workspace/builds/worker-3-tc1/target:/opt/rustwide/target:rw,Z" "-v" "/var/lib/crater-agent-workspace/builds/worker-3-tc1/source:/opt/rustwide/workdir:ro,Z" "-v" "/var/lib/crater-agent-workspace/cargo-home:/opt/rustwide/cargo-home:ro,Z" "-v" "/var/lib/crater-agent-workspace/rustup-home:/opt/rustwide/rustup-home:ro,Z" "-e" "SOURCE_DIR=/opt/rustwide/workdir" "-e" "CARGO_TARGET_DIR=/opt/rustwide/target" "-e" "CARGO_HOME=/opt/rustwide/cargo-home" "-e" "RUSTUP_HOME=/opt/rustwide/rustup-home" "-w" "/opt/rustwide/workdir" "-m" "1610612736" "--user" "0:0" "--network" "none" "ghcr.io/rust-lang/crates-build-env/linux@sha256:2788e3201cd34a07e3172128adcd8b3090168a8e3bcc40d7c032b9dda1df7d1c" "/opt/rustwide/cargo-home/bin/cargo" "+1.75.0" "metadata" "--no-deps" "--format-version=1", kill_on_drop: false }`
[INFO] [stdout] a1c06f49e1f57766b8a7dec3a78592c53735861dc2c05fc880316d1ef5cd6830
[INFO] running `Command { std: "docker" "start" "-a" "a1c06f49e1f57766b8a7dec3a78592c53735861dc2c05fc880316d1ef5cd6830", kill_on_drop: false }`
[INFO] running `Command { std: "docker" "inspect" "a1c06f49e1f57766b8a7dec3a78592c53735861dc2c05fc880316d1ef5cd6830", kill_on_drop: false }`
[INFO] running `Command { std: "docker" "rm" "-f" "a1c06f49e1f57766b8a7dec3a78592c53735861dc2c05fc880316d1ef5cd6830", kill_on_drop: false }`
[INFO] [stdout] a1c06f49e1f57766b8a7dec3a78592c53735861dc2c05fc880316d1ef5cd6830
[INFO] running `Command { std: "docker" "create" "-v" "/var/lib/crater-agent-workspace/builds/worker-3-tc1/target:/opt/rustwide/target:rw,Z" "-v" "/var/lib/crater-agent-workspace/builds/worker-3-tc1/source:/opt/rustwide/workdir:ro,Z" "-v" "/var/lib/crater-agent-workspace/cargo-home:/opt/rustwide/cargo-home:ro,Z" "-v" "/var/lib/crater-agent-workspace/rustup-home:/opt/rustwide/rustup-home:ro,Z" "-e" "SOURCE_DIR=/opt/rustwide/workdir" "-e" "CARGO_TARGET_DIR=/opt/rustwide/target" "-e" "CARGO_INCREMENTAL=0" "-e" "RUST_BACKTRACE=full" "-e" "RUSTFLAGS=--cap-lints=warn" "-e" "RUSTDOCFLAGS=--cap-lints=warn" "-e" "CARGO_HOME=/opt/rustwide/cargo-home" "-e" "RUSTUP_HOME=/opt/rustwide/rustup-home" "-w" "/opt/rustwide/workdir" "-m" "1610612736" "--user" "0:0" "--network" "none" "ghcr.io/rust-lang/crates-build-env/linux@sha256:2788e3201cd34a07e3172128adcd8b3090168a8e3bcc40d7c032b9dda1df7d1c" "/opt/rustwide/cargo-home/bin/cargo" "+1.75.0" "build" "--frozen" "--message-format=json", kill_on_drop: false }`
[INFO] [stdout] 0530e13bd37a82fd0badc2ce8de1dffe376261270a381c7d31248cd3f3c79caf
[INFO] running `Command { std: "docker" "start" "-a" "0530e13bd37a82fd0badc2ce8de1dffe376261270a381c7d31248cd3f3c79caf", kill_on_drop: false }`
[INFO] [stderr]    Compiling option-ext v0.2.0
[INFO] [stderr]    Compiling serde_derive v1.0.194
[INFO] [stderr]    Compiling dirs-sys v0.4.1
[INFO] [stderr]    Compiling dirs v5.0.1
[INFO] [stderr]    Compiling serde v1.0.194
[INFO] [stderr]    Compiling serde_json v1.0.111
[INFO] [stderr]    Compiling locus-lib v1.0.0 (/opt/rustwide/workdir)
[INFO] [stderr]     Finished dev [unoptimized + debuginfo] target(s) in 4.67s
[INFO] running `Command { std: "docker" "inspect" "0530e13bd37a82fd0badc2ce8de1dffe376261270a381c7d31248cd3f3c79caf", kill_on_drop: false }`
[INFO] running `Command { std: "docker" "rm" "-f" "0530e13bd37a82fd0badc2ce8de1dffe376261270a381c7d31248cd3f3c79caf", kill_on_drop: false }`
[INFO] [stdout] 0530e13bd37a82fd0badc2ce8de1dffe376261270a381c7d31248cd3f3c79caf
[INFO] running `Command { std: "docker" "create" "-v" "/var/lib/crater-agent-workspace/builds/worker-3-tc1/target:/opt/rustwide/target:rw,Z" "-v" "/var/lib/crater-agent-workspace/builds/worker-3-tc1/source:/opt/rustwide/workdir:ro,Z" "-v" "/var/lib/crater-agent-workspace/cargo-home:/opt/rustwide/cargo-home:ro,Z" "-v" "/var/lib/crater-agent-workspace/rustup-home:/opt/rustwide/rustup-home:ro,Z" "-e" "SOURCE_DIR=/opt/rustwide/workdir" "-e" "CARGO_TARGET_DIR=/opt/rustwide/target" "-e" "CARGO_INCREMENTAL=0" "-e" "RUST_BACKTRACE=full" "-e" "RUSTFLAGS=--cap-lints=warn" "-e" "RUSTDOCFLAGS=--cap-lints=warn" "-e" "CARGO_HOME=/opt/rustwide/cargo-home" "-e" "RUSTUP_HOME=/opt/rustwide/rustup-home" "-w" "/opt/rustwide/workdir" "-m" "1610612736" "--user" "0:0" "--network" "none" "ghcr.io/rust-lang/crates-build-env/linux@sha256:2788e3201cd34a07e3172128adcd8b3090168a8e3bcc40d7c032b9dda1df7d1c" "/opt/rustwide/cargo-home/bin/cargo" "+1.75.0" "test" "--frozen" "--no-run" "--message-format=json", kill_on_drop: false }`
[INFO] [stdout] 6f4eefa134841bfa3aa20cee45f0e15efdeae6acb67bcd93173e559308b97467
[INFO] running `Command { std: "docker" "start" "-a" "6f4eefa134841bfa3aa20cee45f0e15efdeae6acb67bcd93173e559308b97467", kill_on_drop: false }`
[INFO] [stderr]    Compiling linux-raw-sys v0.4.12
[INFO] [stderr]    Compiling rustix v0.38.28
[INFO] [stderr]    Compiling tempfile v3.9.0
[INFO] [stderr]    Compiling locus-lib v1.0.0 (/opt/rustwide/workdir)
[INFO] [stdout] error[E0433]: failed to resolve: use of undeclared crate or module `locus`
[INFO] [stdout]  --> tests/test_storage.rs:3:5
[INFO] [stdout]   |
[INFO] [stdout] 3 | use locus::{storage::{Storable, StoragePath}, json::Jsonable};
[INFO] [stdout]   |     ^^^^^ use of undeclared crate or module `locus`
[INFO] [stdout] 
[INFO] [stdout] 
[INFO] [stdout] error: aborting due to previous error
[INFO] [stdout] 
[INFO] [stdout] 
[INFO] [stdout] For more information about this error, try `rustc --explain E0433`.
[INFO] [stdout] 
[INFO] [stdout] error[E0433]: failed to resolve: use of undeclared crate or module `locus`
[INFO] [stdout]  --> tests/test_json.rs:3:5
[INFO] [stdout]   |
[INFO] [stdout] 3 | use locus::json::Jsonable;
[INFO] [stdout]   |     ^^^^^ use of undeclared crate or module `locus`
[INFO] [stdout] 
[INFO] [stdout] 
[INFO] [stderr] error: could not compile `locus-lib` (test "test_storage") due to 2 previous errors
[INFO] [stderr] warning: build failed, waiting for other jobs to finish...
[INFO] [stdout] error: aborting due to previous error
[INFO] [stdout] 
[INFO] [stdout] 
[INFO] [stdout] For more information about this error, try `rustc --explain E0433`.
[INFO] [stdout] 
[INFO] [stderr] error: could not compile `locus-lib` (test "test_json") due to 2 previous errors
[INFO] running `Command { std: "docker" "inspect" "6f4eefa134841bfa3aa20cee45f0e15efdeae6acb67bcd93173e559308b97467", kill_on_drop: false }`
[INFO] running `Command { std: "docker" "rm" "-f" "6f4eefa134841bfa3aa20cee45f0e15efdeae6acb67bcd93173e559308b97467", kill_on_drop: false }`
[INFO] [stdout] 6f4eefa134841bfa3aa20cee45f0e15efdeae6acb67bcd93173e559308b97467
[INFO] testing locus-lib-1.0.0 against beta-2023-12-22 for beta-1.76-1
[INFO] extracting crate locus-lib 1.0.0 into /workspace/builds/worker-3-tc2/source
[INFO] validating manifest of crates.io crate locus-lib 1.0.0 on toolchain beta-2023-12-22
[INFO] running `Command { std: CARGO_HOME="/workspace/cargo-home" RUSTUP_HOME="/workspace/rustup-home" "/workspace/cargo-home/bin/cargo" "+beta-2023-12-22" "metadata" "--manifest-path" "Cargo.toml" "--no-deps", kill_on_drop: false }`
[INFO] started tweaking crates.io crate locus-lib 1.0.0
[INFO] finished tweaking crates.io crate locus-lib 1.0.0
[INFO] tweaked toml for crates.io crate locus-lib 1.0.0 written to /workspace/builds/worker-3-tc2/source/Cargo.toml
[INFO] running `Command { std: CARGO_HOME="/workspace/cargo-home" RUSTUP_HOME="/workspace/rustup-home" "/workspace/cargo-home/bin/cargo" "+beta-2023-12-22" "generate-lockfile" "--manifest-path" "Cargo.toml", kill_on_drop: false }`
[INFO] [stderr]     Updating crates.io index
[INFO] running `Command { std: CARGO_HOME="/workspace/cargo-home" RUSTUP_HOME="/workspace/rustup-home" "/workspace/cargo-home/bin/cargo" "+beta-2023-12-22" "fetch" "--manifest-path" "Cargo.toml", kill_on_drop: false }`
[INFO] running `Command { std: "docker" "create" "-v" "/var/lib/crater-agent-workspace/builds/worker-3-tc2/target:/opt/rustwide/target:rw,Z" "-v" "/var/lib/crater-agent-workspace/builds/worker-3-tc2/source:/opt/rustwide/workdir:ro,Z" "-v" "/var/lib/crater-agent-workspace/cargo-home:/opt/rustwide/cargo-home:ro,Z" "-v" "/var/lib/crater-agent-workspace/rustup-home:/opt/rustwide/rustup-home:ro,Z" "-e" "SOURCE_DIR=/opt/rustwide/workdir" "-e" "CARGO_TARGET_DIR=/opt/rustwide/target" "-e" "CARGO_HOME=/opt/rustwide/cargo-home" "-e" "RUSTUP_HOME=/opt/rustwide/rustup-home" "-w" "/opt/rustwide/workdir" "-m" "1610612736" "--user" "0:0" "--network" "none" "ghcr.io/rust-lang/crates-build-env/linux@sha256:2788e3201cd34a07e3172128adcd8b3090168a8e3bcc40d7c032b9dda1df7d1c" "/opt/rustwide/cargo-home/bin/cargo" "+beta-2023-12-22" "metadata" "--no-deps" "--format-version=1", kill_on_drop: false }`
[INFO] [stdout] 15175eb1e6ad12895f144bdad7b13c93fae912d2f6bf95f4ccaf126354dc1693
[INFO] running `Command { std: "docker" "start" "-a" "15175eb1e6ad12895f144bdad7b13c93fae912d2f6bf95f4ccaf126354dc1693", kill_on_drop: false }`
[INFO] running `Command { std: "docker" "inspect" "15175eb1e6ad12895f144bdad7b13c93fae912d2f6bf95f4ccaf126354dc1693", kill_on_drop: false }`
[INFO] running `Command { std: "docker" "rm" "-f" "15175eb1e6ad12895f144bdad7b13c93fae912d2f6bf95f4ccaf126354dc1693", kill_on_drop: false }`
[INFO] [stdout] 15175eb1e6ad12895f144bdad7b13c93fae912d2f6bf95f4ccaf126354dc1693
[INFO] running `Command { std: "docker" "create" "-v" "/var/lib/crater-agent-workspace/builds/worker-3-tc2/target:/opt/rustwide/target:rw,Z" "-v" "/var/lib/crater-agent-workspace/builds/worker-3-tc2/source:/opt/rustwide/workdir:ro,Z" "-v" "/var/lib/crater-agent-workspace/cargo-home:/opt/rustwide/cargo-home:ro,Z" "-v" "/var/lib/crater-agent-workspace/rustup-home:/opt/rustwide/rustup-home:ro,Z" "-e" "SOURCE_DIR=/opt/rustwide/workdir" "-e" "CARGO_TARGET_DIR=/opt/rustwide/target" "-e" "CARGO_INCREMENTAL=0" "-e" "RUST_BACKTRACE=full" "-e" "RUSTFLAGS=--cap-lints=warn" "-e" "RUSTDOCFLAGS=--cap-lints=warn" "-e" "CARGO_HOME=/opt/rustwide/cargo-home" "-e" "RUSTUP_HOME=/opt/rustwide/rustup-home" "-w" "/opt/rustwide/workdir" "-m" "1610612736" "--user" "0:0" "--network" "none" "ghcr.io/rust-lang/crates-build-env/linux@sha256:2788e3201cd34a07e3172128adcd8b3090168a8e3bcc40d7c032b9dda1df7d1c" "/opt/rustwide/cargo-home/bin/cargo" "+beta-2023-12-22" "build" "--frozen" "--message-format=json", kill_on_drop: false }`
[INFO] [stdout] 3cce4e806eed81418d833bcd1061c4455ffaea5f1ea13ee3aaba2e98515ca05c
[INFO] running `Command { std: "docker" "start" "-a" "3cce4e806eed81418d833bcd1061c4455ffaea5f1ea13ee3aaba2e98515ca05c", kill_on_drop: false }`
[INFO] [stderr]    Compiling option-ext v0.2.0
[INFO] [stderr]    Compiling serde_derive v1.0.194
[INFO] [stderr]    Compiling dirs-sys v0.4.1
[INFO] [stderr]    Compiling dirs v5.0.1
[INFO] [stderr]    Compiling serde v1.0.194
[INFO] [stderr]    Compiling serde_json v1.0.111
[INFO] [stderr]    Compiling locus-lib v1.0.0 (/opt/rustwide/workdir)
[INFO] [stderr]     Finished dev [unoptimized + debuginfo] target(s) in 4.75s
[INFO] running `Command { std: "docker" "inspect" "3cce4e806eed81418d833bcd1061c4455ffaea5f1ea13ee3aaba2e98515ca05c", kill_on_drop: false }`
[INFO] running `Command { std: "docker" "rm" "-f" "3cce4e806eed81418d833bcd1061c4455ffaea5f1ea13ee3aaba2e98515ca05c", kill_on_drop: false }`
[INFO] [stdout] 3cce4e806eed81418d833bcd1061c4455ffaea5f1ea13ee3aaba2e98515ca05c
[INFO] running `Command { std: "docker" "create" "-v" "/var/lib/crater-agent-workspace/builds/worker-3-tc2/target:/opt/rustwide/target:rw,Z" "-v" "/var/lib/crater-agent-workspace/builds/worker-3-tc2/source:/opt/rustwide/workdir:ro,Z" "-v" "/var/lib/crater-agent-workspace/cargo-home:/opt/rustwide/cargo-home:ro,Z" "-v" "/var/lib/crater-agent-workspace/rustup-home:/opt/rustwide/rustup-home:ro,Z" "-e" "SOURCE_DIR=/opt/rustwide/workdir" "-e" "CARGO_TARGET_DIR=/opt/rustwide/target" "-e" "CARGO_INCREMENTAL=0" "-e" "RUST_BACKTRACE=full" "-e" "RUSTFLAGS=--cap-lints=warn" "-e" "RUSTDOCFLAGS=--cap-lints=warn" "-e" "CARGO_HOME=/opt/rustwide/cargo-home" "-e" "RUSTUP_HOME=/opt/rustwide/rustup-home" "-w" "/opt/rustwide/workdir" "-m" "1610612736" "--user" "0:0" "--network" "none" "ghcr.io/rust-lang/crates-build-env/linux@sha256:2788e3201cd34a07e3172128adcd8b3090168a8e3bcc40d7c032b9dda1df7d1c" "/opt/rustwide/cargo-home/bin/cargo" "+beta-2023-12-22" "test" "--frozen" "--no-run" "--message-format=json", kill_on_drop: false }`
[INFO] [stdout] 696ea7cc1e38fcc4d5001f7f4b0e98ae123f9ae6034b5a48e015a380a9d30563
[INFO] running `Command { std: "docker" "start" "-a" "696ea7cc1e38fcc4d5001f7f4b0e98ae123f9ae6034b5a48e015a380a9d30563", kill_on_drop: false }`
[INFO] [stderr]    Compiling rustix v0.38.28
[INFO] [stderr]    Compiling linux-raw-sys v0.4.12
[INFO] [stderr]    Compiling tempfile v3.9.0
[INFO] [stderr]    Compiling locus-lib v1.0.0 (/opt/rustwide/workdir)
[INFO] [stdout] error[E0433]: failed to resolve: use of undeclared crate or module `locus`
[INFO] [stdout]  --> tests/test_storage.rs:3:5
[INFO] [stdout]   |
[INFO] [stdout] 3 | use locus::{storage::{Storable, StoragePath}, json::Jsonable};
[INFO] [stdout]   |     ^^^^^ use of undeclared crate or module `locus`
[INFO] [stdout] 
[INFO] [stdout] 
[INFO] [stdout] error: aborting due to 1 previous error
[INFO] [stdout] 
[INFO] [stdout] 
[INFO] [stdout] For more information about this error, try `rustc --explain E0433`.
[INFO] [stdout] 
[INFO] [stdout] error[E0433]: failed to resolve: use of undeclared crate or module `locus`
[INFO] [stdout]  --> tests/test_json.rs:3:5
[INFO] [stdout]   |
[INFO] [stdout] 3 | use locus::json::Jsonable;
[INFO] [stdout]   |     ^^^^^ use of undeclared crate or module `locus`
[INFO] [stdout] 
[INFO] [stdout] 
[INFO] [stderr] error: could not compile `locus-lib` (test "test_storage") due to 2 previous errors
[INFO] [stderr] warning: build failed, waiting for other jobs to finish...
[INFO] [stdout] error: aborting due to 1 previous error
[INFO] [stdout] 
[INFO] [stdout] 
[INFO] [stdout] For more information about this error, try `rustc --explain E0433`.
[INFO] [stdout] 
[INFO] [stderr] error: could not compile `locus-lib` (test "test_json") due to 2 previous errors
[INFO] running `Command { std: "docker" "inspect" "696ea7cc1e38fcc4d5001f7f4b0e98ae123f9ae6034b5a48e015a380a9d30563", kill_on_drop: false }`
[INFO] running `Command { std: "docker" "rm" "-f" "696ea7cc1e38fcc4d5001f7f4b0e98ae123f9ae6034b5a48e015a380a9d30563", kill_on_drop: false }`
[INFO] [stdout] 696ea7cc1e38fcc4d5001f7f4b0e98ae123f9ae6034b5a48e015a380a9d30563
