[INFO] fetching crate location_based_sharding 0.1.4...
[INFO] testing location_based_sharding-0.1.4 against 1.75.0 for beta-1.76-1
[INFO] extracting crate location_based_sharding 0.1.4 into /workspace/builds/worker-2-tc1/source
[INFO] validating manifest of crates.io crate location_based_sharding 0.1.4 on toolchain 1.75.0
[INFO] running `Command { std: CARGO_HOME="/workspace/cargo-home" RUSTUP_HOME="/workspace/rustup-home" "/workspace/cargo-home/bin/cargo" "+1.75.0" "metadata" "--manifest-path" "Cargo.toml" "--no-deps", kill_on_drop: false }`
[INFO] started tweaking crates.io crate location_based_sharding 0.1.4
[INFO] finished tweaking crates.io crate location_based_sharding 0.1.4
[INFO] tweaked toml for crates.io crate location_based_sharding 0.1.4 written to /workspace/builds/worker-2-tc1/source/Cargo.toml
[INFO] running `Command { std: CARGO_HOME="/workspace/cargo-home" RUSTUP_HOME="/workspace/rustup-home" "/workspace/cargo-home/bin/cargo" "+1.75.0" "generate-lockfile" "--manifest-path" "Cargo.toml", kill_on_drop: false }`
[INFO] [stderr]     Updating crates.io index
[INFO] running `Command { std: CARGO_HOME="/workspace/cargo-home" RUSTUP_HOME="/workspace/rustup-home" "/workspace/cargo-home/bin/cargo" "+1.75.0" "fetch" "--manifest-path" "Cargo.toml", kill_on_drop: false }`
[INFO] [stderr]  Downloading crates ...
[INFO] [stderr]   Downloaded float_extras v0.1.6
[INFO] [stderr]   Downloaded s2 v0.0.12
[INFO] running `Command { std: "docker" "create" "-v" "/var/lib/crater-agent-workspace/builds/worker-2-tc1/target:/opt/rustwide/target:rw,Z" "-v" "/var/lib/crater-agent-workspace/builds/worker-2-tc1/source:/opt/rustwide/workdir:ro,Z" "-v" "/var/lib/crater-agent-workspace/cargo-home:/opt/rustwide/cargo-home:ro,Z" "-v" "/var/lib/crater-agent-workspace/rustup-home:/opt/rustwide/rustup-home:ro,Z" "-e" "SOURCE_DIR=/opt/rustwide/workdir" "-e" "CARGO_TARGET_DIR=/opt/rustwide/target" "-e" "CARGO_HOME=/opt/rustwide/cargo-home" "-e" "RUSTUP_HOME=/opt/rustwide/rustup-home" "-w" "/opt/rustwide/workdir" "-m" "1610612736" "--user" "0:0" "--network" "none" "ghcr.io/rust-lang/crates-build-env/linux@sha256:2788e3201cd34a07e3172128adcd8b3090168a8e3bcc40d7c032b9dda1df7d1c" "/opt/rustwide/cargo-home/bin/cargo" "+1.75.0" "metadata" "--no-deps" "--format-version=1", kill_on_drop: false }`
[INFO] [stdout] c94fc04abe6a033fc84120c65bca870d6a945b34045905ade3128ba6c0d37953
[INFO] running `Command { std: "docker" "start" "-a" "c94fc04abe6a033fc84120c65bca870d6a945b34045905ade3128ba6c0d37953", kill_on_drop: false }`
[INFO] running `Command { std: "docker" "inspect" "c94fc04abe6a033fc84120c65bca870d6a945b34045905ade3128ba6c0d37953", kill_on_drop: false }`
[INFO] running `Command { std: "docker" "rm" "-f" "c94fc04abe6a033fc84120c65bca870d6a945b34045905ade3128ba6c0d37953", kill_on_drop: false }`
[INFO] [stdout] c94fc04abe6a033fc84120c65bca870d6a945b34045905ade3128ba6c0d37953
[INFO] running `Command { std: "docker" "create" "-v" "/var/lib/crater-agent-workspace/builds/worker-2-tc1/target:/opt/rustwide/target:rw,Z" "-v" "/var/lib/crater-agent-workspace/builds/worker-2-tc1/source:/opt/rustwide/workdir:ro,Z" "-v" "/var/lib/crater-agent-workspace/cargo-home:/opt/rustwide/cargo-home:ro,Z" "-v" "/var/lib/crater-agent-workspace/rustup-home:/opt/rustwide/rustup-home:ro,Z" "-e" "SOURCE_DIR=/opt/rustwide/workdir" "-e" "CARGO_TARGET_DIR=/opt/rustwide/target" "-e" "CARGO_INCREMENTAL=0" "-e" "RUST_BACKTRACE=full" "-e" "RUSTFLAGS=--cap-lints=warn" "-e" "RUSTDOCFLAGS=--cap-lints=warn" "-e" "CARGO_HOME=/opt/rustwide/cargo-home" "-e" "RUSTUP_HOME=/opt/rustwide/rustup-home" "-w" "/opt/rustwide/workdir" "-m" "1610612736" "--user" "0:0" "--network" "none" "ghcr.io/rust-lang/crates-build-env/linux@sha256:2788e3201cd34a07e3172128adcd8b3090168a8e3bcc40d7c032b9dda1df7d1c" "/opt/rustwide/cargo-home/bin/cargo" "+1.75.0" "build" "--frozen" "--message-format=json", kill_on_drop: false }`
[INFO] [stdout] f51f864c285d9b968975e3c7213cb0e8b6db421a57cbf13eeb7381c8a09d0fac
[INFO] running `Command { std: "docker" "start" "-a" "f51f864c285d9b968975e3c7213cb0e8b6db421a57cbf13eeb7381c8a09d0fac", kill_on_drop: false }`
[INFO] [stderr]    Compiling num-traits v0.2.17
[INFO] [stderr]    Compiling num-integer v0.1.45
[INFO] [stderr]    Compiling serde v1.0.194
[INFO] [stderr]    Compiling num-bigint v0.4.4
[INFO] [stderr]    Compiling libm v0.2.8
[INFO] [stderr]    Compiling cgmath v0.18.0
[INFO] [stderr]    Compiling serde_json v1.0.111
[INFO] [stderr]    Compiling serde_derive v1.0.194
[INFO] [stderr]    Compiling float_extras v0.1.6
[INFO] [stderr]    Compiling itoa v1.0.10
[INFO] [stderr]    Compiling ryu v1.0.16
[INFO] [stderr]    Compiling approx v0.4.0
[INFO] [stderr]    Compiling bigdecimal v0.3.1
[INFO] [stderr]    Compiling s2 v0.0.12
[INFO] [stderr]    Compiling location_based_sharding v0.1.4 (/opt/rustwide/workdir)
[INFO] [stdout] error[E0252]: the name `Deserialize` is defined multiple times
[INFO] [stdout]   --> src/geoshard.rs:33:20
[INFO] [stdout]    |
[INFO] [stdout] 31 |     Deserialize, Serialize,
[INFO] [stdout]    |     ----------- previous import of the macro `Deserialize` here
[INFO] [stdout] 32 | };
[INFO] [stdout] 33 | use serde_derive::{Deserialize, Serialize};
[INFO] [stdout]    |                    ^^^^^^^^^^^--
[INFO] [stdout]    |                    |
[INFO] [stdout]    |                    `Deserialize` reimported here
[INFO] [stdout]    |                    help: remove unnecessary import
[INFO] [stdout]    |
[INFO] [stdout]    = note: `Deserialize` must be defined only once in the macro namespace of this module
[INFO] [stdout] 
[INFO] [stdout] 
[INFO] [stdout] error[E0252]: the name `Serialize` is defined multiple times
[INFO] [stdout]   --> src/geoshard.rs:33:33
[INFO] [stdout]    |
[INFO] [stdout] 31 |     Deserialize, Serialize,
[INFO] [stdout]    |                  --------- previous import of the macro `Serialize` here
[INFO] [stdout] 32 | };
[INFO] [stdout] 33 | use serde_derive::{Deserialize, Serialize};
[INFO] [stdout]    |                                 ^^^^^^^^^ `Serialize` reimported here
[INFO] [stdout]    |
[INFO] [stdout]    = note: `Serialize` must be defined only once in the macro namespace of this module
[INFO] [stdout] 
[INFO] [stdout] 
[INFO] [stdout] warning: unused imports: `Deserialize`, `Serialize`
[INFO] [stdout]   --> src/geoshard.rs:33:20
[INFO] [stdout]    |
[INFO] [stdout] 33 | use serde_derive::{Deserialize, Serialize};
[INFO] [stdout]    |                    ^^^^^^^^^^^  ^^^^^^^^^
[INFO] [stdout]    |
[INFO] [stdout]    = note: `#[warn(unused_imports)]` on by default
[INFO] [stdout] 
[INFO] [stdout] 
[INFO] [stdout] error: aborting due to 2 previous errors; 1 warning emitted
[INFO] [stdout] 
[INFO] [stdout] 
[INFO] [stdout] For more information about this error, try `rustc --explain E0252`.
[INFO] [stdout] 
[INFO] [stderr] error: could not compile `location_based_sharding` (lib) due to 3 previous errors; 1 warning emitted
[INFO] [stderr] warning: build failed, waiting for other jobs to finish...
[INFO] running `Command { std: "docker" "inspect" "f51f864c285d9b968975e3c7213cb0e8b6db421a57cbf13eeb7381c8a09d0fac", kill_on_drop: false }`
[INFO] running `Command { std: "docker" "rm" "-f" "f51f864c285d9b968975e3c7213cb0e8b6db421a57cbf13eeb7381c8a09d0fac", kill_on_drop: false }`
[INFO] [stdout] f51f864c285d9b968975e3c7213cb0e8b6db421a57cbf13eeb7381c8a09d0fac
[INFO] testing location_based_sharding-0.1.4 against beta-2023-12-22 for beta-1.76-1
[INFO] extracting crate location_based_sharding 0.1.4 into /workspace/builds/worker-2-tc2/source
[INFO] validating manifest of crates.io crate location_based_sharding 0.1.4 on toolchain beta-2023-12-22
[INFO] running `Command { std: CARGO_HOME="/workspace/cargo-home" RUSTUP_HOME="/workspace/rustup-home" "/workspace/cargo-home/bin/cargo" "+beta-2023-12-22" "metadata" "--manifest-path" "Cargo.toml" "--no-deps", kill_on_drop: false }`
[INFO] started tweaking crates.io crate location_based_sharding 0.1.4
[INFO] finished tweaking crates.io crate location_based_sharding 0.1.4
[INFO] tweaked toml for crates.io crate location_based_sharding 0.1.4 written to /workspace/builds/worker-2-tc2/source/Cargo.toml
[INFO] running `Command { std: CARGO_HOME="/workspace/cargo-home" RUSTUP_HOME="/workspace/rustup-home" "/workspace/cargo-home/bin/cargo" "+beta-2023-12-22" "generate-lockfile" "--manifest-path" "Cargo.toml", kill_on_drop: false }`
[INFO] [stderr]     Updating crates.io index
[INFO] running `Command { std: CARGO_HOME="/workspace/cargo-home" RUSTUP_HOME="/workspace/rustup-home" "/workspace/cargo-home/bin/cargo" "+beta-2023-12-22" "fetch" "--manifest-path" "Cargo.toml", kill_on_drop: false }`
[INFO] running `Command { std: "docker" "create" "-v" "/var/lib/crater-agent-workspace/builds/worker-2-tc2/target:/opt/rustwide/target:rw,Z" "-v" "/var/lib/crater-agent-workspace/builds/worker-2-tc2/source:/opt/rustwide/workdir:ro,Z" "-v" "/var/lib/crater-agent-workspace/cargo-home:/opt/rustwide/cargo-home:ro,Z" "-v" "/var/lib/crater-agent-workspace/rustup-home:/opt/rustwide/rustup-home:ro,Z" "-e" "SOURCE_DIR=/opt/rustwide/workdir" "-e" "CARGO_TARGET_DIR=/opt/rustwide/target" "-e" "CARGO_HOME=/opt/rustwide/cargo-home" "-e" "RUSTUP_HOME=/opt/rustwide/rustup-home" "-w" "/opt/rustwide/workdir" "-m" "1610612736" "--user" "0:0" "--network" "none" "ghcr.io/rust-lang/crates-build-env/linux@sha256:2788e3201cd34a07e3172128adcd8b3090168a8e3bcc40d7c032b9dda1df7d1c" "/opt/rustwide/cargo-home/bin/cargo" "+beta-2023-12-22" "metadata" "--no-deps" "--format-version=1", kill_on_drop: false }`
[INFO] [stdout] aa48897b66e9b76e4ae45c31c1596ea0236370d3bf9c63580d514808eb04db87
[INFO] running `Command { std: "docker" "start" "-a" "aa48897b66e9b76e4ae45c31c1596ea0236370d3bf9c63580d514808eb04db87", kill_on_drop: false }`
[INFO] running `Command { std: "docker" "inspect" "aa48897b66e9b76e4ae45c31c1596ea0236370d3bf9c63580d514808eb04db87", kill_on_drop: false }`
[INFO] running `Command { std: "docker" "rm" "-f" "aa48897b66e9b76e4ae45c31c1596ea0236370d3bf9c63580d514808eb04db87", kill_on_drop: false }`
[INFO] [stdout] aa48897b66e9b76e4ae45c31c1596ea0236370d3bf9c63580d514808eb04db87
[INFO] running `Command { std: "docker" "create" "-v" "/var/lib/crater-agent-workspace/builds/worker-2-tc2/target:/opt/rustwide/target:rw,Z" "-v" "/var/lib/crater-agent-workspace/builds/worker-2-tc2/source:/opt/rustwide/workdir:ro,Z" "-v" "/var/lib/crater-agent-workspace/cargo-home:/opt/rustwide/cargo-home:ro,Z" "-v" "/var/lib/crater-agent-workspace/rustup-home:/opt/rustwide/rustup-home:ro,Z" "-e" "SOURCE_DIR=/opt/rustwide/workdir" "-e" "CARGO_TARGET_DIR=/opt/rustwide/target" "-e" "CARGO_INCREMENTAL=0" "-e" "RUST_BACKTRACE=full" "-e" "RUSTFLAGS=--cap-lints=warn" "-e" "RUSTDOCFLAGS=--cap-lints=warn" "-e" "CARGO_HOME=/opt/rustwide/cargo-home" "-e" "RUSTUP_HOME=/opt/rustwide/rustup-home" "-w" "/opt/rustwide/workdir" "-m" "1610612736" "--user" "0:0" "--network" "none" "ghcr.io/rust-lang/crates-build-env/linux@sha256:2788e3201cd34a07e3172128adcd8b3090168a8e3bcc40d7c032b9dda1df7d1c" "/opt/rustwide/cargo-home/bin/cargo" "+beta-2023-12-22" "build" "--frozen" "--message-format=json", kill_on_drop: false }`
[INFO] [stdout] 5af11243c20c3f5b77107b12d5704357ddd9dec52002b422123c60aaadca29b6
[INFO] running `Command { std: "docker" "start" "-a" "5af11243c20c3f5b77107b12d5704357ddd9dec52002b422123c60aaadca29b6", kill_on_drop: false }`
[INFO] [stderr]    Compiling num-traits v0.2.17
[INFO] [stderr]    Compiling num-integer v0.1.45
[INFO] [stderr]    Compiling serde v1.0.194
[INFO] [stderr]    Compiling num-bigint v0.4.4
[INFO] [stderr]    Compiling libm v0.2.8
[INFO] [stderr]    Compiling cgmath v0.18.0
[INFO] [stderr]    Compiling serde_json v1.0.111
[INFO] [stderr]    Compiling serde_derive v1.0.194
[INFO] [stderr]    Compiling float_extras v0.1.6
[INFO] [stderr]    Compiling ryu v1.0.16
[INFO] [stderr]    Compiling itoa v1.0.10
[INFO] [stderr]    Compiling approx v0.4.0
[INFO] [stderr]    Compiling bigdecimal v0.3.1
[INFO] [stderr]    Compiling s2 v0.0.12
[INFO] [stderr]    Compiling location_based_sharding v0.1.4 (/opt/rustwide/workdir)
[INFO] [stdout] error[E0252]: the name `Deserialize` is defined multiple times
[INFO] [stdout]   --> src/geoshard.rs:33:20
[INFO] [stdout]    |
[INFO] [stdout] 31 |     Deserialize, Serialize,
[INFO] [stdout]    |     ----------- previous import of the macro `Deserialize` here
[INFO] [stdout] 32 | };
[INFO] [stdout] 33 | use serde_derive::{Deserialize, Serialize};
[INFO] [stdout]    |                    ^^^^^^^^^^^--
[INFO] [stdout]    |                    |
[INFO] [stdout]    |                    `Deserialize` reimported here
[INFO] [stdout]    |                    help: remove unnecessary import
[INFO] [stdout]    |
[INFO] [stdout]    = note: `Deserialize` must be defined only once in the macro namespace of this module
[INFO] [stdout] 
[INFO] [stdout] 
[INFO] [stdout] error[E0252]: the name `Serialize` is defined multiple times
[INFO] [stdout]   --> src/geoshard.rs:33:33
[INFO] [stdout]    |
[INFO] [stdout] 31 |     Deserialize, Serialize,
[INFO] [stdout]    |                  --------- previous import of the macro `Serialize` here
[INFO] [stdout] 32 | };
[INFO] [stdout] 33 | use serde_derive::{Deserialize, Serialize};
[INFO] [stdout]    |                                 ^^^^^^^^^ `Serialize` reimported here
[INFO] [stdout]    |
[INFO] [stdout]    = note: `Serialize` must be defined only once in the macro namespace of this module
[INFO] [stdout] 
[INFO] [stdout] 
[INFO] [stdout] warning: unused imports: `Deserialize`, `Serialize`
[INFO] [stdout]   --> src/geoshard.rs:33:20
[INFO] [stdout]    |
[INFO] [stdout] 33 | use serde_derive::{Deserialize, Serialize};
[INFO] [stdout]    |                    ^^^^^^^^^^^  ^^^^^^^^^
[INFO] [stdout]    |
[INFO] [stdout]    = note: `#[warn(unused_imports)]` on by default
[INFO] [stdout] 
[INFO] [stdout] 
[INFO] [stdout] error: aborting due to 2 previous errors; 1 warning emitted
[INFO] [stdout] 
[INFO] [stdout] 
[INFO] [stdout] For more information about this error, try `rustc --explain E0252`.
[INFO] [stdout] 
[INFO] [stderr] error: could not compile `location_based_sharding` (lib) due to 3 previous errors; 1 warning emitted
[INFO] [stderr] warning: build failed, waiting for other jobs to finish...
[INFO] running `Command { std: "docker" "inspect" "5af11243c20c3f5b77107b12d5704357ddd9dec52002b422123c60aaadca29b6", kill_on_drop: false }`
[INFO] running `Command { std: "docker" "rm" "-f" "5af11243c20c3f5b77107b12d5704357ddd9dec52002b422123c60aaadca29b6", kill_on_drop: false }`
[INFO] [stdout] 5af11243c20c3f5b77107b12d5704357ddd9dec52002b422123c60aaadca29b6
