[INFO] fetching crate local-channel 0.1.5...
[INFO] testing local-channel-0.1.5 against 1.75.0 for beta-1.76-1
[INFO] extracting crate local-channel 0.1.5 into /workspace/builds/worker-4-tc1/source
[INFO] validating manifest of crates.io crate local-channel 0.1.5 on toolchain 1.75.0
[INFO] running `Command { std: CARGO_HOME="/workspace/cargo-home" RUSTUP_HOME="/workspace/rustup-home" "/workspace/cargo-home/bin/cargo" "+1.75.0" "metadata" "--manifest-path" "Cargo.toml" "--no-deps", kill_on_drop: false }`
[INFO] started tweaking crates.io crate local-channel 0.1.5
[INFO] finished tweaking crates.io crate local-channel 0.1.5
[INFO] tweaked toml for crates.io crate local-channel 0.1.5 written to /workspace/builds/worker-4-tc1/source/Cargo.toml
[INFO] running `Command { std: CARGO_HOME="/workspace/cargo-home" RUSTUP_HOME="/workspace/rustup-home" "/workspace/cargo-home/bin/cargo" "+1.75.0" "generate-lockfile" "--manifest-path" "Cargo.toml", kill_on_drop: false }`
[INFO] [stderr]     Updating crates.io index
[INFO] running `Command { std: CARGO_HOME="/workspace/cargo-home" RUSTUP_HOME="/workspace/rustup-home" "/workspace/cargo-home/bin/cargo" "+1.75.0" "fetch" "--manifest-path" "Cargo.toml", kill_on_drop: false }`
[INFO] running `Command { std: "docker" "create" "-v" "/var/lib/crater-agent-workspace/builds/worker-4-tc1/target:/opt/rustwide/target:rw,Z" "-v" "/var/lib/crater-agent-workspace/builds/worker-4-tc1/source:/opt/rustwide/workdir:ro,Z" "-v" "/var/lib/crater-agent-workspace/cargo-home:/opt/rustwide/cargo-home:ro,Z" "-v" "/var/lib/crater-agent-workspace/rustup-home:/opt/rustwide/rustup-home:ro,Z" "-e" "SOURCE_DIR=/opt/rustwide/workdir" "-e" "CARGO_TARGET_DIR=/opt/rustwide/target" "-e" "CARGO_HOME=/opt/rustwide/cargo-home" "-e" "RUSTUP_HOME=/opt/rustwide/rustup-home" "-w" "/opt/rustwide/workdir" "-m" "1610612736" "--user" "0:0" "--network" "none" "ghcr.io/rust-lang/crates-build-env/linux@sha256:2788e3201cd34a07e3172128adcd8b3090168a8e3bcc40d7c032b9dda1df7d1c" "/opt/rustwide/cargo-home/bin/cargo" "+1.75.0" "metadata" "--no-deps" "--format-version=1", kill_on_drop: false }`
[INFO] [stdout] 1a36273254c30b7f2063d9bec387c84564e8f66cbfb930ebe2125fa1fcc79fa3
[INFO] running `Command { std: "docker" "start" "-a" "1a36273254c30b7f2063d9bec387c84564e8f66cbfb930ebe2125fa1fcc79fa3", kill_on_drop: false }`
[INFO] running `Command { std: "docker" "inspect" "1a36273254c30b7f2063d9bec387c84564e8f66cbfb930ebe2125fa1fcc79fa3", kill_on_drop: false }`
[INFO] running `Command { std: "docker" "rm" "-f" "1a36273254c30b7f2063d9bec387c84564e8f66cbfb930ebe2125fa1fcc79fa3", kill_on_drop: false }`
[INFO] [stdout] 1a36273254c30b7f2063d9bec387c84564e8f66cbfb930ebe2125fa1fcc79fa3
[INFO] running `Command { std: "docker" "create" "-v" "/var/lib/crater-agent-workspace/builds/worker-4-tc1/target:/opt/rustwide/target:rw,Z" "-v" "/var/lib/crater-agent-workspace/builds/worker-4-tc1/source:/opt/rustwide/workdir:ro,Z" "-v" "/var/lib/crater-agent-workspace/cargo-home:/opt/rustwide/cargo-home:ro,Z" "-v" "/var/lib/crater-agent-workspace/rustup-home:/opt/rustwide/rustup-home:ro,Z" "-e" "SOURCE_DIR=/opt/rustwide/workdir" "-e" "CARGO_TARGET_DIR=/opt/rustwide/target" "-e" "CARGO_INCREMENTAL=0" "-e" "RUST_BACKTRACE=full" "-e" "RUSTFLAGS=--cap-lints=warn" "-e" "RUSTDOCFLAGS=--cap-lints=warn" "-e" "CARGO_HOME=/opt/rustwide/cargo-home" "-e" "RUSTUP_HOME=/opt/rustwide/rustup-home" "-w" "/opt/rustwide/workdir" "-m" "1610612736" "--user" "0:0" "--network" "none" "ghcr.io/rust-lang/crates-build-env/linux@sha256:2788e3201cd34a07e3172128adcd8b3090168a8e3bcc40d7c032b9dda1df7d1c" "/opt/rustwide/cargo-home/bin/cargo" "+1.75.0" "build" "--frozen" "--message-format=json", kill_on_drop: false }`
[INFO] [stdout] d433027453367c493b56d357997f665cb6d1b2f5614fe76121c5df545dc47507
[INFO] running `Command { std: "docker" "start" "-a" "d433027453367c493b56d357997f665cb6d1b2f5614fe76121c5df545dc47507", kill_on_drop: false }`
[INFO] [stderr]    Compiling futures-core v0.3.30
[INFO] [stderr]    Compiling futures-sink v0.3.30
[INFO] [stderr]    Compiling local-waker v0.1.4
[INFO] [stderr]    Compiling local-channel v0.1.5 (/opt/rustwide/workdir)
[INFO] [stderr]     Finished dev [unoptimized + debuginfo] target(s) in 0.16s
[INFO] running `Command { std: "docker" "inspect" "d433027453367c493b56d357997f665cb6d1b2f5614fe76121c5df545dc47507", kill_on_drop: false }`
[INFO] running `Command { std: "docker" "rm" "-f" "d433027453367c493b56d357997f665cb6d1b2f5614fe76121c5df545dc47507", kill_on_drop: false }`
[INFO] [stdout] d433027453367c493b56d357997f665cb6d1b2f5614fe76121c5df545dc47507
[INFO] running `Command { std: "docker" "create" "-v" "/var/lib/crater-agent-workspace/builds/worker-4-tc1/target:/opt/rustwide/target:rw,Z" "-v" "/var/lib/crater-agent-workspace/builds/worker-4-tc1/source:/opt/rustwide/workdir:ro,Z" "-v" "/var/lib/crater-agent-workspace/cargo-home:/opt/rustwide/cargo-home:ro,Z" "-v" "/var/lib/crater-agent-workspace/rustup-home:/opt/rustwide/rustup-home:ro,Z" "-e" "SOURCE_DIR=/opt/rustwide/workdir" "-e" "CARGO_TARGET_DIR=/opt/rustwide/target" "-e" "CARGO_INCREMENTAL=0" "-e" "RUST_BACKTRACE=full" "-e" "RUSTFLAGS=--cap-lints=warn" "-e" "RUSTDOCFLAGS=--cap-lints=warn" "-e" "CARGO_HOME=/opt/rustwide/cargo-home" "-e" "RUSTUP_HOME=/opt/rustwide/rustup-home" "-w" "/opt/rustwide/workdir" "-m" "1610612736" "--user" "0:0" "--network" "none" "ghcr.io/rust-lang/crates-build-env/linux@sha256:2788e3201cd34a07e3172128adcd8b3090168a8e3bcc40d7c032b9dda1df7d1c" "/opt/rustwide/cargo-home/bin/cargo" "+1.75.0" "test" "--frozen" "--no-run" "--message-format=json", kill_on_drop: false }`
[INFO] [stdout] 0c6075975bec7ca3b0058b4e19dad496691e460b27c809a01eab82a50c62fb97
[INFO] running `Command { std: "docker" "start" "-a" "0c6075975bec7ca3b0058b4e19dad496691e460b27c809a01eab82a50c62fb97", kill_on_drop: false }`
[INFO] [stderr]    Compiling local-channel v0.1.5 (/opt/rustwide/workdir)
[INFO] [stdout] error[E0433]: failed to resolve: use of undeclared crate or module `futures_util`
[INFO] [stdout]    --> src/mpsc.rs:204:9
[INFO] [stdout]     |
[INFO] [stdout] 204 |     use futures_util::{future::lazy, StreamExt as _};
[INFO] [stdout]     |         ^^^^^^^^^^^^ use of undeclared crate or module `futures_util`
[INFO] [stdout]     |
[INFO] [stdout] help: there is a crate or module with a similar name
[INFO] [stdout]     |
[INFO] [stdout] 204 |     use futures_core::{future::lazy, StreamExt as _};
[INFO] [stdout]     |         ~~~~~~~~~~~~
[INFO] [stdout] 
[INFO] [stdout] 
[INFO] [stdout] error[E0432]: unresolved import `futures_util`
[INFO] [stdout]    --> src/mpsc.rs:204:9
[INFO] [stdout]     |
[INFO] [stdout] 204 |     use futures_util::{future::lazy, StreamExt as _};
[INFO] [stdout]     |         ^^^^^^^^^^^^ use of undeclared crate or module `futures_util`
[INFO] [stdout]     |
[INFO] [stdout] help: there is a crate or module with a similar name
[INFO] [stdout]     |
[INFO] [stdout] 204 |     use futures_core::{future::lazy, StreamExt as _};
[INFO] [stdout]     |         ~~~~~~~~~~~~
[INFO] [stdout] 
[INFO] [stdout] 
[INFO] [stdout] error[E0433]: failed to resolve: use of undeclared crate or module `tokio`
[INFO] [stdout]    --> src/mpsc.rs:208:7
[INFO] [stdout]     |
[INFO] [stdout] 208 |     #[tokio::test]
[INFO] [stdout]     |       ^^^^^ use of undeclared crate or module `tokio`
[INFO] [stdout] 
[INFO] [stdout] 
[INFO] [stdout] error[E0433]: failed to resolve: use of undeclared crate or module `tokio`
[INFO] [stdout]    --> src/mpsc.rs:242:7
[INFO] [stdout]     |
[INFO] [stdout] 242 |     #[tokio::test]
[INFO] [stdout]     |       ^^^^^ use of undeclared crate or module `tokio`
[INFO] [stdout] 
[INFO] [stdout] 
[INFO] [stdout] error[E0599]: no method named `next` found for struct `mpsc::Receiver` in the current scope
[INFO] [stdout]    --> src/mpsc.rs:212:23
[INFO] [stdout]     |
[INFO] [stdout] 123 | pub struct Receiver<T> {
[INFO] [stdout]     | ---------------------- method `next` not found for this struct
[INFO] [stdout] ...
[INFO] [stdout] 212 |         assert_eq!(rx.next().await.unwrap(), "test");
[INFO] [stdout]     |                       ^^^^ method not found in `Receiver<&str>`
[INFO] [stdout]     |
[INFO] [stdout]     = help: items from traits can only be used if the trait is implemented and in scope
[INFO] [stdout]     = note: the following trait defines an item `next`, perhaps you need to implement it:
[INFO] [stdout]             candidate #1: `Iterator`
[INFO] [stdout] 
[INFO] [stdout] 
[INFO] [stdout] error[E0599]: no method named `next` found for struct `mpsc::Receiver` in the current scope
[INFO] [stdout]    --> src/mpsc.rs:216:23
[INFO] [stdout]     |
[INFO] [stdout] 123 | pub struct Receiver<T> {
[INFO] [stdout]     | ---------------------- method `next` not found for this struct
[INFO] [stdout] ...
[INFO] [stdout] 216 |         assert_eq!(rx.next().await.unwrap(), "test2");
[INFO] [stdout]     |                       ^^^^ method not found in `Receiver<&str>`
[INFO] [stdout]     |
[INFO] [stdout]     = help: items from traits can only be used if the trait is implemented and in scope
[INFO] [stdout]     = note: the following trait defines an item `next`, perhaps you need to implement it:
[INFO] [stdout]             candidate #1: `Iterator`
[INFO] [stdout] 
[INFO] [stdout] 
[INFO] [stdout] error[E0599]: no method named `next` found for struct `mpsc::Receiver` in the current scope
[INFO] [stdout]    --> src/mpsc.rs:228:23
[INFO] [stdout]     |
[INFO] [stdout] 123 | pub struct Receiver<T> {
[INFO] [stdout]     | ---------------------- method `next` not found for this struct
[INFO] [stdout] ...
[INFO] [stdout] 228 |         assert_eq!(rx.next().await, None);
[INFO] [stdout]     |                       ^^^^ method not found in `Receiver<&str>`
[INFO] [stdout]     |
[INFO] [stdout]     = help: items from traits can only be used if the trait is implemented and in scope
[INFO] [stdout]     = note: the following trait defines an item `next`, perhaps you need to implement it:
[INFO] [stdout]             candidate #1: `Iterator`
[INFO] [stdout] 
[INFO] [stdout] 
[INFO] [stdout] error: aborting due to 7 previous errors
[INFO] [stdout] 
[INFO] [stdout] 
[INFO] [stdout] Some errors have detailed explanations: E0432, E0433, E0599.
[INFO] [stdout] 
[INFO] [stdout] For more information about an error, try `rustc --explain E0432`.
[INFO] [stdout] 
[INFO] [stderr] error: could not compile `local-channel` (lib test) due to 8 previous errors
[INFO] running `Command { std: "docker" "inspect" "0c6075975bec7ca3b0058b4e19dad496691e460b27c809a01eab82a50c62fb97", kill_on_drop: false }`
[INFO] running `Command { std: "docker" "rm" "-f" "0c6075975bec7ca3b0058b4e19dad496691e460b27c809a01eab82a50c62fb97", kill_on_drop: false }`
[INFO] [stdout] 0c6075975bec7ca3b0058b4e19dad496691e460b27c809a01eab82a50c62fb97
