[INFO] fetching crate llm-chain 0.13.0...
[INFO] testing llm-chain-0.13.0 against 1.75.0 for beta-1.76-1
[INFO] extracting crate llm-chain 0.13.0 into /workspace/builds/worker-5-tc1/source
[INFO] validating manifest of crates.io crate llm-chain 0.13.0 on toolchain 1.75.0
[INFO] running `Command { std: CARGO_HOME="/workspace/cargo-home" RUSTUP_HOME="/workspace/rustup-home" "/workspace/cargo-home/bin/cargo" "+1.75.0" "metadata" "--manifest-path" "Cargo.toml" "--no-deps", kill_on_drop: false }`
[INFO] started tweaking crates.io crate llm-chain 0.13.0
[INFO] finished tweaking crates.io crate llm-chain 0.13.0
[INFO] tweaked toml for crates.io crate llm-chain 0.13.0 written to /workspace/builds/worker-5-tc1/source/Cargo.toml
[INFO] crate crates.io crate llm-chain 0.13.0 already has a lockfile, it will not be regenerated
[INFO] running `Command { std: CARGO_HOME="/workspace/cargo-home" RUSTUP_HOME="/workspace/rustup-home" "/workspace/cargo-home/bin/cargo" "+1.75.0" "fetch" "--manifest-path" "Cargo.toml", kill_on_drop: false }`
[INFO] [stderr]  Downloading crates ...
[INFO] [stderr]   Downloaded openssl-sys v0.9.95
[INFO] [stderr]   Downloaded pest_generator v2.7.5
[INFO] [stderr]   Downloaded pest_derive v2.7.5
[INFO] [stderr]   Downloaded unicode-id v0.3.4
[INFO] [stderr]   Downloaded pest v2.7.5
[INFO] [stderr]   Downloaded chrono-tz v0.8.4
[INFO] [stderr]   Downloaded bstr v1.8.0
[INFO] [stderr]   Downloaded markdown v1.0.0-alpha.14
[INFO] [stderr]   Downloaded rustix v0.38.24
[INFO] [stderr]   Downloaded deunicode v1.4.1
[INFO] [stderr]   Downloaded openssl v0.10.59
[INFO] [stderr]   Downloaded chrono-tz-build v0.2.1
[INFO] [stderr]   Downloaded uuid v1.5.0
[INFO] [stderr]   Downloaded pest_meta v2.7.5
[INFO] running `Command { std: "docker" "create" "-v" "/var/lib/crater-agent-workspace/builds/worker-5-tc1/target:/opt/rustwide/target:rw,Z" "-v" "/var/lib/crater-agent-workspace/builds/worker-5-tc1/source:/opt/rustwide/workdir:ro,Z" "-v" "/var/lib/crater-agent-workspace/cargo-home:/opt/rustwide/cargo-home:ro,Z" "-v" "/var/lib/crater-agent-workspace/rustup-home:/opt/rustwide/rustup-home:ro,Z" "-e" "SOURCE_DIR=/opt/rustwide/workdir" "-e" "CARGO_TARGET_DIR=/opt/rustwide/target" "-e" "CARGO_HOME=/opt/rustwide/cargo-home" "-e" "RUSTUP_HOME=/opt/rustwide/rustup-home" "-w" "/opt/rustwide/workdir" "-m" "1610612736" "--user" "0:0" "--network" "none" "ghcr.io/rust-lang/crates-build-env/linux@sha256:2788e3201cd34a07e3172128adcd8b3090168a8e3bcc40d7c032b9dda1df7d1c" "/opt/rustwide/cargo-home/bin/cargo" "+1.75.0" "metadata" "--no-deps" "--format-version=1", kill_on_drop: false }`
[INFO] [stdout] bd915ab61d4b81114ae82da916ee68e4d0ab805705cacbfe26e62ecbb254be52
[INFO] running `Command { std: "docker" "start" "-a" "bd915ab61d4b81114ae82da916ee68e4d0ab805705cacbfe26e62ecbb254be52", kill_on_drop: false }`
[INFO] running `Command { std: "docker" "inspect" "bd915ab61d4b81114ae82da916ee68e4d0ab805705cacbfe26e62ecbb254be52", kill_on_drop: false }`
[INFO] running `Command { std: "docker" "rm" "-f" "bd915ab61d4b81114ae82da916ee68e4d0ab805705cacbfe26e62ecbb254be52", kill_on_drop: false }`
[INFO] [stdout] bd915ab61d4b81114ae82da916ee68e4d0ab805705cacbfe26e62ecbb254be52
[INFO] running `Command { std: "docker" "create" "-v" "/var/lib/crater-agent-workspace/builds/worker-5-tc1/target:/opt/rustwide/target:rw,Z" "-v" "/var/lib/crater-agent-workspace/builds/worker-5-tc1/source:/opt/rustwide/workdir:ro,Z" "-v" "/var/lib/crater-agent-workspace/cargo-home:/opt/rustwide/cargo-home:ro,Z" "-v" "/var/lib/crater-agent-workspace/rustup-home:/opt/rustwide/rustup-home:ro,Z" "-e" "SOURCE_DIR=/opt/rustwide/workdir" "-e" "CARGO_TARGET_DIR=/opt/rustwide/target" "-e" "CARGO_INCREMENTAL=0" "-e" "RUST_BACKTRACE=full" "-e" "RUSTFLAGS=--cap-lints=warn" "-e" "RUSTDOCFLAGS=--cap-lints=warn" "-e" "CARGO_HOME=/opt/rustwide/cargo-home" "-e" "RUSTUP_HOME=/opt/rustwide/rustup-home" "-w" "/opt/rustwide/workdir" "-m" "1610612736" "--user" "0:0" "--network" "none" "ghcr.io/rust-lang/crates-build-env/linux@sha256:2788e3201cd34a07e3172128adcd8b3090168a8e3bcc40d7c032b9dda1df7d1c" "/opt/rustwide/cargo-home/bin/cargo" "+1.75.0" "build" "--frozen" "--message-format=json", kill_on_drop: false }`
[INFO] [stdout] 9985b467f306657403cc47e005b93f0ba57e4a6d5f8b6f9e75b407d8a2df77ec
[INFO] running `Command { std: "docker" "start" "-a" "9985b467f306657403cc47e005b93f0ba57e4a6d5f8b6f9e75b407d8a2df77ec", kill_on_drop: false }`
[INFO] [stderr]    Compiling proc-macro2 v1.0.69
[INFO] [stderr]    Compiling libc v0.2.150
[INFO] [stderr]    Compiling memchr v2.6.4
[INFO] [stderr]    Compiling once_cell v1.18.0
[INFO] [stderr]    Compiling fnv v1.0.7
[INFO] [stderr]    Compiling pin-project-lite v0.2.13
[INFO] [stderr]    Compiling futures-core v0.3.29
[INFO] [stderr]    Compiling siphasher v0.3.11
[INFO] [stderr]    Compiling bytes v1.5.0
[INFO] [stderr]    Compiling pkg-config v0.3.27
[INFO] [stderr]    Compiling itoa v1.0.9
[INFO] [stderr]    Compiling vcpkg v0.2.15
[INFO] [stderr]    Compiling futures-task v0.3.29
[INFO] [stderr]    Compiling futures-channel v0.3.29
[INFO] [stderr]    Compiling futures-sink v0.3.29
[INFO] [stderr]    Compiling futures-util v0.3.29
[INFO] [stderr]    Compiling rand_core v0.6.4
[INFO] [stderr]    Compiling regex-syntax v0.8.2
[INFO] [stderr]    Compiling serde v1.0.192
[INFO] [stderr]    Compiling phf_shared v0.11.2
[INFO] [stderr]    Compiling rand v0.8.5
[INFO] [stderr]    Compiling thiserror v1.0.50
[INFO] [stderr]    Compiling futures-io v0.3.29
[INFO] [stderr]    Compiling pin-utils v0.1.0
[INFO] [stderr]    Compiling tracing-core v0.1.32
[INFO] [stderr]    Compiling ident_case v1.0.1
[INFO] [stderr]    Compiling foreign-types-shared v0.1.1
[INFO] [stderr]    Compiling hashbrown v0.14.2
[INFO] [stderr]    Compiling strsim v0.10.0
[INFO] [stderr]    Compiling openssl v0.10.59
[INFO] [stderr]    Compiling foreign-types v0.3.2
[INFO] [stderr]    Compiling aho-corasick v1.1.2
[INFO] [stderr]    Compiling tracing v0.1.40
[INFO] [stderr]    Compiling http v0.2.11
[INFO] [stderr]    Compiling phf_generator v0.11.2
[INFO] [stderr]    Compiling quote v1.0.33
[INFO] [stderr]    Compiling phf_codegen v0.11.2
[INFO] [stderr]    Compiling phf v0.11.2
[INFO] [stderr]    Compiling num-traits v0.2.17
[INFO] [stderr]    Compiling syn v2.0.39
[INFO] [stderr]    Compiling syn v1.0.109
[INFO] [stderr]    Compiling indexmap v2.1.0
[INFO] [stderr]    Compiling percent-encoding v2.3.0
[INFO] [stderr]    Compiling ucd-trie v0.1.6
[INFO] [stderr]    Compiling bitflags v2.4.1
[INFO] [stderr]    Compiling native-tls v0.2.11
[INFO] [stderr]    Compiling ryu v1.0.15
[INFO] [stderr]    Compiling httparse v1.8.0
[INFO] [stderr]    Compiling bstr v1.8.0
[INFO] [stderr]    Compiling openssl-probe v0.1.5
[INFO] [stderr]    Compiling libm v0.2.8
[INFO] [stderr]    Compiling unic-char-range v0.9.0
[INFO] [stderr]    Compiling socket2 v0.5.5
[INFO] [stderr]    Compiling mio v0.8.9
[INFO] [stderr]    Compiling cc v1.0.83
[INFO] [stderr]    Compiling getrandom v0.2.11
[INFO] [stderr]    Compiling try-lock v0.2.4
[INFO] [stderr]    Compiling unic-common v0.9.0
[INFO] [stderr]    Compiling same-file v1.0.6
[INFO] [stderr]    Compiling serde_json v1.0.108
[INFO] [stderr]    Compiling unic-ucd-version v0.9.0
[INFO] [stderr]    Compiling want v0.3.1
[INFO] [stderr]    Compiling regex-automata v0.4.3
[INFO] [stderr]    Compiling http-body v0.4.5
[INFO] [stderr]    Compiling walkdir v2.4.0
[INFO] [stderr]    Compiling unic-char-property v0.9.0
[INFO] [stderr]    Compiling socket2 v0.4.10
[INFO] [stderr]    Compiling form_urlencoded v1.2.0
[INFO] [stderr]    Compiling thread_local v1.1.7
[INFO] [stderr]    Compiling rustversion v1.0.14
[INFO] [stderr]    Compiling iana-time-zone v0.1.58
[INFO] [stderr]    Compiling tower-service v0.3.2
[INFO] [stderr]    Compiling unicode-bidi v0.3.13
[INFO] [stderr]    Compiling ppv-lite86 v0.2.17
[INFO] [stderr]    Compiling httpdate v1.0.3
[INFO] [stderr]    Compiling unic-ucd-segment v0.9.0
[INFO] [stderr]    Compiling async-trait v0.1.74
[INFO] [stderr]    Compiling paste v1.0.14
[INFO] [stderr]    Compiling idna v0.4.0
[INFO] [stderr]    Compiling deunicode v1.4.1
[INFO] [stderr]    Compiling rand_chacha v0.3.1
[INFO] [stderr]    Compiling openssl-sys v0.9.95
[INFO] [stderr]    Compiling chrono v0.4.31
[INFO] [stderr]    Compiling anyhow v1.0.75
[INFO] [stderr]    Compiling encoding_rs v0.8.33
[INFO] [stderr]    Compiling slug v0.1.5
[INFO] [stderr]    Compiling unic-segment v0.9.0
[INFO] [stderr]    Compiling regex v1.10.2
[INFO] [stderr]    Compiling humansize v2.1.3
[INFO] [stderr]    Compiling base64 v0.21.5
[INFO] [stderr]    Compiling mime v0.3.17
[INFO] [stderr]    Compiling unsafe-libyaml v0.2.9
[INFO] [stderr]    Compiling url v2.4.1
[INFO] [stderr]    Compiling parse-zoneinfo v0.3.0
[INFO] [stderr]    Compiling unicode-id v0.3.4
[INFO] [stderr]    Compiling ipnet v2.9.0
[INFO] [stderr]    Compiling heck v0.4.1
[INFO] [stderr]    Compiling markdown v1.0.0-alpha.14
[INFO] [stderr]    Compiling darling_core v0.14.4
[INFO] [stderr]    Compiling chrono-tz-build v0.2.1
[INFO] [stderr]    Compiling uuid v1.5.0
[INFO] [stderr]    Compiling strum v0.25.0
[INFO] [stderr]    Compiling chrono-tz v0.8.4
[INFO] [stderr]    Compiling globset v0.4.13
[INFO] [stderr]    Compiling ignore v0.4.20
[INFO] [stderr]    Compiling globwalk v0.8.1
[INFO] [stderr]    Compiling tokio-macros v2.2.0
[INFO] [stderr]    Compiling futures-macro v0.3.29
[INFO] [stderr]    Compiling thiserror-impl v1.0.50
[INFO] [stderr]    Compiling serde_derive v1.0.192
[INFO] [stderr]    Compiling openssl-macros v0.1.1
[INFO] [stderr]    Compiling strum_macros v0.25.3
[INFO] [stderr]    Compiling darling_macro v0.14.4
[INFO] [stderr]    Compiling tokio v1.34.0
[INFO] [stderr]    Compiling darling v0.14.4
[INFO] [stderr]    Compiling derive_builder_core v0.12.0
[INFO] [stderr]    Compiling pest v2.7.5
[INFO] [stderr]    Compiling derive_builder_macro v0.12.0
[INFO] [stderr]    Compiling derive_builder v0.12.0
[INFO] [stderr]    Compiling pest_meta v2.7.5
[INFO] [stderr]    Compiling futures-executor v0.3.29
[INFO] [stderr]    Compiling pest_generator v2.7.5
[INFO] [stderr]    Compiling futures v0.3.29
[INFO] [stderr]    Compiling tokio-util v0.7.10
[INFO] [stderr]    Compiling tokio-native-tls v0.3.1
[INFO] [stderr]    Compiling tokio-stream v0.1.14
[INFO] [stderr]    Compiling pest_derive v2.7.5
[INFO] [stderr]    Compiling h2 v0.3.22
[INFO] [stderr]    Compiling serde_urlencoded v0.7.1
[INFO] [stderr]    Compiling serde_yaml v0.9.27
[INFO] [stderr]    Compiling tera v1.19.1
[INFO] [stderr]    Compiling hyper v0.14.27
[INFO] [stderr]    Compiling hyper-tls v0.5.0
[INFO] [stderr]    Compiling reqwest v0.11.22
[INFO] [stderr]    Compiling llm-chain v0.13.0 (/opt/rustwide/workdir)
[INFO] [stderr]     Finished dev [unoptimized + debuginfo] target(s) in 31.38s
[INFO] running `Command { std: "docker" "inspect" "9985b467f306657403cc47e005b93f0ba57e4a6d5f8b6f9e75b407d8a2df77ec", kill_on_drop: false }`
[INFO] running `Command { std: "docker" "rm" "-f" "9985b467f306657403cc47e005b93f0ba57e4a6d5f8b6f9e75b407d8a2df77ec", kill_on_drop: false }`
[INFO] [stdout] 9985b467f306657403cc47e005b93f0ba57e4a6d5f8b6f9e75b407d8a2df77ec
[INFO] running `Command { std: "docker" "create" "-v" "/var/lib/crater-agent-workspace/builds/worker-5-tc1/target:/opt/rustwide/target:rw,Z" "-v" "/var/lib/crater-agent-workspace/builds/worker-5-tc1/source:/opt/rustwide/workdir:ro,Z" "-v" "/var/lib/crater-agent-workspace/cargo-home:/opt/rustwide/cargo-home:ro,Z" "-v" "/var/lib/crater-agent-workspace/rustup-home:/opt/rustwide/rustup-home:ro,Z" "-e" "SOURCE_DIR=/opt/rustwide/workdir" "-e" "CARGO_TARGET_DIR=/opt/rustwide/target" "-e" "CARGO_INCREMENTAL=0" "-e" "RUST_BACKTRACE=full" "-e" "RUSTFLAGS=--cap-lints=warn" "-e" "RUSTDOCFLAGS=--cap-lints=warn" "-e" "CARGO_HOME=/opt/rustwide/cargo-home" "-e" "RUSTUP_HOME=/opt/rustwide/rustup-home" "-w" "/opt/rustwide/workdir" "-m" "1610612736" "--user" "0:0" "--network" "none" "ghcr.io/rust-lang/crates-build-env/linux@sha256:2788e3201cd34a07e3172128adcd8b3090168a8e3bcc40d7c032b9dda1df7d1c" "/opt/rustwide/cargo-home/bin/cargo" "+1.75.0" "test" "--frozen" "--no-run" "--message-format=json", kill_on_drop: false }`
[INFO] [stdout] 822772951b6cd6ab159b9dc4a7352620dba93545ae89631ca83af3947f4065c7
[INFO] running `Command { std: "docker" "start" "-a" "822772951b6cd6ab159b9dc4a7352620dba93545ae89631ca83af3947f4065c7", kill_on_drop: false }`
[INFO] [stderr]    Compiling predicates-core v1.0.6
[INFO] [stderr]    Compiling either v1.9.0
[INFO] [stderr]    Compiling float-cmp v0.9.0
[INFO] [stderr]    Compiling termtree v0.4.1
[INFO] [stderr]    Compiling normalize-line-endings v0.3.0
[INFO] [stderr]    Compiling difflib v0.4.0
[INFO] [stderr]    Compiling mockall_derive v0.11.4
[INFO] [stderr]    Compiling fragile v2.0.0
[INFO] [stderr]    Compiling downcast v0.11.0
[INFO] [stderr]    Compiling itertools v0.10.5
[INFO] [stderr]    Compiling predicates-tree v1.0.9
[INFO] [stderr]    Compiling predicates v2.1.5
[INFO] [stderr]    Compiling mockall v0.11.4
[INFO] [stderr]    Compiling llm-chain v0.13.0 (/opt/rustwide/workdir)
[INFO] [stdout] error[E0432]: unresolved import `llm_chain_macros`
[INFO] [stdout]  --> examples/tool_derive_describe.rs:3:5
[INFO] [stdout]   |
[INFO] [stdout] 3 | use llm_chain_macros::Describe;
[INFO] [stdout]   |     ^^^^^^^^^^^^^^^^ use of undeclared crate or module `llm_chain_macros`
[INFO] [stdout] 
[INFO] [stdout] 
[INFO] [stdout] error: cannot determine resolution for the derive macro `Describe`
[INFO] [stdout]  --> examples/tool_derive_describe.rs:5:10
[INFO] [stdout]   |
[INFO] [stdout] 5 | #[derive(Describe)]
[INFO] [stdout]   |          ^^^^^^^^
[INFO] [stdout]   |
[INFO] [stdout]   = note: import resolution is stuck, try simplifying macro imports
[INFO] [stdout] 
[INFO] [stdout] 
[INFO] [stdout] error: cannot find attribute `purpose` in this scope
[INFO] [stdout]  --> examples/tool_derive_describe.rs:7:7
[INFO] [stdout]   |
[INFO] [stdout] 7 |     #[purpose("Person's name")]
[INFO] [stdout]   |       ^^^^^^^
[INFO] [stdout] 
[INFO] [stdout] 
[INFO] [stdout] error: cannot find attribute `purpose` in this scope
[INFO] [stdout]   --> examples/tool_derive_describe.rs:11:7
[INFO] [stdout]    |
[INFO] [stdout] 11 |     #[purpose("Person's age")]
[INFO] [stdout]    |       ^^^^^^^
[INFO] [stdout] 
[INFO] [stdout] 
[INFO] [stdout] warning: unused imports: `FormatPart`, `Format`
[INFO] [stdout]  --> examples/tool_derive_describe.rs:2:24
[INFO] [stdout]   |
[INFO] [stdout] 2 | use llm_chain::tools::{Format, FormatPart};
[INFO] [stdout]   |                        ^^^^^^  ^^^^^^^^^^
[INFO] [stdout]   |
[INFO] [stdout]   = note: `#[warn(unused_imports)]` on by default
[INFO] [stdout] 
[INFO] [stdout] 
[INFO] [stdout] error[E0599]: no function or associated item named `describe` found for struct `MyToolInput` in the current scope
[INFO] [stdout]   --> examples/tool_derive_describe.rs:18:36
[INFO] [stdout]    |
[INFO] [stdout] 6  | struct MyToolInput {
[INFO] [stdout]    | ------------------ function or associated item `describe` not found for this struct
[INFO] [stdout] ...
[INFO] [stdout] 18 |     println!("{:#?}", MyToolInput::describe());
[INFO] [stdout]    |                                    ^^^^^^^^ function or associated item not found in `MyToolInput`
[INFO] [stdout]    |
[INFO] [stdout]    = help: items from traits can only be used if the trait is implemented and in scope
[INFO] [stdout]    = note: the following trait defines an item `describe`, perhaps you need to implement it:
[INFO] [stdout]            candidate #1: `Describe`
[INFO] [stdout] 
[INFO] [stdout] 
[INFO] [stdout] warning: unused import: `llm_chain::tools::Describe`
[INFO] [stdout]  --> examples/tool_derive_describe.rs:1:5
[INFO] [stdout]   |
[INFO] [stdout] 1 | use llm_chain::tools::Describe;
[INFO] [stdout]   |     ^^^^^^^^^^^^^^^^^^^^^^^^^^
[INFO] [stdout] 
[INFO] [stdout] 
[INFO] [stdout] error: aborting due to 5 previous errors; 2 warnings emitted
[INFO] [stdout] 
[INFO] [stdout] 
[INFO] [stdout] Some errors have detailed explanations: E0432, E0599.
[INFO] [stdout] 
[INFO] [stdout] For more information about an error, try `rustc --explain E0432`.
[INFO] [stdout] 
[INFO] [stderr] error: could not compile `llm-chain` (example "tool_derive_describe") due to 6 previous errors; 2 warnings emitted
[INFO] [stderr] warning: build failed, waiting for other jobs to finish...
[INFO] [stdout] error: linking with `cc` failed: exit status: 1
[INFO] [stdout]   |
[INFO] [stdout]   = note: LC_ALL="C" PATH="/opt/rustwide/rustup-home/toolchains/1.75.0-x86_64-unknown-linux-gnu/lib/rustlib/x86_64-unknown-linux-gnu/bin:/opt/rustwide/cargo-home/bin:/usr/local/sbin:/usr/local/bin:/usr/sbin:/usr/bin:/sbin:/bin" VSLANG="1033" "cc" "-m64" "/tmp/rustcq1sWq8/symbols.o" "/opt/rustwide/target/debug/examples/google_serper-e5b075b9294219a5.google_serper.13d6057363ed73c8-cgu.0.rcgu.o" "/opt/rustwide/target/debug/examples/google_serper-e5b075b9294219a5.5bt6i1k71npl0hy4.rcgu.o" "-Wl,--as-needed" "-L" "/opt/rustwide/target/debug/deps" "-L" "/opt/rustwide/rustup-home/toolchains/1.75.0-x86_64-unknown-linux-gnu/lib/rustlib/x86_64-unknown-linux-gnu/lib" "-Wl,-Bstatic" "/opt/rustwide/target/debug/deps/libllm_chain-42ffec0c7b5f0744.rlib" "/opt/rustwide/target/debug/deps/libderive_builder-f4a0c9c0d1b4b80d.rlib" "/opt/rustwide/target/debug/deps/libreqwest-14db7a9b4e753a76.rlib" "/opt/rustwide/target/debug/deps/libhyper_tls-6a6038b4175a8042.rlib" "/opt/rustwide/target/debug/deps/libserde_urlencoded-c4591c002e83a76c.rlib" "/opt/rustwide/target/debug/deps/libbase64-c757f6e1d18850a5.rlib" "/opt/rustwide/target/debug/deps/libipnet-31f1670f407a9398.rlib" "/opt/rustwide/target/debug/deps/libtokio_native_tls-7c17968caf463697.rlib" "/opt/rustwide/target/debug/deps/libmime-7e306270d8ceb372.rlib" "/opt/rustwide/target/debug/deps/libencoding_rs-000c97fafd38c2ed.rlib" "/opt/rustwide/target/debug/deps/libnative_tls-a3db7479b071c172.rlib" "/opt/rustwide/target/debug/deps/libopenssl_probe-d850575132083d7c.rlib" "/opt/rustwide/target/debug/deps/libopenssl-f5a72c719c35464a.rlib" "/opt/rustwide/target/debug/deps/libbitflags-0065cf305c229aa5.rlib" "/opt/rustwide/target/debug/deps/libforeign_types-c05743815e5b8a9d.rlib" "/opt/rustwide/target/debug/deps/libforeign_types_shared-d149f5491fde2862.rlib" "/opt/rustwide/target/debug/deps/libopenssl_sys-9cdd6ca1808311a2.rlib" "/opt/rustwide/target/debug/deps/libhyper-423af10a151f1078.rlib" "/opt/rustwide/target/debug/deps/libwant-0e59d2771cba3a35.rlib" "/opt/rustwide/target/debug/deps/libtry_lock-51271589248cd7d9.rlib" "/opt/rustwide/target/debug/deps/libsocket2-f2b88ec994c5f528.rlib" "/opt/rustwide/target/debug/deps/libhttparse-64f1ffbeda450424.rlib" "/opt/rustwide/target/debug/deps/libh2-a621091ee36e15d4.rlib" "/opt/rustwide/target/debug/deps/libtokio_util-03ae4e05941f1a1e.rlib" "/opt/rustwide/target/debug/deps/libtower_service-104d6e83d5ce383d.rlib" "/opt/rustwide/target/debug/deps/libtracing-4c36559c7f045711.rlib" "/opt/rustwide/target/debug/deps/libtracing_core-4ad00ebcda7f03a2.rlib" "/opt/rustwide/target/debug/deps/libhttp_body-51311c5a353e4f64.rlib" "/opt/rustwide/target/debug/deps/liburl-bc0661a5141cbab3.rlib" "/opt/rustwide/target/debug/deps/libidna-35e3e2f202e10859.rlib" "/opt/rustwide/target/debug/deps/libunicode_normalization-e04a0b39935fba30.rlib" "/opt/rustwide/target/debug/deps/libtinyvec-cf6c9f6b792a5507.rlib" "/opt/rustwide/target/debug/deps/libtinyvec_macros-b1cb7f53f58c9f87.rlib" "/opt/rustwide/target/debug/deps/libunicode_bidi-020370784786e57d.rlib" "/opt/rustwide/target/debug/deps/libform_urlencoded-a39e5ffbd9c88c0c.rlib" "/opt/rustwide/target/debug/deps/libhttp-9f90e562c1e0df30.rlib" "/opt/rustwide/target/debug/deps/libtera-c25979dcb7f0b15d.rlib" "/opt/rustwide/target/debug/deps/libslug-3d53c2a4d4ffbd9c.rlib" "/opt/rustwide/target/debug/deps/libdeunicode-840baf141e81fc5c.rlib" "/opt/rustwide/target/debug/deps/libglobwalk-5149241d666d7cdf.rlib" "/opt/rustwide/target/debug/deps/libbitflags-b7cee2ca4fb438d0.rlib" "/opt/rustwide/target/debug/deps/libignore-884cfef10c3b2e87.rlib" "/opt/rustwide/target/debug/deps/libwalkdir-855d0afe3de90c17.rlib" "/opt/rustwide/target/debug/deps/libsame_file-06a4c01142053b65.rlib" "/opt/rustwide/target/debug/deps/libthread_local-37974e86c33cb31d.rlib" "/opt/rustwide/target/debug/deps/libonce_cell-865e1c5018a0303a.rlib" "/opt/rustwide/target/debug/deps/libglobset-a08514bb3bbda480.rlib" "/opt/rustwide/target/debug/deps/libfnv-18bf5144d055e772.rlib" "/opt/rustwide/target/debug/deps/liblog-4f472032e8cdd371.rlib" "/opt/rustwide/target/debug/deps/libbstr-bd5cfd897e0e2b6d.rlib" "/opt/rustwide/target/debug/deps/libpest-d1a6965b55dd44c2.rlib" "/opt/rustwide/target/debug/deps/libucd_trie-6132939a2ce7db4c.rlib" "/opt/rustwide/target/debug/deps/librand-1a9ceccdf299ade8.rlib" "/opt/rustwide/target/debug/deps/librand_chacha-65d28dd0324e882f.rlib" "/opt/rustwide/target/debug/deps/libppv_lite86-9f808eb911999ef2.rlib" "/opt/rustwide/target/debug/deps/librand_core-693394dfca7dc1fc.rlib" "/opt/rustwide/target/debug/deps/libgetrandom-cae587a370153759.rlib" "/opt/rustwide/target/debug/deps/libcfg_if-61dc7a6799e72b18.rlib" "/opt/rustwide/target/debug/deps/libpercent_encoding-5d42724fd4d173a7.rlib" "/opt/rustwide/target/debug/deps/libunic_segment-4506fa2a6b8fcf07.rlib" "/opt/rustwide/target/debug/deps/libunic_ucd_segment-39d98c64c5267e88.rlib" "/opt/rustwide/target/debug/deps/libunic_ucd_version-86e870b89902e72e.rlib" "/opt/rustwide/target/debug/deps/libunic_common-b51cfe4c7911fb51.rlib" "/opt/rustwide/target/debug/deps/libunic_char_property-3038e51eb891254b.rlib" "/opt/rustwide/target/debug/deps/libunic_char_range-8167d6d630af922b.rlib" "/opt/rustwide/target/debug/deps/libregex-43bdbc33a6384815.rlib" "/opt/rustwide/target/debug/deps/libregex_automata-35f9be2f753ec7d5.rlib" "/opt/rustwide/target/debug/deps/libaho_corasick-1143312c78fc67c2.rlib" "/opt/rustwide/target/debug/deps/libregex_syntax-e4dd3c3a3cb10e1d.rlib" "/opt/rustwide/target/debug/deps/libhumansize-7cb56c1d69694199.rlib" "/opt/rustwide/target/debug/deps/liblibm-86e0518b70fd2a45.rlib" "/opt/rustwide/target/debug/deps/libchrono_tz-2f84a08f617e2d33.rlib" "/opt/rustwide/target/debug/deps/libphf-75da2ba4a0a3b788.rlib" "/opt/rustwide/target/debug/deps/libphf_shared-c55d56ee6edaa4cd.rlib" "/opt/rustwide/target/debug/deps/libsiphasher-bee8b9f666c09ef8.rlib" "/opt/rustwide/target/debug/deps/libchrono-4387a063e27d18ca.rlib" "/opt/rustwide/target/debug/deps/libnum_traits-fbf3e4065138c85e.rlib" "/opt/rustwide/target/debug/deps/libiana_time_zone-a8226bfa732531ed.rlib" "/opt/rustwide/target/debug/deps/libserde_json-0f2f05dd36f6d145.rlib" "/opt/rustwide/target/debug/deps/libserde_yaml-7b12d07020aa693f.rlib" "/opt/rustwide/target/debug/deps/libryu-f8e8abf733224b36.rlib" "/opt/rustwide/target/debug/deps/libitoa-05fb7c91ffbc0a79.rlib" "/opt/rustwide/target/debug/deps/libindexmap-22e0f4634bb72d96.rlib" "/opt/rustwide/target/debug/deps/libequivalent-daf5c71f5fc642dd.rlib" "/opt/rustwide/target/debug/deps/libhashbrown-d5d4385ff3f60687.rlib" "/opt/rustwide/target/debug/deps/libunsafe_libyaml-1a8199d39575d0ac.rlib" "/opt/rustwide/target/debug/deps/libmarkdown-04074207184ce228.rlib" "/opt/rustwide/target/debug/deps/libunicode_id-42fe31a3cd6bbcef.rlib" "/opt/rustwide/target/debug/deps/libtokio_stream-5da72417def5f13b.rlib" "/opt/rustwide/target/debug/deps/libtokio-5753680a54921482.rlib" "/opt/rustwide/target/debug/deps/libsocket2-b470de2714f3a9fe.rlib" "/opt/rustwide/target/debug/deps/libbytes-0a052f49710012b1.rlib" "/opt/rustwide/target/debug/deps/libmio-41a6d46e981e0b00.rlib" "/opt/rustwide/target/debug/deps/liblibc-a9a2a17e1d19328b.rlib" "/opt/rustwide/target/debug/deps/liblazy_static-591486ebcb9a7ead.rlib" "/opt/rustwide/target/debug/deps/libfutures-b1b6a50ebeb51141.rlib" "/opt/rustwide/target/debug/deps/libfutures_executor-6edc6876812d0891.rlib" "/opt/rustwide/target/debug/deps/libfutures_util-2a2943699b4922c8.rlib" "/opt/rustwide/target/debug/deps/libmemchr-8adfc22b612d6f7a.rlib" "/opt/rustwide/target/debug/deps/libfutures_io-f78ef9dc246c63e2.rlib" "/opt/rustwide/target/debug/deps/libslab-6eb39baadbe9101c.rlib" "/opt/rustwide/target/debug/deps/libfutures_channel-d0ca9427ebdb155b.rlib" "/opt/rustwide/target/debug/deps/libpin_project_lite-e0757e0deaa2f8a0.rlib" "/opt/rustwide/target/debug/deps/libfutures_sink-ca415c0607e47a6c.rlib" "/opt/rustwide/target/debug/deps/libfutures_task-b197dd02e3eb7463.rlib" "/opt/rustwide/target/debug/deps/libpin_utils-741f7d9d160e4a16.rlib" "/opt/rustwide/target/debug/deps/libfutures_core-17b45303463871aa.rlib" "/opt/rustwide/target/debug/deps/libserde-bdae8ee23eaefe95.rlib" "/opt/rustwide/target/debug/deps/libthiserror-b128d3300f7b40ce.rlib" "/opt/rustwide/rustup-home/toolchains/1.75.0-x86_64-unknown-linux-gnu/lib/rustlib/x86_64-unknown-linux-gnu/lib/libstd-90f6ddbf82de36ec.rlib" "/opt/rustwide/rustup-home/toolchains/1.75.0-x86_64-unknown-linux-gnu/lib/rustlib/x86_64-unknown-linux-gnu/lib/libpanic_unwind-480c41e9d4e1f677.rlib" "/opt/rustwide/rustup-home/toolchains/1.75.0-x86_64-unknown-linux-gnu/lib/rustlib/x86_64-unknown-linux-gnu/lib/libobject-db744c0ca03eed1d.rlib" "/opt/rustwide/rustup-home/toolchains/1.75.0-x86_64-unknown-linux-gnu/lib/rustlib/x86_64-unknown-linux-gnu/lib/libmemchr-8ba652dc7d4b285a.rlib" "/opt/rustwide/rustup-home/toolchains/1.75.0-x86_64-unknown-linux-gnu/lib/rustlib/x86_64-unknown-linux-gnu/lib/libaddr2line-d5f4520a9ebc0d58.rlib" "/opt/rustwide/rustup-home/toolchains/1.75.0-x86_64-unknown-linux-gnu/lib/rustlib/x86_64-unknown-linux-gnu/lib/libgimli-4ad84de58f0cb463.rlib" "/opt/rustwide/rustup-home/toolchains/1.75.0-x86_64-unknown-linux-gnu/lib/rustlib/x86_64-unknown-linux-gnu/lib/librustc_demangle-0d10aae2e0f38735.rlib" "/opt/rustwide/rustup-home/toolchains/1.75.0-x86_64-unknown-linux-gnu/lib/rustlib/x86_64-unknown-linux-gnu/lib/libstd_detect-0c17cff739e6745b.rlib" "/opt/rustwide/rustup-home/toolchains/1.75.0-x86_64-unknown-linux-gnu/lib/rustlib/x86_64-unknown-linux-gnu/lib/libhashbrown-b29e17139dde1aa8.rlib" "/opt/rustwide/rustup-home/toolchains/1.75.0-x86_64-unknown-linux-gnu/lib/rustlib/x86_64-unknown-linux-gnu/lib/librustc_std_workspace_alloc-1f975299829cc7bd.rlib" "/opt/rustwide/rustup-home/toolchains/1.75.0-x86_64-unknown-linux-gnu/lib/rustlib/x86_64-unknown-linux-gnu/lib/libminiz_oxide-86bae3bc3079f89b.rlib" "/opt/rustwide/rustup-home/toolchains/1.75.0-x86_64-unknown-linux-gnu/lib/rustlib/x86_64-unknown-linux-gnu/lib/libadler-321b82c30dffdf5f.rlib" "/opt/rustwide/rustup-home/toolchains/1.75.0-x86_64-unknown-linux-gnu/lib/rustlib/x86_64-unknown-linux-gnu/lib/libunwind-3dd8a6810a0bdfef.rlib" "/opt/rustwide/rustup-home/toolchains/1.75.0-x86_64-unknown-linux-gnu/lib/rustlib/x86_64-unknown-linux-gnu/lib/libcfg_if-eb39a61c0c879984.rlib" "/opt/rustwide/rustup-home/toolchains/1.75.0-x86_64-unknown-linux-gnu/lib/rustlib/x86_64-unknown-linux-gnu/lib/liblibc-aa769569f91c3548.rlib" "/opt/rustwide/rustup-home/toolchains/1.75.0-x86_64-unknown-linux-gnu/lib/rustlib/x86_64-unknown-linux-gnu/lib/liballoc-510a192a50a983ed.rlib" "/opt/rustwide/rustup-home/toolchains/1.75.0-x86_64-unknown-linux-gnu/lib/rustlib/x86_64-unknown-linux-gnu/lib/librustc_std_workspace_core-0577018320f99037.rlib" "/opt/rustwide/rustup-home/toolchains/1.75.0-x86_64-unknown-linux-gnu/lib/rustlib/x86_64-unknown-linux-gnu/lib/libcore-193cf992125ccd4c.rlib" "/opt/rustwide/rustup-home/toolchains/1.75.0-x86_64-unknown-linux-gnu/lib/rustlib/x86_64-unknown-linux-gnu/lib/libcompiler_builtins-8e138eaf26ebb4a8.rlib" "-Wl,-Bdynamic" "-lssl" "-lcrypto" "-lgcc_s" "-lutil" "-lrt" "-lpthread" "-lm" "-ldl" "-lc" "-Wl,--eh-frame-hdr" "-Wl,-z,noexecstack" "-L" "/opt/rustwide/rustup-home/toolchains/1.75.0-x86_64-unknown-linux-gnu/lib/rustlib/x86_64-unknown-linux-gnu/lib" "-o" "/opt/rustwide/target/debug/examples/google_serper-e5b075b9294219a5" "-Wl,--gc-sections" "-pie" "-Wl,-z,relro,-z,now" "-nodefaultlibs"
[INFO] [stdout]   = note: collect2: fatal error: ld terminated with signal 9 [Killed]
[INFO] [stdout]           compilation terminated.
[INFO] [stdout]           
[INFO] [stdout] 
[INFO] [stdout] 
[INFO] [stdout] error: aborting due to previous error
[INFO] [stdout] 
[INFO] [stdout] 
[INFO] [stderr] error: could not compile `llm-chain` (example "google_serper") due to 2 previous errors
[INFO] [stdout] error: linking with `cc` failed: exit status: 1
[INFO] [stdout]   |
[INFO] [stdout]   = note: LC_ALL="C" PATH="/opt/rustwide/rustup-home/toolchains/1.75.0-x86_64-unknown-linux-gnu/lib/rustlib/x86_64-unknown-linux-gnu/bin:/opt/rustwide/cargo-home/bin:/usr/local/sbin:/usr/local/bin:/usr/sbin:/usr/bin:/sbin:/bin" VSLANG="1033" "cc" "-m64" "/tmp/rustcRYAnSa/symbols.o" "/opt/rustwide/target/debug/examples/multitool-43eef0f1297f159a.multitool.6074680d945d0873-cgu.0.rcgu.o" "/opt/rustwide/target/debug/examples/multitool-43eef0f1297f159a.multitool.6074680d945d0873-cgu.1.rcgu.o" "/opt/rustwide/target/debug/examples/multitool-43eef0f1297f159a.l7tfc600ipszpv4.rcgu.o" "-Wl,--as-needed" "-L" "/opt/rustwide/target/debug/deps" "-L" "/opt/rustwide/rustup-home/toolchains/1.75.0-x86_64-unknown-linux-gnu/lib/rustlib/x86_64-unknown-linux-gnu/lib" "-Wl,-Bstatic" "/opt/rustwide/target/debug/deps/libllm_chain-42ffec0c7b5f0744.rlib" "/opt/rustwide/target/debug/deps/libderive_builder-f4a0c9c0d1b4b80d.rlib" "/opt/rustwide/target/debug/deps/libreqwest-14db7a9b4e753a76.rlib" "/opt/rustwide/target/debug/deps/libhyper_tls-6a6038b4175a8042.rlib" "/opt/rustwide/target/debug/deps/libserde_urlencoded-c4591c002e83a76c.rlib" "/opt/rustwide/target/debug/deps/libbase64-c757f6e1d18850a5.rlib" "/opt/rustwide/target/debug/deps/libipnet-31f1670f407a9398.rlib" "/opt/rustwide/target/debug/deps/libtokio_native_tls-7c17968caf463697.rlib" "/opt/rustwide/target/debug/deps/libmime-7e306270d8ceb372.rlib" "/opt/rustwide/target/debug/deps/libencoding_rs-000c97fafd38c2ed.rlib" "/opt/rustwide/target/debug/deps/libnative_tls-a3db7479b071c172.rlib" "/opt/rustwide/target/debug/deps/libopenssl_probe-d850575132083d7c.rlib" "/opt/rustwide/target/debug/deps/libopenssl-f5a72c719c35464a.rlib" "/opt/rustwide/target/debug/deps/libbitflags-0065cf305c229aa5.rlib" "/opt/rustwide/target/debug/deps/libforeign_types-c05743815e5b8a9d.rlib" "/opt/rustwide/target/debug/deps/libforeign_types_shared-d149f5491fde2862.rlib" "/opt/rustwide/target/debug/deps/libopenssl_sys-9cdd6ca1808311a2.rlib" "/opt/rustwide/target/debug/deps/libhyper-423af10a151f1078.rlib" "/opt/rustwide/target/debug/deps/libwant-0e59d2771cba3a35.rlib" "/opt/rustwide/target/debug/deps/libtry_lock-51271589248cd7d9.rlib" "/opt/rustwide/target/debug/deps/libsocket2-f2b88ec994c5f528.rlib" "/opt/rustwide/target/debug/deps/libhttparse-64f1ffbeda450424.rlib" "/opt/rustwide/target/debug/deps/libh2-a621091ee36e15d4.rlib" "/opt/rustwide/target/debug/deps/libtokio_util-03ae4e05941f1a1e.rlib" "/opt/rustwide/target/debug/deps/libtower_service-104d6e83d5ce383d.rlib" "/opt/rustwide/target/debug/deps/libtracing-4c36559c7f045711.rlib" "/opt/rustwide/target/debug/deps/libtracing_core-4ad00ebcda7f03a2.rlib" "/opt/rustwide/target/debug/deps/libhttp_body-51311c5a353e4f64.rlib" "/opt/rustwide/target/debug/deps/liburl-bc0661a5141cbab3.rlib" "/opt/rustwide/target/debug/deps/libidna-35e3e2f202e10859.rlib" "/opt/rustwide/target/debug/deps/libunicode_normalization-e04a0b39935fba30.rlib" "/opt/rustwide/target/debug/deps/libtinyvec-cf6c9f6b792a5507.rlib" "/opt/rustwide/target/debug/deps/libtinyvec_macros-b1cb7f53f58c9f87.rlib" "/opt/rustwide/target/debug/deps/libunicode_bidi-020370784786e57d.rlib" "/opt/rustwide/target/debug/deps/libform_urlencoded-a39e5ffbd9c88c0c.rlib" "/opt/rustwide/target/debug/deps/libhttp-9f90e562c1e0df30.rlib" "/opt/rustwide/target/debug/deps/libtera-c25979dcb7f0b15d.rlib" "/opt/rustwide/target/debug/deps/libslug-3d53c2a4d4ffbd9c.rlib" "/opt/rustwide/target/debug/deps/libdeunicode-840baf141e81fc5c.rlib" "/opt/rustwide/target/debug/deps/libglobwalk-5149241d666d7cdf.rlib" "/opt/rustwide/target/debug/deps/libbitflags-b7cee2ca4fb438d0.rlib" "/opt/rustwide/target/debug/deps/libignore-884cfef10c3b2e87.rlib" "/opt/rustwide/target/debug/deps/libwalkdir-855d0afe3de90c17.rlib" "/opt/rustwide/target/debug/deps/libsame_file-06a4c01142053b65.rlib" "/opt/rustwide/target/debug/deps/libthread_local-37974e86c33cb31d.rlib" "/opt/rustwide/target/debug/deps/libonce_cell-865e1c5018a0303a.rlib" "/opt/rustwide/target/debug/deps/libglobset-a08514bb3bbda480.rlib" "/opt/rustwide/target/debug/deps/libfnv-18bf5144d055e772.rlib" "/opt/rustwide/target/debug/deps/liblog-4f472032e8cdd371.rlib" "/opt/rustwide/target/debug/deps/libbstr-bd5cfd897e0e2b6d.rlib" "/opt/rustwide/target/debug/deps/libpest-d1a6965b55dd44c2.rlib" "/opt/rustwide/target/debug/deps/libucd_trie-6132939a2ce7db4c.rlib" "/opt/rustwide/target/debug/deps/librand-1a9ceccdf299ade8.rlib" "/opt/rustwide/target/debug/deps/librand_chacha-65d28dd0324e882f.rlib" "/opt/rustwide/target/debug/deps/libppv_lite86-9f808eb911999ef2.rlib" "/opt/rustwide/target/debug/deps/librand_core-693394dfca7dc1fc.rlib" "/opt/rustwide/target/debug/deps/libgetrandom-cae587a370153759.rlib" "/opt/rustwide/target/debug/deps/libcfg_if-61dc7a6799e72b18.rlib" "/opt/rustwide/target/debug/deps/libpercent_encoding-5d42724fd4d173a7.rlib" "/opt/rustwide/target/debug/deps/libunic_segment-4506fa2a6b8fcf07.rlib" "/opt/rustwide/target/debug/deps/libunic_ucd_segment-39d98c64c5267e88.rlib" "/opt/rustwide/target/debug/deps/libunic_ucd_version-86e870b89902e72e.rlib" "/opt/rustwide/target/debug/deps/libunic_common-b51cfe4c7911fb51.rlib" "/opt/rustwide/target/debug/deps/libunic_char_property-3038e51eb891254b.rlib" "/opt/rustwide/target/debug/deps/libunic_char_range-8167d6d630af922b.rlib" "/opt/rustwide/target/debug/deps/libregex-43bdbc33a6384815.rlib" "/opt/rustwide/target/debug/deps/libregex_automata-35f9be2f753ec7d5.rlib" "/opt/rustwide/target/debug/deps/libaho_corasick-1143312c78fc67c2.rlib" "/opt/rustwide/target/debug/deps/libregex_syntax-e4dd3c3a3cb10e1d.rlib" "/opt/rustwide/target/debug/deps/libhumansize-7cb56c1d69694199.rlib" "/opt/rustwide/target/debug/deps/liblibm-86e0518b70fd2a45.rlib" "/opt/rustwide/target/debug/deps/libchrono_tz-2f84a08f617e2d33.rlib" "/opt/rustwide/target/debug/deps/libphf-75da2ba4a0a3b788.rlib" "/opt/rustwide/target/debug/deps/libphf_shared-c55d56ee6edaa4cd.rlib" "/opt/rustwide/target/debug/deps/libsiphasher-bee8b9f666c09ef8.rlib" "/opt/rustwide/target/debug/deps/libchrono-4387a063e27d18ca.rlib" "/opt/rustwide/target/debug/deps/libnum_traits-fbf3e4065138c85e.rlib" "/opt/rustwide/target/debug/deps/libiana_time_zone-a8226bfa732531ed.rlib" "/opt/rustwide/target/debug/deps/libserde_json-0f2f05dd36f6d145.rlib" "/opt/rustwide/target/debug/deps/libserde_yaml-7b12d07020aa693f.rlib" "/opt/rustwide/target/debug/deps/libryu-f8e8abf733224b36.rlib" "/opt/rustwide/target/debug/deps/libitoa-05fb7c91ffbc0a79.rlib" "/opt/rustwide/target/debug/deps/libindexmap-22e0f4634bb72d96.rlib" "/opt/rustwide/target/debug/deps/libequivalent-daf5c71f5fc642dd.rlib" "/opt/rustwide/target/debug/deps/libhashbrown-d5d4385ff3f60687.rlib" "/opt/rustwide/target/debug/deps/libunsafe_libyaml-1a8199d39575d0ac.rlib" "/opt/rustwide/target/debug/deps/libmarkdown-04074207184ce228.rlib" "/opt/rustwide/target/debug/deps/libunicode_id-42fe31a3cd6bbcef.rlib" "/opt/rustwide/target/debug/deps/libtokio_stream-5da72417def5f13b.rlib" "/opt/rustwide/target/debug/deps/libtokio-5753680a54921482.rlib" "/opt/rustwide/target/debug/deps/libsocket2-b470de2714f3a9fe.rlib" "/opt/rustwide/target/debug/deps/libbytes-0a052f49710012b1.rlib" "/opt/rustwide/target/debug/deps/libmio-41a6d46e981e0b00.rlib" "/opt/rustwide/target/debug/deps/liblibc-a9a2a17e1d19328b.rlib" "/opt/rustwide/target/debug/deps/liblazy_static-591486ebcb9a7ead.rlib" "/opt/rustwide/target/debug/deps/libfutures-b1b6a50ebeb51141.rlib" "/opt/rustwide/target/debug/deps/libfutures_executor-6edc6876812d0891.rlib" "/opt/rustwide/target/debug/deps/libfutures_util-2a2943699b4922c8.rlib" "/opt/rustwide/target/debug/deps/libmemchr-8adfc22b612d6f7a.rlib" "/opt/rustwide/target/debug/deps/libfutures_io-f78ef9dc246c63e2.rlib" "/opt/rustwide/target/debug/deps/libslab-6eb39baadbe9101c.rlib" "/opt/rustwide/target/debug/deps/libfutures_channel-d0ca9427ebdb155b.rlib" "/opt/rustwide/target/debug/deps/libpin_project_lite-e0757e0deaa2f8a0.rlib" "/opt/rustwide/target/debug/deps/libfutures_sink-ca415c0607e47a6c.rlib" "/opt/rustwide/target/debug/deps/libfutures_task-b197dd02e3eb7463.rlib" "/opt/rustwide/target/debug/deps/libpin_utils-741f7d9d160e4a16.rlib" "/opt/rustwide/target/debug/deps/libfutures_core-17b45303463871aa.rlib" "/opt/rustwide/target/debug/deps/libserde-bdae8ee23eaefe95.rlib" "/opt/rustwide/target/debug/deps/libthiserror-b128d3300f7b40ce.rlib" "/opt/rustwide/rustup-home/toolchains/1.75.0-x86_64-unknown-linux-gnu/lib/rustlib/x86_64-unknown-linux-gnu/lib/libstd-90f6ddbf82de36ec.rlib" "/opt/rustwide/rustup-home/toolchains/1.75.0-x86_64-unknown-linux-gnu/lib/rustlib/x86_64-unknown-linux-gnu/lib/libpanic_unwind-480c41e9d4e1f677.rlib" "/opt/rustwide/rustup-home/toolchains/1.75.0-x86_64-unknown-linux-gnu/lib/rustlib/x86_64-unknown-linux-gnu/lib/libobject-db744c0ca03eed1d.rlib" "/opt/rustwide/rustup-home/toolchains/1.75.0-x86_64-unknown-linux-gnu/lib/rustlib/x86_64-unknown-linux-gnu/lib/libmemchr-8ba652dc7d4b285a.rlib" "/opt/rustwide/rustup-home/toolchains/1.75.0-x86_64-unknown-linux-gnu/lib/rustlib/x86_64-unknown-linux-gnu/lib/libaddr2line-d5f4520a9ebc0d58.rlib" "/opt/rustwide/rustup-home/toolchains/1.75.0-x86_64-unknown-linux-gnu/lib/rustlib/x86_64-unknown-linux-gnu/lib/libgimli-4ad84de58f0cb463.rlib" "/opt/rustwide/rustup-home/toolchains/1.75.0-x86_64-unknown-linux-gnu/lib/rustlib/x86_64-unknown-linux-gnu/lib/librustc_demangle-0d10aae2e0f38735.rlib" "/opt/rustwide/rustup-home/toolchains/1.75.0-x86_64-unknown-linux-gnu/lib/rustlib/x86_64-unknown-linux-gnu/lib/libstd_detect-0c17cff739e6745b.rlib" "/opt/rustwide/rustup-home/toolchains/1.75.0-x86_64-unknown-linux-gnu/lib/rustlib/x86_64-unknown-linux-gnu/lib/libhashbrown-b29e17139dde1aa8.rlib" "/opt/rustwide/rustup-home/toolchains/1.75.0-x86_64-unknown-linux-gnu/lib/rustlib/x86_64-unknown-linux-gnu/lib/librustc_std_workspace_alloc-1f975299829cc7bd.rlib" "/opt/rustwide/rustup-home/toolchains/1.75.0-x86_64-unknown-linux-gnu/lib/rustlib/x86_64-unknown-linux-gnu/lib/libminiz_oxide-86bae3bc3079f89b.rlib" "/opt/rustwide/rustup-home/toolchains/1.75.0-x86_64-unknown-linux-gnu/lib/rustlib/x86_64-unknown-linux-gnu/lib/libadler-321b82c30dffdf5f.rlib" "/opt/rustwide/rustup-home/toolchains/1.75.0-x86_64-unknown-linux-gnu/lib/rustlib/x86_64-unknown-linux-gnu/lib/libunwind-3dd8a6810a0bdfef.rlib" "/opt/rustwide/rustup-home/toolchains/1.75.0-x86_64-unknown-linux-gnu/lib/rustlib/x86_64-unknown-linux-gnu/lib/libcfg_if-eb39a61c0c879984.rlib" "/opt/rustwide/rustup-home/toolchains/1.75.0-x86_64-unknown-linux-gnu/lib/rustlib/x86_64-unknown-linux-gnu/lib/liblibc-aa769569f91c3548.rlib" "/opt/rustwide/rustup-home/toolchains/1.75.0-x86_64-unknown-linux-gnu/lib/rustlib/x86_64-unknown-linux-gnu/lib/liballoc-510a192a50a983ed.rlib" "/opt/rustwide/rustup-home/toolchains/1.75.0-x86_64-unknown-linux-gnu/lib/rustlib/x86_64-unknown-linux-gnu/lib/librustc_std_workspace_core-0577018320f99037.rlib" "/opt/rustwide/rustup-home/toolchains/1.75.0-x86_64-unknown-linux-gnu/lib/rustlib/x86_64-unknown-linux-gnu/lib/libcore-193cf992125ccd4c.rlib" "/opt/rustwide/rustup-home/toolchains/1.75.0-x86_64-unknown-linux-gnu/lib/rustlib/x86_64-unknown-linux-gnu/lib/libcompiler_builtins-8e138eaf26ebb4a8.rlib" "-Wl,-Bdynamic" "-lssl" "-lcrypto" "-lgcc_s" "-lutil" "-lrt" "-lpthread" "-lm" "-ldl" "-lc" "-Wl,--eh-frame-hdr" "-Wl,-z,noexecstack" "-L" "/opt/rustwide/rustup-home/toolchains/1.75.0-x86_64-unknown-linux-gnu/lib/rustlib/x86_64-unknown-linux-gnu/lib" "-o" "/opt/rustwide/target/debug/examples/multitool-43eef0f1297f159a" "-Wl,--gc-sections" "-pie" "-Wl,-z,relro,-z,now" "-nodefaultlibs"
[INFO] [stdout]   = note: collect2: fatal error: ld terminated with signal 9 [Killed]
[INFO] [stdout]           compilation terminated.
[INFO] [stdout]           
[INFO] [stdout] 
[INFO] [stdout] 
[INFO] [stdout] error: aborting due to previous error
[INFO] [stdout] 
[INFO] [stdout] 
[INFO] [stderr] error: could not compile `llm-chain` (example "multitool") due to 2 previous errors
[INFO] [stdout] error: linking with `cc` failed: exit status: 1
[INFO] [stdout]   |
[INFO] [stdout]   = note: LC_ALL="C" PATH="/opt/rustwide/rustup-home/toolchains/1.75.0-x86_64-unknown-linux-gnu/lib/rustlib/x86_64-unknown-linux-gnu/bin:/opt/rustwide/cargo-home/bin:/usr/local/sbin:/usr/local/bin:/usr/sbin:/usr/bin:/sbin:/bin" VSLANG="1033" "cc" "-m64" "/tmp/rustc2bxZBp/symbols.o" "/opt/rustwide/target/debug/examples/extract_labeled_text-56d02b0dc548507a.extract_labeled_text.297ea1e2b2550465-cgu.0.rcgu.o" "/opt/rustwide/target/debug/examples/extract_labeled_text-56d02b0dc548507a.2e9z24cxtwzrkbl2.rcgu.o" "-Wl,--as-needed" "-L" "/opt/rustwide/target/debug/deps" "-L" "/opt/rustwide/rustup-home/toolchains/1.75.0-x86_64-unknown-linux-gnu/lib/rustlib/x86_64-unknown-linux-gnu/lib" "-Wl,-Bstatic" "/opt/rustwide/target/debug/deps/libllm_chain-42ffec0c7b5f0744.rlib" "/opt/rustwide/target/debug/deps/libderive_builder-f4a0c9c0d1b4b80d.rlib" "/opt/rustwide/target/debug/deps/libreqwest-14db7a9b4e753a76.rlib" "/opt/rustwide/target/debug/deps/libhyper_tls-6a6038b4175a8042.rlib" "/opt/rustwide/target/debug/deps/libserde_urlencoded-c4591c002e83a76c.rlib" "/opt/rustwide/target/debug/deps/libbase64-c757f6e1d18850a5.rlib" "/opt/rustwide/target/debug/deps/libipnet-31f1670f407a9398.rlib" "/opt/rustwide/target/debug/deps/libtokio_native_tls-7c17968caf463697.rlib" "/opt/rustwide/target/debug/deps/libmime-7e306270d8ceb372.rlib" "/opt/rustwide/target/debug/deps/libencoding_rs-000c97fafd38c2ed.rlib" "/opt/rustwide/target/debug/deps/libnative_tls-a3db7479b071c172.rlib" "/opt/rustwide/target/debug/deps/libopenssl_probe-d850575132083d7c.rlib" "/opt/rustwide/target/debug/deps/libopenssl-f5a72c719c35464a.rlib" "/opt/rustwide/target/debug/deps/libbitflags-0065cf305c229aa5.rlib" "/opt/rustwide/target/debug/deps/libforeign_types-c05743815e5b8a9d.rlib" "/opt/rustwide/target/debug/deps/libforeign_types_shared-d149f5491fde2862.rlib" "/opt/rustwide/target/debug/deps/libopenssl_sys-9cdd6ca1808311a2.rlib" "/opt/rustwide/target/debug/deps/libhyper-423af10a151f1078.rlib" "/opt/rustwide/target/debug/deps/libwant-0e59d2771cba3a35.rlib" "/opt/rustwide/target/debug/deps/libtry_lock-51271589248cd7d9.rlib" "/opt/rustwide/target/debug/deps/libsocket2-f2b88ec994c5f528.rlib" "/opt/rustwide/target/debug/deps/libhttparse-64f1ffbeda450424.rlib" "/opt/rustwide/target/debug/deps/libh2-a621091ee36e15d4.rlib" "/opt/rustwide/target/debug/deps/libtokio_util-03ae4e05941f1a1e.rlib" "/opt/rustwide/target/debug/deps/libtower_service-104d6e83d5ce383d.rlib" "/opt/rustwide/target/debug/deps/libtracing-4c36559c7f045711.rlib" "/opt/rustwide/target/debug/deps/libtracing_core-4ad00ebcda7f03a2.rlib" "/opt/rustwide/target/debug/deps/libhttp_body-51311c5a353e4f64.rlib" "/opt/rustwide/target/debug/deps/liburl-bc0661a5141cbab3.rlib" "/opt/rustwide/target/debug/deps/libidna-35e3e2f202e10859.rlib" "/opt/rustwide/target/debug/deps/libunicode_normalization-e04a0b39935fba30.rlib" "/opt/rustwide/target/debug/deps/libtinyvec-cf6c9f6b792a5507.rlib" "/opt/rustwide/target/debug/deps/libtinyvec_macros-b1cb7f53f58c9f87.rlib" "/opt/rustwide/target/debug/deps/libunicode_bidi-020370784786e57d.rlib" "/opt/rustwide/target/debug/deps/libform_urlencoded-a39e5ffbd9c88c0c.rlib" "/opt/rustwide/target/debug/deps/libhttp-9f90e562c1e0df30.rlib" "/opt/rustwide/target/debug/deps/libtera-c25979dcb7f0b15d.rlib" "/opt/rustwide/target/debug/deps/libslug-3d53c2a4d4ffbd9c.rlib" "/opt/rustwide/target/debug/deps/libdeunicode-840baf141e81fc5c.rlib" "/opt/rustwide/target/debug/deps/libglobwalk-5149241d666d7cdf.rlib" "/opt/rustwide/target/debug/deps/libbitflags-b7cee2ca4fb438d0.rlib" "/opt/rustwide/target/debug/deps/libignore-884cfef10c3b2e87.rlib" "/opt/rustwide/target/debug/deps/libwalkdir-855d0afe3de90c17.rlib" "/opt/rustwide/target/debug/deps/libsame_file-06a4c01142053b65.rlib" "/opt/rustwide/target/debug/deps/libthread_local-37974e86c33cb31d.rlib" "/opt/rustwide/target/debug/deps/libonce_cell-865e1c5018a0303a.rlib" "/opt/rustwide/target/debug/deps/libglobset-a08514bb3bbda480.rlib" "/opt/rustwide/target/debug/deps/libfnv-18bf5144d055e772.rlib" "/opt/rustwide/target/debug/deps/liblog-4f472032e8cdd371.rlib" "/opt/rustwide/target/debug/deps/libbstr-bd5cfd897e0e2b6d.rlib" "/opt/rustwide/target/debug/deps/libpest-d1a6965b55dd44c2.rlib" "/opt/rustwide/target/debug/deps/libucd_trie-6132939a2ce7db4c.rlib" "/opt/rustwide/target/debug/deps/librand-1a9ceccdf299ade8.rlib" "/opt/rustwide/target/debug/deps/librand_chacha-65d28dd0324e882f.rlib" "/opt/rustwide/target/debug/deps/libppv_lite86-9f808eb911999ef2.rlib" "/opt/rustwide/target/debug/deps/librand_core-693394dfca7dc1fc.rlib" "/opt/rustwide/target/debug/deps/libgetrandom-cae587a370153759.rlib" "/opt/rustwide/target/debug/deps/libcfg_if-61dc7a6799e72b18.rlib" "/opt/rustwide/target/debug/deps/libpercent_encoding-5d42724fd4d173a7.rlib" "/opt/rustwide/target/debug/deps/libunic_segment-4506fa2a6b8fcf07.rlib" "/opt/rustwide/target/debug/deps/libunic_ucd_segment-39d98c64c5267e88.rlib" "/opt/rustwide/target/debug/deps/libunic_ucd_version-86e870b89902e72e.rlib" "/opt/rustwide/target/debug/deps/libunic_common-b51cfe4c7911fb51.rlib" "/opt/rustwide/target/debug/deps/libunic_char_property-3038e51eb891254b.rlib" "/opt/rustwide/target/debug/deps/libunic_char_range-8167d6d630af922b.rlib" "/opt/rustwide/target/debug/deps/libregex-43bdbc33a6384815.rlib" "/opt/rustwide/target/debug/deps/libregex_automata-35f9be2f753ec7d5.rlib" "/opt/rustwide/target/debug/deps/libaho_corasick-1143312c78fc67c2.rlib" "/opt/rustwide/target/debug/deps/libregex_syntax-e4dd3c3a3cb10e1d.rlib" "/opt/rustwide/target/debug/deps/libhumansize-7cb56c1d69694199.rlib" "/opt/rustwide/target/debug/deps/liblibm-86e0518b70fd2a45.rlib" "/opt/rustwide/target/debug/deps/libchrono_tz-2f84a08f617e2d33.rlib" "/opt/rustwide/target/debug/deps/libphf-75da2ba4a0a3b788.rlib" "/opt/rustwide/target/debug/deps/libphf_shared-c55d56ee6edaa4cd.rlib" "/opt/rustwide/target/debug/deps/libsiphasher-bee8b9f666c09ef8.rlib" "/opt/rustwide/target/debug/deps/libchrono-4387a063e27d18ca.rlib" "/opt/rustwide/target/debug/deps/libnum_traits-fbf3e4065138c85e.rlib" "/opt/rustwide/target/debug/deps/libiana_time_zone-a8226bfa732531ed.rlib" "/opt/rustwide/target/debug/deps/libserde_json-0f2f05dd36f6d145.rlib" "/opt/rustwide/target/debug/deps/libserde_yaml-7b12d07020aa693f.rlib" "/opt/rustwide/target/debug/deps/libryu-f8e8abf733224b36.rlib" "/opt/rustwide/target/debug/deps/libitoa-05fb7c91ffbc0a79.rlib" "/opt/rustwide/target/debug/deps/libindexmap-22e0f4634bb72d96.rlib" "/opt/rustwide/target/debug/deps/libequivalent-daf5c71f5fc642dd.rlib" "/opt/rustwide/target/debug/deps/libhashbrown-d5d4385ff3f60687.rlib" "/opt/rustwide/target/debug/deps/libunsafe_libyaml-1a8199d39575d0ac.rlib" "/opt/rustwide/target/debug/deps/libmarkdown-04074207184ce228.rlib" "/opt/rustwide/target/debug/deps/libunicode_id-42fe31a3cd6bbcef.rlib" "/opt/rustwide/target/debug/deps/libtokio_stream-5da72417def5f13b.rlib" "/opt/rustwide/target/debug/deps/libtokio-5753680a54921482.rlib" "/opt/rustwide/target/debug/deps/libsocket2-b470de2714f3a9fe.rlib" "/opt/rustwide/target/debug/deps/libbytes-0a052f49710012b1.rlib" "/opt/rustwide/target/debug/deps/libmio-41a6d46e981e0b00.rlib" "/opt/rustwide/target/debug/deps/liblibc-a9a2a17e1d19328b.rlib" "/opt/rustwide/target/debug/deps/liblazy_static-591486ebcb9a7ead.rlib" "/opt/rustwide/target/debug/deps/libfutures-b1b6a50ebeb51141.rlib" "/opt/rustwide/target/debug/deps/libfutures_executor-6edc6876812d0891.rlib" "/opt/rustwide/target/debug/deps/libfutures_util-2a2943699b4922c8.rlib" "/opt/rustwide/target/debug/deps/libmemchr-8adfc22b612d6f7a.rlib" "/opt/rustwide/target/debug/deps/libfutures_io-f78ef9dc246c63e2.rlib" "/opt/rustwide/target/debug/deps/libslab-6eb39baadbe9101c.rlib" "/opt/rustwide/target/debug/deps/libfutures_channel-d0ca9427ebdb155b.rlib" "/opt/rustwide/target/debug/deps/libpin_project_lite-e0757e0deaa2f8a0.rlib" "/opt/rustwide/target/debug/deps/libfutures_sink-ca415c0607e47a6c.rlib" "/opt/rustwide/target/debug/deps/libfutures_task-b197dd02e3eb7463.rlib" "/opt/rustwide/target/debug/deps/libpin_utils-741f7d9d160e4a16.rlib" "/opt/rustwide/target/debug/deps/libfutures_core-17b45303463871aa.rlib" "/opt/rustwide/target/debug/deps/libserde-bdae8ee23eaefe95.rlib" "/opt/rustwide/target/debug/deps/libthiserror-b128d3300f7b40ce.rlib" "/opt/rustwide/rustup-home/toolchains/1.75.0-x86_64-unknown-linux-gnu/lib/rustlib/x86_64-unknown-linux-gnu/lib/libstd-90f6ddbf82de36ec.rlib" "/opt/rustwide/rustup-home/toolchains/1.75.0-x86_64-unknown-linux-gnu/lib/rustlib/x86_64-unknown-linux-gnu/lib/libpanic_unwind-480c41e9d4e1f677.rlib" "/opt/rustwide/rustup-home/toolchains/1.75.0-x86_64-unknown-linux-gnu/lib/rustlib/x86_64-unknown-linux-gnu/lib/libobject-db744c0ca03eed1d.rlib" "/opt/rustwide/rustup-home/toolchains/1.75.0-x86_64-unknown-linux-gnu/lib/rustlib/x86_64-unknown-linux-gnu/lib/libmemchr-8ba652dc7d4b285a.rlib" "/opt/rustwide/rustup-home/toolchains/1.75.0-x86_64-unknown-linux-gnu/lib/rustlib/x86_64-unknown-linux-gnu/lib/libaddr2line-d5f4520a9ebc0d58.rlib" "/opt/rustwide/rustup-home/toolchains/1.75.0-x86_64-unknown-linux-gnu/lib/rustlib/x86_64-unknown-linux-gnu/lib/libgimli-4ad84de58f0cb463.rlib" "/opt/rustwide/rustup-home/toolchains/1.75.0-x86_64-unknown-linux-gnu/lib/rustlib/x86_64-unknown-linux-gnu/lib/librustc_demangle-0d10aae2e0f38735.rlib" "/opt/rustwide/rustup-home/toolchains/1.75.0-x86_64-unknown-linux-gnu/lib/rustlib/x86_64-unknown-linux-gnu/lib/libstd_detect-0c17cff739e6745b.rlib" "/opt/rustwide/rustup-home/toolchains/1.75.0-x86_64-unknown-linux-gnu/lib/rustlib/x86_64-unknown-linux-gnu/lib/libhashbrown-b29e17139dde1aa8.rlib" "/opt/rustwide/rustup-home/toolchains/1.75.0-x86_64-unknown-linux-gnu/lib/rustlib/x86_64-unknown-linux-gnu/lib/librustc_std_workspace_alloc-1f975299829cc7bd.rlib" "/opt/rustwide/rustup-home/toolchains/1.75.0-x86_64-unknown-linux-gnu/lib/rustlib/x86_64-unknown-linux-gnu/lib/libminiz_oxide-86bae3bc3079f89b.rlib" "/opt/rustwide/rustup-home/toolchains/1.75.0-x86_64-unknown-linux-gnu/lib/rustlib/x86_64-unknown-linux-gnu/lib/libadler-321b82c30dffdf5f.rlib" "/opt/rustwide/rustup-home/toolchains/1.75.0-x86_64-unknown-linux-gnu/lib/rustlib/x86_64-unknown-linux-gnu/lib/libunwind-3dd8a6810a0bdfef.rlib" "/opt/rustwide/rustup-home/toolchains/1.75.0-x86_64-unknown-linux-gnu/lib/rustlib/x86_64-unknown-linux-gnu/lib/libcfg_if-eb39a61c0c879984.rlib" "/opt/rustwide/rustup-home/toolchains/1.75.0-x86_64-unknown-linux-gnu/lib/rustlib/x86_64-unknown-linux-gnu/lib/liblibc-aa769569f91c3548.rlib" "/opt/rustwide/rustup-home/toolchains/1.75.0-x86_64-unknown-linux-gnu/lib/rustlib/x86_64-unknown-linux-gnu/lib/liballoc-510a192a50a983ed.rlib" "/opt/rustwide/rustup-home/toolchains/1.75.0-x86_64-unknown-linux-gnu/lib/rustlib/x86_64-unknown-linux-gnu/lib/librustc_std_workspace_core-0577018320f99037.rlib" "/opt/rustwide/rustup-home/toolchains/1.75.0-x86_64-unknown-linux-gnu/lib/rustlib/x86_64-unknown-linux-gnu/lib/libcore-193cf992125ccd4c.rlib" "/opt/rustwide/rustup-home/toolchains/1.75.0-x86_64-unknown-linux-gnu/lib/rustlib/x86_64-unknown-linux-gnu/lib/libcompiler_builtins-8e138eaf26ebb4a8.rlib" "-Wl,-Bdynamic" "-lssl" "-lcrypto" "-lgcc_s" "-lutil" "-lrt" "-lpthread" "-lm" "-ldl" "-lc" "-Wl,--eh-frame-hdr" "-Wl,-z,noexecstack" "-L" "/opt/rustwide/rustup-home/toolchains/1.75.0-x86_64-unknown-linux-gnu/lib/rustlib/x86_64-unknown-linux-gnu/lib" "-o" "/opt/rustwide/target/debug/examples/extract_labeled_text-56d02b0dc548507a" "-Wl,--gc-sections" "-pie" "-Wl,-z,relro,-z,now" "-nodefaultlibs"
[INFO] [stdout]   = note: collect2: fatal error: ld terminated with signal 9 [Killed]
[INFO] [stdout]           compilation terminated.
[INFO] [stdout]           
[INFO] [stdout] 
[INFO] [stdout] 
[INFO] [stdout] error: aborting due to previous error
[INFO] [stdout] 
[INFO] [stdout] 
[INFO] [stderr] error: could not compile `llm-chain` (example "extract_labeled_text") due to 2 previous errors
[INFO] running `Command { std: "docker" "inspect" "822772951b6cd6ab159b9dc4a7352620dba93545ae89631ca83af3947f4065c7", kill_on_drop: false }`
[INFO] running `Command { std: "docker" "rm" "-f" "822772951b6cd6ab159b9dc4a7352620dba93545ae89631ca83af3947f4065c7", kill_on_drop: false }`
[INFO] [stdout] 822772951b6cd6ab159b9dc4a7352620dba93545ae89631ca83af3947f4065c7
[INFO] testing llm-chain-0.13.0 against beta-2023-12-22 for beta-1.76-1
[INFO] extracting crate llm-chain 0.13.0 into /workspace/builds/worker-5-tc2/source
[INFO] validating manifest of crates.io crate llm-chain 0.13.0 on toolchain beta-2023-12-22
[INFO] running `Command { std: CARGO_HOME="/workspace/cargo-home" RUSTUP_HOME="/workspace/rustup-home" "/workspace/cargo-home/bin/cargo" "+beta-2023-12-22" "metadata" "--manifest-path" "Cargo.toml" "--no-deps", kill_on_drop: false }`
[INFO] started tweaking crates.io crate llm-chain 0.13.0
[INFO] finished tweaking crates.io crate llm-chain 0.13.0
[INFO] tweaked toml for crates.io crate llm-chain 0.13.0 written to /workspace/builds/worker-5-tc2/source/Cargo.toml
[INFO] crate crates.io crate llm-chain 0.13.0 already has a lockfile, it will not be regenerated
[INFO] running `Command { std: CARGO_HOME="/workspace/cargo-home" RUSTUP_HOME="/workspace/rustup-home" "/workspace/cargo-home/bin/cargo" "+beta-2023-12-22" "fetch" "--manifest-path" "Cargo.toml", kill_on_drop: false }`
[INFO] running `Command { std: "docker" "create" "-v" "/var/lib/crater-agent-workspace/builds/worker-5-tc2/target:/opt/rustwide/target:rw,Z" "-v" "/var/lib/crater-agent-workspace/builds/worker-5-tc2/source:/opt/rustwide/workdir:ro,Z" "-v" "/var/lib/crater-agent-workspace/cargo-home:/opt/rustwide/cargo-home:ro,Z" "-v" "/var/lib/crater-agent-workspace/rustup-home:/opt/rustwide/rustup-home:ro,Z" "-e" "SOURCE_DIR=/opt/rustwide/workdir" "-e" "CARGO_TARGET_DIR=/opt/rustwide/target" "-e" "CARGO_HOME=/opt/rustwide/cargo-home" "-e" "RUSTUP_HOME=/opt/rustwide/rustup-home" "-w" "/opt/rustwide/workdir" "-m" "1610612736" "--user" "0:0" "--network" "none" "ghcr.io/rust-lang/crates-build-env/linux@sha256:2788e3201cd34a07e3172128adcd8b3090168a8e3bcc40d7c032b9dda1df7d1c" "/opt/rustwide/cargo-home/bin/cargo" "+beta-2023-12-22" "metadata" "--no-deps" "--format-version=1", kill_on_drop: false }`
[INFO] [stdout] 442c3ffdf0c05bf1ab00e8e4b96beff351535e2bdf7659eb08292661515bce02
[INFO] running `Command { std: "docker" "start" "-a" "442c3ffdf0c05bf1ab00e8e4b96beff351535e2bdf7659eb08292661515bce02", kill_on_drop: false }`
[INFO] running `Command { std: "docker" "inspect" "442c3ffdf0c05bf1ab00e8e4b96beff351535e2bdf7659eb08292661515bce02", kill_on_drop: false }`
[INFO] running `Command { std: "docker" "rm" "-f" "442c3ffdf0c05bf1ab00e8e4b96beff351535e2bdf7659eb08292661515bce02", kill_on_drop: false }`
[INFO] [stdout] 442c3ffdf0c05bf1ab00e8e4b96beff351535e2bdf7659eb08292661515bce02
[INFO] running `Command { std: "docker" "create" "-v" "/var/lib/crater-agent-workspace/builds/worker-5-tc2/target:/opt/rustwide/target:rw,Z" "-v" "/var/lib/crater-agent-workspace/builds/worker-5-tc2/source:/opt/rustwide/workdir:ro,Z" "-v" "/var/lib/crater-agent-workspace/cargo-home:/opt/rustwide/cargo-home:ro,Z" "-v" "/var/lib/crater-agent-workspace/rustup-home:/opt/rustwide/rustup-home:ro,Z" "-e" "SOURCE_DIR=/opt/rustwide/workdir" "-e" "CARGO_TARGET_DIR=/opt/rustwide/target" "-e" "CARGO_INCREMENTAL=0" "-e" "RUST_BACKTRACE=full" "-e" "RUSTFLAGS=--cap-lints=warn" "-e" "RUSTDOCFLAGS=--cap-lints=warn" "-e" "CARGO_HOME=/opt/rustwide/cargo-home" "-e" "RUSTUP_HOME=/opt/rustwide/rustup-home" "-w" "/opt/rustwide/workdir" "-m" "1610612736" "--user" "0:0" "--network" "none" "ghcr.io/rust-lang/crates-build-env/linux@sha256:2788e3201cd34a07e3172128adcd8b3090168a8e3bcc40d7c032b9dda1df7d1c" "/opt/rustwide/cargo-home/bin/cargo" "+beta-2023-12-22" "build" "--frozen" "--message-format=json", kill_on_drop: false }`
[INFO] [stdout] 5c718e8e40b09ba564c477b131bc311acb052f35529bb1112b4da31247d0e1e8
[INFO] running `Command { std: "docker" "start" "-a" "5c718e8e40b09ba564c477b131bc311acb052f35529bb1112b4da31247d0e1e8", kill_on_drop: false }`
[INFO] [stderr]    Compiling proc-macro2 v1.0.69
[INFO] [stderr]    Compiling libc v0.2.150
[INFO] [stderr]    Compiling memchr v2.6.4
[INFO] [stderr]    Compiling once_cell v1.18.0
[INFO] [stderr]    Compiling fnv v1.0.7
[INFO] [stderr]    Compiling pin-project-lite v0.2.13
[INFO] [stderr]    Compiling futures-core v0.3.29
[INFO] [stderr]    Compiling siphasher v0.3.11
[INFO] [stderr]    Compiling itoa v1.0.9
[INFO] [stderr]    Compiling pkg-config v0.3.27
[INFO] [stderr]    Compiling vcpkg v0.2.15
[INFO] [stderr]    Compiling bytes v1.5.0
[INFO] [stderr]    Compiling futures-sink v0.3.29
[INFO] [stderr]    Compiling futures-channel v0.3.29
[INFO] [stderr]    Compiling futures-task v0.3.29
[INFO] [stderr]    Compiling rand_core v0.6.4
[INFO] [stderr]    Compiling regex-syntax v0.8.2
[INFO] [stderr]    Compiling futures-util v0.3.29
[INFO] [stderr]    Compiling thiserror v1.0.50
[INFO] [stderr]    Compiling phf_shared v0.11.2
[INFO] [stderr]    Compiling rand v0.8.5
[INFO] [stderr]    Compiling pin-utils v0.1.0
[INFO] [stderr]    Compiling serde v1.0.192
[INFO] [stderr]    Compiling futures-io v0.3.29
[INFO] [stderr]    Compiling tracing-core v0.1.32
[INFO] [stderr]    Compiling strsim v0.10.0
[INFO] [stderr]    Compiling openssl v0.10.59
[INFO] [stderr]    Compiling ident_case v1.0.1
[INFO] [stderr]    Compiling hashbrown v0.14.2
[INFO] [stderr]    Compiling foreign-types-shared v0.1.1
[INFO] [stderr]    Compiling aho-corasick v1.1.2
[INFO] [stderr]    Compiling foreign-types v0.3.2
[INFO] [stderr]    Compiling http v0.2.11
[INFO] [stderr]    Compiling phf v0.11.2
[INFO] [stderr]    Compiling num-traits v0.2.17
[INFO] [stderr]    Compiling percent-encoding v2.3.0
[INFO] [stderr]    Compiling phf_generator v0.11.2
[INFO] [stderr]    Compiling tracing v0.1.40
[INFO] [stderr]    Compiling quote v1.0.33
[INFO] [stderr]    Compiling phf_codegen v0.11.2
[INFO] [stderr]    Compiling ryu v1.0.15
[INFO] [stderr]    Compiling syn v2.0.39
[INFO] [stderr]    Compiling syn v1.0.109
[INFO] [stderr]    Compiling cc v1.0.83
[INFO] [stderr]    Compiling ucd-trie v0.1.6
[INFO] [stderr]    Compiling indexmap v2.1.0
[INFO] [stderr]    Compiling native-tls v0.2.11
[INFO] [stderr]    Compiling mio v0.8.9
[INFO] [stderr]    Compiling socket2 v0.5.5
[INFO] [stderr]    Compiling getrandom v0.2.11
[INFO] [stderr]    Compiling bitflags v2.4.1
[INFO] [stderr]    Compiling httparse v1.8.0
[INFO] [stderr]    Compiling bstr v1.8.0
[INFO] [stderr]    Compiling unic-common v0.9.0
[INFO] [stderr]    Compiling serde_json v1.0.108
[INFO] [stderr]    Compiling try-lock v0.2.4
[INFO] [stderr]    Compiling same-file v1.0.6
[INFO] [stderr]    Compiling regex-automata v0.4.3
[INFO] [stderr]    Compiling libm v0.2.8
[INFO] [stderr]    Compiling openssl-probe v0.1.5
[INFO] [stderr]    Compiling unic-char-range v0.9.0
[INFO] [stderr]    Compiling unic-char-property v0.9.0
[INFO] [stderr]    Compiling http-body v0.4.5
[INFO] [stderr]    Compiling walkdir v2.4.0
[INFO] [stderr]    Compiling want v0.3.1
[INFO] [stderr]    Compiling unic-ucd-version v0.9.0
[INFO] [stderr]    Compiling socket2 v0.4.10
[INFO] [stderr]    Compiling form_urlencoded v1.2.0
[INFO] [stderr]    Compiling thread_local v1.1.7
[INFO] [stderr]    Compiling httpdate v1.0.3
[INFO] [stderr]    Compiling tower-service v0.3.2
[INFO] [stderr]    Compiling iana-time-zone v0.1.58
[INFO] [stderr]    Compiling unicode-bidi v0.3.13
[INFO] [stderr]    Compiling rustversion v1.0.14
[INFO] [stderr]    Compiling ppv-lite86 v0.2.17
[INFO] [stderr]    Compiling unic-ucd-segment v0.9.0
[INFO] [stderr]    Compiling anyhow v1.0.75
[INFO] [stderr]    Compiling openssl-sys v0.9.95
[INFO] [stderr]    Compiling rand_chacha v0.3.1
[INFO] [stderr]    Compiling idna v0.4.0
[INFO] [stderr]    Compiling chrono v0.4.31
[INFO] [stderr]    Compiling async-trait v0.1.74
[INFO] [stderr]    Compiling deunicode v1.4.1
[INFO] [stderr]    Compiling paste v1.0.14
[INFO] [stderr]    Compiling unic-segment v0.9.0
[INFO] [stderr]    Compiling slug v0.1.5
[INFO] [stderr]    Compiling humansize v2.1.3
[INFO] [stderr]    Compiling encoding_rs v0.8.33
[INFO] [stderr]    Compiling mime v0.3.17
[INFO] [stderr]    Compiling url v2.4.1
[INFO] [stderr]    Compiling unicode-id v0.3.4
[INFO] [stderr]    Compiling ipnet v2.9.0
[INFO] [stderr]    Compiling regex v1.10.2
[INFO] [stderr]    Compiling base64 v0.21.5
[INFO] [stderr]    Compiling heck v0.4.1
[INFO] [stderr]    Compiling unsafe-libyaml v0.2.9
[INFO] [stderr]    Compiling parse-zoneinfo v0.3.0
[INFO] [stderr]    Compiling markdown v1.0.0-alpha.14
[INFO] [stderr]    Compiling uuid v1.5.0
[INFO] [stderr]    Compiling chrono-tz-build v0.2.1
[INFO] [stderr]    Compiling strum v0.25.0
[INFO] [stderr]    Compiling chrono-tz v0.8.4
[INFO] [stderr]    Compiling darling_core v0.14.4
[INFO] [stderr]    Compiling globset v0.4.13
[INFO] [stderr]    Compiling ignore v0.4.20
[INFO] [stderr]    Compiling globwalk v0.8.1
[INFO] [stderr]    Compiling tokio-macros v2.2.0
[INFO] [stderr]    Compiling futures-macro v0.3.29
[INFO] [stderr]    Compiling thiserror-impl v1.0.50
[INFO] [stderr]    Compiling serde_derive v1.0.192
[INFO] [stderr]    Compiling openssl-macros v0.1.1
[INFO] [stderr]    Compiling strum_macros v0.25.3
[INFO] [stderr]    Compiling darling_macro v0.14.4
[INFO] [stderr]    Compiling tokio v1.34.0
[INFO] [stderr]    Compiling darling v0.14.4
[INFO] [stderr]    Compiling derive_builder_core v0.12.0
[INFO] [stderr]    Compiling pest v2.7.5
[INFO] [stderr]    Compiling derive_builder_macro v0.12.0
[INFO] [stderr]    Compiling pest_meta v2.7.5
[INFO] [stderr]    Compiling derive_builder v0.12.0
[INFO] [stderr]    Compiling pest_generator v2.7.5
[INFO] [stderr]    Compiling futures-executor v0.3.29
[INFO] [stderr]    Compiling pest_derive v2.7.5
[INFO] [stderr]    Compiling futures v0.3.29
[INFO] [stderr]    Compiling tokio-util v0.7.10
[INFO] [stderr]    Compiling tokio-native-tls v0.3.1
[INFO] [stderr]    Compiling tokio-stream v0.1.14
[INFO] [stderr]    Compiling h2 v0.3.22
[INFO] [stderr]    Compiling serde_urlencoded v0.7.1
[INFO] [stderr]    Compiling serde_yaml v0.9.27
[INFO] [stderr]    Compiling tera v1.19.1
[INFO] [stderr]    Compiling hyper v0.14.27
[INFO] [stderr]    Compiling hyper-tls v0.5.0
[INFO] [stderr]    Compiling reqwest v0.11.22
[INFO] [stderr]    Compiling llm-chain v0.13.0 (/opt/rustwide/workdir)
[INFO] [stderr]     Finished dev [unoptimized + debuginfo] target(s) in 18.42s
[INFO] running `Command { std: "docker" "inspect" "5c718e8e40b09ba564c477b131bc311acb052f35529bb1112b4da31247d0e1e8", kill_on_drop: false }`
[INFO] running `Command { std: "docker" "rm" "-f" "5c718e8e40b09ba564c477b131bc311acb052f35529bb1112b4da31247d0e1e8", kill_on_drop: false }`
[INFO] [stdout] 5c718e8e40b09ba564c477b131bc311acb052f35529bb1112b4da31247d0e1e8
[INFO] running `Command { std: "docker" "create" "-v" "/var/lib/crater-agent-workspace/builds/worker-5-tc2/target:/opt/rustwide/target:rw,Z" "-v" "/var/lib/crater-agent-workspace/builds/worker-5-tc2/source:/opt/rustwide/workdir:ro,Z" "-v" "/var/lib/crater-agent-workspace/cargo-home:/opt/rustwide/cargo-home:ro,Z" "-v" "/var/lib/crater-agent-workspace/rustup-home:/opt/rustwide/rustup-home:ro,Z" "-e" "SOURCE_DIR=/opt/rustwide/workdir" "-e" "CARGO_TARGET_DIR=/opt/rustwide/target" "-e" "CARGO_INCREMENTAL=0" "-e" "RUST_BACKTRACE=full" "-e" "RUSTFLAGS=--cap-lints=warn" "-e" "RUSTDOCFLAGS=--cap-lints=warn" "-e" "CARGO_HOME=/opt/rustwide/cargo-home" "-e" "RUSTUP_HOME=/opt/rustwide/rustup-home" "-w" "/opt/rustwide/workdir" "-m" "1610612736" "--user" "0:0" "--network" "none" "ghcr.io/rust-lang/crates-build-env/linux@sha256:2788e3201cd34a07e3172128adcd8b3090168a8e3bcc40d7c032b9dda1df7d1c" "/opt/rustwide/cargo-home/bin/cargo" "+beta-2023-12-22" "test" "--frozen" "--no-run" "--message-format=json", kill_on_drop: false }`
[INFO] [stdout] cb33805d18bba6f5d374d8533fd53058359571619fd358215f0377937d266a1d
[INFO] running `Command { std: "docker" "start" "-a" "cb33805d18bba6f5d374d8533fd53058359571619fd358215f0377937d266a1d", kill_on_drop: false }`
[INFO] [stderr]    Compiling either v1.9.0
[INFO] [stderr]    Compiling predicates-core v1.0.6
[INFO] [stderr]    Compiling float-cmp v0.9.0
[INFO] [stderr]    Compiling termtree v0.4.1
[INFO] [stderr]    Compiling difflib v0.4.0
[INFO] [stderr]    Compiling normalize-line-endings v0.3.0
[INFO] [stderr]    Compiling mockall_derive v0.11.4
[INFO] [stderr]    Compiling downcast v0.11.0
[INFO] [stderr]    Compiling fragile v2.0.0
[INFO] [stderr]    Compiling predicates-tree v1.0.9
[INFO] [stderr]    Compiling itertools v0.10.5
[INFO] [stderr]    Compiling predicates v2.1.5
[INFO] [stderr]    Compiling mockall v0.11.4
[INFO] [stderr]    Compiling llm-chain v0.13.0 (/opt/rustwide/workdir)
[INFO] [stdout] error[E0432]: unresolved import `llm_chain_macros`
[INFO] [stdout]  --> examples/tool_derive_describe.rs:3:5
[INFO] [stdout]   |
[INFO] [stdout] 3 | use llm_chain_macros::Describe;
[INFO] [stdout]   |     ^^^^^^^^^^^^^^^^ use of undeclared crate or module `llm_chain_macros`
[INFO] [stdout] 
[INFO] [stdout] 
[INFO] [stdout] error: cannot determine resolution for the derive macro `Describe`
[INFO] [stdout]  --> examples/tool_derive_describe.rs:5:10
[INFO] [stdout]   |
[INFO] [stdout] 5 | #[derive(Describe)]
[INFO] [stdout]   |          ^^^^^^^^
[INFO] [stdout]   |
[INFO] [stdout]   = note: import resolution is stuck, try simplifying macro imports
[INFO] [stdout] 
[INFO] [stdout] 
[INFO] [stdout] error: cannot find attribute `purpose` in this scope
[INFO] [stdout]  --> examples/tool_derive_describe.rs:7:7
[INFO] [stdout]   |
[INFO] [stdout] 7 |     #[purpose("Person's name")]
[INFO] [stdout]   |       ^^^^^^^
[INFO] [stdout] 
[INFO] [stdout] 
[INFO] [stdout] error: cannot find attribute `purpose` in this scope
[INFO] [stdout]   --> examples/tool_derive_describe.rs:11:7
[INFO] [stdout]    |
[INFO] [stdout] 11 |     #[purpose("Person's age")]
[INFO] [stdout]    |       ^^^^^^^
[INFO] [stdout] 
[INFO] [stdout] 
[INFO] [stdout] warning: unused imports: `FormatPart`, `Format`
[INFO] [stdout]  --> examples/tool_derive_describe.rs:2:24
[INFO] [stdout]   |
[INFO] [stdout] 2 | use llm_chain::tools::{Format, FormatPart};
[INFO] [stdout]   |                        ^^^^^^  ^^^^^^^^^^
[INFO] [stdout]   |
[INFO] [stdout]   = note: `#[warn(unused_imports)]` on by default
[INFO] [stdout] 
[INFO] [stdout] 
[INFO] [stdout] error[E0599]: no function or associated item named `describe` found for struct `MyToolInput` in the current scope
[INFO] [stdout]   --> examples/tool_derive_describe.rs:18:36
[INFO] [stdout]    |
[INFO] [stdout] 6  | struct MyToolInput {
[INFO] [stdout]    | ------------------ function or associated item `describe` not found for this struct
[INFO] [stdout] ...
[INFO] [stdout] 18 |     println!("{:#?}", MyToolInput::describe());
[INFO] [stdout]    |                                    ^^^^^^^^ function or associated item not found in `MyToolInput`
[INFO] [stdout]    |
[INFO] [stdout]    = help: items from traits can only be used if the trait is implemented and in scope
[INFO] [stdout]    = note: the following trait defines an item `describe`, perhaps you need to implement it:
[INFO] [stdout]            candidate #1: `Describe`
[INFO] [stdout] 
[INFO] [stdout] 
[INFO] [stdout] warning: unused import: `llm_chain::tools::Describe`
[INFO] [stdout]  --> examples/tool_derive_describe.rs:1:5
[INFO] [stdout]   |
[INFO] [stdout] 1 | use llm_chain::tools::Describe;
[INFO] [stdout]   |     ^^^^^^^^^^^^^^^^^^^^^^^^^^
[INFO] [stdout] 
[INFO] [stdout] 
[INFO] [stdout] error: aborting due to 5 previous errors; 2 warnings emitted
[INFO] [stdout] 
[INFO] [stdout] 
[INFO] [stdout] Some errors have detailed explanations: E0432, E0599.
[INFO] [stdout] 
[INFO] [stdout] For more information about an error, try `rustc --explain E0432`.
[INFO] [stdout] 
[INFO] [stderr] error: could not compile `llm-chain` (example "tool_derive_describe") due to 6 previous errors; 2 warnings emitted
[INFO] [stderr] warning: build failed, waiting for other jobs to finish...
[INFO] [stdout] error: linking with `cc` failed: exit status: 1
[INFO] [stdout]   |
[INFO] [stdout]   = note: LC_ALL="C" PATH="/opt/rustwide/rustup-home/toolchains/beta-2023-12-22-x86_64-unknown-linux-gnu/lib/rustlib/x86_64-unknown-linux-gnu/bin:/opt/rustwide/cargo-home/bin:/usr/local/sbin:/usr/local/bin:/usr/sbin:/usr/bin:/sbin:/bin" VSLANG="1033" "cc" "-m64" "/tmp/rustcHtY57i/symbols.o" "/opt/rustwide/target/debug/examples/tools_prompt-cbf301f643478b48.tools_prompt.96ee4a2dee5af1ef-cgu.0.rcgu.o" "/opt/rustwide/target/debug/examples/tools_prompt-cbf301f643478b48.tools_prompt.96ee4a2dee5af1ef-cgu.1.rcgu.o" "/opt/rustwide/target/debug/examples/tools_prompt-cbf301f643478b48.55giyp2f1nz340vq.rcgu.o" "-Wl,--as-needed" "-L" "/opt/rustwide/target/debug/deps" "-L" "/opt/rustwide/rustup-home/toolchains/beta-2023-12-22-x86_64-unknown-linux-gnu/lib/rustlib/x86_64-unknown-linux-gnu/lib" "-Wl,-Bstatic" "/opt/rustwide/target/debug/deps/libllm_chain-2a668235cf102468.rlib" "/opt/rustwide/target/debug/deps/libderive_builder-eb0a4e98f5db167b.rlib" "/opt/rustwide/target/debug/deps/libreqwest-4fabe315434c1199.rlib" "/opt/rustwide/target/debug/deps/libhyper_tls-a1ab1723e890b45a.rlib" "/opt/rustwide/target/debug/deps/libserde_urlencoded-0e0e001919d4dd5d.rlib" "/opt/rustwide/target/debug/deps/libbase64-47ce12bf5fcc4351.rlib" "/opt/rustwide/target/debug/deps/libipnet-5d86936adafddcc9.rlib" "/opt/rustwide/target/debug/deps/libtokio_native_tls-18852bad9fd29942.rlib" "/opt/rustwide/target/debug/deps/libmime-a9df5a780629fb7d.rlib" "/opt/rustwide/target/debug/deps/libencoding_rs-4339e23ae7924400.rlib" "/opt/rustwide/target/debug/deps/libnative_tls-7dcf45ef86ea76e1.rlib" "/opt/rustwide/target/debug/deps/libopenssl_probe-01da96bec2dfd166.rlib" "/opt/rustwide/target/debug/deps/libopenssl-8ada2f2f4a42420d.rlib" "/opt/rustwide/target/debug/deps/libbitflags-ea1894d07953e9ad.rlib" "/opt/rustwide/target/debug/deps/libforeign_types-34162016ad32c65c.rlib" "/opt/rustwide/target/debug/deps/libforeign_types_shared-6c481fa47d8ef87b.rlib" "/opt/rustwide/target/debug/deps/libopenssl_sys-010f49de574d59b7.rlib" "/opt/rustwide/target/debug/deps/libhyper-72e7cc665e8f332d.rlib" "/opt/rustwide/target/debug/deps/libwant-a53deb880f5b4491.rlib" "/opt/rustwide/target/debug/deps/libtry_lock-539bdf1ed77a7a8a.rlib" "/opt/rustwide/target/debug/deps/libsocket2-eecf2a54e1f4647a.rlib" "/opt/rustwide/target/debug/deps/libhttparse-2dbc320ca65411a3.rlib" "/opt/rustwide/target/debug/deps/libh2-6bde0048644642c4.rlib" "/opt/rustwide/target/debug/deps/libtokio_util-2547c6ca67df97e8.rlib" "/opt/rustwide/target/debug/deps/libtower_service-92bbc7b5a1dd8782.rlib" "/opt/rustwide/target/debug/deps/libtracing-948862287c3bc7da.rlib" "/opt/rustwide/target/debug/deps/libtracing_core-6547972a0886d4d8.rlib" "/opt/rustwide/target/debug/deps/libhttp_body-6385ecad051adcaa.rlib" "/opt/rustwide/target/debug/deps/liburl-7f57060bbb46f1e7.rlib" "/opt/rustwide/target/debug/deps/libidna-cec821f7529828f2.rlib" "/opt/rustwide/target/debug/deps/libunicode_normalization-a49209942f8cb303.rlib" "/opt/rustwide/target/debug/deps/libtinyvec-dcbbce603bc23510.rlib" "/opt/rustwide/target/debug/deps/libtinyvec_macros-333661e3b238a9a3.rlib" "/opt/rustwide/target/debug/deps/libunicode_bidi-ee612f5df1be5cab.rlib" "/opt/rustwide/target/debug/deps/libform_urlencoded-ee95c3013bc32c40.rlib" "/opt/rustwide/target/debug/deps/libhttp-4b248da2430b4ebf.rlib" "/opt/rustwide/target/debug/deps/libtera-79b65ae1c7c041b7.rlib" "/opt/rustwide/target/debug/deps/libslug-939e74b4352cdff1.rlib" "/opt/rustwide/target/debug/deps/libdeunicode-4ce3baabfde1cf6e.rlib" "/opt/rustwide/target/debug/deps/libglobwalk-562fa7ab5cdefc16.rlib" "/opt/rustwide/target/debug/deps/libbitflags-85e13ed1e0c6d910.rlib" "/opt/rustwide/target/debug/deps/libignore-3aff1ee2d8c966af.rlib" "/opt/rustwide/target/debug/deps/libwalkdir-55706bb0eac46bcc.rlib" "/opt/rustwide/target/debug/deps/libsame_file-5e62a1af5be346fb.rlib" "/opt/rustwide/target/debug/deps/libthread_local-ef1cc21f01f705d6.rlib" "/opt/rustwide/target/debug/deps/libonce_cell-728f13abc4f8cf5f.rlib" "/opt/rustwide/target/debug/deps/libglobset-0fa95656c622e0d7.rlib" "/opt/rustwide/target/debug/deps/libfnv-953831fe314029b4.rlib" "/opt/rustwide/target/debug/deps/liblog-8188d82fb061445d.rlib" "/opt/rustwide/target/debug/deps/libbstr-fa97b8bf3199318c.rlib" "/opt/rustwide/target/debug/deps/libpest-748b9103c771127b.rlib" "/opt/rustwide/target/debug/deps/libucd_trie-de4c36fe49124ec8.rlib" "/opt/rustwide/target/debug/deps/librand-de090ba4d3782c24.rlib" "/opt/rustwide/target/debug/deps/librand_chacha-41ca7d782f3a76de.rlib" "/opt/rustwide/target/debug/deps/libppv_lite86-db48c90fa293bcfe.rlib" "/opt/rustwide/target/debug/deps/librand_core-4602db036b031ba8.rlib" "/opt/rustwide/target/debug/deps/libgetrandom-9d17973d7fdcc66f.rlib" "/opt/rustwide/target/debug/deps/libcfg_if-e7002d307f97bc56.rlib" "/opt/rustwide/target/debug/deps/libpercent_encoding-c878b6f40f2978b2.rlib" "/opt/rustwide/target/debug/deps/libunic_segment-83c1475366607f26.rlib" "/opt/rustwide/target/debug/deps/libunic_ucd_segment-c647f8610766ba64.rlib" "/opt/rustwide/target/debug/deps/libunic_ucd_version-5c0ae3d5b7ed57c6.rlib" "/opt/rustwide/target/debug/deps/libunic_common-a25fff550669e64f.rlib" "/opt/rustwide/target/debug/deps/libunic_char_property-ee862f37baf057ab.rlib" "/opt/rustwide/target/debug/deps/libunic_char_range-dadc0f419df70d36.rlib" "/opt/rustwide/target/debug/deps/libregex-303fb85dd4918125.rlib" "/opt/rustwide/target/debug/deps/libregex_automata-b87278bb9bc2845e.rlib" "/opt/rustwide/target/debug/deps/libaho_corasick-42eca8b16757950a.rlib" "/opt/rustwide/target/debug/deps/libregex_syntax-2fba322c2516c6a3.rlib" "/opt/rustwide/target/debug/deps/libhumansize-b62d18451b91d7df.rlib" "/opt/rustwide/target/debug/deps/liblibm-2926f8ca05f777c2.rlib" "/opt/rustwide/target/debug/deps/libchrono_tz-85342803ab0d399f.rlib" "/opt/rustwide/target/debug/deps/libphf-6a2e94325f58774a.rlib" "/opt/rustwide/target/debug/deps/libphf_shared-8b5079c5e6560fb2.rlib" "/opt/rustwide/target/debug/deps/libsiphasher-8c98df6e4615cbd6.rlib" "/opt/rustwide/target/debug/deps/libchrono-5c4c31a2f5ff5238.rlib" "/opt/rustwide/target/debug/deps/libnum_traits-a17ba3937dd3424f.rlib" "/opt/rustwide/target/debug/deps/libiana_time_zone-2309547321f2bcb7.rlib" "/opt/rustwide/target/debug/deps/libserde_json-54f6a9c2128e49a2.rlib" "/opt/rustwide/target/debug/deps/libserde_yaml-f85837f791a9c91c.rlib" "/opt/rustwide/target/debug/deps/libryu-d2c3aff9aeca12bd.rlib" "/opt/rustwide/target/debug/deps/libitoa-c3a42249f065e11e.rlib" "/opt/rustwide/target/debug/deps/libindexmap-0646b95bdd175561.rlib" "/opt/rustwide/target/debug/deps/libequivalent-e4dc2e1acc32de2c.rlib" "/opt/rustwide/target/debug/deps/libhashbrown-1fd42d86886de7ee.rlib" "/opt/rustwide/target/debug/deps/libunsafe_libyaml-1a57ac104d3d4a91.rlib" "/opt/rustwide/target/debug/deps/libmarkdown-a12169a86fa36454.rlib" "/opt/rustwide/target/debug/deps/libunicode_id-fdf888372864ab25.rlib" "/opt/rustwide/target/debug/deps/libtokio_stream-e180fec607fa65ac.rlib" "/opt/rustwide/target/debug/deps/libtokio-5acb59ba4f39630e.rlib" "/opt/rustwide/target/debug/deps/libsocket2-7287d77433a71fb1.rlib" "/opt/rustwide/target/debug/deps/libbytes-d5ef6100ae69ca23.rlib" "/opt/rustwide/target/debug/deps/libmio-aaca43c3a95b51bd.rlib" "/opt/rustwide/target/debug/deps/liblibc-a40391b8f7ca94de.rlib" "/opt/rustwide/target/debug/deps/liblazy_static-efa3519517df6cf0.rlib" "/opt/rustwide/target/debug/deps/libfutures-7e7a9b0612c338be.rlib" "/opt/rustwide/target/debug/deps/libfutures_executor-0377abcfa2dc9244.rlib" "/opt/rustwide/target/debug/deps/libfutures_util-3578fe13e1c17502.rlib" "/opt/rustwide/target/debug/deps/libmemchr-996a195865583db1.rlib" "/opt/rustwide/target/debug/deps/libfutures_io-076b2cfebeae0714.rlib" "/opt/rustwide/target/debug/deps/libslab-0a39a638bccea296.rlib" "/opt/rustwide/target/debug/deps/libfutures_channel-77e21484e2336cad.rlib" "/opt/rustwide/target/debug/deps/libpin_project_lite-085b19c93bbb2231.rlib" "/opt/rustwide/target/debug/deps/libfutures_sink-2277a9e5dde989ce.rlib" "/opt/rustwide/target/debug/deps/libfutures_task-8a8d0b282fffed3e.rlib" "/opt/rustwide/target/debug/deps/libpin_utils-9c5dcf17efb91bff.rlib" "/opt/rustwide/target/debug/deps/libfutures_core-c75aab8011a428b1.rlib" "/opt/rustwide/target/debug/deps/libserde-141a1fedc8c2f983.rlib" "/opt/rustwide/target/debug/deps/libthiserror-b06498dbf90e35ab.rlib" "/opt/rustwide/rustup-home/toolchains/beta-2023-12-22-x86_64-unknown-linux-gnu/lib/rustlib/x86_64-unknown-linux-gnu/lib/libstd-0672489a78b613de.rlib" "/opt/rustwide/rustup-home/toolchains/beta-2023-12-22-x86_64-unknown-linux-gnu/lib/rustlib/x86_64-unknown-linux-gnu/lib/libpanic_unwind-7eb3ffc34a49f675.rlib" "/opt/rustwide/rustup-home/toolchains/beta-2023-12-22-x86_64-unknown-linux-gnu/lib/rustlib/x86_64-unknown-linux-gnu/lib/libobject-6478a9daa4bee8e2.rlib" "/opt/rustwide/rustup-home/toolchains/beta-2023-12-22-x86_64-unknown-linux-gnu/lib/rustlib/x86_64-unknown-linux-gnu/lib/libmemchr-0c75d871a5c3923d.rlib" "/opt/rustwide/rustup-home/toolchains/beta-2023-12-22-x86_64-unknown-linux-gnu/lib/rustlib/x86_64-unknown-linux-gnu/lib/libaddr2line-d163ef63ad37bb71.rlib" "/opt/rustwide/rustup-home/toolchains/beta-2023-12-22-x86_64-unknown-linux-gnu/lib/rustlib/x86_64-unknown-linux-gnu/lib/libgimli-8a3fd810a85b9f4c.rlib" "/opt/rustwide/rustup-home/toolchains/beta-2023-12-22-x86_64-unknown-linux-gnu/lib/rustlib/x86_64-unknown-linux-gnu/lib/librustc_demangle-462a2cde8c5dfc10.rlib" "/opt/rustwide/rustup-home/toolchains/beta-2023-12-22-x86_64-unknown-linux-gnu/lib/rustlib/x86_64-unknown-linux-gnu/lib/libstd_detect-cb06ac9f54713f71.rlib" "/opt/rustwide/rustup-home/toolchains/beta-2023-12-22-x86_64-unknown-linux-gnu/lib/rustlib/x86_64-unknown-linux-gnu/lib/libhashbrown-f20bfd1f8e59b393.rlib" "/opt/rustwide/rustup-home/toolchains/beta-2023-12-22-x86_64-unknown-linux-gnu/lib/rustlib/x86_64-unknown-linux-gnu/lib/librustc_std_workspace_alloc-1ef460949b49da4b.rlib" "/opt/rustwide/rustup-home/toolchains/beta-2023-12-22-x86_64-unknown-linux-gnu/lib/rustlib/x86_64-unknown-linux-gnu/lib/libminiz_oxide-2cb0c0ffe4f87514.rlib" "/opt/rustwide/rustup-home/toolchains/beta-2023-12-22-x86_64-unknown-linux-gnu/lib/rustlib/x86_64-unknown-linux-gnu/lib/libadler-58d841eb322a11a2.rlib" "/opt/rustwide/rustup-home/toolchains/beta-2023-12-22-x86_64-unknown-linux-gnu/lib/rustlib/x86_64-unknown-linux-gnu/lib/libunwind-aa2ae0b0a9d11533.rlib" "/opt/rustwide/rustup-home/toolchains/beta-2023-12-22-x86_64-unknown-linux-gnu/lib/rustlib/x86_64-unknown-linux-gnu/lib/libcfg_if-23874e15830ed336.rlib" "/opt/rustwide/rustup-home/toolchains/beta-2023-12-22-x86_64-unknown-linux-gnu/lib/rustlib/x86_64-unknown-linux-gnu/lib/liblibc-e47cddc003bce885.rlib" "/opt/rustwide/rustup-home/toolchains/beta-2023-12-22-x86_64-unknown-linux-gnu/lib/rustlib/x86_64-unknown-linux-gnu/lib/liballoc-c22b13b48a8f128e.rlib" "/opt/rustwide/rustup-home/toolchains/beta-2023-12-22-x86_64-unknown-linux-gnu/lib/rustlib/x86_64-unknown-linux-gnu/lib/librustc_std_workspace_core-e46bc3da6d7c462f.rlib" "/opt/rustwide/rustup-home/toolchains/beta-2023-12-22-x86_64-unknown-linux-gnu/lib/rustlib/x86_64-unknown-linux-gnu/lib/libcore-8d1ac131d3cb2645.rlib" "/opt/rustwide/rustup-home/toolchains/beta-2023-12-22-x86_64-unknown-linux-gnu/lib/rustlib/x86_64-unknown-linux-gnu/lib/libcompiler_builtins-a1b43df8c6899c1f.rlib" "-Wl,-Bdynamic" "-lssl" "-lcrypto" "-lgcc_s" "-lutil" "-lrt" "-lpthread" "-lm" "-ldl" "-lc" "-Wl,--eh-frame-hdr" "-Wl,-z,noexecstack" "-L" "/opt/rustwide/rustup-home/toolchains/beta-2023-12-22-x86_64-unknown-linux-gnu/lib/rustlib/x86_64-unknown-linux-gnu/lib" "-o" "/opt/rustwide/target/debug/examples/tools_prompt-cbf301f643478b48" "-Wl,--gc-sections" "-pie" "-Wl,-z,relro,-z,now" "-nodefaultlibs"
[INFO] [stdout]   = note: collect2: fatal error: ld terminated with signal 9 [Killed]
[INFO] [stdout]           compilation terminated.
[INFO] [stdout]           
[INFO] [stdout] 
[INFO] [stdout] 
[INFO] [stdout] error: aborting due to 1 previous error
[INFO] [stdout] 
[INFO] [stdout] 
[INFO] [stderr] error: could not compile `llm-chain` (example "tools_prompt") due to 2 previous errors
[INFO] [stdout] error: linking with `cc` failed: exit status: 1
[INFO] [stdout]   |
[INFO] [stdout]   = note: LC_ALL="C" PATH="/opt/rustwide/rustup-home/toolchains/beta-2023-12-22-x86_64-unknown-linux-gnu/lib/rustlib/x86_64-unknown-linux-gnu/bin:/opt/rustwide/cargo-home/bin:/usr/local/sbin:/usr/local/bin:/usr/sbin:/usr/bin:/sbin:/bin" VSLANG="1033" "cc" "-m64" "/tmp/rustc72SDca/symbols.o" "/opt/rustwide/target/debug/examples/extract_labeled_text-e9e7bc482c086b02.extract_labeled_text.df4c7b1e2ea9a5b-cgu.0.rcgu.o" "/opt/rustwide/target/debug/examples/extract_labeled_text-e9e7bc482c086b02.pkppcj9ow9dkpze.rcgu.o" "-Wl,--as-needed" "-L" "/opt/rustwide/target/debug/deps" "-L" "/opt/rustwide/rustup-home/toolchains/beta-2023-12-22-x86_64-unknown-linux-gnu/lib/rustlib/x86_64-unknown-linux-gnu/lib" "-Wl,-Bstatic" "/opt/rustwide/target/debug/deps/libllm_chain-2a668235cf102468.rlib" "/opt/rustwide/target/debug/deps/libderive_builder-eb0a4e98f5db167b.rlib" "/opt/rustwide/target/debug/deps/libreqwest-4fabe315434c1199.rlib" "/opt/rustwide/target/debug/deps/libhyper_tls-a1ab1723e890b45a.rlib" "/opt/rustwide/target/debug/deps/libserde_urlencoded-0e0e001919d4dd5d.rlib" "/opt/rustwide/target/debug/deps/libbase64-47ce12bf5fcc4351.rlib" "/opt/rustwide/target/debug/deps/libipnet-5d86936adafddcc9.rlib" "/opt/rustwide/target/debug/deps/libtokio_native_tls-18852bad9fd29942.rlib" "/opt/rustwide/target/debug/deps/libmime-a9df5a780629fb7d.rlib" "/opt/rustwide/target/debug/deps/libencoding_rs-4339e23ae7924400.rlib" "/opt/rustwide/target/debug/deps/libnative_tls-7dcf45ef86ea76e1.rlib" "/opt/rustwide/target/debug/deps/libopenssl_probe-01da96bec2dfd166.rlib" "/opt/rustwide/target/debug/deps/libopenssl-8ada2f2f4a42420d.rlib" "/opt/rustwide/target/debug/deps/libbitflags-ea1894d07953e9ad.rlib" "/opt/rustwide/target/debug/deps/libforeign_types-34162016ad32c65c.rlib" "/opt/rustwide/target/debug/deps/libforeign_types_shared-6c481fa47d8ef87b.rlib" "/opt/rustwide/target/debug/deps/libopenssl_sys-010f49de574d59b7.rlib" "/opt/rustwide/target/debug/deps/libhyper-72e7cc665e8f332d.rlib" "/opt/rustwide/target/debug/deps/libwant-a53deb880f5b4491.rlib" "/opt/rustwide/target/debug/deps/libtry_lock-539bdf1ed77a7a8a.rlib" "/opt/rustwide/target/debug/deps/libsocket2-eecf2a54e1f4647a.rlib" "/opt/rustwide/target/debug/deps/libhttparse-2dbc320ca65411a3.rlib" "/opt/rustwide/target/debug/deps/libh2-6bde0048644642c4.rlib" "/opt/rustwide/target/debug/deps/libtokio_util-2547c6ca67df97e8.rlib" "/opt/rustwide/target/debug/deps/libtower_service-92bbc7b5a1dd8782.rlib" "/opt/rustwide/target/debug/deps/libtracing-948862287c3bc7da.rlib" "/opt/rustwide/target/debug/deps/libtracing_core-6547972a0886d4d8.rlib" "/opt/rustwide/target/debug/deps/libhttp_body-6385ecad051adcaa.rlib" "/opt/rustwide/target/debug/deps/liburl-7f57060bbb46f1e7.rlib" "/opt/rustwide/target/debug/deps/libidna-cec821f7529828f2.rlib" "/opt/rustwide/target/debug/deps/libunicode_normalization-a49209942f8cb303.rlib" "/opt/rustwide/target/debug/deps/libtinyvec-dcbbce603bc23510.rlib" "/opt/rustwide/target/debug/deps/libtinyvec_macros-333661e3b238a9a3.rlib" "/opt/rustwide/target/debug/deps/libunicode_bidi-ee612f5df1be5cab.rlib" "/opt/rustwide/target/debug/deps/libform_urlencoded-ee95c3013bc32c40.rlib" "/opt/rustwide/target/debug/deps/libhttp-4b248da2430b4ebf.rlib" "/opt/rustwide/target/debug/deps/libtera-79b65ae1c7c041b7.rlib" "/opt/rustwide/target/debug/deps/libslug-939e74b4352cdff1.rlib" "/opt/rustwide/target/debug/deps/libdeunicode-4ce3baabfde1cf6e.rlib" "/opt/rustwide/target/debug/deps/libglobwalk-562fa7ab5cdefc16.rlib" "/opt/rustwide/target/debug/deps/libbitflags-85e13ed1e0c6d910.rlib" "/opt/rustwide/target/debug/deps/libignore-3aff1ee2d8c966af.rlib" "/opt/rustwide/target/debug/deps/libwalkdir-55706bb0eac46bcc.rlib" "/opt/rustwide/target/debug/deps/libsame_file-5e62a1af5be346fb.rlib" "/opt/rustwide/target/debug/deps/libthread_local-ef1cc21f01f705d6.rlib" "/opt/rustwide/target/debug/deps/libonce_cell-728f13abc4f8cf5f.rlib" "/opt/rustwide/target/debug/deps/libglobset-0fa95656c622e0d7.rlib" "/opt/rustwide/target/debug/deps/libfnv-953831fe314029b4.rlib" "/opt/rustwide/target/debug/deps/liblog-8188d82fb061445d.rlib" "/opt/rustwide/target/debug/deps/libbstr-fa97b8bf3199318c.rlib" "/opt/rustwide/target/debug/deps/libpest-748b9103c771127b.rlib" "/opt/rustwide/target/debug/deps/libucd_trie-de4c36fe49124ec8.rlib" "/opt/rustwide/target/debug/deps/librand-de090ba4d3782c24.rlib" "/opt/rustwide/target/debug/deps/librand_chacha-41ca7d782f3a76de.rlib" "/opt/rustwide/target/debug/deps/libppv_lite86-db48c90fa293bcfe.rlib" "/opt/rustwide/target/debug/deps/librand_core-4602db036b031ba8.rlib" "/opt/rustwide/target/debug/deps/libgetrandom-9d17973d7fdcc66f.rlib" "/opt/rustwide/target/debug/deps/libcfg_if-e7002d307f97bc56.rlib" "/opt/rustwide/target/debug/deps/libpercent_encoding-c878b6f40f2978b2.rlib" "/opt/rustwide/target/debug/deps/libunic_segment-83c1475366607f26.rlib" "/opt/rustwide/target/debug/deps/libunic_ucd_segment-c647f8610766ba64.rlib" "/opt/rustwide/target/debug/deps/libunic_ucd_version-5c0ae3d5b7ed57c6.rlib" "/opt/rustwide/target/debug/deps/libunic_common-a25fff550669e64f.rlib" "/opt/rustwide/target/debug/deps/libunic_char_property-ee862f37baf057ab.rlib" "/opt/rustwide/target/debug/deps/libunic_char_range-dadc0f419df70d36.rlib" "/opt/rustwide/target/debug/deps/libregex-303fb85dd4918125.rlib" "/opt/rustwide/target/debug/deps/libregex_automata-b87278bb9bc2845e.rlib" "/opt/rustwide/target/debug/deps/libaho_corasick-42eca8b16757950a.rlib" "/opt/rustwide/target/debug/deps/libregex_syntax-2fba322c2516c6a3.rlib" "/opt/rustwide/target/debug/deps/libhumansize-b62d18451b91d7df.rlib" "/opt/rustwide/target/debug/deps/liblibm-2926f8ca05f777c2.rlib" "/opt/rustwide/target/debug/deps/libchrono_tz-85342803ab0d399f.rlib" "/opt/rustwide/target/debug/deps/libphf-6a2e94325f58774a.rlib" "/opt/rustwide/target/debug/deps/libphf_shared-8b5079c5e6560fb2.rlib" "/opt/rustwide/target/debug/deps/libsiphasher-8c98df6e4615cbd6.rlib" "/opt/rustwide/target/debug/deps/libchrono-5c4c31a2f5ff5238.rlib" "/opt/rustwide/target/debug/deps/libnum_traits-a17ba3937dd3424f.rlib" "/opt/rustwide/target/debug/deps/libiana_time_zone-2309547321f2bcb7.rlib" "/opt/rustwide/target/debug/deps/libserde_json-54f6a9c2128e49a2.rlib" "/opt/rustwide/target/debug/deps/libserde_yaml-f85837f791a9c91c.rlib" "/opt/rustwide/target/debug/deps/libryu-d2c3aff9aeca12bd.rlib" "/opt/rustwide/target/debug/deps/libitoa-c3a42249f065e11e.rlib" "/opt/rustwide/target/debug/deps/libindexmap-0646b95bdd175561.rlib" "/opt/rustwide/target/debug/deps/libequivalent-e4dc2e1acc32de2c.rlib" "/opt/rustwide/target/debug/deps/libhashbrown-1fd42d86886de7ee.rlib" "/opt/rustwide/target/debug/deps/libunsafe_libyaml-1a57ac104d3d4a91.rlib" "/opt/rustwide/target/debug/deps/libmarkdown-a12169a86fa36454.rlib" "/opt/rustwide/target/debug/deps/libunicode_id-fdf888372864ab25.rlib" "/opt/rustwide/target/debug/deps/libtokio_stream-e180fec607fa65ac.rlib" "/opt/rustwide/target/debug/deps/libtokio-5acb59ba4f39630e.rlib" "/opt/rustwide/target/debug/deps/libsocket2-7287d77433a71fb1.rlib" "/opt/rustwide/target/debug/deps/libbytes-d5ef6100ae69ca23.rlib" "/opt/rustwide/target/debug/deps/libmio-aaca43c3a95b51bd.rlib" "/opt/rustwide/target/debug/deps/liblibc-a40391b8f7ca94de.rlib" "/opt/rustwide/target/debug/deps/liblazy_static-efa3519517df6cf0.rlib" "/opt/rustwide/target/debug/deps/libfutures-7e7a9b0612c338be.rlib" "/opt/rustwide/target/debug/deps/libfutures_executor-0377abcfa2dc9244.rlib" "/opt/rustwide/target/debug/deps/libfutures_util-3578fe13e1c17502.rlib" "/opt/rustwide/target/debug/deps/libmemchr-996a195865583db1.rlib" "/opt/rustwide/target/debug/deps/libfutures_io-076b2cfebeae0714.rlib" "/opt/rustwide/target/debug/deps/libslab-0a39a638bccea296.rlib" "/opt/rustwide/target/debug/deps/libfutures_channel-77e21484e2336cad.rlib" "/opt/rustwide/target/debug/deps/libpin_project_lite-085b19c93bbb2231.rlib" "/opt/rustwide/target/debug/deps/libfutures_sink-2277a9e5dde989ce.rlib" "/opt/rustwide/target/debug/deps/libfutures_task-8a8d0b282fffed3e.rlib" "/opt/rustwide/target/debug/deps/libpin_utils-9c5dcf17efb91bff.rlib" "/opt/rustwide/target/debug/deps/libfutures_core-c75aab8011a428b1.rlib" "/opt/rustwide/target/debug/deps/libserde-141a1fedc8c2f983.rlib" "/opt/rustwide/target/debug/deps/libthiserror-b06498dbf90e35ab.rlib" "/opt/rustwide/rustup-home/toolchains/beta-2023-12-22-x86_64-unknown-linux-gnu/lib/rustlib/x86_64-unknown-linux-gnu/lib/libstd-0672489a78b613de.rlib" "/opt/rustwide/rustup-home/toolchains/beta-2023-12-22-x86_64-unknown-linux-gnu/lib/rustlib/x86_64-unknown-linux-gnu/lib/libpanic_unwind-7eb3ffc34a49f675.rlib" "/opt/rustwide/rustup-home/toolchains/beta-2023-12-22-x86_64-unknown-linux-gnu/lib/rustlib/x86_64-unknown-linux-gnu/lib/libobject-6478a9daa4bee8e2.rlib" "/opt/rustwide/rustup-home/toolchains/beta-2023-12-22-x86_64-unknown-linux-gnu/lib/rustlib/x86_64-unknown-linux-gnu/lib/libmemchr-0c75d871a5c3923d.rlib" "/opt/rustwide/rustup-home/toolchains/beta-2023-12-22-x86_64-unknown-linux-gnu/lib/rustlib/x86_64-unknown-linux-gnu/lib/libaddr2line-d163ef63ad37bb71.rlib" "/opt/rustwide/rustup-home/toolchains/beta-2023-12-22-x86_64-unknown-linux-gnu/lib/rustlib/x86_64-unknown-linux-gnu/lib/libgimli-8a3fd810a85b9f4c.rlib" "/opt/rustwide/rustup-home/toolchains/beta-2023-12-22-x86_64-unknown-linux-gnu/lib/rustlib/x86_64-unknown-linux-gnu/lib/librustc_demangle-462a2cde8c5dfc10.rlib" "/opt/rustwide/rustup-home/toolchains/beta-2023-12-22-x86_64-unknown-linux-gnu/lib/rustlib/x86_64-unknown-linux-gnu/lib/libstd_detect-cb06ac9f54713f71.rlib" "/opt/rustwide/rustup-home/toolchains/beta-2023-12-22-x86_64-unknown-linux-gnu/lib/rustlib/x86_64-unknown-linux-gnu/lib/libhashbrown-f20bfd1f8e59b393.rlib" "/opt/rustwide/rustup-home/toolchains/beta-2023-12-22-x86_64-unknown-linux-gnu/lib/rustlib/x86_64-unknown-linux-gnu/lib/librustc_std_workspace_alloc-1ef460949b49da4b.rlib" "/opt/rustwide/rustup-home/toolchains/beta-2023-12-22-x86_64-unknown-linux-gnu/lib/rustlib/x86_64-unknown-linux-gnu/lib/libminiz_oxide-2cb0c0ffe4f87514.rlib" "/opt/rustwide/rustup-home/toolchains/beta-2023-12-22-x86_64-unknown-linux-gnu/lib/rustlib/x86_64-unknown-linux-gnu/lib/libadler-58d841eb322a11a2.rlib" "/opt/rustwide/rustup-home/toolchains/beta-2023-12-22-x86_64-unknown-linux-gnu/lib/rustlib/x86_64-unknown-linux-gnu/lib/libunwind-aa2ae0b0a9d11533.rlib" "/opt/rustwide/rustup-home/toolchains/beta-2023-12-22-x86_64-unknown-linux-gnu/lib/rustlib/x86_64-unknown-linux-gnu/lib/libcfg_if-23874e15830ed336.rlib" "/opt/rustwide/rustup-home/toolchains/beta-2023-12-22-x86_64-unknown-linux-gnu/lib/rustlib/x86_64-unknown-linux-gnu/lib/liblibc-e47cddc003bce885.rlib" "/opt/rustwide/rustup-home/toolchains/beta-2023-12-22-x86_64-unknown-linux-gnu/lib/rustlib/x86_64-unknown-linux-gnu/lib/liballoc-c22b13b48a8f128e.rlib" "/opt/rustwide/rustup-home/toolchains/beta-2023-12-22-x86_64-unknown-linux-gnu/lib/rustlib/x86_64-unknown-linux-gnu/lib/librustc_std_workspace_core-e46bc3da6d7c462f.rlib" "/opt/rustwide/rustup-home/toolchains/beta-2023-12-22-x86_64-unknown-linux-gnu/lib/rustlib/x86_64-unknown-linux-gnu/lib/libcore-8d1ac131d3cb2645.rlib" "/opt/rustwide/rustup-home/toolchains/beta-2023-12-22-x86_64-unknown-linux-gnu/lib/rustlib/x86_64-unknown-linux-gnu/lib/libcompiler_builtins-a1b43df8c6899c1f.rlib" "-Wl,-Bdynamic" "-lssl" "-lcrypto" "-lgcc_s" "-lutil" "-lrt" "-lpthread" "-lm" "-ldl" "-lc" "-Wl,--eh-frame-hdr" "-Wl,-z,noexecstack" "-L" "/opt/rustwide/rustup-home/toolchains/beta-2023-12-22-x86_64-unknown-linux-gnu/lib/rustlib/x86_64-unknown-linux-gnu/lib" "-o" "/opt/rustwide/target/debug/examples/extract_labeled_text-e9e7bc482c086b02" "-Wl,--gc-sections" "-pie" "-Wl,-z,relro,-z,now" "-nodefaultlibs"
[INFO] [stdout]   = note: collect2: fatal error: ld terminated with signal 9 [Killed]
[INFO] [stdout]           compilation terminated.
[INFO] [stdout]           
[INFO] [stdout] 
[INFO] [stdout] 
[INFO] [stdout] error: aborting due to 1 previous error
[INFO] [stdout] 
[INFO] [stdout] 
[INFO] [stderr] error: could not compile `llm-chain` (example "extract_labeled_text") due to 2 previous errors
[INFO] running `Command { std: "docker" "inspect" "cb33805d18bba6f5d374d8533fd53058359571619fd358215f0377937d266a1d", kill_on_drop: false }`
[INFO] running `Command { std: "docker" "rm" "-f" "cb33805d18bba6f5d374d8533fd53058359571619fd358215f0377937d266a1d", kill_on_drop: false }`
[INFO] [stdout] cb33805d18bba6f5d374d8533fd53058359571619fd358215f0377937d266a1d
