[INFO] fetching crate litex-hal 0.4.0...
[INFO] testing litex-hal-0.4.0 against 1.75.0 for beta-1.76-1
[INFO] extracting crate litex-hal 0.4.0 into /workspace/builds/worker-5-tc1/source
[INFO] validating manifest of crates.io crate litex-hal 0.4.0 on toolchain 1.75.0
[INFO] running `Command { std: CARGO_HOME="/workspace/cargo-home" RUSTUP_HOME="/workspace/rustup-home" "/workspace/cargo-home/bin/cargo" "+1.75.0" "metadata" "--manifest-path" "Cargo.toml" "--no-deps", kill_on_drop: false }`
[INFO] removed /workspace/builds/worker-5-tc1/source/.cargo/config
[INFO] started tweaking crates.io crate litex-hal 0.4.0
[INFO] finished tweaking crates.io crate litex-hal 0.4.0
[INFO] tweaked toml for crates.io crate litex-hal 0.4.0 written to /workspace/builds/worker-5-tc1/source/Cargo.toml
[INFO] crate crates.io crate litex-hal 0.4.0 already has a lockfile, it will not be regenerated
[INFO] running `Command { std: CARGO_HOME="/workspace/cargo-home" RUSTUP_HOME="/workspace/rustup-home" "/workspace/cargo-home/bin/cargo" "+1.75.0" "fetch" "--manifest-path" "Cargo.toml", kill_on_drop: false }`
[INFO] [stderr]     Updating crates.io index
[INFO] [stderr]  Downloading crates ...
[INFO] [stderr]   Downloaded panic-halt v0.2.0
[INFO] running `Command { std: "docker" "create" "-v" "/var/lib/crater-agent-workspace/builds/worker-5-tc1/target:/opt/rustwide/target:rw,Z" "-v" "/var/lib/crater-agent-workspace/builds/worker-5-tc1/source:/opt/rustwide/workdir:ro,Z" "-v" "/var/lib/crater-agent-workspace/cargo-home:/opt/rustwide/cargo-home:ro,Z" "-v" "/var/lib/crater-agent-workspace/rustup-home:/opt/rustwide/rustup-home:ro,Z" "-e" "SOURCE_DIR=/opt/rustwide/workdir" "-e" "CARGO_TARGET_DIR=/opt/rustwide/target" "-e" "CARGO_HOME=/opt/rustwide/cargo-home" "-e" "RUSTUP_HOME=/opt/rustwide/rustup-home" "-w" "/opt/rustwide/workdir" "-m" "1610612736" "--user" "0:0" "--network" "none" "ghcr.io/rust-lang/crates-build-env/linux@sha256:2788e3201cd34a07e3172128adcd8b3090168a8e3bcc40d7c032b9dda1df7d1c" "/opt/rustwide/cargo-home/bin/cargo" "+1.75.0" "metadata" "--no-deps" "--format-version=1", kill_on_drop: false }`
[INFO] [stdout] d8df7be5baa9e05c18d78784e76fdb29a2902f0c34732cd01445130966b56f26
[INFO] running `Command { std: "docker" "start" "-a" "d8df7be5baa9e05c18d78784e76fdb29a2902f0c34732cd01445130966b56f26", kill_on_drop: false }`
[INFO] running `Command { std: "docker" "inspect" "d8df7be5baa9e05c18d78784e76fdb29a2902f0c34732cd01445130966b56f26", kill_on_drop: false }`
[INFO] running `Command { std: "docker" "rm" "-f" "d8df7be5baa9e05c18d78784e76fdb29a2902f0c34732cd01445130966b56f26", kill_on_drop: false }`
[INFO] [stdout] d8df7be5baa9e05c18d78784e76fdb29a2902f0c34732cd01445130966b56f26
[INFO] running `Command { std: "docker" "create" "-v" "/var/lib/crater-agent-workspace/builds/worker-5-tc1/target:/opt/rustwide/target:rw,Z" "-v" "/var/lib/crater-agent-workspace/builds/worker-5-tc1/source:/opt/rustwide/workdir:ro,Z" "-v" "/var/lib/crater-agent-workspace/cargo-home:/opt/rustwide/cargo-home:ro,Z" "-v" "/var/lib/crater-agent-workspace/rustup-home:/opt/rustwide/rustup-home:ro,Z" "-e" "SOURCE_DIR=/opt/rustwide/workdir" "-e" "CARGO_TARGET_DIR=/opt/rustwide/target" "-e" "CARGO_INCREMENTAL=0" "-e" "RUST_BACKTRACE=full" "-e" "RUSTFLAGS=--cap-lints=warn" "-e" "RUSTDOCFLAGS=--cap-lints=warn" "-e" "CARGO_HOME=/opt/rustwide/cargo-home" "-e" "RUSTUP_HOME=/opt/rustwide/rustup-home" "-w" "/opt/rustwide/workdir" "-m" "1610612736" "--user" "0:0" "--network" "none" "ghcr.io/rust-lang/crates-build-env/linux@sha256:2788e3201cd34a07e3172128adcd8b3090168a8e3bcc40d7c032b9dda1df7d1c" "/opt/rustwide/cargo-home/bin/cargo" "+1.75.0" "build" "--frozen" "--message-format=json", kill_on_drop: false }`
[INFO] [stdout] 21c0e6c29da5417b232b50d701703038cfb94a42cb538264b15c5a9a9f17aa92
[INFO] running `Command { std: "docker" "start" "-a" "21c0e6c29da5417b232b50d701703038cfb94a42cb538264b15c5a9a9f17aa92", kill_on_drop: false }`
[INFO] [stderr]    Compiling nb v1.1.0
[INFO] [stderr]    Compiling void v1.0.2
[INFO] [stderr]    Compiling nb v0.1.3
[INFO] [stderr]    Compiling embedded-hal v0.2.7
[INFO] [stderr]    Compiling litex-hal v0.4.0 (/opt/rustwide/workdir)
[INFO] [stderr]     Finished dev [unoptimized + debuginfo] target(s) in 0.19s
[INFO] running `Command { std: "docker" "inspect" "21c0e6c29da5417b232b50d701703038cfb94a42cb538264b15c5a9a9f17aa92", kill_on_drop: false }`
[INFO] running `Command { std: "docker" "rm" "-f" "21c0e6c29da5417b232b50d701703038cfb94a42cb538264b15c5a9a9f17aa92", kill_on_drop: false }`
[INFO] [stdout] 21c0e6c29da5417b232b50d701703038cfb94a42cb538264b15c5a9a9f17aa92
[INFO] running `Command { std: "docker" "create" "-v" "/var/lib/crater-agent-workspace/builds/worker-5-tc1/target:/opt/rustwide/target:rw,Z" "-v" "/var/lib/crater-agent-workspace/builds/worker-5-tc1/source:/opt/rustwide/workdir:ro,Z" "-v" "/var/lib/crater-agent-workspace/cargo-home:/opt/rustwide/cargo-home:ro,Z" "-v" "/var/lib/crater-agent-workspace/rustup-home:/opt/rustwide/rustup-home:ro,Z" "-e" "SOURCE_DIR=/opt/rustwide/workdir" "-e" "CARGO_TARGET_DIR=/opt/rustwide/target" "-e" "CARGO_INCREMENTAL=0" "-e" "RUST_BACKTRACE=full" "-e" "RUSTFLAGS=--cap-lints=warn" "-e" "RUSTDOCFLAGS=--cap-lints=warn" "-e" "CARGO_HOME=/opt/rustwide/cargo-home" "-e" "RUSTUP_HOME=/opt/rustwide/rustup-home" "-w" "/opt/rustwide/workdir" "-m" "1610612736" "--user" "0:0" "--network" "none" "ghcr.io/rust-lang/crates-build-env/linux@sha256:2788e3201cd34a07e3172128adcd8b3090168a8e3bcc40d7c032b9dda1df7d1c" "/opt/rustwide/cargo-home/bin/cargo" "+1.75.0" "test" "--frozen" "--no-run" "--message-format=json", kill_on_drop: false }`
[INFO] [stdout] bf2061d1a6d55fa7ba732991ebebf59152e20add195258c864b8c6eb988201da
[INFO] running `Command { std: "docker" "start" "-a" "bf2061d1a6d55fa7ba732991ebebf59152e20add195258c864b8c6eb988201da", kill_on_drop: false }`
[INFO] [stderr]    Compiling panic-halt v0.2.0
[INFO] [stderr]    Compiling litex-hal v0.4.0 (/opt/rustwide/workdir)
[INFO] [stdout] error[E0433]: failed to resolve: use of undeclared crate or module `litex_sim_pac`
[INFO] [stdout]  --> examples/counter.rs:6:5
[INFO] [stdout]   |
[INFO] [stdout] 6 | use litex_sim_pac::{riscv_rt::entry, Peripherals};
[INFO] [stdout]   |     ^^^^^^^^^^^^^ use of undeclared crate or module `litex_sim_pac`
[INFO] [stdout] 
[INFO] [stdout] 
[INFO] [stdout] error[E0432]: unresolved import `litex_sim_pac`
[INFO] [stdout]  --> examples/counter.rs:6:5
[INFO] [stdout]   |
[INFO] [stdout] 6 | use litex_sim_pac::{riscv_rt::entry, Peripherals};
[INFO] [stdout]   |     ^^^^^^^^^^^^^ use of undeclared crate or module `litex_sim_pac`
[INFO] [stdout] 
[INFO] [stdout] 
[INFO] [stdout] error: cannot determine resolution for the attribute macro `entry`
[INFO] [stdout]   --> examples/counter.rs:19:3
[INFO] [stdout]    |
[INFO] [stdout] 19 | #[entry]
[INFO] [stdout]    |   ^^^^^
[INFO] [stdout]    |
[INFO] [stdout]    = note: import resolution is stuck, try simplifying macro imports
[INFO] [stdout] 
[INFO] [stdout] 
[INFO] [stdout] error: language item required, but not found: `eh_personality`
[INFO] [stdout]   |
[INFO] [stdout]   = note: this can occur when a binary crate with `#![no_std]` is compiled for a target where `eh_personality` is defined in the standard library
[INFO] [stdout]   = help: you may be able to compile for a target that doesn't need `eh_personality`, specify a target with `--target` or in `.cargo/config`
[INFO] [stdout] 
[INFO] [stdout] 
[INFO] [stdout] error[E0433]: failed to resolve: use of undeclared crate or module `litex_sim_pac`
[INFO] [stdout]   --> examples/counter.rs:10:11
[INFO] [stdout]    |
[INFO] [stdout] 10 |     Uart: litex_sim_pac::UART,
[INFO] [stdout]    |           ^^^^^^^^^^^^^ use of undeclared crate or module `litex_sim_pac`
[INFO] [stdout] 
[INFO] [stdout] 
[INFO] [stdout] error[E0433]: failed to resolve: use of undeclared crate or module `litex_sim_pac`
[INFO] [stdout]   --> examples/counter.rs:14:12
[INFO] [stdout]    |
[INFO] [stdout] 14 |     Timer: litex_sim_pac::TIMER0,
[INFO] [stdout]    |            ^^^^^^^^^^^^^ use of undeclared crate or module `litex_sim_pac`
[INFO] [stdout] 
[INFO] [stdout] 
[INFO] [stdout] error: aborting due to 6 previous errors
[INFO] [stdout] 
[INFO] [stdout] 
[INFO] [stdout] Some errors have detailed explanations: E0432, E0433.
[INFO] [stdout] 
[INFO] [stdout] For more information about an error, try `rustc --explain E0432`.
[INFO] [stdout] 
[INFO] [stderr] error: could not compile `litex-hal` (example "counter") due to 7 previous errors
[INFO] running `Command { std: "docker" "inspect" "bf2061d1a6d55fa7ba732991ebebf59152e20add195258c864b8c6eb988201da", kill_on_drop: false }`
[INFO] running `Command { std: "docker" "rm" "-f" "bf2061d1a6d55fa7ba732991ebebf59152e20add195258c864b8c6eb988201da", kill_on_drop: false }`
[INFO] [stdout] bf2061d1a6d55fa7ba732991ebebf59152e20add195258c864b8c6eb988201da
