[INFO] fetching crate litcoinlib 0.29.4...
[INFO] testing litcoinlib-0.29.4 against 1.75.0 for beta-1.76-1
[INFO] extracting crate litcoinlib 0.29.4 into /workspace/builds/worker-1-tc1/source
[INFO] validating manifest of crates.io crate litcoinlib 0.29.4 on toolchain 1.75.0
[INFO] running `Command { std: CARGO_HOME="/workspace/cargo-home" RUSTUP_HOME="/workspace/rustup-home" "/workspace/cargo-home/bin/cargo" "+1.75.0" "metadata" "--manifest-path" "Cargo.toml" "--no-deps", kill_on_drop: false }`
[INFO] started tweaking crates.io crate litcoinlib 0.29.4
[INFO] removed 0 missing examples
[INFO] finished tweaking crates.io crate litcoinlib 0.29.4
[INFO] tweaked toml for crates.io crate litcoinlib 0.29.4 written to /workspace/builds/worker-1-tc1/source/Cargo.toml
[INFO] crate crates.io crate litcoinlib 0.29.4 already has a lockfile, it will not be regenerated
[INFO] running `Command { std: CARGO_HOME="/workspace/cargo-home" RUSTUP_HOME="/workspace/rustup-home" "/workspace/cargo-home/bin/cargo" "+1.75.0" "fetch" "--manifest-path" "Cargo.toml", kill_on_drop: false }`
[INFO] [stderr]     Updating crates.io index
[INFO] [stderr]  Downloading crates ...
[INFO] [stderr]   Downloaded base64-compat v1.0.0
[INFO] [stderr]   Downloaded serde_test v1.0.152
[INFO] [stderr]   Downloaded secp256k1 v0.22.2
[INFO] [stderr]   Downloaded core2 v0.3.3
[INFO] [stderr]   Downloaded bitcoin_hashes v0.10.0
[INFO] [stderr]   Downloaded syn v1.0.108
[INFO] [stderr]   Downloaded secp256k1-sys v0.5.2
[INFO] [stderr]   Downloaded bitcoinconsensus v0.19.0-3
[INFO] running `Command { std: "docker" "create" "-v" "/var/lib/crater-agent-workspace/builds/worker-1-tc1/target:/opt/rustwide/target:rw,Z" "-v" "/var/lib/crater-agent-workspace/builds/worker-1-tc1/source:/opt/rustwide/workdir:ro,Z" "-v" "/var/lib/crater-agent-workspace/cargo-home:/opt/rustwide/cargo-home:ro,Z" "-v" "/var/lib/crater-agent-workspace/rustup-home:/opt/rustwide/rustup-home:ro,Z" "-e" "SOURCE_DIR=/opt/rustwide/workdir" "-e" "CARGO_TARGET_DIR=/opt/rustwide/target" "-e" "CARGO_HOME=/opt/rustwide/cargo-home" "-e" "RUSTUP_HOME=/opt/rustwide/rustup-home" "-w" "/opt/rustwide/workdir" "-m" "1610612736" "--user" "0:0" "--network" "none" "ghcr.io/rust-lang/crates-build-env/linux@sha256:2788e3201cd34a07e3172128adcd8b3090168a8e3bcc40d7c032b9dda1df7d1c" "/opt/rustwide/cargo-home/bin/cargo" "+1.75.0" "metadata" "--no-deps" "--format-version=1", kill_on_drop: false }`
[INFO] [stdout] 60b71656956a0a86e19dbd8971bd38bc753125359ae678e643f7197ab7b53d63
[INFO] running `Command { std: "docker" "start" "-a" "60b71656956a0a86e19dbd8971bd38bc753125359ae678e643f7197ab7b53d63", kill_on_drop: false }`
[INFO] running `Command { std: "docker" "inspect" "60b71656956a0a86e19dbd8971bd38bc753125359ae678e643f7197ab7b53d63", kill_on_drop: false }`
[INFO] running `Command { std: "docker" "rm" "-f" "60b71656956a0a86e19dbd8971bd38bc753125359ae678e643f7197ab7b53d63", kill_on_drop: false }`
[INFO] [stdout] 60b71656956a0a86e19dbd8971bd38bc753125359ae678e643f7197ab7b53d63
[INFO] running `Command { std: "docker" "create" "-v" "/var/lib/crater-agent-workspace/builds/worker-1-tc1/target:/opt/rustwide/target:rw,Z" "-v" "/var/lib/crater-agent-workspace/builds/worker-1-tc1/source:/opt/rustwide/workdir:ro,Z" "-v" "/var/lib/crater-agent-workspace/cargo-home:/opt/rustwide/cargo-home:ro,Z" "-v" "/var/lib/crater-agent-workspace/rustup-home:/opt/rustwide/rustup-home:ro,Z" "-e" "SOURCE_DIR=/opt/rustwide/workdir" "-e" "CARGO_TARGET_DIR=/opt/rustwide/target" "-e" "CARGO_INCREMENTAL=0" "-e" "RUST_BACKTRACE=full" "-e" "RUSTFLAGS=--cap-lints=warn" "-e" "RUSTDOCFLAGS=--cap-lints=warn" "-e" "CARGO_HOME=/opt/rustwide/cargo-home" "-e" "RUSTUP_HOME=/opt/rustwide/rustup-home" "-w" "/opt/rustwide/workdir" "-m" "1610612736" "--user" "0:0" "--network" "none" "ghcr.io/rust-lang/crates-build-env/linux@sha256:2788e3201cd34a07e3172128adcd8b3090168a8e3bcc40d7c032b9dda1df7d1c" "/opt/rustwide/cargo-home/bin/cargo" "+1.75.0" "build" "--frozen" "--message-format=json", kill_on_drop: false }`
[INFO] [stdout] e3f1a7821564c88d4792b2891ff9eaea290b4ba5624f0553247aa975511623c1
[INFO] running `Command { std: "docker" "start" "-a" "e3f1a7821564c88d4792b2891ff9eaea290b4ba5624f0553247aa975511623c1", kill_on_drop: false }`
[INFO] [stderr]    Compiling cc v1.0.79
[INFO] [stderr]    Compiling rand v0.6.5
[INFO] [stderr]    Compiling bech32 v0.8.1
[INFO] [stderr]    Compiling bitcoin_hashes v0.10.0
[INFO] [stderr]    Compiling rand_os v0.1.3
[INFO] [stderr]    Compiling secp256k1-sys v0.5.2
[INFO] [stderr]    Compiling secp256k1 v0.22.2
[INFO] [stderr]    Compiling litcoinlib v0.29.4 (/opt/rustwide/workdir)
[INFO] [stderr]     Finished dev [unoptimized + debuginfo] target(s) in 5.21s
[INFO] running `Command { std: "docker" "inspect" "e3f1a7821564c88d4792b2891ff9eaea290b4ba5624f0553247aa975511623c1", kill_on_drop: false }`
[INFO] running `Command { std: "docker" "rm" "-f" "e3f1a7821564c88d4792b2891ff9eaea290b4ba5624f0553247aa975511623c1", kill_on_drop: false }`
[INFO] [stdout] e3f1a7821564c88d4792b2891ff9eaea290b4ba5624f0553247aa975511623c1
[INFO] running `Command { std: "docker" "create" "-v" "/var/lib/crater-agent-workspace/builds/worker-1-tc1/target:/opt/rustwide/target:rw,Z" "-v" "/var/lib/crater-agent-workspace/builds/worker-1-tc1/source:/opt/rustwide/workdir:ro,Z" "-v" "/var/lib/crater-agent-workspace/cargo-home:/opt/rustwide/cargo-home:ro,Z" "-v" "/var/lib/crater-agent-workspace/rustup-home:/opt/rustwide/rustup-home:ro,Z" "-e" "SOURCE_DIR=/opt/rustwide/workdir" "-e" "CARGO_TARGET_DIR=/opt/rustwide/target" "-e" "CARGO_INCREMENTAL=0" "-e" "RUST_BACKTRACE=full" "-e" "RUSTFLAGS=--cap-lints=warn" "-e" "RUSTDOCFLAGS=--cap-lints=warn" "-e" "CARGO_HOME=/opt/rustwide/cargo-home" "-e" "RUSTUP_HOME=/opt/rustwide/rustup-home" "-w" "/opt/rustwide/workdir" "-m" "1610612736" "--user" "0:0" "--network" "none" "ghcr.io/rust-lang/crates-build-env/linux@sha256:2788e3201cd34a07e3172128adcd8b3090168a8e3bcc40d7c032b9dda1df7d1c" "/opt/rustwide/cargo-home/bin/cargo" "+1.75.0" "test" "--frozen" "--no-run" "--message-format=json", kill_on_drop: false }`
[INFO] [stdout] 237bf9ac18bfd7cab4764f22587dff4aea7bdd372ebfedcec5090f8657b5bf87
[INFO] running `Command { std: "docker" "start" "-a" "237bf9ac18bfd7cab4764f22587dff4aea7bdd372ebfedcec5090f8657b5bf87", kill_on_drop: false }`
[INFO] [stderr]    Compiling serde v1.0.152
[INFO] [stderr]    Compiling ryu v1.0.4
[INFO] [stderr]    Compiling serde_test v1.0.152
[INFO] [stderr]    Compiling itoa v0.4.8
[INFO] [stderr]    Compiling bincode v1.3.3
[INFO] [stderr]    Compiling serde_json v1.0.44
[INFO] [stderr]    Compiling litcoinlib v0.29.4 (/opt/rustwide/workdir)
[INFO] [stdout] error[E0463]: can't find crate for `bitcoin`
[INFO] [stdout]  --> examples/bip32.rs:1:1
[INFO] [stdout]   |
[INFO] [stdout] 1 | extern crate bitcoin;
[INFO] [stdout]   | ^^^^^^^^^^^^^^^^^^^^^ can't find crate
[INFO] [stdout] 
[INFO] [stdout] 
[INFO] [stdout] error[E0463]: can't find crate for `bitcoin`
[INFO] [stdout]  --> examples/handshake.rs:1:1
[INFO] [stdout]   |
[INFO] [stdout] 1 | extern crate bitcoin;
[INFO] [stdout]   | ^^^^^^^^^^^^^^^^^^^^^ can't find crate
[INFO] [stdout] 
[INFO] [stdout] 
[INFO] [stdout] warning: unused import: `std::str::FromStr`
[INFO] [stdout]  --> examples/bip32.rs:4:5
[INFO] [stdout]   |
[INFO] [stdout] 4 | use std::str::FromStr;
[INFO] [stdout]   |     ^^^^^^^^^^^^^^^^^
[INFO] [stdout]   |
[INFO] [stdout]   = note: `#[warn(unused_imports)]` on by default
[INFO] [stdout] 
[INFO] [stdout] 
[INFO] [stdout] error: aborting due to previous error
[INFO] [stdout] 
[INFO] [stdout] 
[INFO] [stdout] For more information about this error, try `rustc --explain E0463`.
[INFO] [stdout] 
[INFO] [stderr] error: could not compile `litcoinlib` (example "handshake") due to 2 previous errors
[INFO] [stdout] error[E0599]: no function or associated item named `from_hex` found for struct `Vec<_, _>` in the current scope
[INFO] [stdout]   --> examples/bip32.rs:37:21
[INFO] [stdout]    |
[INFO] [stdout] 37 |     let seed = Vec::from_hex(seed_hex).unwrap();
[INFO] [stdout]    |                     ^^^^^^^^ function or associated item not found in `Vec<_, _>`
[INFO] [stdout]    |
[INFO] [stdout] note: if you're trying to build a new `Vec<_, _>` consider using one of the following associated functions:
[INFO] [stdout]       Vec::<T>::new
[INFO] [stdout]       Vec::<T>::with_capacity
[INFO] [stdout]       Vec::<T>::from_raw_parts
[INFO] [stdout]       Vec::<T, A>::new_in
[INFO] [stdout]       and 2 others
[INFO] [stdout]   --> /rustc/82e1608dfa6e0b5569232559e3d385fea5a93112/library/alloc/src/vec/mod.rs:420:5
[INFO] [stdout] 
[INFO] [stdout] 
[INFO] [stderr] warning: build failed, waiting for other jobs to finish...
[INFO] [stdout] error: aborting due to 2 previous errors; 1 warning emitted
[INFO] [stdout] 
[INFO] [stdout] 
[INFO] [stdout] Some errors have detailed explanations: E0463, E0599.
[INFO] [stdout] 
[INFO] [stdout] For more information about an error, try `rustc --explain E0463`.
[INFO] [stdout] 
[INFO] [stderr] error: could not compile `litcoinlib` (example "bip32") due to 3 previous errors; 1 warning emitted
[INFO] running `Command { std: "docker" "inspect" "237bf9ac18bfd7cab4764f22587dff4aea7bdd372ebfedcec5090f8657b5bf87", kill_on_drop: false }`
[INFO] running `Command { std: "docker" "rm" "-f" "237bf9ac18bfd7cab4764f22587dff4aea7bdd372ebfedcec5090f8657b5bf87", kill_on_drop: false }`
[INFO] [stdout] 237bf9ac18bfd7cab4764f22587dff4aea7bdd372ebfedcec5090f8657b5bf87
