[INFO] fetching crate lit-html 0.1.2...
[INFO] testing lit-html-0.1.2 against 1.75.0 for beta-1.76-1
[INFO] extracting crate lit-html 0.1.2 into /workspace/builds/worker-6-tc1/source
[INFO] validating manifest of crates.io crate lit-html 0.1.2 on toolchain 1.75.0
[INFO] running `Command { std: CARGO_HOME="/workspace/cargo-home" RUSTUP_HOME="/workspace/rustup-home" "/workspace/cargo-home/bin/cargo" "+1.75.0" "metadata" "--manifest-path" "Cargo.toml" "--no-deps", kill_on_drop: false }`
[INFO] started tweaking crates.io crate lit-html 0.1.2
[INFO] finished tweaking crates.io crate lit-html 0.1.2
[INFO] tweaked toml for crates.io crate lit-html 0.1.2 written to /workspace/builds/worker-6-tc1/source/Cargo.toml
[INFO] running `Command { std: CARGO_HOME="/workspace/cargo-home" RUSTUP_HOME="/workspace/rustup-home" "/workspace/cargo-home/bin/cargo" "+1.75.0" "generate-lockfile" "--manifest-path" "Cargo.toml", kill_on_drop: false }`
[INFO] [stderr]     Blocking waiting for file lock on package cache
[INFO] [stderr]     Updating crates.io index
[INFO] running `Command { std: CARGO_HOME="/workspace/cargo-home" RUSTUP_HOME="/workspace/rustup-home" "/workspace/cargo-home/bin/cargo" "+1.75.0" "fetch" "--manifest-path" "Cargo.toml", kill_on_drop: false }`
[INFO] [stderr]  Downloading crates ...
[INFO] [stderr]   Downloaded js v0.5.7
[INFO] [stderr]   Downloaded externref_polyfill v0.1.0
[INFO] running `Command { std: "docker" "create" "-v" "/var/lib/crater-agent-workspace/builds/worker-6-tc1/target:/opt/rustwide/target:rw,Z" "-v" "/var/lib/crater-agent-workspace/builds/worker-6-tc1/source:/opt/rustwide/workdir:ro,Z" "-v" "/var/lib/crater-agent-workspace/cargo-home:/opt/rustwide/cargo-home:ro,Z" "-v" "/var/lib/crater-agent-workspace/rustup-home:/opt/rustwide/rustup-home:ro,Z" "-e" "SOURCE_DIR=/opt/rustwide/workdir" "-e" "CARGO_TARGET_DIR=/opt/rustwide/target" "-e" "CARGO_HOME=/opt/rustwide/cargo-home" "-e" "RUSTUP_HOME=/opt/rustwide/rustup-home" "-w" "/opt/rustwide/workdir" "-m" "1610612736" "--user" "0:0" "--network" "none" "ghcr.io/rust-lang/crates-build-env/linux@sha256:2788e3201cd34a07e3172128adcd8b3090168a8e3bcc40d7c032b9dda1df7d1c" "/opt/rustwide/cargo-home/bin/cargo" "+1.75.0" "metadata" "--no-deps" "--format-version=1", kill_on_drop: false }`
[INFO] [stdout] 1498caed327bfd81ef45e5868aceaf345be5cfb98d2b2b647c71e8c18ac1c032
[INFO] running `Command { std: "docker" "start" "-a" "1498caed327bfd81ef45e5868aceaf345be5cfb98d2b2b647c71e8c18ac1c032", kill_on_drop: false }`
[INFO] running `Command { std: "docker" "inspect" "1498caed327bfd81ef45e5868aceaf345be5cfb98d2b2b647c71e8c18ac1c032", kill_on_drop: false }`
[INFO] running `Command { std: "docker" "rm" "-f" "1498caed327bfd81ef45e5868aceaf345be5cfb98d2b2b647c71e8c18ac1c032", kill_on_drop: false }`
[INFO] [stdout] 1498caed327bfd81ef45e5868aceaf345be5cfb98d2b2b647c71e8c18ac1c032
[INFO] running `Command { std: "docker" "create" "-v" "/var/lib/crater-agent-workspace/builds/worker-6-tc1/target:/opt/rustwide/target:rw,Z" "-v" "/var/lib/crater-agent-workspace/builds/worker-6-tc1/source:/opt/rustwide/workdir:ro,Z" "-v" "/var/lib/crater-agent-workspace/cargo-home:/opt/rustwide/cargo-home:ro,Z" "-v" "/var/lib/crater-agent-workspace/rustup-home:/opt/rustwide/rustup-home:ro,Z" "-e" "SOURCE_DIR=/opt/rustwide/workdir" "-e" "CARGO_TARGET_DIR=/opt/rustwide/target" "-e" "CARGO_INCREMENTAL=0" "-e" "RUST_BACKTRACE=full" "-e" "RUSTFLAGS=--cap-lints=warn" "-e" "RUSTDOCFLAGS=--cap-lints=warn" "-e" "CARGO_HOME=/opt/rustwide/cargo-home" "-e" "RUSTUP_HOME=/opt/rustwide/rustup-home" "-w" "/opt/rustwide/workdir" "-m" "1610612736" "--user" "0:0" "--network" "none" "ghcr.io/rust-lang/crates-build-env/linux@sha256:2788e3201cd34a07e3172128adcd8b3090168a8e3bcc40d7c032b9dda1df7d1c" "/opt/rustwide/cargo-home/bin/cargo" "+1.75.0" "build" "--frozen" "--message-format=json", kill_on_drop: false }`
[INFO] [stdout] 08ff100327fc57585aac6c80191f21173c03a365b1696105202ddaf6535e0c53
[INFO] running `Command { std: "docker" "start" "-a" "08ff100327fc57585aac6c80191f21173c03a365b1696105202ddaf6535e0c53", kill_on_drop: false }`
[INFO] [stderr]    Compiling autocfg v1.1.0
[INFO] [stderr]    Compiling scopeguard v1.2.0
[INFO] [stderr]    Compiling externref_polyfill v0.1.0
[INFO] [stderr]    Compiling no-std-compat v0.4.1
[INFO] [stderr]    Compiling lock_api v0.4.11
[INFO] [stderr]    Compiling spin v0.9.8
[INFO] [stderr]    Compiling js v0.5.7
[INFO] [stderr]    Compiling lit-html v0.1.2 (/opt/rustwide/workdir)
[INFO] [stdout] error[E0412]: cannot find type `JSObject` in this scope
[INFO] [stdout]   --> src/lib.rs:45:21
[INFO] [stdout]    |
[INFO] [stdout] 45 | pub type Template = JSObject;
[INFO] [stdout]    |                     ^^^^^^^^ not found in this scope
[INFO] [stdout] 
[INFO] [stdout] 
[INFO] [stdout] error[E0412]: cannot find type `JSObject` in this scope
[INFO] [stdout]    --> src/lib.rs:168:10
[INFO] [stdout]     |
[INFO] [stdout] 168 |     obj: JSObject,
[INFO] [stdout]     |          ^^^^^^^^ not found in this scope
[INFO] [stdout] 
[INFO] [stdout] 
[INFO] [stdout] error[E0433]: failed to resolve: use of undeclared type `JSObject`
[INFO] [stdout]    --> src/lib.rs:174:18
[INFO] [stdout]     |
[INFO] [stdout] 174 |             obj: JSObject::from(js!("function(){return this.storeObject({});}").invoke_0()),
[INFO] [stdout]     |                  ^^^^^^^^ use of undeclared type `JSObject`
[INFO] [stdout] 
[INFO] [stdout] 
[INFO] [stdout] error[E0425]: cannot find function `create_callback_0` in this scope
[INFO] [stdout]    --> src/lib.rs:162:13
[INFO] [stdout]     |
[INFO] [stdout] 162 |             create_callback_0(self),
[INFO] [stdout]     |             ^^^^^^^^^^^^^^^^^------
[INFO] [stdout]     |             |
[INFO] [stdout]     |             help: try calling `create_callback_0` as a method: `self.create_callback_0()`
[INFO] [stdout] 
[INFO] [stdout] 
[INFO] [stdout] error: aborting due to 4 previous errors
[INFO] [stdout] 
[INFO] [stdout] 
[INFO] [stdout] Some errors have detailed explanations: E0412, E0425, E0433.
[INFO] [stdout] 
[INFO] [stdout] For more information about an error, try `rustc --explain E0412`.
[INFO] [stdout] 
[INFO] [stderr] error: could not compile `lit-html` (lib) due to 5 previous errors
[INFO] [stderr] warning: build failed, waiting for other jobs to finish...
[INFO] running `Command { std: "docker" "inspect" "08ff100327fc57585aac6c80191f21173c03a365b1696105202ddaf6535e0c53", kill_on_drop: false }`
[INFO] running `Command { std: "docker" "rm" "-f" "08ff100327fc57585aac6c80191f21173c03a365b1696105202ddaf6535e0c53", kill_on_drop: false }`
[INFO] [stdout] 08ff100327fc57585aac6c80191f21173c03a365b1696105202ddaf6535e0c53
[INFO] testing lit-html-0.1.2 against beta-2023-12-22 for beta-1.76-1
[INFO] extracting crate lit-html 0.1.2 into /workspace/builds/worker-6-tc2/source
[INFO] validating manifest of crates.io crate lit-html 0.1.2 on toolchain beta-2023-12-22
[INFO] running `Command { std: CARGO_HOME="/workspace/cargo-home" RUSTUP_HOME="/workspace/rustup-home" "/workspace/cargo-home/bin/cargo" "+beta-2023-12-22" "metadata" "--manifest-path" "Cargo.toml" "--no-deps", kill_on_drop: false }`
[INFO] started tweaking crates.io crate lit-html 0.1.2
[INFO] finished tweaking crates.io crate lit-html 0.1.2
[INFO] tweaked toml for crates.io crate lit-html 0.1.2 written to /workspace/builds/worker-6-tc2/source/Cargo.toml
[INFO] running `Command { std: CARGO_HOME="/workspace/cargo-home" RUSTUP_HOME="/workspace/rustup-home" "/workspace/cargo-home/bin/cargo" "+beta-2023-12-22" "generate-lockfile" "--manifest-path" "Cargo.toml", kill_on_drop: false }`
[INFO] [stderr]     Updating crates.io index
[INFO] running `Command { std: CARGO_HOME="/workspace/cargo-home" RUSTUP_HOME="/workspace/rustup-home" "/workspace/cargo-home/bin/cargo" "+beta-2023-12-22" "fetch" "--manifest-path" "Cargo.toml", kill_on_drop: false }`
[INFO] running `Command { std: "docker" "create" "-v" "/var/lib/crater-agent-workspace/builds/worker-6-tc2/target:/opt/rustwide/target:rw,Z" "-v" "/var/lib/crater-agent-workspace/builds/worker-6-tc2/source:/opt/rustwide/workdir:ro,Z" "-v" "/var/lib/crater-agent-workspace/cargo-home:/opt/rustwide/cargo-home:ro,Z" "-v" "/var/lib/crater-agent-workspace/rustup-home:/opt/rustwide/rustup-home:ro,Z" "-e" "SOURCE_DIR=/opt/rustwide/workdir" "-e" "CARGO_TARGET_DIR=/opt/rustwide/target" "-e" "CARGO_HOME=/opt/rustwide/cargo-home" "-e" "RUSTUP_HOME=/opt/rustwide/rustup-home" "-w" "/opt/rustwide/workdir" "-m" "1610612736" "--user" "0:0" "--network" "none" "ghcr.io/rust-lang/crates-build-env/linux@sha256:2788e3201cd34a07e3172128adcd8b3090168a8e3bcc40d7c032b9dda1df7d1c" "/opt/rustwide/cargo-home/bin/cargo" "+beta-2023-12-22" "metadata" "--no-deps" "--format-version=1", kill_on_drop: false }`
[INFO] [stdout] 46a0651b645f341ba84eb6e58777bd79ef524abeeef7d4b7871f026334d5d541
[INFO] running `Command { std: "docker" "start" "-a" "46a0651b645f341ba84eb6e58777bd79ef524abeeef7d4b7871f026334d5d541", kill_on_drop: false }`
[INFO] running `Command { std: "docker" "inspect" "46a0651b645f341ba84eb6e58777bd79ef524abeeef7d4b7871f026334d5d541", kill_on_drop: false }`
[INFO] running `Command { std: "docker" "rm" "-f" "46a0651b645f341ba84eb6e58777bd79ef524abeeef7d4b7871f026334d5d541", kill_on_drop: false }`
[INFO] [stdout] 46a0651b645f341ba84eb6e58777bd79ef524abeeef7d4b7871f026334d5d541
[INFO] running `Command { std: "docker" "create" "-v" "/var/lib/crater-agent-workspace/builds/worker-6-tc2/target:/opt/rustwide/target:rw,Z" "-v" "/var/lib/crater-agent-workspace/builds/worker-6-tc2/source:/opt/rustwide/workdir:ro,Z" "-v" "/var/lib/crater-agent-workspace/cargo-home:/opt/rustwide/cargo-home:ro,Z" "-v" "/var/lib/crater-agent-workspace/rustup-home:/opt/rustwide/rustup-home:ro,Z" "-e" "SOURCE_DIR=/opt/rustwide/workdir" "-e" "CARGO_TARGET_DIR=/opt/rustwide/target" "-e" "CARGO_INCREMENTAL=0" "-e" "RUST_BACKTRACE=full" "-e" "RUSTFLAGS=--cap-lints=warn" "-e" "RUSTDOCFLAGS=--cap-lints=warn" "-e" "CARGO_HOME=/opt/rustwide/cargo-home" "-e" "RUSTUP_HOME=/opt/rustwide/rustup-home" "-w" "/opt/rustwide/workdir" "-m" "1610612736" "--user" "0:0" "--network" "none" "ghcr.io/rust-lang/crates-build-env/linux@sha256:2788e3201cd34a07e3172128adcd8b3090168a8e3bcc40d7c032b9dda1df7d1c" "/opt/rustwide/cargo-home/bin/cargo" "+beta-2023-12-22" "build" "--frozen" "--message-format=json", kill_on_drop: false }`
[INFO] [stdout] f305b21495c2a9da95e598160cff97c179cc79f258d23ea96120c7d59a4fe05d
[INFO] running `Command { std: "docker" "start" "-a" "f305b21495c2a9da95e598160cff97c179cc79f258d23ea96120c7d59a4fe05d", kill_on_drop: false }`
[INFO] [stderr]    Compiling autocfg v1.1.0
[INFO] [stderr]    Compiling scopeguard v1.2.0
[INFO] [stderr]    Compiling no-std-compat v0.4.1
[INFO] [stderr]    Compiling externref_polyfill v0.1.0
[INFO] [stderr]    Compiling lock_api v0.4.11
[INFO] [stderr]    Compiling spin v0.9.8
[INFO] [stderr]    Compiling js v0.5.7
[INFO] [stderr]    Compiling lit-html v0.1.2 (/opt/rustwide/workdir)
[INFO] [stdout] error[E0412]: cannot find type `JSObject` in this scope
[INFO] [stdout]   --> src/lib.rs:45:21
[INFO] [stdout]    |
[INFO] [stdout] 45 | pub type Template = JSObject;
[INFO] [stdout]    |                     ^^^^^^^^ not found in this scope
[INFO] [stdout] 
[INFO] [stdout] 
[INFO] [stdout] error[E0412]: cannot find type `JSObject` in this scope
[INFO] [stdout]    --> src/lib.rs:168:10
[INFO] [stdout]     |
[INFO] [stdout] 168 |     obj: JSObject,
[INFO] [stdout]     |          ^^^^^^^^ not found in this scope
[INFO] [stdout] 
[INFO] [stdout] 
[INFO] [stdout] error[E0433]: failed to resolve: use of undeclared type `JSObject`
[INFO] [stdout]    --> src/lib.rs:174:18
[INFO] [stdout]     |
[INFO] [stdout] 174 |             obj: JSObject::from(js!("function(){return this.storeObject({});}").invoke_0()),
[INFO] [stdout]     |                  ^^^^^^^^ use of undeclared type `JSObject`
[INFO] [stdout] 
[INFO] [stdout] 
[INFO] [stdout] error[E0425]: cannot find function `create_callback_0` in this scope
[INFO] [stdout]    --> src/lib.rs:162:13
[INFO] [stdout]     |
[INFO] [stdout] 162 |             create_callback_0(self),
[INFO] [stdout]     |             ^^^^^^^^^^^^^^^^^------
[INFO] [stdout]     |             |
[INFO] [stdout]     |             help: try calling `create_callback_0` as a method: `self.create_callback_0()`
[INFO] [stdout] 
[INFO] [stdout] 
[INFO] [stdout] error: aborting due to 4 previous errors
[INFO] [stdout] 
[INFO] [stdout] 
[INFO] [stdout] Some errors have detailed explanations: E0412, E0425, E0433.
[INFO] [stdout] 
[INFO] [stdout] For more information about an error, try `rustc --explain E0412`.
[INFO] [stdout] 
[INFO] [stderr] error: could not compile `lit-html` (lib) due to 5 previous errors
[INFO] [stderr] warning: build failed, waiting for other jobs to finish...
[INFO] running `Command { std: "docker" "inspect" "f305b21495c2a9da95e598160cff97c179cc79f258d23ea96120c7d59a4fe05d", kill_on_drop: false }`
[INFO] running `Command { std: "docker" "rm" "-f" "f305b21495c2a9da95e598160cff97c179cc79f258d23ea96120c7d59a4fe05d", kill_on_drop: false }`
[INFO] [stdout] f305b21495c2a9da95e598160cff97c179cc79f258d23ea96120c7d59a4fe05d
