[INFO] fetching crate linux-usb-functionfs-sys 0.1.1...
[INFO] testing linux-usb-functionfs-sys-0.1.1 against 1.75.0 for beta-1.76-1
[INFO] extracting crate linux-usb-functionfs-sys 0.1.1 into /workspace/builds/worker-5-tc1/source
[INFO] validating manifest of crates.io crate linux-usb-functionfs-sys 0.1.1 on toolchain 1.75.0
[INFO] running `Command { std: CARGO_HOME="/workspace/cargo-home" RUSTUP_HOME="/workspace/rustup-home" "/workspace/cargo-home/bin/cargo" "+1.75.0" "metadata" "--manifest-path" "Cargo.toml" "--no-deps", kill_on_drop: false }`
[INFO] started tweaking crates.io crate linux-usb-functionfs-sys 0.1.1
[INFO] finished tweaking crates.io crate linux-usb-functionfs-sys 0.1.1
[INFO] tweaked toml for crates.io crate linux-usb-functionfs-sys 0.1.1 written to /workspace/builds/worker-5-tc1/source/Cargo.toml
[INFO] running `Command { std: CARGO_HOME="/workspace/cargo-home" RUSTUP_HOME="/workspace/rustup-home" "/workspace/cargo-home/bin/cargo" "+1.75.0" "generate-lockfile" "--manifest-path" "Cargo.toml", kill_on_drop: false }`
[INFO] [stderr]     Updating crates.io index
[INFO] running `Command { std: CARGO_HOME="/workspace/cargo-home" RUSTUP_HOME="/workspace/rustup-home" "/workspace/cargo-home/bin/cargo" "+1.75.0" "fetch" "--manifest-path" "Cargo.toml", kill_on_drop: false }`
[INFO] [stderr]  Downloading crates ...
[INFO] [stderr]   Downloaded bindgen v0.55.1
[INFO] running `Command { std: "docker" "create" "-v" "/var/lib/crater-agent-workspace/builds/worker-5-tc1/target:/opt/rustwide/target:rw,Z" "-v" "/var/lib/crater-agent-workspace/builds/worker-5-tc1/source:/opt/rustwide/workdir:ro,Z" "-v" "/var/lib/crater-agent-workspace/cargo-home:/opt/rustwide/cargo-home:ro,Z" "-v" "/var/lib/crater-agent-workspace/rustup-home:/opt/rustwide/rustup-home:ro,Z" "-e" "SOURCE_DIR=/opt/rustwide/workdir" "-e" "CARGO_TARGET_DIR=/opt/rustwide/target" "-e" "CARGO_HOME=/opt/rustwide/cargo-home" "-e" "RUSTUP_HOME=/opt/rustwide/rustup-home" "-w" "/opt/rustwide/workdir" "-m" "1610612736" "--user" "0:0" "--network" "none" "ghcr.io/rust-lang/crates-build-env/linux@sha256:2788e3201cd34a07e3172128adcd8b3090168a8e3bcc40d7c032b9dda1df7d1c" "/opt/rustwide/cargo-home/bin/cargo" "+1.75.0" "metadata" "--no-deps" "--format-version=1", kill_on_drop: false }`
[INFO] [stdout] 8a72390f4a6a41007dcc379751b2a56e51eb48b4125859b6afcc5672542a7e39
[INFO] running `Command { std: "docker" "start" "-a" "8a72390f4a6a41007dcc379751b2a56e51eb48b4125859b6afcc5672542a7e39", kill_on_drop: false }`
[INFO] running `Command { std: "docker" "inspect" "8a72390f4a6a41007dcc379751b2a56e51eb48b4125859b6afcc5672542a7e39", kill_on_drop: false }`
[INFO] running `Command { std: "docker" "rm" "-f" "8a72390f4a6a41007dcc379751b2a56e51eb48b4125859b6afcc5672542a7e39", kill_on_drop: false }`
[INFO] [stdout] 8a72390f4a6a41007dcc379751b2a56e51eb48b4125859b6afcc5672542a7e39
[INFO] running `Command { std: "docker" "create" "-v" "/var/lib/crater-agent-workspace/builds/worker-5-tc1/target:/opt/rustwide/target:rw,Z" "-v" "/var/lib/crater-agent-workspace/builds/worker-5-tc1/source:/opt/rustwide/workdir:ro,Z" "-v" "/var/lib/crater-agent-workspace/cargo-home:/opt/rustwide/cargo-home:ro,Z" "-v" "/var/lib/crater-agent-workspace/rustup-home:/opt/rustwide/rustup-home:ro,Z" "-e" "SOURCE_DIR=/opt/rustwide/workdir" "-e" "CARGO_TARGET_DIR=/opt/rustwide/target" "-e" "CARGO_INCREMENTAL=0" "-e" "RUST_BACKTRACE=full" "-e" "RUSTFLAGS=--cap-lints=warn" "-e" "RUSTDOCFLAGS=--cap-lints=warn" "-e" "CARGO_HOME=/opt/rustwide/cargo-home" "-e" "RUSTUP_HOME=/opt/rustwide/rustup-home" "-w" "/opt/rustwide/workdir" "-m" "1610612736" "--user" "0:0" "--network" "none" "ghcr.io/rust-lang/crates-build-env/linux@sha256:2788e3201cd34a07e3172128adcd8b3090168a8e3bcc40d7c032b9dda1df7d1c" "/opt/rustwide/cargo-home/bin/cargo" "+1.75.0" "build" "--frozen" "--message-format=json", kill_on_drop: false }`
[INFO] [stdout] 3532fcd6411ce889025378a02d5bf0657a637c1bc2019751bf0e2ecced205b77
[INFO] running `Command { std: "docker" "start" "-a" "3532fcd6411ce889025378a02d5bf0657a637c1bc2019751bf0e2ecced205b77", kill_on_drop: false }`
[INFO] [stderr]    Compiling cfg-if v1.0.0
[INFO] [stderr]    Compiling clang-sys v1.7.0
[INFO] [stderr]    Compiling bindgen v0.55.1
[INFO] [stderr]    Compiling libloading v0.8.1
[INFO] [stderr]    Compiling linux-usb-functionfs-sys v0.1.1 (/opt/rustwide/workdir)
[INFO] [stdout] error[E0507]: cannot move out of `self.bKeyData` which is behind a shared reference
[INFO] [stdout]  --> /opt/rustwide/target/debug/build/linux-usb-functionfs-sys-ec19b6083724affb/out/bindings.rs:3:49261
[INFO] [stdout]   |
[INFO] [stdout] 3 | ...e (Debug)] pub struct usb_key_descriptor { pub bLength : __u8 , pub bDescriptorType : __u8 , pub tTKID : [__u8 ; 3usize] , pub bReserved : __u8 , pub bKeyData : __IncompleteArrayField < __u8 > , ...
[INFO] [stdout]   |       ----- in this derive macro expansion                                                                                                           ^^^^^^^^^^^^^^^^^^^^^^^^^^^^^^^^^^^^^^^^^^^^^^ move occurs because `self.bKeyData` has type `__IncompleteArrayField<u8>`, which does not implement the `Copy` trait
[INFO] [stdout]   |
[INFO] [stdout]   = note: `#[derive(Debug)]` triggers a move because taking references to the fields of a packed struct is undefined behaviour
[INFO] [stdout]   = note: this error originates in the derive macro `Debug` (in Nightly builds, run with -Z macro-backtrace for more info)
[INFO] [stdout] 
[INFO] [stdout] 
[INFO] [stdout] error[E0507]: cannot move out of `self.wPowerDataObject` which is behind a shared reference
[INFO] [stdout]  --> /opt/rustwide/target/debug/build/linux-usb-functionfs-sys-ec19b6083724affb/out/bindings.rs:3:78693
[INFO] [stdout]   |
[INFO] [stdout] 3 | ...e (Debug)] pub struct usb_pd_cap_provider_port_descriptor { pub bLength : __u8 , pub bDescriptorType : __u8 , pub bDevCapabilityType : __u8 , pub bReserved1 : __u8 , pub bmCapabilities : __u8 , pub bNumOfPDObjects : __u8 , pub bReserved2 : __u8 , pub wPowerDataObject : __IncompleteArrayField < __le32 > , ...
[INFO] [stdout]   |       ----- in this derive macro expansion                                                                                                                                                                                                                ^^^^^^^^^^^^^^^^^^^^^^^^^^^^^^^^^^^^^^^^^^^^^^^^^^^^^^^^ move occurs because `self.wPowerDataObject` has type `__IncompleteArrayField<u32>`, which does not implement the `Copy` trait
[INFO] [stdout]   |
[INFO] [stdout]   = note: `#[derive(Debug)]` triggers a move because taking references to the fields of a packed struct is undefined behaviour
[INFO] [stdout]   = note: this error originates in the derive macro `Debug` (in Nightly builds, run with -Z macro-backtrace for more info)
[INFO] [stdout] 
[INFO] [stdout] 
[INFO] [stdout] error: aborting due to 2 previous errors
[INFO] [stdout] 
[INFO] [stdout] 
[INFO] [stdout] For more information about this error, try `rustc --explain E0507`.
[INFO] [stdout] 
[INFO] [stderr] error: could not compile `linux-usb-functionfs-sys` (lib) due to 3 previous errors
[INFO] running `Command { std: "docker" "inspect" "3532fcd6411ce889025378a02d5bf0657a637c1bc2019751bf0e2ecced205b77", kill_on_drop: false }`
[INFO] running `Command { std: "docker" "rm" "-f" "3532fcd6411ce889025378a02d5bf0657a637c1bc2019751bf0e2ecced205b77", kill_on_drop: false }`
[INFO] [stdout] 3532fcd6411ce889025378a02d5bf0657a637c1bc2019751bf0e2ecced205b77
[INFO] testing linux-usb-functionfs-sys-0.1.1 against beta-2023-12-22 for beta-1.76-1
[INFO] extracting crate linux-usb-functionfs-sys 0.1.1 into /workspace/builds/worker-5-tc2/source
[INFO] validating manifest of crates.io crate linux-usb-functionfs-sys 0.1.1 on toolchain beta-2023-12-22
[INFO] running `Command { std: CARGO_HOME="/workspace/cargo-home" RUSTUP_HOME="/workspace/rustup-home" "/workspace/cargo-home/bin/cargo" "+beta-2023-12-22" "metadata" "--manifest-path" "Cargo.toml" "--no-deps", kill_on_drop: false }`
[INFO] started tweaking crates.io crate linux-usb-functionfs-sys 0.1.1
[INFO] finished tweaking crates.io crate linux-usb-functionfs-sys 0.1.1
[INFO] tweaked toml for crates.io crate linux-usb-functionfs-sys 0.1.1 written to /workspace/builds/worker-5-tc2/source/Cargo.toml
[INFO] running `Command { std: CARGO_HOME="/workspace/cargo-home" RUSTUP_HOME="/workspace/rustup-home" "/workspace/cargo-home/bin/cargo" "+beta-2023-12-22" "generate-lockfile" "--manifest-path" "Cargo.toml", kill_on_drop: false }`
[INFO] [stderr]     Updating crates.io index
[INFO] running `Command { std: CARGO_HOME="/workspace/cargo-home" RUSTUP_HOME="/workspace/rustup-home" "/workspace/cargo-home/bin/cargo" "+beta-2023-12-22" "fetch" "--manifest-path" "Cargo.toml", kill_on_drop: false }`
[INFO] running `Command { std: "docker" "create" "-v" "/var/lib/crater-agent-workspace/builds/worker-5-tc2/target:/opt/rustwide/target:rw,Z" "-v" "/var/lib/crater-agent-workspace/builds/worker-5-tc2/source:/opt/rustwide/workdir:ro,Z" "-v" "/var/lib/crater-agent-workspace/cargo-home:/opt/rustwide/cargo-home:ro,Z" "-v" "/var/lib/crater-agent-workspace/rustup-home:/opt/rustwide/rustup-home:ro,Z" "-e" "SOURCE_DIR=/opt/rustwide/workdir" "-e" "CARGO_TARGET_DIR=/opt/rustwide/target" "-e" "CARGO_HOME=/opt/rustwide/cargo-home" "-e" "RUSTUP_HOME=/opt/rustwide/rustup-home" "-w" "/opt/rustwide/workdir" "-m" "1610612736" "--user" "0:0" "--network" "none" "ghcr.io/rust-lang/crates-build-env/linux@sha256:2788e3201cd34a07e3172128adcd8b3090168a8e3bcc40d7c032b9dda1df7d1c" "/opt/rustwide/cargo-home/bin/cargo" "+beta-2023-12-22" "metadata" "--no-deps" "--format-version=1", kill_on_drop: false }`
[INFO] [stdout] d06af1e840a07a405a73fcfafc12241e08b74aec78494b0105c7ab369cad5e57
[INFO] running `Command { std: "docker" "start" "-a" "d06af1e840a07a405a73fcfafc12241e08b74aec78494b0105c7ab369cad5e57", kill_on_drop: false }`
[INFO] running `Command { std: "docker" "inspect" "d06af1e840a07a405a73fcfafc12241e08b74aec78494b0105c7ab369cad5e57", kill_on_drop: false }`
[INFO] running `Command { std: "docker" "rm" "-f" "d06af1e840a07a405a73fcfafc12241e08b74aec78494b0105c7ab369cad5e57", kill_on_drop: false }`
[INFO] [stdout] d06af1e840a07a405a73fcfafc12241e08b74aec78494b0105c7ab369cad5e57
[INFO] running `Command { std: "docker" "create" "-v" "/var/lib/crater-agent-workspace/builds/worker-5-tc2/target:/opt/rustwide/target:rw,Z" "-v" "/var/lib/crater-agent-workspace/builds/worker-5-tc2/source:/opt/rustwide/workdir:ro,Z" "-v" "/var/lib/crater-agent-workspace/cargo-home:/opt/rustwide/cargo-home:ro,Z" "-v" "/var/lib/crater-agent-workspace/rustup-home:/opt/rustwide/rustup-home:ro,Z" "-e" "SOURCE_DIR=/opt/rustwide/workdir" "-e" "CARGO_TARGET_DIR=/opt/rustwide/target" "-e" "CARGO_INCREMENTAL=0" "-e" "RUST_BACKTRACE=full" "-e" "RUSTFLAGS=--cap-lints=warn" "-e" "RUSTDOCFLAGS=--cap-lints=warn" "-e" "CARGO_HOME=/opt/rustwide/cargo-home" "-e" "RUSTUP_HOME=/opt/rustwide/rustup-home" "-w" "/opt/rustwide/workdir" "-m" "1610612736" "--user" "0:0" "--network" "none" "ghcr.io/rust-lang/crates-build-env/linux@sha256:2788e3201cd34a07e3172128adcd8b3090168a8e3bcc40d7c032b9dda1df7d1c" "/opt/rustwide/cargo-home/bin/cargo" "+beta-2023-12-22" "build" "--frozen" "--message-format=json", kill_on_drop: false }`
[INFO] [stdout] cff2c374a138e6e1666fb34101d4d6a5c829a66f9343cc3bcc4e74d43bec7618
[INFO] running `Command { std: "docker" "start" "-a" "cff2c374a138e6e1666fb34101d4d6a5c829a66f9343cc3bcc4e74d43bec7618", kill_on_drop: false }`
[INFO] [stderr]    Compiling clang-sys v1.7.0
[INFO] [stderr]    Compiling cfg-if v1.0.0
[INFO] [stderr]    Compiling bindgen v0.55.1
[INFO] [stderr]    Compiling libloading v0.8.1
[INFO] [stderr]    Compiling linux-usb-functionfs-sys v0.1.1 (/opt/rustwide/workdir)
[INFO] [stdout] error[E0507]: cannot move out of `self.bKeyData` which is behind a shared reference
[INFO] [stdout]  --> /opt/rustwide/target/debug/build/linux-usb-functionfs-sys-bd7eb28ab98fc4d3/out/bindings.rs:3:49261
[INFO] [stdout]   |
[INFO] [stdout] 3 | ...e (Debug)] pub struct usb_key_descriptor { pub bLength : __u8 , pub bDescriptorType : __u8 , pub tTKID : [__u8 ; 3usize] , pub bReserved : __u8 , pub bKeyData : __IncompleteArrayField < __u8 > , ...
[INFO] [stdout]   |       ----- in this derive macro expansion                                                                                                           ^^^^^^^^^^^^^^^^^^^^^^^^^^^^^^^^^^^^^^^^^^^^^^ move occurs because `self.bKeyData` has type `__IncompleteArrayField<u8>`, which does not implement the `Copy` trait
[INFO] [stdout]   |
[INFO] [stdout]   = note: `#[derive(Debug)]` triggers a move because taking references to the fields of a packed struct is undefined behaviour
[INFO] [stdout]   = note: this error originates in the derive macro `Debug` (in Nightly builds, run with -Z macro-backtrace for more info)
[INFO] [stdout] 
[INFO] [stdout] 
[INFO] [stdout] error[E0507]: cannot move out of `self.wPowerDataObject` which is behind a shared reference
[INFO] [stdout]  --> /opt/rustwide/target/debug/build/linux-usb-functionfs-sys-bd7eb28ab98fc4d3/out/bindings.rs:3:78693
[INFO] [stdout]   |
[INFO] [stdout] 3 | ...e (Debug)] pub struct usb_pd_cap_provider_port_descriptor { pub bLength : __u8 , pub bDescriptorType : __u8 , pub bDevCapabilityType : __u8 , pub bReserved1 : __u8 , pub bmCapabilities : __u8 , pub bNumOfPDObjects : __u8 , pub bReserved2 : __u8 , pub wPowerDataObject : __IncompleteArrayField < __le32 > , ...
[INFO] [stdout]   |       ----- in this derive macro expansion                                                                                                                                                                                                                ^^^^^^^^^^^^^^^^^^^^^^^^^^^^^^^^^^^^^^^^^^^^^^^^^^^^^^^^ move occurs because `self.wPowerDataObject` has type `__IncompleteArrayField<u32>`, which does not implement the `Copy` trait
[INFO] [stdout]   |
[INFO] [stdout]   = note: `#[derive(Debug)]` triggers a move because taking references to the fields of a packed struct is undefined behaviour
[INFO] [stdout]   = note: this error originates in the derive macro `Debug` (in Nightly builds, run with -Z macro-backtrace for more info)
[INFO] [stdout] 
[INFO] [stdout] 
[INFO] [stdout] error: aborting due to 2 previous errors
[INFO] [stdout] 
[INFO] [stdout] 
[INFO] [stdout] For more information about this error, try `rustc --explain E0507`.
[INFO] [stdout] 
[INFO] [stderr] error: could not compile `linux-usb-functionfs-sys` (lib) due to 3 previous errors
[INFO] running `Command { std: "docker" "inspect" "cff2c374a138e6e1666fb34101d4d6a5c829a66f9343cc3bcc4e74d43bec7618", kill_on_drop: false }`
[INFO] running `Command { std: "docker" "rm" "-f" "cff2c374a138e6e1666fb34101d4d6a5c829a66f9343cc3bcc4e74d43bec7618", kill_on_drop: false }`
[INFO] [stdout] cff2c374a138e6e1666fb34101d4d6a5c829a66f9343cc3bcc4e74d43bec7618
