[INFO] fetching crate linux-input 0.1.0...
[INFO] testing linux-input-0.1.0 against 1.75.0 for beta-1.76-1
[INFO] extracting crate linux-input 0.1.0 into /workspace/builds/worker-6-tc1/source
[INFO] validating manifest of crates.io crate linux-input 0.1.0 on toolchain 1.75.0
[INFO] running `Command { std: CARGO_HOME="/workspace/cargo-home" RUSTUP_HOME="/workspace/rustup-home" "/workspace/cargo-home/bin/cargo" "+1.75.0" "metadata" "--manifest-path" "Cargo.toml" "--no-deps", kill_on_drop: false }`
[INFO] started tweaking crates.io crate linux-input 0.1.0
[INFO] finished tweaking crates.io crate linux-input 0.1.0
[INFO] tweaked toml for crates.io crate linux-input 0.1.0 written to /workspace/builds/worker-6-tc1/source/Cargo.toml
[INFO] running `Command { std: CARGO_HOME="/workspace/cargo-home" RUSTUP_HOME="/workspace/rustup-home" "/workspace/cargo-home/bin/cargo" "+1.75.0" "generate-lockfile" "--manifest-path" "Cargo.toml", kill_on_drop: false }`
[INFO] [stderr]     Updating crates.io index
[INFO] running `Command { std: CARGO_HOME="/workspace/cargo-home" RUSTUP_HOME="/workspace/rustup-home" "/workspace/cargo-home/bin/cargo" "+1.75.0" "fetch" "--manifest-path" "Cargo.toml", kill_on_drop: false }`
[INFO] running `Command { std: "docker" "create" "-v" "/var/lib/crater-agent-workspace/builds/worker-6-tc1/target:/opt/rustwide/target:rw,Z" "-v" "/var/lib/crater-agent-workspace/builds/worker-6-tc1/source:/opt/rustwide/workdir:ro,Z" "-v" "/var/lib/crater-agent-workspace/cargo-home:/opt/rustwide/cargo-home:ro,Z" "-v" "/var/lib/crater-agent-workspace/rustup-home:/opt/rustwide/rustup-home:ro,Z" "-e" "SOURCE_DIR=/opt/rustwide/workdir" "-e" "CARGO_TARGET_DIR=/opt/rustwide/target" "-e" "CARGO_HOME=/opt/rustwide/cargo-home" "-e" "RUSTUP_HOME=/opt/rustwide/rustup-home" "-w" "/opt/rustwide/workdir" "-m" "1610612736" "--user" "0:0" "--network" "none" "ghcr.io/rust-lang/crates-build-env/linux@sha256:2788e3201cd34a07e3172128adcd8b3090168a8e3bcc40d7c032b9dda1df7d1c" "/opt/rustwide/cargo-home/bin/cargo" "+1.75.0" "metadata" "--no-deps" "--format-version=1", kill_on_drop: false }`
[INFO] [stdout] af4434913ccb8967ed57bb878649259853770cace5e4d200d31b2e1651403eb0
[INFO] running `Command { std: "docker" "start" "-a" "af4434913ccb8967ed57bb878649259853770cace5e4d200d31b2e1651403eb0", kill_on_drop: false }`
[INFO] running `Command { std: "docker" "inspect" "af4434913ccb8967ed57bb878649259853770cace5e4d200d31b2e1651403eb0", kill_on_drop: false }`
[INFO] running `Command { std: "docker" "rm" "-f" "af4434913ccb8967ed57bb878649259853770cace5e4d200d31b2e1651403eb0", kill_on_drop: false }`
[INFO] [stdout] af4434913ccb8967ed57bb878649259853770cace5e4d200d31b2e1651403eb0
[INFO] running `Command { std: "docker" "create" "-v" "/var/lib/crater-agent-workspace/builds/worker-6-tc1/target:/opt/rustwide/target:rw,Z" "-v" "/var/lib/crater-agent-workspace/builds/worker-6-tc1/source:/opt/rustwide/workdir:ro,Z" "-v" "/var/lib/crater-agent-workspace/cargo-home:/opt/rustwide/cargo-home:ro,Z" "-v" "/var/lib/crater-agent-workspace/rustup-home:/opt/rustwide/rustup-home:ro,Z" "-e" "SOURCE_DIR=/opt/rustwide/workdir" "-e" "CARGO_TARGET_DIR=/opt/rustwide/target" "-e" "CARGO_INCREMENTAL=0" "-e" "RUST_BACKTRACE=full" "-e" "RUSTFLAGS=--cap-lints=warn" "-e" "RUSTDOCFLAGS=--cap-lints=warn" "-e" "CARGO_HOME=/opt/rustwide/cargo-home" "-e" "RUSTUP_HOME=/opt/rustwide/rustup-home" "-w" "/opt/rustwide/workdir" "-m" "1610612736" "--user" "0:0" "--network" "none" "ghcr.io/rust-lang/crates-build-env/linux@sha256:2788e3201cd34a07e3172128adcd8b3090168a8e3bcc40d7c032b9dda1df7d1c" "/opt/rustwide/cargo-home/bin/cargo" "+1.75.0" "build" "--frozen" "--message-format=json", kill_on_drop: false }`
[INFO] [stdout] 95c886bd71902d89c0d3f058114c5fcfe14eb1b282cb2a337634279c0c35da6a
[INFO] running `Command { std: "docker" "start" "-a" "95c886bd71902d89c0d3f058114c5fcfe14eb1b282cb2a337634279c0c35da6a", kill_on_drop: false }`
[INFO] [stderr]    Compiling libc v0.2.151
[INFO] [stderr]    Compiling nix v0.17.0
[INFO] [stderr]    Compiling void v1.0.2
[INFO] [stderr]    Compiling cfg-if v0.1.10
[INFO] [stderr]    Compiling linux-input v0.1.0 (/opt/rustwide/workdir)
[INFO] [stdout] warning: calls to `std::mem::drop` with a value that implements `Copy` does nothing
[INFO] [stdout]    --> src/input.rs:377:5
[INFO] [stdout]     |
[INFO] [stdout] 377 |     std::mem::drop( timeout );
[INFO] [stdout]     |     ^^^^^^^^^^^^^^^^-------^^
[INFO] [stdout]     |                     |
[INFO] [stdout]     |                     argument has type `Option<timespec>`
[INFO] [stdout]     |
[INFO] [stdout]     = note: use `let _ = ...` to ignore the expression or result
[INFO] [stdout]     = note: `#[warn(dropping_copy_types)]` on by default
[INFO] [stdout] 
[INFO] [stdout] 
[INFO] [stdout] warning: 1 warning emitted
[INFO] [stdout] 
[INFO] [stdout] 
[INFO] [stderr]     Finished dev [unoptimized + debuginfo] target(s) in 2.77s
[INFO] running `Command { std: "docker" "inspect" "95c886bd71902d89c0d3f058114c5fcfe14eb1b282cb2a337634279c0c35da6a", kill_on_drop: false }`
[INFO] running `Command { std: "docker" "rm" "-f" "95c886bd71902d89c0d3f058114c5fcfe14eb1b282cb2a337634279c0c35da6a", kill_on_drop: false }`
[INFO] [stdout] 95c886bd71902d89c0d3f058114c5fcfe14eb1b282cb2a337634279c0c35da6a
[INFO] running `Command { std: "docker" "create" "-v" "/var/lib/crater-agent-workspace/builds/worker-6-tc1/target:/opt/rustwide/target:rw,Z" "-v" "/var/lib/crater-agent-workspace/builds/worker-6-tc1/source:/opt/rustwide/workdir:ro,Z" "-v" "/var/lib/crater-agent-workspace/cargo-home:/opt/rustwide/cargo-home:ro,Z" "-v" "/var/lib/crater-agent-workspace/rustup-home:/opt/rustwide/rustup-home:ro,Z" "-e" "SOURCE_DIR=/opt/rustwide/workdir" "-e" "CARGO_TARGET_DIR=/opt/rustwide/target" "-e" "CARGO_INCREMENTAL=0" "-e" "RUST_BACKTRACE=full" "-e" "RUSTFLAGS=--cap-lints=warn" "-e" "RUSTDOCFLAGS=--cap-lints=warn" "-e" "CARGO_HOME=/opt/rustwide/cargo-home" "-e" "RUSTUP_HOME=/opt/rustwide/rustup-home" "-w" "/opt/rustwide/workdir" "-m" "1610612736" "--user" "0:0" "--network" "none" "ghcr.io/rust-lang/crates-build-env/linux@sha256:2788e3201cd34a07e3172128adcd8b3090168a8e3bcc40d7c032b9dda1df7d1c" "/opt/rustwide/cargo-home/bin/cargo" "+1.75.0" "test" "--frozen" "--no-run" "--message-format=json", kill_on_drop: false }`
[INFO] [stdout] f058385d2d881474fa35418d756be5a4ce581c3097ea1e3e9ed52981316c825d
[INFO] running `Command { std: "docker" "start" "-a" "f058385d2d881474fa35418d756be5a4ce581c3097ea1e3e9ed52981316c825d", kill_on_drop: false }`
[INFO] [stdout] warning: calls to `std::mem::drop` with a value that implements `Copy` does nothing
[INFO] [stdout]    --> src/input.rs:377:5
[INFO] [stdout]     |
[INFO] [stdout] 377 |     std::mem::drop( timeout );
[INFO] [stdout]     |     ^^^^^^^^^^^^^^^^-------^^
[INFO] [stdout]     |                     |
[INFO] [stdout]     |                     argument has type `Option<timespec>`
[INFO] [stdout]     |
[INFO] [stdout]     = note: use `let _ = ...` to ignore the expression or result
[INFO] [stdout]     = note: `#[warn(dropping_copy_types)]` on by default
[INFO] [stdout] 
[INFO] [stdout] 
[INFO] [stderr]    Compiling linux-input v0.1.0 (/opt/rustwide/workdir)
[INFO] [stdout] warning: 1 warning emitted
[INFO] [stdout] 
[INFO] [stdout] 
[INFO] [stdout] error[E0308]: mismatched types
[INFO] [stdout]   --> src/event_bits_iter.rs:66:49
[INFO] [stdout]    |
[INFO] [stdout] 66 |     let mut iter = EventBitsIter::< u16 >::new( &[] );
[INFO] [stdout]    |                    ---------------------------  ^^^ expected `Cow<'_, [u8]>`, found `&[_; 0]`
[INFO] [stdout]    |                    |
[INFO] [stdout]    |                    arguments to this function are incorrect
[INFO] [stdout]    |
[INFO] [stdout]    = note:   expected enum `Cow<'_, [u8]>`
[INFO] [stdout]            found reference `&[_; 0]`
[INFO] [stdout] note: associated function defined here
[INFO] [stdout]   --> src/event_bits_iter.rs:24:19
[INFO] [stdout]    |
[INFO] [stdout] 24 |     pub(crate) fn new( buffer: Cow< 'a, [u8] > ) -> Self {
[INFO] [stdout]    |                   ^^^  -----------------------
[INFO] [stdout] help: try wrapping the expression in `std::borrow::Cow::Borrowed`
[INFO] [stdout]    |
[INFO] [stdout] 66 |     let mut iter = EventBitsIter::< u16 >::new( std::borrow::Cow::Borrowed(&[]) );
[INFO] [stdout]    |                                                 +++++++++++++++++++++++++++   +
[INFO] [stdout] 
[INFO] [stdout] 
[INFO] [stdout] error[E0308]: mismatched types
[INFO] [stdout]   --> src/event_bits_iter.rs:72:49
[INFO] [stdout]    |
[INFO] [stdout] 72 |     let mut iter = EventBitsIter::< u16 >::new( &[0] );
[INFO] [stdout]    |                    ---------------------------  ^^^^ expected `Cow<'_, [u8]>`, found `&[{integer}; 1]`
[INFO] [stdout]    |                    |
[INFO] [stdout]    |                    arguments to this function are incorrect
[INFO] [stdout]    |
[INFO] [stdout]    = note:   expected enum `Cow<'_, [u8]>`
[INFO] [stdout]            found reference `&[{integer}; 1]`
[INFO] [stdout] note: associated function defined here
[INFO] [stdout]   --> src/event_bits_iter.rs:24:19
[INFO] [stdout]    |
[INFO] [stdout] 24 |     pub(crate) fn new( buffer: Cow< 'a, [u8] > ) -> Self {
[INFO] [stdout]    |                   ^^^  -----------------------
[INFO] [stdout] help: try wrapping the expression in `std::borrow::Cow::Borrowed`
[INFO] [stdout]    |
[INFO] [stdout] 72 |     let mut iter = EventBitsIter::< u16 >::new( std::borrow::Cow::Borrowed(&[0]) );
[INFO] [stdout]    |                                                 +++++++++++++++++++++++++++    +
[INFO] [stdout] 
[INFO] [stdout] 
[INFO] [stdout] error[E0308]: mismatched types
[INFO] [stdout]   --> src/event_bits_iter.rs:78:49
[INFO] [stdout]    |
[INFO] [stdout] 78 |     let mut iter = EventBitsIter::< u16 >::new( &[0, 0, 0, 0] );
[INFO] [stdout]    |                    ---------------------------  ^^^^^^^^^^^^^ expected `Cow<'_, [u8]>`, found `&[{integer}; 4]`
[INFO] [stdout]    |                    |
[INFO] [stdout]    |                    arguments to this function are incorrect
[INFO] [stdout]    |
[INFO] [stdout]    = note:   expected enum `Cow<'_, [u8]>`
[INFO] [stdout]            found reference `&[{integer}; 4]`
[INFO] [stdout] note: associated function defined here
[INFO] [stdout]   --> src/event_bits_iter.rs:24:19
[INFO] [stdout]    |
[INFO] [stdout] 24 |     pub(crate) fn new( buffer: Cow< 'a, [u8] > ) -> Self {
[INFO] [stdout]    |                   ^^^  -----------------------
[INFO] [stdout] help: try wrapping the expression in `std::borrow::Cow::Borrowed`
[INFO] [stdout]    |
[INFO] [stdout] 78 |     let mut iter = EventBitsIter::< u16 >::new( std::borrow::Cow::Borrowed(&[0, 0, 0, 0]) );
[INFO] [stdout]    |                                                 +++++++++++++++++++++++++++             +
[INFO] [stdout] 
[INFO] [stdout] 
[INFO] [stdout] error[E0308]: mismatched types
[INFO] [stdout]   --> src/event_bits_iter.rs:84:49
[INFO] [stdout]    |
[INFO] [stdout] 84 |     let mut iter = EventBitsIter::< u16 >::new( &[0b0000_0001] );
[INFO] [stdout]    |                    ---------------------------  ^^^^^^^^^^^^^^ expected `Cow<'_, [u8]>`, found `&[{integer}; 1]`
[INFO] [stdout]    |                    |
[INFO] [stdout]    |                    arguments to this function are incorrect
[INFO] [stdout]    |
[INFO] [stdout]    = note:   expected enum `Cow<'_, [u8]>`
[INFO] [stdout]            found reference `&[{integer}; 1]`
[INFO] [stdout] note: associated function defined here
[INFO] [stdout]   --> src/event_bits_iter.rs:24:19
[INFO] [stdout]    |
[INFO] [stdout] 24 |     pub(crate) fn new( buffer: Cow< 'a, [u8] > ) -> Self {
[INFO] [stdout]    |                   ^^^  -----------------------
[INFO] [stdout] help: try wrapping the expression in `std::borrow::Cow::Borrowed`
[INFO] [stdout]    |
[INFO] [stdout] 84 |     let mut iter = EventBitsIter::< u16 >::new( std::borrow::Cow::Borrowed(&[0b0000_0001]) );
[INFO] [stdout]    |                                                 +++++++++++++++++++++++++++              +
[INFO] [stdout] 
[INFO] [stdout] 
[INFO] [stdout] error[E0308]: mismatched types
[INFO] [stdout]   --> src/event_bits_iter.rs:91:49
[INFO] [stdout]    |
[INFO] [stdout] 91 |     let mut iter = EventBitsIter::< u16 >::new( &[0b1000_0000] );
[INFO] [stdout]    |                    ---------------------------  ^^^^^^^^^^^^^^ expected `Cow<'_, [u8]>`, found `&[{integer}; 1]`
[INFO] [stdout]    |                    |
[INFO] [stdout]    |                    arguments to this function are incorrect
[INFO] [stdout]    |
[INFO] [stdout]    = note:   expected enum `Cow<'_, [u8]>`
[INFO] [stdout]            found reference `&[{integer}; 1]`
[INFO] [stdout] note: associated function defined here
[INFO] [stdout]   --> src/event_bits_iter.rs:24:19
[INFO] [stdout]    |
[INFO] [stdout] 24 |     pub(crate) fn new( buffer: Cow< 'a, [u8] > ) -> Self {
[INFO] [stdout]    |                   ^^^  -----------------------
[INFO] [stdout] help: try wrapping the expression in `std::borrow::Cow::Borrowed`
[INFO] [stdout]    |
[INFO] [stdout] 91 |     let mut iter = EventBitsIter::< u16 >::new( std::borrow::Cow::Borrowed(&[0b1000_0000]) );
[INFO] [stdout]    |                                                 +++++++++++++++++++++++++++              +
[INFO] [stdout] 
[INFO] [stdout] 
[INFO] [stdout] error[E0308]: mismatched types
[INFO] [stdout]   --> src/event_bits_iter.rs:98:49
[INFO] [stdout]    |
[INFO] [stdout] 98 |     let mut iter = EventBitsIter::< u16 >::new( &[0b1000_0001] );
[INFO] [stdout]    |                    ---------------------------  ^^^^^^^^^^^^^^ expected `Cow<'_, [u8]>`, found `&[{integer}; 1]`
[INFO] [stdout]    |                    |
[INFO] [stdout]    |                    arguments to this function are incorrect
[INFO] [stdout]    |
[INFO] [stdout]    = note:   expected enum `Cow<'_, [u8]>`
[INFO] [stdout]            found reference `&[{integer}; 1]`
[INFO] [stdout] note: associated function defined here
[INFO] [stdout]   --> src/event_bits_iter.rs:24:19
[INFO] [stdout]    |
[INFO] [stdout] 24 |     pub(crate) fn new( buffer: Cow< 'a, [u8] > ) -> Self {
[INFO] [stdout]    |                   ^^^  -----------------------
[INFO] [stdout] help: try wrapping the expression in `std::borrow::Cow::Borrowed`
[INFO] [stdout]    |
[INFO] [stdout] 98 |     let mut iter = EventBitsIter::< u16 >::new( std::borrow::Cow::Borrowed(&[0b1000_0001]) );
[INFO] [stdout]    |                                                 +++++++++++++++++++++++++++              +
[INFO] [stdout] 
[INFO] [stdout] 
[INFO] [stdout] error[E0308]: mismatched types
[INFO] [stdout]    --> src/event_bits_iter.rs:106:49
[INFO] [stdout]     |
[INFO] [stdout] 106 |     let mut iter = EventBitsIter::< u16 >::new( &[0, 0b1000_0001, 0] );
[INFO] [stdout]     |                    ---------------------------  ^^^^^^^^^^^^^^^^^^^^ expected `Cow<'_, [u8]>`, found `&[{integer}; 3]`
[INFO] [stdout]     |                    |
[INFO] [stdout]     |                    arguments to this function are incorrect
[INFO] [stdout]     |
[INFO] [stdout]     = note:   expected enum `Cow<'_, [u8]>`
[INFO] [stdout]             found reference `&[{integer}; 3]`
[INFO] [stdout] note: associated function defined here
[INFO] [stdout]    --> src/event_bits_iter.rs:24:19
[INFO] [stdout]     |
[INFO] [stdout] 24  |     pub(crate) fn new( buffer: Cow< 'a, [u8] > ) -> Self {
[INFO] [stdout]     |                   ^^^  -----------------------
[INFO] [stdout] help: try wrapping the expression in `std::borrow::Cow::Borrowed`
[INFO] [stdout]     |
[INFO] [stdout] 106 |     let mut iter = EventBitsIter::< u16 >::new( std::borrow::Cow::Borrowed(&[0, 0b1000_0001, 0]) );
[INFO] [stdout]     |                                                 +++++++++++++++++++++++++++                    +
[INFO] [stdout] 
[INFO] [stdout] 
[INFO] [stdout] error: aborting due to 7 previous errors
[INFO] [stdout] 
[INFO] [stdout] 
[INFO] [stdout] For more information about this error, try `rustc --explain E0308`.
[INFO] [stdout] 
[INFO] [stderr] error: could not compile `linux-input` (lib test) due to 8 previous errors
[INFO] running `Command { std: "docker" "inspect" "f058385d2d881474fa35418d756be5a4ce581c3097ea1e3e9ed52981316c825d", kill_on_drop: false }`
[INFO] running `Command { std: "docker" "rm" "-f" "f058385d2d881474fa35418d756be5a4ce581c3097ea1e3e9ed52981316c825d", kill_on_drop: false }`
[INFO] [stdout] f058385d2d881474fa35418d756be5a4ce581c3097ea1e3e9ed52981316c825d
[INFO] testing linux-input-0.1.0 against beta-2023-12-22 for beta-1.76-1
[INFO] extracting crate linux-input 0.1.0 into /workspace/builds/worker-6-tc2/source
[INFO] validating manifest of crates.io crate linux-input 0.1.0 on toolchain beta-2023-12-22
[INFO] running `Command { std: CARGO_HOME="/workspace/cargo-home" RUSTUP_HOME="/workspace/rustup-home" "/workspace/cargo-home/bin/cargo" "+beta-2023-12-22" "metadata" "--manifest-path" "Cargo.toml" "--no-deps", kill_on_drop: false }`
[INFO] started tweaking crates.io crate linux-input 0.1.0
[INFO] finished tweaking crates.io crate linux-input 0.1.0
[INFO] tweaked toml for crates.io crate linux-input 0.1.0 written to /workspace/builds/worker-6-tc2/source/Cargo.toml
[INFO] running `Command { std: CARGO_HOME="/workspace/cargo-home" RUSTUP_HOME="/workspace/rustup-home" "/workspace/cargo-home/bin/cargo" "+beta-2023-12-22" "generate-lockfile" "--manifest-path" "Cargo.toml", kill_on_drop: false }`
[INFO] [stderr]     Updating crates.io index
[INFO] running `Command { std: CARGO_HOME="/workspace/cargo-home" RUSTUP_HOME="/workspace/rustup-home" "/workspace/cargo-home/bin/cargo" "+beta-2023-12-22" "fetch" "--manifest-path" "Cargo.toml", kill_on_drop: false }`
[INFO] running `Command { std: "docker" "create" "-v" "/var/lib/crater-agent-workspace/builds/worker-6-tc2/target:/opt/rustwide/target:rw,Z" "-v" "/var/lib/crater-agent-workspace/builds/worker-6-tc2/source:/opt/rustwide/workdir:ro,Z" "-v" "/var/lib/crater-agent-workspace/cargo-home:/opt/rustwide/cargo-home:ro,Z" "-v" "/var/lib/crater-agent-workspace/rustup-home:/opt/rustwide/rustup-home:ro,Z" "-e" "SOURCE_DIR=/opt/rustwide/workdir" "-e" "CARGO_TARGET_DIR=/opt/rustwide/target" "-e" "CARGO_HOME=/opt/rustwide/cargo-home" "-e" "RUSTUP_HOME=/opt/rustwide/rustup-home" "-w" "/opt/rustwide/workdir" "-m" "1610612736" "--user" "0:0" "--network" "none" "ghcr.io/rust-lang/crates-build-env/linux@sha256:2788e3201cd34a07e3172128adcd8b3090168a8e3bcc40d7c032b9dda1df7d1c" "/opt/rustwide/cargo-home/bin/cargo" "+beta-2023-12-22" "metadata" "--no-deps" "--format-version=1", kill_on_drop: false }`
[INFO] [stdout] 41a0de70f482c37d3a387af86ccf91d12cc27e3990ac5773030b05e4ccffed4e
[INFO] running `Command { std: "docker" "start" "-a" "41a0de70f482c37d3a387af86ccf91d12cc27e3990ac5773030b05e4ccffed4e", kill_on_drop: false }`
[INFO] running `Command { std: "docker" "inspect" "41a0de70f482c37d3a387af86ccf91d12cc27e3990ac5773030b05e4ccffed4e", kill_on_drop: false }`
[INFO] running `Command { std: "docker" "rm" "-f" "41a0de70f482c37d3a387af86ccf91d12cc27e3990ac5773030b05e4ccffed4e", kill_on_drop: false }`
[INFO] [stdout] 41a0de70f482c37d3a387af86ccf91d12cc27e3990ac5773030b05e4ccffed4e
[INFO] running `Command { std: "docker" "create" "-v" "/var/lib/crater-agent-workspace/builds/worker-6-tc2/target:/opt/rustwide/target:rw,Z" "-v" "/var/lib/crater-agent-workspace/builds/worker-6-tc2/source:/opt/rustwide/workdir:ro,Z" "-v" "/var/lib/crater-agent-workspace/cargo-home:/opt/rustwide/cargo-home:ro,Z" "-v" "/var/lib/crater-agent-workspace/rustup-home:/opt/rustwide/rustup-home:ro,Z" "-e" "SOURCE_DIR=/opt/rustwide/workdir" "-e" "CARGO_TARGET_DIR=/opt/rustwide/target" "-e" "CARGO_INCREMENTAL=0" "-e" "RUST_BACKTRACE=full" "-e" "RUSTFLAGS=--cap-lints=warn" "-e" "RUSTDOCFLAGS=--cap-lints=warn" "-e" "CARGO_HOME=/opt/rustwide/cargo-home" "-e" "RUSTUP_HOME=/opt/rustwide/rustup-home" "-w" "/opt/rustwide/workdir" "-m" "1610612736" "--user" "0:0" "--network" "none" "ghcr.io/rust-lang/crates-build-env/linux@sha256:2788e3201cd34a07e3172128adcd8b3090168a8e3bcc40d7c032b9dda1df7d1c" "/opt/rustwide/cargo-home/bin/cargo" "+beta-2023-12-22" "build" "--frozen" "--message-format=json", kill_on_drop: false }`
[INFO] [stdout] 0e02d50242ed5f1d39bb14ae3d6429cbf140e84f42cfe671f202b29d232646a5
[INFO] running `Command { std: "docker" "start" "-a" "0e02d50242ed5f1d39bb14ae3d6429cbf140e84f42cfe671f202b29d232646a5", kill_on_drop: false }`
[INFO] [stderr]    Compiling libc v0.2.151
[INFO] [stderr]    Compiling nix v0.17.0
[INFO] [stderr]    Compiling cfg-if v0.1.10
[INFO] [stderr]    Compiling void v1.0.2
[INFO] [stderr]    Compiling linux-input v0.1.0 (/opt/rustwide/workdir)
[INFO] [stdout] warning: calls to `std::mem::drop` with a value that implements `Copy` does nothing
[INFO] [stdout]    --> src/input.rs:377:5
[INFO] [stdout]     |
[INFO] [stdout] 377 |     std::mem::drop( timeout );
[INFO] [stdout]     |     ^^^^^^^^^^^^^^^^-------^^
[INFO] [stdout]     |                     |
[INFO] [stdout]     |                     argument has type `Option<timespec>`
[INFO] [stdout]     |
[INFO] [stdout]     = note: use `let _ = ...` to ignore the expression or result
[INFO] [stdout]     = note: `#[warn(dropping_copy_types)]` on by default
[INFO] [stdout] 
[INFO] [stdout] 
[INFO] [stdout] warning: 1 warning emitted
[INFO] [stdout] 
[INFO] [stdout] 
[INFO] [stderr]     Finished dev [unoptimized + debuginfo] target(s) in 4.73s
[INFO] running `Command { std: "docker" "inspect" "0e02d50242ed5f1d39bb14ae3d6429cbf140e84f42cfe671f202b29d232646a5", kill_on_drop: false }`
[INFO] running `Command { std: "docker" "rm" "-f" "0e02d50242ed5f1d39bb14ae3d6429cbf140e84f42cfe671f202b29d232646a5", kill_on_drop: false }`
[INFO] [stdout] 0e02d50242ed5f1d39bb14ae3d6429cbf140e84f42cfe671f202b29d232646a5
[INFO] running `Command { std: "docker" "create" "-v" "/var/lib/crater-agent-workspace/builds/worker-6-tc2/target:/opt/rustwide/target:rw,Z" "-v" "/var/lib/crater-agent-workspace/builds/worker-6-tc2/source:/opt/rustwide/workdir:ro,Z" "-v" "/var/lib/crater-agent-workspace/cargo-home:/opt/rustwide/cargo-home:ro,Z" "-v" "/var/lib/crater-agent-workspace/rustup-home:/opt/rustwide/rustup-home:ro,Z" "-e" "SOURCE_DIR=/opt/rustwide/workdir" "-e" "CARGO_TARGET_DIR=/opt/rustwide/target" "-e" "CARGO_INCREMENTAL=0" "-e" "RUST_BACKTRACE=full" "-e" "RUSTFLAGS=--cap-lints=warn" "-e" "RUSTDOCFLAGS=--cap-lints=warn" "-e" "CARGO_HOME=/opt/rustwide/cargo-home" "-e" "RUSTUP_HOME=/opt/rustwide/rustup-home" "-w" "/opt/rustwide/workdir" "-m" "1610612736" "--user" "0:0" "--network" "none" "ghcr.io/rust-lang/crates-build-env/linux@sha256:2788e3201cd34a07e3172128adcd8b3090168a8e3bcc40d7c032b9dda1df7d1c" "/opt/rustwide/cargo-home/bin/cargo" "+beta-2023-12-22" "test" "--frozen" "--no-run" "--message-format=json", kill_on_drop: false }`
[INFO] [stdout] a2d52ae7143cd865b2d6818f2bc39ec994f7aa05f65a21efaf114af55eb18346
[INFO] running `Command { std: "docker" "start" "-a" "a2d52ae7143cd865b2d6818f2bc39ec994f7aa05f65a21efaf114af55eb18346", kill_on_drop: false }`
[INFO] [stdout] warning: calls to `std::mem::drop` with a value that implements `Copy` does nothing
[INFO] [stdout]    --> src/input.rs:377:5
[INFO] [stdout]     |
[INFO] [stdout] 377 |     std::mem::drop( timeout );
[INFO] [stdout]     |     ^^^^^^^^^^^^^^^^-------^^
[INFO] [stdout]     |                     |
[INFO] [stdout]     |                     argument has type `Option<timespec>`
[INFO] [stdout]     |
[INFO] [stdout]     = note: use `let _ = ...` to ignore the expression or result
[INFO] [stdout]     = note: `#[warn(dropping_copy_types)]` on by default
[INFO] [stdout] 
[INFO] [stdout] 
[INFO] [stdout] warning: 1 warning emitted
[INFO] [stdout] 
[INFO] [stdout] 
[INFO] [stderr]    Compiling linux-input v0.1.0 (/opt/rustwide/workdir)
[INFO] [stdout] error[E0308]: mismatched types
[INFO] [stdout]   --> src/event_bits_iter.rs:66:49
[INFO] [stdout]    |
[INFO] [stdout] 66 |     let mut iter = EventBitsIter::< u16 >::new( &[] );
[INFO] [stdout]    |                    ---------------------------  ^^^ expected `Cow<'_, [u8]>`, found `&[_; 0]`
[INFO] [stdout]    |                    |
[INFO] [stdout]    |                    arguments to this function are incorrect
[INFO] [stdout]    |
[INFO] [stdout]    = note:   expected enum `Cow<'_, [u8]>`
[INFO] [stdout]            found reference `&[_; 0]`
[INFO] [stdout] note: associated function defined here
[INFO] [stdout]   --> src/event_bits_iter.rs:24:19
[INFO] [stdout]    |
[INFO] [stdout] 24 |     pub(crate) fn new( buffer: Cow< 'a, [u8] > ) -> Self {
[INFO] [stdout]    |                   ^^^  -----------------------
[INFO] [stdout] help: try wrapping the expression in `std::borrow::Cow::Borrowed`
[INFO] [stdout]    |
[INFO] [stdout] 66 |     let mut iter = EventBitsIter::< u16 >::new( std::borrow::Cow::Borrowed(&[]) );
[INFO] [stdout]    |                                                 +++++++++++++++++++++++++++   +
[INFO] [stdout] 
[INFO] [stdout] 
[INFO] [stdout] error[E0308]: mismatched types
[INFO] [stdout]   --> src/event_bits_iter.rs:72:49
[INFO] [stdout]    |
[INFO] [stdout] 72 |     let mut iter = EventBitsIter::< u16 >::new( &[0] );
[INFO] [stdout]    |                    ---------------------------  ^^^^ expected `Cow<'_, [u8]>`, found `&[{integer}; 1]`
[INFO] [stdout]    |                    |
[INFO] [stdout]    |                    arguments to this function are incorrect
[INFO] [stdout]    |
[INFO] [stdout]    = note:   expected enum `Cow<'_, [u8]>`
[INFO] [stdout]            found reference `&[{integer}; 1]`
[INFO] [stdout] note: associated function defined here
[INFO] [stdout]   --> src/event_bits_iter.rs:24:19
[INFO] [stdout]    |
[INFO] [stdout] 24 |     pub(crate) fn new( buffer: Cow< 'a, [u8] > ) -> Self {
[INFO] [stdout]    |                   ^^^  -----------------------
[INFO] [stdout] help: try wrapping the expression in `std::borrow::Cow::Borrowed`
[INFO] [stdout]    |
[INFO] [stdout] 72 |     let mut iter = EventBitsIter::< u16 >::new( std::borrow::Cow::Borrowed(&[0]) );
[INFO] [stdout]    |                                                 +++++++++++++++++++++++++++    +
[INFO] [stdout] 
[INFO] [stdout] 
[INFO] [stdout] error[E0308]: mismatched types
[INFO] [stdout]   --> src/event_bits_iter.rs:78:49
[INFO] [stdout]    |
[INFO] [stdout] 78 |     let mut iter = EventBitsIter::< u16 >::new( &[0, 0, 0, 0] );
[INFO] [stdout]    |                    ---------------------------  ^^^^^^^^^^^^^ expected `Cow<'_, [u8]>`, found `&[{integer}; 4]`
[INFO] [stdout]    |                    |
[INFO] [stdout]    |                    arguments to this function are incorrect
[INFO] [stdout]    |
[INFO] [stdout]    = note:   expected enum `Cow<'_, [u8]>`
[INFO] [stdout]            found reference `&[{integer}; 4]`
[INFO] [stdout] note: associated function defined here
[INFO] [stdout]   --> src/event_bits_iter.rs:24:19
[INFO] [stdout]    |
[INFO] [stdout] 24 |     pub(crate) fn new( buffer: Cow< 'a, [u8] > ) -> Self {
[INFO] [stdout]    |                   ^^^  -----------------------
[INFO] [stdout] help: try wrapping the expression in `std::borrow::Cow::Borrowed`
[INFO] [stdout]    |
[INFO] [stdout] 78 |     let mut iter = EventBitsIter::< u16 >::new( std::borrow::Cow::Borrowed(&[0, 0, 0, 0]) );
[INFO] [stdout]    |                                                 +++++++++++++++++++++++++++             +
[INFO] [stdout] 
[INFO] [stdout] 
[INFO] [stdout] error[E0308]: mismatched types
[INFO] [stdout]   --> src/event_bits_iter.rs:84:49
[INFO] [stdout]    |
[INFO] [stdout] 84 |     let mut iter = EventBitsIter::< u16 >::new( &[0b0000_0001] );
[INFO] [stdout]    |                    ---------------------------  ^^^^^^^^^^^^^^ expected `Cow<'_, [u8]>`, found `&[{integer}; 1]`
[INFO] [stdout]    |                    |
[INFO] [stdout]    |                    arguments to this function are incorrect
[INFO] [stdout]    |
[INFO] [stdout]    = note:   expected enum `Cow<'_, [u8]>`
[INFO] [stdout]            found reference `&[{integer}; 1]`
[INFO] [stdout] note: associated function defined here
[INFO] [stdout]   --> src/event_bits_iter.rs:24:19
[INFO] [stdout]    |
[INFO] [stdout] 24 |     pub(crate) fn new( buffer: Cow< 'a, [u8] > ) -> Self {
[INFO] [stdout]    |                   ^^^  -----------------------
[INFO] [stdout] help: try wrapping the expression in `std::borrow::Cow::Borrowed`
[INFO] [stdout]    |
[INFO] [stdout] 84 |     let mut iter = EventBitsIter::< u16 >::new( std::borrow::Cow::Borrowed(&[0b0000_0001]) );
[INFO] [stdout]    |                                                 +++++++++++++++++++++++++++              +
[INFO] [stdout] 
[INFO] [stdout] 
[INFO] [stdout] error[E0308]: mismatched types
[INFO] [stdout]   --> src/event_bits_iter.rs:91:49
[INFO] [stdout]    |
[INFO] [stdout] 91 |     let mut iter = EventBitsIter::< u16 >::new( &[0b1000_0000] );
[INFO] [stdout]    |                    ---------------------------  ^^^^^^^^^^^^^^ expected `Cow<'_, [u8]>`, found `&[{integer}; 1]`
[INFO] [stdout]    |                    |
[INFO] [stdout]    |                    arguments to this function are incorrect
[INFO] [stdout]    |
[INFO] [stdout]    = note:   expected enum `Cow<'_, [u8]>`
[INFO] [stdout]            found reference `&[{integer}; 1]`
[INFO] [stdout] note: associated function defined here
[INFO] [stdout]   --> src/event_bits_iter.rs:24:19
[INFO] [stdout]    |
[INFO] [stdout] 24 |     pub(crate) fn new( buffer: Cow< 'a, [u8] > ) -> Self {
[INFO] [stdout]    |                   ^^^  -----------------------
[INFO] [stdout] help: try wrapping the expression in `std::borrow::Cow::Borrowed`
[INFO] [stdout]    |
[INFO] [stdout] 91 |     let mut iter = EventBitsIter::< u16 >::new( std::borrow::Cow::Borrowed(&[0b1000_0000]) );
[INFO] [stdout]    |                                                 +++++++++++++++++++++++++++              +
[INFO] [stdout] 
[INFO] [stdout] 
[INFO] [stdout] error[E0308]: mismatched types
[INFO] [stdout]   --> src/event_bits_iter.rs:98:49
[INFO] [stdout]    |
[INFO] [stdout] 98 |     let mut iter = EventBitsIter::< u16 >::new( &[0b1000_0001] );
[INFO] [stdout]    |                    ---------------------------  ^^^^^^^^^^^^^^ expected `Cow<'_, [u8]>`, found `&[{integer}; 1]`
[INFO] [stdout]    |                    |
[INFO] [stdout]    |                    arguments to this function are incorrect
[INFO] [stdout]    |
[INFO] [stdout]    = note:   expected enum `Cow<'_, [u8]>`
[INFO] [stdout]            found reference `&[{integer}; 1]`
[INFO] [stdout] note: associated function defined here
[INFO] [stdout]   --> src/event_bits_iter.rs:24:19
[INFO] [stdout]    |
[INFO] [stdout] 24 |     pub(crate) fn new( buffer: Cow< 'a, [u8] > ) -> Self {
[INFO] [stdout]    |                   ^^^  -----------------------
[INFO] [stdout] help: try wrapping the expression in `std::borrow::Cow::Borrowed`
[INFO] [stdout]    |
[INFO] [stdout] 98 |     let mut iter = EventBitsIter::< u16 >::new( std::borrow::Cow::Borrowed(&[0b1000_0001]) );
[INFO] [stdout]    |                                                 +++++++++++++++++++++++++++              +
[INFO] [stdout] 
[INFO] [stdout] 
[INFO] [stdout] error[E0308]: mismatched types
[INFO] [stdout]    --> src/event_bits_iter.rs:106:49
[INFO] [stdout]     |
[INFO] [stdout] 106 |     let mut iter = EventBitsIter::< u16 >::new( &[0, 0b1000_0001, 0] );
[INFO] [stdout]     |                    ---------------------------  ^^^^^^^^^^^^^^^^^^^^ expected `Cow<'_, [u8]>`, found `&[{integer}; 3]`
[INFO] [stdout]     |                    |
[INFO] [stdout]     |                    arguments to this function are incorrect
[INFO] [stdout]     |
[INFO] [stdout]     = note:   expected enum `Cow<'_, [u8]>`
[INFO] [stdout]             found reference `&[{integer}; 3]`
[INFO] [stdout] note: associated function defined here
[INFO] [stdout]    --> src/event_bits_iter.rs:24:19
[INFO] [stdout]     |
[INFO] [stdout] 24  |     pub(crate) fn new( buffer: Cow< 'a, [u8] > ) -> Self {
[INFO] [stdout]     |                   ^^^  -----------------------
[INFO] [stdout] help: try wrapping the expression in `std::borrow::Cow::Borrowed`
[INFO] [stdout]     |
[INFO] [stdout] 106 |     let mut iter = EventBitsIter::< u16 >::new( std::borrow::Cow::Borrowed(&[0, 0b1000_0001, 0]) );
[INFO] [stdout]     |                                                 +++++++++++++++++++++++++++                    +
[INFO] [stdout] 
[INFO] [stdout] 
[INFO] [stdout] error: aborting due to 7 previous errors
[INFO] [stdout] 
[INFO] [stdout] 
[INFO] [stdout] For more information about this error, try `rustc --explain E0308`.
[INFO] [stdout] 
[INFO] [stderr] error: could not compile `linux-input` (lib test) due to 8 previous errors
[INFO] running `Command { std: "docker" "inspect" "a2d52ae7143cd865b2d6818f2bc39ec994f7aa05f65a21efaf114af55eb18346", kill_on_drop: false }`
[INFO] running `Command { std: "docker" "rm" "-f" "a2d52ae7143cd865b2d6818f2bc39ec994f7aa05f65a21efaf114af55eb18346", kill_on_drop: false }`
[INFO] [stdout] a2d52ae7143cd865b2d6818f2bc39ec994f7aa05f65a21efaf114af55eb18346
