[INFO] fetching crate linguee 0.1.7...
[INFO] testing linguee-0.1.7 against 1.75.0 for beta-1.76-1
[INFO] extracting crate linguee 0.1.7 into /workspace/builds/worker-7-tc1/source
[INFO] validating manifest of crates.io crate linguee 0.1.7 on toolchain 1.75.0
[INFO] running `Command { std: CARGO_HOME="/workspace/cargo-home" RUSTUP_HOME="/workspace/rustup-home" "/workspace/cargo-home/bin/cargo" "+1.75.0" "metadata" "--manifest-path" "Cargo.toml" "--no-deps", kill_on_drop: false }`
[INFO] started tweaking crates.io crate linguee 0.1.7
[INFO] finished tweaking crates.io crate linguee 0.1.7
[INFO] tweaked toml for crates.io crate linguee 0.1.7 written to /workspace/builds/worker-7-tc1/source/Cargo.toml
[INFO] crate crates.io crate linguee 0.1.7 already has a lockfile, it will not be regenerated
[INFO] running `Command { std: CARGO_HOME="/workspace/cargo-home" RUSTUP_HOME="/workspace/rustup-home" "/workspace/cargo-home/bin/cargo" "+1.75.0" "fetch" "--manifest-path" "Cargo.toml", kill_on_drop: false }`
[INFO] [stderr]     Updating crates.io index
[INFO] [stderr]  Downloading crates ...
[INFO] [stderr]   Downloaded iana-time-zone v0.1.50
[INFO] [stderr]   Downloaded tl v0.7.7
[INFO] [stderr]   Downloaded tomcat v0.1.7
[INFO] [stderr]   Downloaded cok v0.1.7
[INFO] [stderr]   Downloaded doe v0.1.29
[INFO] running `Command { std: "docker" "create" "-v" "/var/lib/crater-agent-workspace/builds/worker-7-tc1/target:/opt/rustwide/target:rw,Z" "-v" "/var/lib/crater-agent-workspace/builds/worker-7-tc1/source:/opt/rustwide/workdir:ro,Z" "-v" "/var/lib/crater-agent-workspace/cargo-home:/opt/rustwide/cargo-home:ro,Z" "-v" "/var/lib/crater-agent-workspace/rustup-home:/opt/rustwide/rustup-home:ro,Z" "-e" "SOURCE_DIR=/opt/rustwide/workdir" "-e" "CARGO_TARGET_DIR=/opt/rustwide/target" "-e" "CARGO_HOME=/opt/rustwide/cargo-home" "-e" "RUSTUP_HOME=/opt/rustwide/rustup-home" "-w" "/opt/rustwide/workdir" "-m" "1610612736" "--user" "0:0" "--network" "none" "ghcr.io/rust-lang/crates-build-env/linux@sha256:2788e3201cd34a07e3172128adcd8b3090168a8e3bcc40d7c032b9dda1df7d1c" "/opt/rustwide/cargo-home/bin/cargo" "+1.75.0" "metadata" "--no-deps" "--format-version=1", kill_on_drop: false }`
[INFO] [stdout] e7b79b4bee87101e4552b04967f19cd108e96a11309249b8ff2bff120c14f535
[INFO] running `Command { std: "docker" "start" "-a" "e7b79b4bee87101e4552b04967f19cd108e96a11309249b8ff2bff120c14f535", kill_on_drop: false }`
[INFO] running `Command { std: "docker" "inspect" "e7b79b4bee87101e4552b04967f19cd108e96a11309249b8ff2bff120c14f535", kill_on_drop: false }`
[INFO] running `Command { std: "docker" "rm" "-f" "e7b79b4bee87101e4552b04967f19cd108e96a11309249b8ff2bff120c14f535", kill_on_drop: false }`
[INFO] [stdout] e7b79b4bee87101e4552b04967f19cd108e96a11309249b8ff2bff120c14f535
[INFO] running `Command { std: "docker" "create" "-v" "/var/lib/crater-agent-workspace/builds/worker-7-tc1/target:/opt/rustwide/target:rw,Z" "-v" "/var/lib/crater-agent-workspace/builds/worker-7-tc1/source:/opt/rustwide/workdir:ro,Z" "-v" "/var/lib/crater-agent-workspace/cargo-home:/opt/rustwide/cargo-home:ro,Z" "-v" "/var/lib/crater-agent-workspace/rustup-home:/opt/rustwide/rustup-home:ro,Z" "-e" "SOURCE_DIR=/opt/rustwide/workdir" "-e" "CARGO_TARGET_DIR=/opt/rustwide/target" "-e" "CARGO_INCREMENTAL=0" "-e" "RUST_BACKTRACE=full" "-e" "RUSTFLAGS=--cap-lints=warn" "-e" "RUSTDOCFLAGS=--cap-lints=warn" "-e" "CARGO_HOME=/opt/rustwide/cargo-home" "-e" "RUSTUP_HOME=/opt/rustwide/rustup-home" "-w" "/opt/rustwide/workdir" "-m" "1610612736" "--user" "0:0" "--network" "none" "ghcr.io/rust-lang/crates-build-env/linux@sha256:2788e3201cd34a07e3172128adcd8b3090168a8e3bcc40d7c032b9dda1df7d1c" "/opt/rustwide/cargo-home/bin/cargo" "+1.75.0" "build" "--frozen" "--message-format=json", kill_on_drop: false }`
[INFO] [stdout] 8fbd1b8a19fb063806c1b03513db00b38c01bd715b8183a24d9deae7313e0a08
[INFO] running `Command { std: "docker" "start" "-a" "8fbd1b8a19fb063806c1b03513db00b38c01bd715b8183a24d9deae7313e0a08", kill_on_drop: false }`
[INFO] [stderr]    Compiling libc v0.2.134
[INFO] [stderr]    Compiling proc-macro2 v1.0.46
[INFO] [stderr]    Compiling unicode-ident v1.0.4
[INFO] [stderr]    Compiling syn v1.0.102
[INFO] [stderr]    Compiling log v0.4.17
[INFO] [stderr]    Compiling once_cell v1.15.0
[INFO] [stderr]    Compiling cc v1.0.73
[INFO] [stderr]    Compiling parking_lot_core v0.9.3
[INFO] [stderr]    Compiling pkg-config v0.3.25
[INFO] [stderr]    Compiling bytes v1.2.1
[INFO] [stderr]    Compiling futures-core v0.3.24
[INFO] [stderr]    Compiling tokio v1.21.2
[INFO] [stderr]    Compiling itoa v1.0.4
[INFO] [stderr]    Compiling slab v0.4.7
[INFO] [stderr]    Compiling futures-task v0.3.24
[INFO] [stderr]    Compiling tracing-core v0.1.30
[INFO] [stderr]    Compiling indexmap v1.9.1
[INFO] [stderr]    Compiling futures-util v0.3.24
[INFO] [stderr]    Compiling quote v1.0.21
[INFO] [stderr]    Compiling openssl-sys v0.9.76
[INFO] [stderr]    Compiling foreign-types-shared v0.1.1
[INFO] [stderr]    Compiling num_cpus v1.13.1
[INFO] [stderr]    Compiling socket2 v0.4.7
[INFO] [stderr]    Compiling mio v0.8.4
[INFO] [stderr]    Compiling signal-hook-registry v1.4.0
[INFO] [stderr]    Compiling parking_lot v0.12.1
[INFO] [stderr]    Compiling openssl v0.10.42
[INFO] [stderr]    Compiling http v0.2.8
[INFO] [stderr]    Compiling tracing v0.1.37
[INFO] [stderr]    Compiling foreign-types v0.3.2
[INFO] [stderr]    Compiling num-traits v0.2.15
[INFO] [stderr]    Compiling serde v1.0.145
[INFO] [stderr]    Compiling native-tls v0.2.10
[INFO] [stderr]    Compiling futures-io v0.3.24
[INFO] [stderr]    Compiling futures-channel v0.3.24
[INFO] [stderr]    Compiling futures-sink v0.3.24
[INFO] [stderr]    Compiling tinyvec v1.6.0
[INFO] [stderr]    Compiling num-integer v0.1.45
[INFO] [stderr]    Compiling openssl-probe v0.1.5
[INFO] [stderr]    Compiling percent-encoding v2.2.0
[INFO] [stderr]    Compiling try-lock v0.2.3
[INFO] [stderr]    Compiling form_urlencoded v1.1.0
[INFO] [stderr]    Compiling want v0.3.0
[INFO] [stderr]    Compiling http-body v0.4.5
[INFO] [stderr]    Compiling encoding_rs v0.8.31
[INFO] [stderr]    Compiling serde_json v1.0.85
[INFO] [stderr]    Compiling unicode-normalization v0.1.22
[INFO] [stderr]    Compiling unicode-bidi v0.3.8
[INFO] [stderr]    Compiling ryu v1.0.11
[INFO] [stderr]    Compiling time v0.1.44
[INFO] [stderr]    Compiling serde_derive v1.0.145
[INFO] [stderr]    Compiling idna v0.3.0
[INFO] [stderr]    Compiling iana-time-zone v0.1.50
[INFO] [stderr]    Compiling chrono v0.4.22
[INFO] [stderr]    Compiling mime v0.3.16
[INFO] [stderr]    Compiling ipnet v2.5.0
[INFO] [stderr]    Compiling url v2.3.1
[INFO] [stderr]    Compiling tl v0.7.7
[INFO] [stdout] error[E0554]: `#![feature]` may not be used on the stable release channel
[INFO] [stdout]  --> /opt/rustwide/cargo-home/registry/src/index.crates.io-6f17d22bba15001f/tl-0.7.7/src/lib.rs:1:39
[INFO] [stdout]   |
[INFO] [stdout] 1 | #![cfg_attr(feature = "simd", feature(portable_simd))]
[INFO] [stdout]   |                                       ^^^^^^^^^^^^^
[INFO] [stdout] 
[INFO] [stdout] 
[INFO] [stdout] error: aborting due to previous error
[INFO] [stdout] 
[INFO] [stdout] 
[INFO] [stdout] For more information about this error, try `rustc --explain E0554`.
[INFO] [stdout] 
[INFO] [stderr] error: could not compile `tl` (lib) due to 2 previous errors
[INFO] [stderr] warning: build failed, waiting for other jobs to finish...
[INFO] running `Command { std: "docker" "inspect" "8fbd1b8a19fb063806c1b03513db00b38c01bd715b8183a24d9deae7313e0a08", kill_on_drop: false }`
[INFO] running `Command { std: "docker" "rm" "-f" "8fbd1b8a19fb063806c1b03513db00b38c01bd715b8183a24d9deae7313e0a08", kill_on_drop: false }`
[INFO] [stdout] 8fbd1b8a19fb063806c1b03513db00b38c01bd715b8183a24d9deae7313e0a08
[INFO] testing linguee-0.1.7 against beta-2023-12-22 for beta-1.76-1
[INFO] extracting crate linguee 0.1.7 into /workspace/builds/worker-7-tc2/source
[INFO] validating manifest of crates.io crate linguee 0.1.7 on toolchain beta-2023-12-22
[INFO] running `Command { std: CARGO_HOME="/workspace/cargo-home" RUSTUP_HOME="/workspace/rustup-home" "/workspace/cargo-home/bin/cargo" "+beta-2023-12-22" "metadata" "--manifest-path" "Cargo.toml" "--no-deps", kill_on_drop: false }`
[INFO] started tweaking crates.io crate linguee 0.1.7
[INFO] finished tweaking crates.io crate linguee 0.1.7
[INFO] tweaked toml for crates.io crate linguee 0.1.7 written to /workspace/builds/worker-7-tc2/source/Cargo.toml
[INFO] crate crates.io crate linguee 0.1.7 already has a lockfile, it will not be regenerated
[INFO] running `Command { std: CARGO_HOME="/workspace/cargo-home" RUSTUP_HOME="/workspace/rustup-home" "/workspace/cargo-home/bin/cargo" "+beta-2023-12-22" "fetch" "--manifest-path" "Cargo.toml", kill_on_drop: false }`
[INFO] running `Command { std: "docker" "create" "-v" "/var/lib/crater-agent-workspace/builds/worker-7-tc2/target:/opt/rustwide/target:rw,Z" "-v" "/var/lib/crater-agent-workspace/builds/worker-7-tc2/source:/opt/rustwide/workdir:ro,Z" "-v" "/var/lib/crater-agent-workspace/cargo-home:/opt/rustwide/cargo-home:ro,Z" "-v" "/var/lib/crater-agent-workspace/rustup-home:/opt/rustwide/rustup-home:ro,Z" "-e" "SOURCE_DIR=/opt/rustwide/workdir" "-e" "CARGO_TARGET_DIR=/opt/rustwide/target" "-e" "CARGO_HOME=/opt/rustwide/cargo-home" "-e" "RUSTUP_HOME=/opt/rustwide/rustup-home" "-w" "/opt/rustwide/workdir" "-m" "1610612736" "--user" "0:0" "--network" "none" "ghcr.io/rust-lang/crates-build-env/linux@sha256:2788e3201cd34a07e3172128adcd8b3090168a8e3bcc40d7c032b9dda1df7d1c" "/opt/rustwide/cargo-home/bin/cargo" "+beta-2023-12-22" "metadata" "--no-deps" "--format-version=1", kill_on_drop: false }`
[INFO] [stdout] aa2f9f11f6e1d2f22ea0546cfddd8ea8121386900904c279ac3afd499e047640
[INFO] running `Command { std: "docker" "start" "-a" "aa2f9f11f6e1d2f22ea0546cfddd8ea8121386900904c279ac3afd499e047640", kill_on_drop: false }`
[INFO] running `Command { std: "docker" "inspect" "aa2f9f11f6e1d2f22ea0546cfddd8ea8121386900904c279ac3afd499e047640", kill_on_drop: false }`
[INFO] running `Command { std: "docker" "rm" "-f" "aa2f9f11f6e1d2f22ea0546cfddd8ea8121386900904c279ac3afd499e047640", kill_on_drop: false }`
[INFO] [stdout] aa2f9f11f6e1d2f22ea0546cfddd8ea8121386900904c279ac3afd499e047640
[INFO] running `Command { std: "docker" "create" "-v" "/var/lib/crater-agent-workspace/builds/worker-7-tc2/target:/opt/rustwide/target:rw,Z" "-v" "/var/lib/crater-agent-workspace/builds/worker-7-tc2/source:/opt/rustwide/workdir:ro,Z" "-v" "/var/lib/crater-agent-workspace/cargo-home:/opt/rustwide/cargo-home:ro,Z" "-v" "/var/lib/crater-agent-workspace/rustup-home:/opt/rustwide/rustup-home:ro,Z" "-e" "SOURCE_DIR=/opt/rustwide/workdir" "-e" "CARGO_TARGET_DIR=/opt/rustwide/target" "-e" "CARGO_INCREMENTAL=0" "-e" "RUST_BACKTRACE=full" "-e" "RUSTFLAGS=--cap-lints=warn" "-e" "RUSTDOCFLAGS=--cap-lints=warn" "-e" "CARGO_HOME=/opt/rustwide/cargo-home" "-e" "RUSTUP_HOME=/opt/rustwide/rustup-home" "-w" "/opt/rustwide/workdir" "-m" "1610612736" "--user" "0:0" "--network" "none" "ghcr.io/rust-lang/crates-build-env/linux@sha256:2788e3201cd34a07e3172128adcd8b3090168a8e3bcc40d7c032b9dda1df7d1c" "/opt/rustwide/cargo-home/bin/cargo" "+beta-2023-12-22" "build" "--frozen" "--message-format=json", kill_on_drop: false }`
[INFO] [stdout] 7dbb99bb56247247b22e96bef5d498e76d77e985c7f13485ff00955f03494e21
[INFO] running `Command { std: "docker" "start" "-a" "7dbb99bb56247247b22e96bef5d498e76d77e985c7f13485ff00955f03494e21", kill_on_drop: false }`
[INFO] [stderr]    Compiling libc v0.2.134
[INFO] [stderr]    Compiling proc-macro2 v1.0.46
[INFO] [stderr]    Compiling unicode-ident v1.0.4
[INFO] [stderr]    Compiling syn v1.0.102
[INFO] [stderr]    Compiling log v0.4.17
[INFO] [stderr]    Compiling pkg-config v0.3.25
[INFO] [stderr]    Compiling cc v1.0.73
[INFO] [stderr]    Compiling once_cell v1.15.0
[INFO] [stderr]    Compiling parking_lot_core v0.9.3
[INFO] [stderr]    Compiling futures-core v0.3.24
[INFO] [stderr]    Compiling bytes v1.2.1
[INFO] [stderr]    Compiling tokio v1.21.2
[INFO] [stderr]    Compiling itoa v1.0.4
[INFO] [stderr]    Compiling slab v0.4.7
[INFO] [stderr]    Compiling futures-task v0.3.24
[INFO] [stderr]    Compiling tracing-core v0.1.30
[INFO] [stderr]    Compiling indexmap v1.9.1
[INFO] [stderr]    Compiling futures-util v0.3.24
[INFO] [stderr]    Compiling quote v1.0.21
[INFO] [stderr]    Compiling foreign-types-shared v0.1.1
[INFO] [stderr]    Compiling openssl v0.10.42
[INFO] [stderr]    Compiling foreign-types v0.3.2
[INFO] [stderr]    Compiling http v0.2.8
[INFO] [stderr]    Compiling signal-hook-registry v1.4.0
[INFO] [stderr]    Compiling openssl-sys v0.9.76
[INFO] [stderr]    Compiling num_cpus v1.13.1
[INFO] [stderr]    Compiling socket2 v0.4.7
[INFO] [stderr]    Compiling parking_lot v0.12.1
[INFO] [stderr]    Compiling mio v0.8.4
[INFO] [stderr]    Compiling tracing v0.1.37
[INFO] [stderr]    Compiling num-traits v0.2.15
[INFO] [stderr]    Compiling serde v1.0.145
[INFO] [stderr]    Compiling futures-channel v0.3.24
[INFO] [stderr]    Compiling futures-sink v0.3.24
[INFO] [stderr]    Compiling native-tls v0.2.10
[INFO] [stderr]    Compiling futures-io v0.3.24
[INFO] [stderr]    Compiling tinyvec v1.6.0
[INFO] [stderr]    Compiling num-integer v0.1.45
[INFO] [stderr]    Compiling percent-encoding v2.2.0
[INFO] [stderr]    Compiling openssl-probe v0.1.5
[INFO] [stderr]    Compiling try-lock v0.2.3
[INFO] [stderr]    Compiling want v0.3.0
[INFO] [stderr]    Compiling form_urlencoded v1.1.0
[INFO] [stderr]    Compiling http-body v0.4.5
[INFO] [stderr]    Compiling serde_json v1.0.85
[INFO] [stderr]    Compiling encoding_rs v0.8.31
[INFO] [stderr]    Compiling unicode-bidi v0.3.8
[INFO] [stderr]    Compiling unicode-normalization v0.1.22
[INFO] [stderr]    Compiling ryu v1.0.11
[INFO] [stderr]    Compiling time v0.1.44
[INFO] [stderr]    Compiling serde_derive v1.0.145
[INFO] [stderr]    Compiling iana-time-zone v0.1.50
[INFO] [stderr]    Compiling chrono v0.4.22
[INFO] [stderr]    Compiling idna v0.3.0
[INFO] [stderr]    Compiling ipnet v2.5.0
[INFO] [stderr]    Compiling mime v0.3.16
[INFO] [stderr]    Compiling tl v0.7.7
[INFO] [stdout] error[E0554]: `#![feature]` may not be used on the beta release channel
[INFO] [stdout]  --> /opt/rustwide/cargo-home/registry/src/index.crates.io-6f17d22bba15001f/tl-0.7.7/src/lib.rs:1:39
[INFO] [stdout]   |
[INFO] [stdout] 1 | #![cfg_attr(feature = "simd", feature(portable_simd))]
[INFO] [stdout]   |                                       ^^^^^^^^^^^^^
[INFO] [stdout] 
[INFO] [stdout] 
[INFO] [stdout] error[E0599]: no method named `simd_eq` found for struct `std::simd::Simd` in the current scope
[INFO] [stdout]   --> /opt/rustwide/cargo-home/registry/src/index.crates.io-6f17d22bba15001f/tl-0.7.7/src/simd/nightly.rs:27:24
[INFO] [stdout]    |
[INFO] [stdout] 27 |         let eq = bytes.simd_eq(needle16).to_int();
[INFO] [stdout]    |                        ^^^^^^^ method not found in `Simd<u8, 16>`
[INFO] [stdout]   --> /rustc/0e09125c6c3c2fd70d7de961bcf0e51575235fad/library/core/src/../../portable-simd/crates/core_simd/src/simd/cmp/eq.rs:14:8
[INFO] [stdout]    |
[INFO] [stdout]    = note: the method is available for `std::simd::Simd<u8, 16>` here
[INFO] [stdout]    |
[INFO] [stdout]    = help: items from traits can only be used if the trait is in scope
[INFO] [stdout] help: the following trait is implemented but not in scope; perhaps add a `use` for it:
[INFO] [stdout]    |
[INFO] [stdout] 1  + use std::simd::cmp::SimdPartialEq;
[INFO] [stdout]    |
[INFO] [stdout] 
[INFO] [stdout] 
[INFO] [stdout] error[E0599]: no method named `simd_eq` found for struct `std::simd::Simd` in the current scope
[INFO] [stdout]   --> /opt/rustwide/cargo-home/registry/src/index.crates.io-6f17d22bba15001f/tl-0.7.7/src/simd/nightly.rs:65:25
[INFO] [stdout]    |
[INFO] [stdout] 65 |         let eq1 = bytes.simd_eq(needle16a);
[INFO] [stdout]    |                         ^^^^^^^ method not found in `Simd<u8, 16>`
[INFO] [stdout]   --> /rustc/0e09125c6c3c2fd70d7de961bcf0e51575235fad/library/core/src/../../portable-simd/crates/core_simd/src/simd/cmp/eq.rs:14:8
[INFO] [stdout]    |
[INFO] [stdout]    = note: the method is available for `std::simd::Simd<u8, 16>` here
[INFO] [stdout]    |
[INFO] [stdout]    = help: items from traits can only be used if the trait is in scope
[INFO] [stdout] help: the following trait is implemented but not in scope; perhaps add a `use` for it:
[INFO] [stdout]    |
[INFO] [stdout] 1  + use std::simd::cmp::SimdPartialEq;
[INFO] [stdout]    |
[INFO] [stdout] 
[INFO] [stdout] 
[INFO] [stdout] error[E0599]: no method named `simd_eq` found for struct `std::simd::Simd` in the current scope
[INFO] [stdout]   --> /opt/rustwide/cargo-home/registry/src/index.crates.io-6f17d22bba15001f/tl-0.7.7/src/simd/nightly.rs:66:25
[INFO] [stdout]    |
[INFO] [stdout] 66 |         let eq2 = bytes.simd_eq(needle16b);
[INFO] [stdout]    |                         ^^^^^^^ method not found in `Simd<u8, 16>`
[INFO] [stdout]   --> /rustc/0e09125c6c3c2fd70d7de961bcf0e51575235fad/library/core/src/../../portable-simd/crates/core_simd/src/simd/cmp/eq.rs:14:8
[INFO] [stdout]    |
[INFO] [stdout]    = note: the method is available for `std::simd::Simd<u8, 16>` here
[INFO] [stdout]    |
[INFO] [stdout]    = help: items from traits can only be used if the trait is in scope
[INFO] [stdout] help: the following trait is implemented but not in scope; perhaps add a `use` for it:
[INFO] [stdout]    |
[INFO] [stdout] 1  + use std::simd::cmp::SimdPartialEq;
[INFO] [stdout]    |
[INFO] [stdout] 
[INFO] [stdout] 
[INFO] [stdout] error[E0599]: no method named `simd_eq` found for struct `std::simd::Simd` in the current scope
[INFO] [stdout]   --> /opt/rustwide/cargo-home/registry/src/index.crates.io-6f17d22bba15001f/tl-0.7.7/src/simd/nightly.rs:67:25
[INFO] [stdout]    |
[INFO] [stdout] 67 |         let eq3 = bytes.simd_eq(needle16c);
[INFO] [stdout]    |                         ^^^^^^^ method not found in `Simd<u8, 16>`
[INFO] [stdout]   --> /rustc/0e09125c6c3c2fd70d7de961bcf0e51575235fad/library/core/src/../../portable-simd/crates/core_simd/src/simd/cmp/eq.rs:14:8
[INFO] [stdout]    |
[INFO] [stdout]    = note: the method is available for `std::simd::Simd<u8, 16>` here
[INFO] [stdout]    |
[INFO] [stdout]    = help: items from traits can only be used if the trait is in scope
[INFO] [stdout] help: the following trait is implemented but not in scope; perhaps add a `use` for it:
[INFO] [stdout]    |
[INFO] [stdout] 1  + use std::simd::cmp::SimdPartialEq;
[INFO] [stdout]    |
[INFO] [stdout] 
[INFO] [stdout] 
[INFO] [stdout] error[E0599]: no method named `simd_eq` found for struct `std::simd::Simd` in the current scope
[INFO] [stdout]   --> /opt/rustwide/cargo-home/registry/src/index.crates.io-6f17d22bba15001f/tl-0.7.7/src/simd/nightly.rs:68:25
[INFO] [stdout]    |
[INFO] [stdout] 68 |         let eq4 = bytes.simd_eq(needle16d);
[INFO] [stdout]    |                         ^^^^^^^ method not found in `Simd<u8, 16>`
[INFO] [stdout]   --> /rustc/0e09125c6c3c2fd70d7de961bcf0e51575235fad/library/core/src/../../portable-simd/crates/core_simd/src/simd/cmp/eq.rs:14:8
[INFO] [stdout]    |
[INFO] [stdout]    = note: the method is available for `std::simd::Simd<u8, 16>` here
[INFO] [stdout]    |
[INFO] [stdout]    = help: items from traits can only be used if the trait is in scope
[INFO] [stdout] help: the following trait is implemented but not in scope; perhaps add a `use` for it:
[INFO] [stdout]    |
[INFO] [stdout] 1  + use std::simd::cmp::SimdPartialEq;
[INFO] [stdout]    |
[INFO] [stdout] 
[INFO] [stdout] 
[INFO] [stdout] error[E0599]: no method named `simd_ge` found for struct `std::simd::Simd` in the current scope
[INFO] [stdout]    --> /opt/rustwide/cargo-home/registry/src/index.crates.io-6f17d22bba15001f/tl-0.7.7/src/simd/nightly.rs:111:29
[INFO] [stdout]     |
[INFO] [stdout] 111 |         let ge_zero = bytes.simd_ge(needle_zero);
[INFO] [stdout]     |                             ^^^^^^^ method not found in `Simd<u8, 16>`
[INFO] [stdout]    --> /rustc/0e09125c6c3c2fd70d7de961bcf0e51575235fad/library/core/src/../../portable-simd/crates/core_simd/src/simd/cmp/ord.rs:24:8
[INFO] [stdout]     |
[INFO] [stdout]     = note: the method is available for `std::simd::Simd<u8, 16>` here
[INFO] [stdout]     |
[INFO] [stdout]     = help: items from traits can only be used if the trait is in scope
[INFO] [stdout] help: the following trait is implemented but not in scope; perhaps add a `use` for it:
[INFO] [stdout]     |
[INFO] [stdout] 1   + use std::simd::cmp::SimdPartialOrd;
[INFO] [stdout]     |
[INFO] [stdout] 
[INFO] [stdout] 
[INFO] [stdout] error[E0599]: no method named `simd_le` found for struct `std::simd::Simd` in the current scope
[INFO] [stdout]    --> /opt/rustwide/cargo-home/registry/src/index.crates.io-6f17d22bba15001f/tl-0.7.7/src/simd/nightly.rs:112:29
[INFO] [stdout]     |
[INFO] [stdout] 112 |         let le_nine = bytes.simd_le(needle_nine);
[INFO] [stdout]     |                             ^^^^^^^ method not found in `Simd<u8, 16>`
[INFO] [stdout]    --> /rustc/0e09125c6c3c2fd70d7de961bcf0e51575235fad/library/core/src/../../portable-simd/crates/core_simd/src/simd/cmp/ord.rs:16:8
[INFO] [stdout]     |
[INFO] [stdout]     = note: the method is available for `std::simd::Simd<u8, 16>` here
[INFO] [stdout]     |
[INFO] [stdout]     = help: items from traits can only be used if the trait is in scope
[INFO] [stdout] help: the following trait is implemented but not in scope; perhaps add a `use` for it:
[INFO] [stdout]     |
[INFO] [stdout] 1   + use std::simd::cmp::SimdPartialOrd;
[INFO] [stdout]     |
[INFO] [stdout] 
[INFO] [stdout] 
[INFO] [stdout] error[E0599]: no method named `simd_ge` found for struct `std::simd::Simd` in the current scope
[INFO] [stdout]    --> /opt/rustwide/cargo-home/registry/src/index.crates.io-6f17d22bba15001f/tl-0.7.7/src/simd/nightly.rs:115:29
[INFO] [stdout]     |
[INFO] [stdout] 115 |         let ge_lc_a = bytes.simd_ge(needle_lc_a);
[INFO] [stdout]     |                             ^^^^^^^ method not found in `Simd<u8, 16>`
[INFO] [stdout]    --> /rustc/0e09125c6c3c2fd70d7de961bcf0e51575235fad/library/core/src/../../portable-simd/crates/core_simd/src/simd/cmp/ord.rs:24:8
[INFO] [stdout]     |
[INFO] [stdout]     = note: the method is available for `std::simd::Simd<u8, 16>` here
[INFO] [stdout]     |
[INFO] [stdout]     = help: items from traits can only be used if the trait is in scope
[INFO] [stdout] help: the following trait is implemented but not in scope; perhaps add a `use` for it:
[INFO] [stdout]     |
[INFO] [stdout] 1   + use std::simd::cmp::SimdPartialOrd;
[INFO] [stdout]     |
[INFO] [stdout] 
[INFO] [stdout] 
[INFO] [stdout] error[E0599]: no method named `simd_le` found for struct `std::simd::Simd` in the current scope
[INFO] [stdout]    --> /opt/rustwide/cargo-home/registry/src/index.crates.io-6f17d22bba15001f/tl-0.7.7/src/simd/nightly.rs:116:29
[INFO] [stdout]     |
[INFO] [stdout] 116 |         let le_lc_z = bytes.simd_le(needle_lc_z);
[INFO] [stdout]     |                             ^^^^^^^ method not found in `Simd<u8, 16>`
[INFO] [stdout]    --> /rustc/0e09125c6c3c2fd70d7de961bcf0e51575235fad/library/core/src/../../portable-simd/crates/core_simd/src/simd/cmp/ord.rs:16:8
[INFO] [stdout]     |
[INFO] [stdout]     = note: the method is available for `std::simd::Simd<u8, 16>` here
[INFO] [stdout]     |
[INFO] [stdout]     = help: items from traits can only be used if the trait is in scope
[INFO] [stdout] help: the following trait is implemented but not in scope; perhaps add a `use` for it:
[INFO] [stdout]     |
[INFO] [stdout] 1   + use std::simd::cmp::SimdPartialOrd;
[INFO] [stdout]     |
[INFO] [stdout] 
[INFO] [stdout] 
[INFO] [stdout] error[E0599]: no method named `simd_ge` found for struct `std::simd::Simd` in the current scope
[INFO] [stdout]    --> /opt/rustwide/cargo-home/registry/src/index.crates.io-6f17d22bba15001f/tl-0.7.7/src/simd/nightly.rs:119:29
[INFO] [stdout]     |
[INFO] [stdout] 119 |         let ge_uc_a = bytes.simd_ge(needle_uc_a);
[INFO] [stdout]     |                             ^^^^^^^ method not found in `Simd<u8, 16>`
[INFO] [stdout]    --> /rustc/0e09125c6c3c2fd70d7de961bcf0e51575235fad/library/core/src/../../portable-simd/crates/core_simd/src/simd/cmp/ord.rs:24:8
[INFO] [stdout]     |
[INFO] [stdout]     = note: the method is available for `std::simd::Simd<u8, 16>` here
[INFO] [stdout]     |
[INFO] [stdout]     = help: items from traits can only be used if the trait is in scope
[INFO] [stdout] help: the following trait is implemented but not in scope; perhaps add a `use` for it:
[INFO] [stdout]     |
[INFO] [stdout] 1   + use std::simd::cmp::SimdPartialOrd;
[INFO] [stdout]     |
[INFO] [stdout] 
[INFO] [stdout] 
[INFO] [stdout] error[E0599]: no method named `simd_le` found for struct `std::simd::Simd` in the current scope
[INFO] [stdout]    --> /opt/rustwide/cargo-home/registry/src/index.crates.io-6f17d22bba15001f/tl-0.7.7/src/simd/nightly.rs:120:29
[INFO] [stdout]     |
[INFO] [stdout] 120 |         let le_uc_z = bytes.simd_le(needle_uc_z);
[INFO] [stdout]     |                             ^^^^^^^ method not found in `Simd<u8, 16>`
[INFO] [stdout]    --> /rustc/0e09125c6c3c2fd70d7de961bcf0e51575235fad/library/core/src/../../portable-simd/crates/core_simd/src/simd/cmp/ord.rs:16:8
[INFO] [stdout]     |
[INFO] [stdout]     = note: the method is available for `std::simd::Simd<u8, 16>` here
[INFO] [stdout]     |
[INFO] [stdout]     = help: items from traits can only be used if the trait is in scope
[INFO] [stdout] help: the following trait is implemented but not in scope; perhaps add a `use` for it:
[INFO] [stdout]     |
[INFO] [stdout] 1   + use std::simd::cmp::SimdPartialOrd;
[INFO] [stdout]     |
[INFO] [stdout] 
[INFO] [stdout] 
[INFO] [stdout] error[E0599]: no method named `simd_eq` found for struct `std::simd::Simd` in the current scope
[INFO] [stdout]    --> /opt/rustwide/cargo-home/registry/src/index.crates.io-6f17d22bba15001f/tl-0.7.7/src/simd/nightly.rs:123:30
[INFO] [stdout]     |
[INFO] [stdout] 123 |         let eq_minus = bytes.simd_eq(needle_minus);
[INFO] [stdout]     |                              ^^^^^^^ method not found in `Simd<u8, 16>`
[INFO] [stdout]    --> /rustc/0e09125c6c3c2fd70d7de961bcf0e51575235fad/library/core/src/../../portable-simd/crates/core_simd/src/simd/cmp/eq.rs:14:8
[INFO] [stdout]     |
[INFO] [stdout]     = note: the method is available for `std::simd::Simd<u8, 16>` here
[INFO] [stdout]     |
[INFO] [stdout]     = help: items from traits can only be used if the trait is in scope
[INFO] [stdout] help: the following trait is implemented but not in scope; perhaps add a `use` for it:
[INFO] [stdout]     |
[INFO] [stdout] 1   + use std::simd::cmp::SimdPartialEq;
[INFO] [stdout]     |
[INFO] [stdout] 
[INFO] [stdout] 
[INFO] [stdout] error[E0599]: no method named `simd_eq` found for struct `std::simd::Simd` in the current scope
[INFO] [stdout]    --> /opt/rustwide/cargo-home/registry/src/index.crates.io-6f17d22bba15001f/tl-0.7.7/src/simd/nightly.rs:124:35
[INFO] [stdout]     |
[INFO] [stdout] 124 |         let eq_underscore = bytes.simd_eq(needle_underscore);
[INFO] [stdout]     |                                   ^^^^^^^ method not found in `Simd<u8, 16>`
[INFO] [stdout]    --> /rustc/0e09125c6c3c2fd70d7de961bcf0e51575235fad/library/core/src/../../portable-simd/crates/core_simd/src/simd/cmp/eq.rs:14:8
[INFO] [stdout]     |
[INFO] [stdout]     = note: the method is available for `std::simd::Simd<u8, 16>` here
[INFO] [stdout]     |
[INFO] [stdout]     = help: items from traits can only be used if the trait is in scope
[INFO] [stdout] help: the following trait is implemented but not in scope; perhaps add a `use` for it:
[INFO] [stdout]     |
[INFO] [stdout] 1   + use std::simd::cmp::SimdPartialEq;
[INFO] [stdout]     |
[INFO] [stdout] 
[INFO] [stdout] 
[INFO] [stdout] error: aborting due to 14 previous errors
[INFO] [stdout] 
[INFO] [stdout] 
[INFO] [stdout] Some errors have detailed explanations: E0554, E0599.
[INFO] [stdout] 
[INFO] [stdout] For more information about an error, try `rustc --explain E0554`.
[INFO] [stdout] 
[INFO] [stderr] error: could not compile `tl` (lib) due to 15 previous errors
[INFO] [stderr] warning: build failed, waiting for other jobs to finish...
[INFO] running `Command { std: "docker" "inspect" "7dbb99bb56247247b22e96bef5d498e76d77e985c7f13485ff00955f03494e21", kill_on_drop: false }`
[INFO] running `Command { std: "docker" "rm" "-f" "7dbb99bb56247247b22e96bef5d498e76d77e985c7f13485ff00955f03494e21", kill_on_drop: false }`
[INFO] [stdout] 7dbb99bb56247247b22e96bef5d498e76d77e985c7f13485ff00955f03494e21
