[INFO] fetching crate linera-wit-bindgen-gen-host-wasmtime-rust 0.2.0...
[INFO] testing linera-wit-bindgen-gen-host-wasmtime-rust-0.2.0 against 1.75.0 for beta-1.76-1
[INFO] extracting crate linera-wit-bindgen-gen-host-wasmtime-rust 0.2.0 into /workspace/builds/worker-5-tc1/source
[INFO] validating manifest of crates.io crate linera-wit-bindgen-gen-host-wasmtime-rust 0.2.0 on toolchain 1.75.0
[INFO] running `Command { std: CARGO_HOME="/workspace/cargo-home" RUSTUP_HOME="/workspace/rustup-home" "/workspace/cargo-home/bin/cargo" "+1.75.0" "metadata" "--manifest-path" "Cargo.toml" "--no-deps", kill_on_drop: false }`
[INFO] started tweaking crates.io crate linera-wit-bindgen-gen-host-wasmtime-rust 0.2.0
[INFO] finished tweaking crates.io crate linera-wit-bindgen-gen-host-wasmtime-rust 0.2.0
[INFO] tweaked toml for crates.io crate linera-wit-bindgen-gen-host-wasmtime-rust 0.2.0 written to /workspace/builds/worker-5-tc1/source/Cargo.toml
[INFO] running `Command { std: CARGO_HOME="/workspace/cargo-home" RUSTUP_HOME="/workspace/rustup-home" "/workspace/cargo-home/bin/cargo" "+1.75.0" "generate-lockfile" "--manifest-path" "Cargo.toml", kill_on_drop: false }`
[INFO] [stderr]     Blocking waiting for file lock on package cache
[INFO] [stderr]     Updating crates.io index
[INFO] running `Command { std: CARGO_HOME="/workspace/cargo-home" RUSTUP_HOME="/workspace/rustup-home" "/workspace/cargo-home/bin/cargo" "+1.75.0" "fetch" "--manifest-path" "Cargo.toml", kill_on_drop: false }`
[INFO] [stderr]     Blocking waiting for file lock on package cache
[INFO] [stderr]  Downloading crates ...
[INFO] [stderr]   Downloaded wasmtime-jit-debug v1.0.2
[INFO] [stderr]   Downloaded wasmtime-types v1.0.2
[INFO] [stderr]   Downloaded cranelift-codegen-shared v0.88.2
[INFO] [stderr]   Downloaded is-terminal v0.3.0
[INFO] [stderr]   Downloaded wasmtime-asm-macros v1.0.2
[INFO] [stderr]   Downloaded wasmtime-runtime v1.0.2
[INFO] [stderr]   Downloaded winx v0.33.0
[INFO] [stderr]   Downloaded cap-std v0.25.3
[INFO] [stderr]   Downloaded cranelift-codegen-meta v0.88.2
[INFO] [stderr]   Downloaded cranelift-wasm v0.88.2
[INFO] [stderr]   Downloaded rustix v0.35.16
[INFO] [stderr]   Downloaded wasmparser v0.89.1
[INFO] [stderr]   Downloaded cranelift-codegen v0.88.2
[INFO] [stderr]   Downloaded wasmtime-environ v1.0.2
[INFO] [stderr]   Downloaded wasmtime v1.0.2
[INFO] [stderr]   Downloaded wasmtime-cranelift v1.0.2
[INFO] [stderr]   Downloaded ambient-authority v0.0.1
[INFO] [stderr]   Downloaded wasmtime-fiber v1.0.2
[INFO] [stderr]   Downloaded io-extras v0.15.0
[INFO] [stderr]   Downloaded cranelift-frontend v0.88.2
[INFO] [stderr]   Downloaded cranelift-entity v0.88.2
[INFO] [stderr]   Downloaded cranelift-isle v0.88.2
[INFO] [stderr]   Downloaded cap-time-ext v0.25.3
[INFO] [stderr]   Downloaded fs-set-times v0.17.1
[INFO] [stderr]   Downloaded wiggle-generate v1.0.2
[INFO] [stderr]   Downloaded wasi-cap-std-sync v1.0.2
[INFO] [stderr]   Downloaded cranelift-native v0.88.2
[INFO] [stderr]   Downloaded cranelift-bforest v0.88.2
[INFO] [stderr]   Downloaded wasmtime-cache v1.0.2
[INFO] [stderr]   Downloaded wasmtime-jit v1.0.2
[INFO] [stderr]   Downloaded cap-fs-ext v0.25.3
[INFO] [stderr]   Downloaded cap-rand v0.25.3
[INFO] [stderr]   Downloaded wiggle-macro v1.0.2
[INFO] [stderr]   Downloaded wasmtime-wasi v1.0.2
[INFO] [stderr]   Downloaded wiggle v1.0.2
[INFO] [stderr]   Downloaded system-interface v0.22.0
[INFO] [stderr]   Downloaded cap-primitives v0.25.3
[INFO] [stderr]   Downloaded wasi-common v1.0.2
[INFO] running `Command { std: "docker" "create" "-v" "/var/lib/crater-agent-workspace/builds/worker-5-tc1/target:/opt/rustwide/target:rw,Z" "-v" "/var/lib/crater-agent-workspace/builds/worker-5-tc1/source:/opt/rustwide/workdir:ro,Z" "-v" "/var/lib/crater-agent-workspace/cargo-home:/opt/rustwide/cargo-home:ro,Z" "-v" "/var/lib/crater-agent-workspace/rustup-home:/opt/rustwide/rustup-home:ro,Z" "-e" "SOURCE_DIR=/opt/rustwide/workdir" "-e" "CARGO_TARGET_DIR=/opt/rustwide/target" "-e" "CARGO_HOME=/opt/rustwide/cargo-home" "-e" "RUSTUP_HOME=/opt/rustwide/rustup-home" "-w" "/opt/rustwide/workdir" "-m" "1610612736" "--user" "0:0" "--network" "none" "ghcr.io/rust-lang/crates-build-env/linux@sha256:2788e3201cd34a07e3172128adcd8b3090168a8e3bcc40d7c032b9dda1df7d1c" "/opt/rustwide/cargo-home/bin/cargo" "+1.75.0" "metadata" "--no-deps" "--format-version=1", kill_on_drop: false }`
[INFO] [stdout] 043dde3180ed90c52dc2afaccf0a362c3f3a915046030aecc0e7fd26d0ebef4e
[INFO] running `Command { std: "docker" "start" "-a" "043dde3180ed90c52dc2afaccf0a362c3f3a915046030aecc0e7fd26d0ebef4e", kill_on_drop: false }`
[INFO] running `Command { std: "docker" "inspect" "043dde3180ed90c52dc2afaccf0a362c3f3a915046030aecc0e7fd26d0ebef4e", kill_on_drop: false }`
[INFO] running `Command { std: "docker" "rm" "-f" "043dde3180ed90c52dc2afaccf0a362c3f3a915046030aecc0e7fd26d0ebef4e", kill_on_drop: false }`
[INFO] [stdout] 043dde3180ed90c52dc2afaccf0a362c3f3a915046030aecc0e7fd26d0ebef4e
[INFO] running `Command { std: "docker" "create" "-v" "/var/lib/crater-agent-workspace/builds/worker-5-tc1/target:/opt/rustwide/target:rw,Z" "-v" "/var/lib/crater-agent-workspace/builds/worker-5-tc1/source:/opt/rustwide/workdir:ro,Z" "-v" "/var/lib/crater-agent-workspace/cargo-home:/opt/rustwide/cargo-home:ro,Z" "-v" "/var/lib/crater-agent-workspace/rustup-home:/opt/rustwide/rustup-home:ro,Z" "-e" "SOURCE_DIR=/opt/rustwide/workdir" "-e" "CARGO_TARGET_DIR=/opt/rustwide/target" "-e" "CARGO_INCREMENTAL=0" "-e" "RUST_BACKTRACE=full" "-e" "RUSTFLAGS=--cap-lints=warn" "-e" "RUSTDOCFLAGS=--cap-lints=warn" "-e" "CARGO_HOME=/opt/rustwide/cargo-home" "-e" "RUSTUP_HOME=/opt/rustwide/rustup-home" "-w" "/opt/rustwide/workdir" "-m" "1610612736" "--user" "0:0" "--network" "none" "ghcr.io/rust-lang/crates-build-env/linux@sha256:2788e3201cd34a07e3172128adcd8b3090168a8e3bcc40d7c032b9dda1df7d1c" "/opt/rustwide/cargo-home/bin/cargo" "+1.75.0" "build" "--frozen" "--message-format=json", kill_on_drop: false }`
[INFO] [stdout] af43acceeddcfc6fc5e46d79de8aa9c8fa8a0a81885b28d3299c486356360646
[INFO] running `Command { std: "docker" "start" "-a" "af43acceeddcfc6fc5e46d79de8aa9c8fa8a0a81885b28d3299c486356360646", kill_on_drop: false }`
[INFO] [stderr]    Compiling unicase v2.7.0
[INFO] [stderr]    Compiling pulldown-cmark v0.8.0
[INFO] [stderr]    Compiling unicode-xid v0.2.4
[INFO] [stderr]    Compiling id-arena v2.2.1
[INFO] [stderr]    Compiling unicode-segmentation v1.10.1
[INFO] [stderr]    Compiling linera-wit-bindgen-gen-host-wasmtime-rust v0.2.0 (/opt/rustwide/workdir)
[INFO] [stderr]    Compiling unicode-normalization v0.1.22
[INFO] [stderr]    Compiling heck v0.3.3
[INFO] [stderr]    Compiling linera-wit-parser v0.2.0
[INFO] [stderr]    Compiling linera-wit-bindgen-core v0.2.0
[INFO] [stderr]    Compiling linera-wit-bindgen-gen-rust-lib v0.2.0
[INFO] [stderr]     Finished dev [unoptimized + debuginfo] target(s) in 3.02s
[INFO] running `Command { std: "docker" "inspect" "af43acceeddcfc6fc5e46d79de8aa9c8fa8a0a81885b28d3299c486356360646", kill_on_drop: false }`
[INFO] running `Command { std: "docker" "rm" "-f" "af43acceeddcfc6fc5e46d79de8aa9c8fa8a0a81885b28d3299c486356360646", kill_on_drop: false }`
[INFO] [stdout] af43acceeddcfc6fc5e46d79de8aa9c8fa8a0a81885b28d3299c486356360646
[INFO] running `Command { std: "docker" "create" "-v" "/var/lib/crater-agent-workspace/builds/worker-5-tc1/target:/opt/rustwide/target:rw,Z" "-v" "/var/lib/crater-agent-workspace/builds/worker-5-tc1/source:/opt/rustwide/workdir:ro,Z" "-v" "/var/lib/crater-agent-workspace/cargo-home:/opt/rustwide/cargo-home:ro,Z" "-v" "/var/lib/crater-agent-workspace/rustup-home:/opt/rustwide/rustup-home:ro,Z" "-e" "SOURCE_DIR=/opt/rustwide/workdir" "-e" "CARGO_TARGET_DIR=/opt/rustwide/target" "-e" "CARGO_INCREMENTAL=0" "-e" "RUST_BACKTRACE=full" "-e" "RUSTFLAGS=--cap-lints=warn" "-e" "RUSTDOCFLAGS=--cap-lints=warn" "-e" "CARGO_HOME=/opt/rustwide/cargo-home" "-e" "RUSTUP_HOME=/opt/rustwide/rustup-home" "-w" "/opt/rustwide/workdir" "-m" "1610612736" "--user" "0:0" "--network" "none" "ghcr.io/rust-lang/crates-build-env/linux@sha256:2788e3201cd34a07e3172128adcd8b3090168a8e3bcc40d7c032b9dda1df7d1c" "/opt/rustwide/cargo-home/bin/cargo" "+1.75.0" "test" "--frozen" "--no-run" "--message-format=json", kill_on_drop: false }`
[INFO] [stdout] 2f60b00214b97de906ae8e97439eb62c46f79c00e47dfb9edd5130278a012558
[INFO] running `Command { std: "docker" "start" "-a" "2f60b00214b97de906ae8e97439eb62c46f79c00e47dfb9edd5130278a012558", kill_on_drop: false }`
[INFO] [stderr]    Compiling io-lifetimes v0.7.5
[INFO] [stderr]    Compiling rustix v0.35.16
[INFO] [stderr]    Compiling ahash v0.7.7
[INFO] [stderr]    Compiling linux-raw-sys v0.0.46
[INFO] [stderr]    Compiling target-lexicon v0.12.13
[INFO] [stderr]    Compiling cranelift-isle v0.88.2
[INFO] [stderr]    Compiling rustix v0.38.28
[INFO] [stderr]    Compiling cranelift-codegen-shared v0.88.2
[INFO] [stderr]    Compiling generic-array v0.14.7
[INFO] [stderr]    Compiling wasmtime-fiber v1.0.2
[INFO] [stderr]    Compiling slice-group-by v0.3.1
[INFO] [stderr]    Compiling cranelift-entity v0.88.2
[INFO] [stderr]    Compiling io-extras v0.15.0
[INFO] [stderr]    Compiling arrayvec v0.7.4
[INFO] [stderr]    Compiling memoffset v0.6.5
[INFO] [stderr]    Compiling cap-primitives v0.25.3
[INFO] [stderr]    Compiling cranelift-codegen-meta v0.88.2
[INFO] [stderr]    Compiling ambient-authority v0.0.1
[INFO] [stderr]    Compiling wasmtime-runtime v1.0.2
[INFO] [stderr]    Compiling regalloc2 v0.3.2
[INFO] [stderr]    Compiling wasmtime-asm-macros v1.0.2
[INFO] [stderr]    Compiling hashbrown v0.12.3
[INFO] [stderr]    Compiling cranelift-bforest v0.88.2
[INFO] [stderr]    Compiling cap-std v0.25.3
[INFO] [stderr]    Compiling wasmtime-cache v1.0.2
[INFO] [stderr]    Compiling base64 v0.13.1
[INFO] [stderr]    Compiling wasmtime v1.0.2
[INFO] [stderr]    Compiling wiggle-generate v1.0.2
[INFO] [stderr]    Compiling block-buffer v0.9.0
[INFO] [stderr]    Compiling digest v0.9.0
[INFO] [stderr]    Compiling wasi-common v1.0.2
[INFO] [stderr]    Compiling system-interface v0.22.0
[INFO] [stderr]    Compiling sha2 v0.9.9
[INFO] [stderr]    Compiling cap-fs-ext v0.25.3
[INFO] [stderr]    Compiling cap-rand v0.25.3
[INFO] [stderr]    Compiling wasmtime-wasi v1.0.2
[INFO] [stderr]    Compiling indexmap v1.9.3
[INFO] [stderr]    Compiling gimli v0.26.2
[INFO] [stderr]    Compiling wasmparser v0.89.1
[INFO] [stderr]    Compiling object v0.29.0
[INFO] [stderr]    Compiling wiggle-macro v1.0.2
[INFO] [stderr]    Compiling is-terminal v0.4.10
[INFO] [stderr]    Compiling memfd v0.6.4
[INFO] [stderr]    Compiling env_logger v0.10.1
[INFO] [stderr]    Compiling cranelift-codegen v0.88.2
[INFO] [stderr]    Compiling fs-set-times v0.17.1
[INFO] [stderr]    Compiling is-terminal v0.3.0
[INFO] [stderr]    Compiling file-per-thread-logger v0.1.6
[INFO] [stdout] error[E0061]: this method takes 1 argument but 2 arguments were supplied
[INFO] [stdout]   --> /opt/rustwide/cargo-home/registry/src/index.crates.io-6f17d22bba15001f/cap-primitives-0.25.3/src/rustix/linux/fs/set_times_impl.rs:20:25
[INFO] [stdout]    |
[INFO] [stdout] 20 |             return file.set_times(
[INFO] [stdout]    |                         ^^^^^^^^^
[INFO] [stdout] 21 |                 atime.map(SystemTimeSpec::into_std),
[INFO] [stdout] 22 |                 mtime.map(SystemTimeSpec::into_std),
[INFO] [stdout]    |                 ----------------------------------- unexpected argument of type `Option<fs_set_times::SystemTimeSpec>`
[INFO] [stdout]    |
[INFO] [stdout] note: expected `FileTimes`, found `Option<SystemTimeSpec>`
[INFO] [stdout]   --> /opt/rustwide/cargo-home/registry/src/index.crates.io-6f17d22bba15001f/cap-primitives-0.25.3/src/rustix/linux/fs/set_times_impl.rs:21:17
[INFO] [stdout]    |
[INFO] [stdout] 21 |                 atime.map(SystemTimeSpec::into_std),
[INFO] [stdout]    |                 ^^^^^^^^^^^^^^^^^^^^^^^^^^^^^^^^^^^
[INFO] [stdout]    = note: expected struct `FileTimes`
[INFO] [stdout]                 found enum `Option<fs_set_times::SystemTimeSpec>`
[INFO] [stdout] note: method defined here
[INFO] [stdout]   --> /rustc/82e1608dfa6e0b5569232559e3d385fea5a93112/library/std/src/fs.rs:695:12
[INFO] [stdout] help: remove the extra argument
[INFO] [stdout]    |
[INFO] [stdout] 21 -                 atime.map(SystemTimeSpec::into_std),
[INFO] [stdout] 21 +                 /* FileTimes */,
[INFO] [stdout]    |
[INFO] [stdout] 
[INFO] [stdout] 
[INFO] [stdout] error[E0061]: this method takes 1 argument but 2 arguments were supplied
[INFO] [stdout]   --> /opt/rustwide/cargo-home/registry/src/index.crates.io-6f17d22bba15001f/cap-primitives-0.25.3/src/rustix/linux/fs/set_times_impl.rs:34:25
[INFO] [stdout]    |
[INFO] [stdout] 34 |             return file.set_times(
[INFO] [stdout]    |                         ^^^^^^^^^
[INFO] [stdout] 35 |                 atime.map(SystemTimeSpec::into_std),
[INFO] [stdout] 36 |                 mtime.map(SystemTimeSpec::into_std),
[INFO] [stdout]    |                 ----------------------------------- unexpected argument of type `Option<fs_set_times::SystemTimeSpec>`
[INFO] [stdout]    |
[INFO] [stdout] note: expected `FileTimes`, found `Option<SystemTimeSpec>`
[INFO] [stdout]   --> /opt/rustwide/cargo-home/registry/src/index.crates.io-6f17d22bba15001f/cap-primitives-0.25.3/src/rustix/linux/fs/set_times_impl.rs:35:17
[INFO] [stdout]    |
[INFO] [stdout] 35 |                 atime.map(SystemTimeSpec::into_std),
[INFO] [stdout]    |                 ^^^^^^^^^^^^^^^^^^^^^^^^^^^^^^^^^^^
[INFO] [stdout]    = note: expected struct `FileTimes`
[INFO] [stdout]                 found enum `Option<fs_set_times::SystemTimeSpec>`
[INFO] [stdout] note: method defined here
[INFO] [stdout]   --> /rustc/82e1608dfa6e0b5569232559e3d385fea5a93112/library/std/src/fs.rs:695:12
[INFO] [stdout] help: remove the extra argument
[INFO] [stdout]    |
[INFO] [stdout] 35 -                 atime.map(SystemTimeSpec::into_std),
[INFO] [stdout] 35 +                 /* FileTimes */,
[INFO] [stdout]    |
[INFO] [stdout] 
[INFO] [stdout] 
[INFO] [stdout] error: aborting due to 2 previous errors
[INFO] [stdout] 
[INFO] [stdout] 
[INFO] [stdout] For more information about this error, try `rustc --explain E0061`.
[INFO] [stdout] 
[INFO] [stderr] error: could not compile `cap-primitives` (lib) due to 3 previous errors
[INFO] [stderr] warning: build failed, waiting for other jobs to finish...
[INFO] running `Command { std: "docker" "inspect" "2f60b00214b97de906ae8e97439eb62c46f79c00e47dfb9edd5130278a012558", kill_on_drop: false }`
[INFO] running `Command { std: "docker" "rm" "-f" "2f60b00214b97de906ae8e97439eb62c46f79c00e47dfb9edd5130278a012558", kill_on_drop: false }`
[INFO] [stdout] 2f60b00214b97de906ae8e97439eb62c46f79c00e47dfb9edd5130278a012558
[INFO] testing linera-wit-bindgen-gen-host-wasmtime-rust-0.2.0 against beta-2023-12-22 for beta-1.76-1
[INFO] extracting crate linera-wit-bindgen-gen-host-wasmtime-rust 0.2.0 into /workspace/builds/worker-5-tc2/source
[INFO] validating manifest of crates.io crate linera-wit-bindgen-gen-host-wasmtime-rust 0.2.0 on toolchain beta-2023-12-22
[INFO] running `Command { std: CARGO_HOME="/workspace/cargo-home" RUSTUP_HOME="/workspace/rustup-home" "/workspace/cargo-home/bin/cargo" "+beta-2023-12-22" "metadata" "--manifest-path" "Cargo.toml" "--no-deps", kill_on_drop: false }`
[INFO] started tweaking crates.io crate linera-wit-bindgen-gen-host-wasmtime-rust 0.2.0
[INFO] finished tweaking crates.io crate linera-wit-bindgen-gen-host-wasmtime-rust 0.2.0
[INFO] tweaked toml for crates.io crate linera-wit-bindgen-gen-host-wasmtime-rust 0.2.0 written to /workspace/builds/worker-5-tc2/source/Cargo.toml
[INFO] running `Command { std: CARGO_HOME="/workspace/cargo-home" RUSTUP_HOME="/workspace/rustup-home" "/workspace/cargo-home/bin/cargo" "+beta-2023-12-22" "generate-lockfile" "--manifest-path" "Cargo.toml", kill_on_drop: false }`
[INFO] [stderr]     Updating crates.io index
[INFO] running `Command { std: CARGO_HOME="/workspace/cargo-home" RUSTUP_HOME="/workspace/rustup-home" "/workspace/cargo-home/bin/cargo" "+beta-2023-12-22" "fetch" "--manifest-path" "Cargo.toml", kill_on_drop: false }`
[INFO] running `Command { std: "docker" "create" "-v" "/var/lib/crater-agent-workspace/builds/worker-5-tc2/target:/opt/rustwide/target:rw,Z" "-v" "/var/lib/crater-agent-workspace/builds/worker-5-tc2/source:/opt/rustwide/workdir:ro,Z" "-v" "/var/lib/crater-agent-workspace/cargo-home:/opt/rustwide/cargo-home:ro,Z" "-v" "/var/lib/crater-agent-workspace/rustup-home:/opt/rustwide/rustup-home:ro,Z" "-e" "SOURCE_DIR=/opt/rustwide/workdir" "-e" "CARGO_TARGET_DIR=/opt/rustwide/target" "-e" "CARGO_HOME=/opt/rustwide/cargo-home" "-e" "RUSTUP_HOME=/opt/rustwide/rustup-home" "-w" "/opt/rustwide/workdir" "-m" "1610612736" "--user" "0:0" "--network" "none" "ghcr.io/rust-lang/crates-build-env/linux@sha256:2788e3201cd34a07e3172128adcd8b3090168a8e3bcc40d7c032b9dda1df7d1c" "/opt/rustwide/cargo-home/bin/cargo" "+beta-2023-12-22" "metadata" "--no-deps" "--format-version=1", kill_on_drop: false }`
[INFO] [stdout] 7d605ba5b9c148416a7022fdbdf0640e934482fb1b3753d7c0f3a1725a2f152a
[INFO] running `Command { std: "docker" "start" "-a" "7d605ba5b9c148416a7022fdbdf0640e934482fb1b3753d7c0f3a1725a2f152a", kill_on_drop: false }`
[INFO] running `Command { std: "docker" "inspect" "7d605ba5b9c148416a7022fdbdf0640e934482fb1b3753d7c0f3a1725a2f152a", kill_on_drop: false }`
[INFO] running `Command { std: "docker" "rm" "-f" "7d605ba5b9c148416a7022fdbdf0640e934482fb1b3753d7c0f3a1725a2f152a", kill_on_drop: false }`
[INFO] [stdout] 7d605ba5b9c148416a7022fdbdf0640e934482fb1b3753d7c0f3a1725a2f152a
[INFO] running `Command { std: "docker" "create" "-v" "/var/lib/crater-agent-workspace/builds/worker-5-tc2/target:/opt/rustwide/target:rw,Z" "-v" "/var/lib/crater-agent-workspace/builds/worker-5-tc2/source:/opt/rustwide/workdir:ro,Z" "-v" "/var/lib/crater-agent-workspace/cargo-home:/opt/rustwide/cargo-home:ro,Z" "-v" "/var/lib/crater-agent-workspace/rustup-home:/opt/rustwide/rustup-home:ro,Z" "-e" "SOURCE_DIR=/opt/rustwide/workdir" "-e" "CARGO_TARGET_DIR=/opt/rustwide/target" "-e" "CARGO_INCREMENTAL=0" "-e" "RUST_BACKTRACE=full" "-e" "RUSTFLAGS=--cap-lints=warn" "-e" "RUSTDOCFLAGS=--cap-lints=warn" "-e" "CARGO_HOME=/opt/rustwide/cargo-home" "-e" "RUSTUP_HOME=/opt/rustwide/rustup-home" "-w" "/opt/rustwide/workdir" "-m" "1610612736" "--user" "0:0" "--network" "none" "ghcr.io/rust-lang/crates-build-env/linux@sha256:2788e3201cd34a07e3172128adcd8b3090168a8e3bcc40d7c032b9dda1df7d1c" "/opt/rustwide/cargo-home/bin/cargo" "+beta-2023-12-22" "build" "--frozen" "--message-format=json", kill_on_drop: false }`
[INFO] [stdout] e30e10b7d7b48f5d32598688bc7eb4312313dcd3b8a9fc03252a8a3cf8641299
[INFO] running `Command { std: "docker" "start" "-a" "e30e10b7d7b48f5d32598688bc7eb4312313dcd3b8a9fc03252a8a3cf8641299", kill_on_drop: false }`
[INFO] [stderr]    Compiling unicase v2.7.0
[INFO] [stderr]    Compiling pulldown-cmark v0.8.0
[INFO] [stderr]    Compiling id-arena v2.2.1
[INFO] [stderr]    Compiling unicode-xid v0.2.4
[INFO] [stderr]    Compiling unicode-segmentation v1.10.1
[INFO] [stderr]    Compiling linera-wit-bindgen-gen-host-wasmtime-rust v0.2.0 (/opt/rustwide/workdir)
[INFO] [stderr]    Compiling unicode-normalization v0.1.22
[INFO] [stderr]    Compiling heck v0.3.3
[INFO] [stderr]    Compiling linera-wit-parser v0.2.0
[INFO] [stderr]    Compiling linera-wit-bindgen-core v0.2.0
[INFO] [stderr]    Compiling linera-wit-bindgen-gen-rust-lib v0.2.0
[INFO] [stderr]     Finished dev [unoptimized + debuginfo] target(s) in 3.42s
[INFO] running `Command { std: "docker" "inspect" "e30e10b7d7b48f5d32598688bc7eb4312313dcd3b8a9fc03252a8a3cf8641299", kill_on_drop: false }`
[INFO] running `Command { std: "docker" "rm" "-f" "e30e10b7d7b48f5d32598688bc7eb4312313dcd3b8a9fc03252a8a3cf8641299", kill_on_drop: false }`
[INFO] [stdout] e30e10b7d7b48f5d32598688bc7eb4312313dcd3b8a9fc03252a8a3cf8641299
[INFO] running `Command { std: "docker" "create" "-v" "/var/lib/crater-agent-workspace/builds/worker-5-tc2/target:/opt/rustwide/target:rw,Z" "-v" "/var/lib/crater-agent-workspace/builds/worker-5-tc2/source:/opt/rustwide/workdir:ro,Z" "-v" "/var/lib/crater-agent-workspace/cargo-home:/opt/rustwide/cargo-home:ro,Z" "-v" "/var/lib/crater-agent-workspace/rustup-home:/opt/rustwide/rustup-home:ro,Z" "-e" "SOURCE_DIR=/opt/rustwide/workdir" "-e" "CARGO_TARGET_DIR=/opt/rustwide/target" "-e" "CARGO_INCREMENTAL=0" "-e" "RUST_BACKTRACE=full" "-e" "RUSTFLAGS=--cap-lints=warn" "-e" "RUSTDOCFLAGS=--cap-lints=warn" "-e" "CARGO_HOME=/opt/rustwide/cargo-home" "-e" "RUSTUP_HOME=/opt/rustwide/rustup-home" "-w" "/opt/rustwide/workdir" "-m" "1610612736" "--user" "0:0" "--network" "none" "ghcr.io/rust-lang/crates-build-env/linux@sha256:2788e3201cd34a07e3172128adcd8b3090168a8e3bcc40d7c032b9dda1df7d1c" "/opt/rustwide/cargo-home/bin/cargo" "+beta-2023-12-22" "test" "--frozen" "--no-run" "--message-format=json", kill_on_drop: false }`
[INFO] [stdout] 0dd3697670cb712db6582d0cd040c414d1b6abc75243de9294ed8c6676e8c819
[INFO] running `Command { std: "docker" "start" "-a" "0dd3697670cb712db6582d0cd040c414d1b6abc75243de9294ed8c6676e8c819", kill_on_drop: false }`
[INFO] [stderr]    Compiling io-lifetimes v0.7.5
[INFO] [stderr]    Compiling rustix v0.35.16
[INFO] [stderr]    Compiling ahash v0.7.7
[INFO] [stderr]    Compiling linux-raw-sys v0.0.46
[INFO] [stderr]    Compiling target-lexicon v0.12.13
[INFO] [stderr]    Compiling cranelift-isle v0.88.2
[INFO] [stderr]    Compiling rustix v0.38.28
[INFO] [stderr]    Compiling cranelift-codegen-shared v0.88.2
[INFO] [stderr]    Compiling generic-array v0.14.7
[INFO] [stderr]    Compiling slice-group-by v0.3.1
[INFO] [stderr]    Compiling wasmtime-fiber v1.0.2
[INFO] [stderr]    Compiling cranelift-entity v0.88.2
[INFO] [stderr]    Compiling io-extras v0.15.0
[INFO] [stderr]    Compiling arrayvec v0.7.4
[INFO] [stderr]    Compiling memoffset v0.6.5
[INFO] [stderr]    Compiling ambient-authority v0.0.1
[INFO] [stderr]    Compiling cranelift-codegen-meta v0.88.2
[INFO] [stderr]    Compiling cap-primitives v0.25.3
[INFO] [stderr]    Compiling wasmtime-runtime v1.0.2
[INFO] [stderr]    Compiling regalloc2 v0.3.2
[INFO] [stderr]    Compiling wasmtime-asm-macros v1.0.2
[INFO] [stderr]    Compiling cranelift-bforest v0.88.2
[INFO] [stderr]    Compiling wasmtime-cache v1.0.2
[INFO] [stderr]    Compiling hashbrown v0.12.3
[INFO] [stderr]    Compiling cap-std v0.25.3
[INFO] [stderr]    Compiling base64 v0.13.1
[INFO] [stderr]    Compiling wasmtime v1.0.2
[INFO] [stderr]    Compiling wiggle-generate v1.0.2
[INFO] [stderr]    Compiling digest v0.9.0
[INFO] [stderr]    Compiling block-buffer v0.9.0
[INFO] [stderr]    Compiling wasi-common v1.0.2
[INFO] [stderr]    Compiling sha2 v0.9.9
[INFO] [stderr]    Compiling cap-fs-ext v0.25.3
[INFO] [stderr]    Compiling system-interface v0.22.0
[INFO] [stderr]    Compiling cap-rand v0.25.3
[INFO] [stderr]    Compiling wasmtime-wasi v1.0.2
[INFO] [stderr]    Compiling indexmap v1.9.3
[INFO] [stderr]    Compiling gimli v0.26.2
[INFO] [stderr]    Compiling wasmparser v0.89.1
[INFO] [stderr]    Compiling object v0.29.0
[INFO] [stderr]    Compiling wiggle-macro v1.0.2
[INFO] [stderr]    Compiling cranelift-codegen v0.88.2
[INFO] [stderr]    Compiling is-terminal v0.4.10
[INFO] [stderr]    Compiling memfd v0.6.4
[INFO] [stderr]    Compiling env_logger v0.10.1
[INFO] [stderr]    Compiling fs-set-times v0.17.1
[INFO] [stderr]    Compiling is-terminal v0.3.0
[INFO] [stderr]    Compiling file-per-thread-logger v0.1.6
[INFO] [stdout] error[E0061]: this method takes 1 argument but 2 arguments were supplied
[INFO] [stdout]   --> /opt/rustwide/cargo-home/registry/src/index.crates.io-6f17d22bba15001f/cap-primitives-0.25.3/src/rustix/linux/fs/set_times_impl.rs:20:25
[INFO] [stdout]    |
[INFO] [stdout] 20 |             return file.set_times(
[INFO] [stdout]    |                         ^^^^^^^^^
[INFO] [stdout] 21 |                 atime.map(SystemTimeSpec::into_std),
[INFO] [stdout] 22 |                 mtime.map(SystemTimeSpec::into_std),
[INFO] [stdout]    |                 ----------------------------------- unexpected argument of type `Option<fs_set_times::SystemTimeSpec>`
[INFO] [stdout]    |
[INFO] [stdout] note: expected `FileTimes`, found `Option<SystemTimeSpec>`
[INFO] [stdout]   --> /opt/rustwide/cargo-home/registry/src/index.crates.io-6f17d22bba15001f/cap-primitives-0.25.3/src/rustix/linux/fs/set_times_impl.rs:21:17
[INFO] [stdout]    |
[INFO] [stdout] 21 |                 atime.map(SystemTimeSpec::into_std),
[INFO] [stdout]    |                 ^^^^^^^^^^^^^^^^^^^^^^^^^^^^^^^^^^^
[INFO] [stdout]    = note: expected struct `FileTimes`
[INFO] [stdout]                 found enum `Option<fs_set_times::SystemTimeSpec>`
[INFO] [stdout] note: method defined here
[INFO] [stdout]   --> /rustc/0e09125c6c3c2fd70d7de961bcf0e51575235fad/library/std/src/fs.rs:695:12
[INFO] [stdout] help: remove the extra argument
[INFO] [stdout]    |
[INFO] [stdout] 21 -                 atime.map(SystemTimeSpec::into_std),
[INFO] [stdout] 21 +                 /* FileTimes */,
[INFO] [stdout]    |
[INFO] [stdout] 
[INFO] [stdout] 
[INFO] [stdout] error[E0061]: this method takes 1 argument but 2 arguments were supplied
[INFO] [stdout]   --> /opt/rustwide/cargo-home/registry/src/index.crates.io-6f17d22bba15001f/cap-primitives-0.25.3/src/rustix/linux/fs/set_times_impl.rs:34:25
[INFO] [stdout]    |
[INFO] [stdout] 34 |             return file.set_times(
[INFO] [stdout]    |                         ^^^^^^^^^
[INFO] [stdout] 35 |                 atime.map(SystemTimeSpec::into_std),
[INFO] [stdout] 36 |                 mtime.map(SystemTimeSpec::into_std),
[INFO] [stdout]    |                 ----------------------------------- unexpected argument of type `Option<fs_set_times::SystemTimeSpec>`
[INFO] [stdout]    |
[INFO] [stdout] note: expected `FileTimes`, found `Option<SystemTimeSpec>`
[INFO] [stdout]   --> /opt/rustwide/cargo-home/registry/src/index.crates.io-6f17d22bba15001f/cap-primitives-0.25.3/src/rustix/linux/fs/set_times_impl.rs:35:17
[INFO] [stdout]    |
[INFO] [stdout] 35 |                 atime.map(SystemTimeSpec::into_std),
[INFO] [stdout]    |                 ^^^^^^^^^^^^^^^^^^^^^^^^^^^^^^^^^^^
[INFO] [stdout]    = note: expected struct `FileTimes`
[INFO] [stdout]                 found enum `Option<fs_set_times::SystemTimeSpec>`
[INFO] [stdout] note: method defined here
[INFO] [stdout]   --> /rustc/0e09125c6c3c2fd70d7de961bcf0e51575235fad/library/std/src/fs.rs:695:12
[INFO] [stdout] help: remove the extra argument
[INFO] [stdout]    |
[INFO] [stdout] 35 -                 atime.map(SystemTimeSpec::into_std),
[INFO] [stdout] 35 +                 /* FileTimes */,
[INFO] [stdout]    |
[INFO] [stdout] 
[INFO] [stdout] 
[INFO] [stdout] error: aborting due to 2 previous errors
[INFO] [stdout] 
[INFO] [stdout] 
[INFO] [stdout] For more information about this error, try `rustc --explain E0061`.
[INFO] [stdout] 
[INFO] [stderr] error: could not compile `cap-primitives` (lib) due to 3 previous errors
[INFO] [stderr] warning: build failed, waiting for other jobs to finish...
[INFO] running `Command { std: "docker" "inspect" "0dd3697670cb712db6582d0cd040c414d1b6abc75243de9294ed8c6676e8c819", kill_on_drop: false }`
[INFO] running `Command { std: "docker" "rm" "-f" "0dd3697670cb712db6582d0cd040c414d1b6abc75243de9294ed8c6676e8c819", kill_on_drop: false }`
[INFO] [stdout] 0dd3697670cb712db6582d0cd040c414d1b6abc75243de9294ed8c6676e8c819
