[INFO] fetching crate linera-views 0.6.0...
[INFO] testing linera-views-0.6.0 against 1.75.0 for beta-1.76-1
[INFO] extracting crate linera-views 0.6.0 into /workspace/builds/worker-4-tc1/source
[INFO] validating manifest of crates.io crate linera-views 0.6.0 on toolchain 1.75.0
[INFO] running `Command { std: CARGO_HOME="/workspace/cargo-home" RUSTUP_HOME="/workspace/rustup-home" "/workspace/cargo-home/bin/cargo" "+1.75.0" "metadata" "--manifest-path" "Cargo.toml" "--no-deps", kill_on_drop: false }`
[INFO] started tweaking crates.io crate linera-views 0.6.0
[INFO] finished tweaking crates.io crate linera-views 0.6.0
[INFO] tweaked toml for crates.io crate linera-views 0.6.0 written to /workspace/builds/worker-4-tc1/source/Cargo.toml
[INFO] running `Command { std: CARGO_HOME="/workspace/cargo-home" RUSTUP_HOME="/workspace/rustup-home" "/workspace/cargo-home/bin/cargo" "+1.75.0" "generate-lockfile" "--manifest-path" "Cargo.toml", kill_on_drop: false }`
[INFO] [stderr]     Updating crates.io index
[INFO] running `Command { std: CARGO_HOME="/workspace/cargo-home" RUSTUP_HOME="/workspace/rustup-home" "/workspace/cargo-home/bin/cargo" "+1.75.0" "fetch" "--manifest-path" "Cargo.toml", kill_on_drop: false }`
[INFO] [stderr]     Blocking waiting for file lock on package cache
[INFO] [stderr]  Downloading crates ...
[INFO] [stderr]   Downloaded aws-sigv4 v0.57.2
[INFO] [stderr]   Downloaded aws-smithy-async v0.57.2
[INFO] [stderr]   Downloaded aws-smithy-xml v0.57.2
[INFO] [stderr]   Downloaded aws-smithy-json v0.57.2
[INFO] [stderr]   Downloaded scylla-macros v0.2.3
[INFO] [stderr]   Downloaded linera-views-derive v0.6.0
[INFO] [stderr]   Downloaded aws-smithy-eventstream v0.57.2
[INFO] [stderr]   Downloaded aws-credential-types v0.57.2
[INFO] [stderr]   Downloaded aws-smithy-types v0.57.2
[INFO] [stderr]   Downloaded async-graphql v5.0.10
[INFO] [stderr]   Downloaded scylla v0.8.2
[INFO] [stderr]   Downloaded aws-sdk-dynamodb v0.35.0
[INFO] [stderr]   Downloaded aws-sdk-ssooidc v0.36.0
[INFO] [stderr]   Downloaded aws-sdk-sts v0.36.0
[INFO] [stderr]   Downloaded aws-config v0.57.2
[INFO] [stderr]   Downloaded aws-smithy-runtime-api v0.57.2
[INFO] [stderr]   Downloaded async-graphql-derive v5.0.10
[INFO] [stderr]   Downloaded async-graphql-value v5.0.10
[INFO] [stderr]   Downloaded async-graphql-parser v5.0.10
[INFO] [stderr]   Downloaded scylla-cql v0.0.7
[INFO] [stderr]   Downloaded aws-smithy-http v0.57.2
[INFO] [stderr]   Downloaded bcs v0.1.6
[INFO] [stderr]   Downloaded linera-base v0.6.0
[INFO] [stderr]   Downloaded aws-smithy-runtime v0.57.2
[INFO] [stderr]   Downloaded aws-sdk-sso v0.36.0
[INFO] [stderr]   Downloaded aws-types v0.57.2
[INFO] [stderr]   Downloaded serde-name v0.2.1
[INFO] [stderr]   Downloaded aws-smithy-query v0.57.2
[INFO] [stderr]   Downloaded aws-http v0.57.2
[INFO] [stderr]   Downloaded aws-runtime v0.57.2
[INFO] [stderr]   Downloaded aws-smithy-checksums v0.57.2
[INFO] [stderr]   Downloaded lz4_flex v0.9.5
[INFO] running `Command { std: "docker" "create" "-v" "/var/lib/crater-agent-workspace/builds/worker-4-tc1/target:/opt/rustwide/target:rw,Z" "-v" "/var/lib/crater-agent-workspace/builds/worker-4-tc1/source:/opt/rustwide/workdir:ro,Z" "-v" "/var/lib/crater-agent-workspace/cargo-home:/opt/rustwide/cargo-home:ro,Z" "-v" "/var/lib/crater-agent-workspace/rustup-home:/opt/rustwide/rustup-home:ro,Z" "-e" "SOURCE_DIR=/opt/rustwide/workdir" "-e" "CARGO_TARGET_DIR=/opt/rustwide/target" "-e" "CARGO_HOME=/opt/rustwide/cargo-home" "-e" "RUSTUP_HOME=/opt/rustwide/rustup-home" "-w" "/opt/rustwide/workdir" "-m" "1610612736" "--user" "0:0" "--network" "none" "ghcr.io/rust-lang/crates-build-env/linux@sha256:2788e3201cd34a07e3172128adcd8b3090168a8e3bcc40d7c032b9dda1df7d1c" "/opt/rustwide/cargo-home/bin/cargo" "+1.75.0" "metadata" "--no-deps" "--format-version=1", kill_on_drop: false }`
[INFO] [stdout] 2f497ac270824cf7602f1f0d440ad21bc2d5b18239517fe6038128f0785597ac
[INFO] running `Command { std: "docker" "start" "-a" "2f497ac270824cf7602f1f0d440ad21bc2d5b18239517fe6038128f0785597ac", kill_on_drop: false }`
[INFO] running `Command { std: "docker" "inspect" "2f497ac270824cf7602f1f0d440ad21bc2d5b18239517fe6038128f0785597ac", kill_on_drop: false }`
[INFO] running `Command { std: "docker" "rm" "-f" "2f497ac270824cf7602f1f0d440ad21bc2d5b18239517fe6038128f0785597ac", kill_on_drop: false }`
[INFO] [stdout] 2f497ac270824cf7602f1f0d440ad21bc2d5b18239517fe6038128f0785597ac
[INFO] running `Command { std: "docker" "create" "-v" "/var/lib/crater-agent-workspace/builds/worker-4-tc1/target:/opt/rustwide/target:rw,Z" "-v" "/var/lib/crater-agent-workspace/builds/worker-4-tc1/source:/opt/rustwide/workdir:ro,Z" "-v" "/var/lib/crater-agent-workspace/cargo-home:/opt/rustwide/cargo-home:ro,Z" "-v" "/var/lib/crater-agent-workspace/rustup-home:/opt/rustwide/rustup-home:ro,Z" "-e" "SOURCE_DIR=/opt/rustwide/workdir" "-e" "CARGO_TARGET_DIR=/opt/rustwide/target" "-e" "CARGO_INCREMENTAL=0" "-e" "RUST_BACKTRACE=full" "-e" "RUSTFLAGS=--cap-lints=warn" "-e" "RUSTDOCFLAGS=--cap-lints=warn" "-e" "CARGO_HOME=/opt/rustwide/cargo-home" "-e" "RUSTUP_HOME=/opt/rustwide/rustup-home" "-w" "/opt/rustwide/workdir" "-m" "1610612736" "--user" "0:0" "--network" "none" "ghcr.io/rust-lang/crates-build-env/linux@sha256:2788e3201cd34a07e3172128adcd8b3090168a8e3bcc40d7c032b9dda1df7d1c" "/opt/rustwide/cargo-home/bin/cargo" "+1.75.0" "build" "--frozen" "--message-format=json", kill_on_drop: false }`
[INFO] [stdout] bba7cc347130e345bfac6d8150b6020d4c58f66c0c809b0b10b83dcf3c667d11
[INFO] running `Command { std: "docker" "start" "-a" "bba7cc347130e345bfac6d8150b6020d4c58f66c0c809b0b10b83dcf3c667d11", kill_on_drop: false }`
[INFO] [stderr]    Compiling ucd-trie v0.1.6
[INFO] [stderr]    Compiling generic-array v0.14.7
[INFO] [stderr]    Compiling syn v1.0.109
[INFO] [stderr]    Compiling indexmap v1.9.3
[INFO] [stderr]    Compiling futures-sink v0.3.30
[INFO] [stderr]    Compiling aho-corasick v1.1.2
[INFO] [stderr]    Compiling ident_case v1.0.1
[INFO] [stderr]    Compiling futures-io v0.3.30
[INFO] [stderr]    Compiling strsim v0.10.0
[INFO] [stderr]    Compiling futures-task v0.3.30
[INFO] [stderr]    Compiling syn v2.0.48
[INFO] [stderr]    Compiling getrandom v0.1.16
[INFO] [stderr]    Compiling equivalent v1.0.1
[INFO] [stderr]    Compiling hashbrown v0.14.3
[INFO] [stderr]    Compiling regex-syntax v0.8.2
[INFO] [stderr]    Compiling num-traits v0.2.17
[INFO] [stderr]    Compiling futures-channel v0.3.30
[INFO] [stderr]    Compiling toml_datetime v0.6.5
[INFO] [stderr]    Compiling winnow v0.5.32
[INFO] [stderr]    Compiling rand_core v0.5.1
[INFO] [stderr]    Compiling multer v2.1.0
[INFO] [stderr]    Compiling lock_api v0.4.11
[INFO] [stderr]    Compiling keccak v0.1.4
[INFO] [stderr]    Compiling parking_lot_core v0.9.9
[INFO] [stderr]    Compiling percent-encoding v2.3.1
[INFO] [stderr]    Compiling encoding_rs v0.8.33
[INFO] [stderr]    Compiling spin v0.9.8
[INFO] [stderr]    Compiling rand_chacha v0.2.2
[INFO] [stderr]    Compiling form_urlencoded v1.2.1
[INFO] [stderr]    Compiling scopeguard v1.2.0
[INFO] [stderr]    Compiling mime v0.3.17
[INFO] [stderr]    Compiling signature v1.6.4
[INFO] [stderr]    Compiling protobuf v2.28.0
[INFO] [stderr]    Compiling ascii_utils v0.9.3
[INFO] [stderr]    Compiling subtle v2.5.0
[INFO] [stderr]    Compiling smallvec v1.11.2
[INFO] [stderr]    Compiling fast_chemail v0.9.6
[INFO] [stderr]    Compiling indexmap v2.1.0
[INFO] [stderr]    Compiling rand v0.7.3
[INFO] [stderr]    Compiling tokio v1.35.1
[INFO] [stderr]    Compiling prometheus v0.13.3
[INFO] [stderr]    Compiling iana-time-zone v0.1.59
[INFO] [stderr]    Compiling convert_case v0.6.0
[INFO] [stderr]    Compiling anyhow v1.0.79
[INFO] [stderr]    Compiling parking_lot v0.12.1
[INFO] [stderr]    Compiling rand_chacha v0.3.1
[INFO] [stderr]    Compiling heck v0.4.1
[INFO] [stderr]    Compiling async-lock v2.8.0
[INFO] [stderr]    Compiling linked-hash-map v0.5.6
[INFO] [stderr]    Compiling rand v0.8.5
[INFO] [stderr]    Compiling chrono v0.4.31
[INFO] [stderr]    Compiling toml_edit v0.19.15
[INFO] [stderr]    Compiling regex-automata v0.4.3
[INFO] [stderr]    Compiling tokio-stream v0.1.14
[INFO] [stderr]    Compiling proc-macro-crate v1.3.1
[INFO] [stderr]    Compiling darling_core v0.14.4
[INFO] [stderr]    Compiling regex v1.10.2
[INFO] [stderr]    Compiling serde_derive v1.0.194
[INFO] [stderr]    Compiling thiserror-impl v1.0.56
[INFO] [stderr]    Compiling futures-macro v0.3.30
[INFO] [stderr]    Compiling zeroize_derive v1.4.2
[INFO] [stderr]    Compiling async-stream-impl v0.3.5
[INFO] [stderr]    Compiling async-trait v0.1.77
[INFO] [stderr]    Compiling tracing-attributes v0.1.27
[INFO] [stderr]    Compiling Inflector v0.11.4
[INFO] [stderr]    Compiling linera-views-derive v0.6.0
[INFO] [stderr]    Compiling async-stream v0.3.5
[INFO] [stderr]    Compiling zeroize v1.7.0
[INFO] [stderr]    Compiling merlin v2.0.1
[INFO] [stderr]    Compiling futures-util v0.3.30
[INFO] [stderr]    Compiling thiserror v1.0.56
[INFO] [stderr]    Compiling pest v2.7.6
[INFO] [stderr]    Compiling darling_macro v0.14.4
[INFO] [stderr]    Compiling tracing v0.1.40
[INFO] [stderr]    Compiling darling v0.14.4
[INFO] [stderr]    Compiling pest_meta v2.7.6
[INFO] [stderr]    Compiling serde v1.0.194
[INFO] [stderr]    Compiling pest_generator v2.7.6
[INFO] [stderr]    Compiling pest_derive v2.7.6
[INFO] [stderr]    Compiling futures-executor v0.3.30
[INFO] [stderr]    Compiling futures v0.3.30
[INFO] [stderr]    Compiling bytes v1.5.0
[INFO] [stderr]    Compiling serde_json v1.0.111
[INFO] [stderr]    Compiling ed25519 v1.5.3
[INFO] [stderr]    Compiling serde_urlencoded v0.7.1
[INFO] [stderr]    Compiling serde_bytes v0.11.14
[INFO] [stderr]    Compiling serde-name v0.2.1
[INFO] [stderr]    Compiling bcs v0.1.6
[INFO] [stderr]    Compiling http v0.2.11
[INFO] [stderr]    Compiling tokio-test v0.4.3
[INFO] [stderr]    Compiling digest v0.9.0
[INFO] [stderr]    Compiling block-buffer v0.9.0
[INFO] [stderr]    Compiling block-buffer v0.10.4
[INFO] [stderr]    Compiling crypto-common v0.1.6
[INFO] [stderr]    Compiling sha2 v0.9.9
[INFO] [stderr]    Compiling curve25519-dalek v3.2.0
[INFO] [stderr]    Compiling digest v0.10.7
[INFO] [stderr]    Compiling async-graphql-value v5.0.10
[INFO] [stderr]    Compiling handlebars v4.5.0
[INFO] [stderr]    Compiling sha3 v0.10.8
[INFO] [stderr]    Compiling async-graphql-parser v5.0.10
[INFO] [stderr]    Compiling ed25519-dalek v1.0.1
[INFO] [stderr]    Compiling async-graphql-derive v5.0.10
[INFO] [stderr]    Compiling async-graphql v5.0.10
[INFO] [stderr]    Compiling linera-base v0.6.0
[INFO] [stderr]    Compiling linera-views v0.6.0 (/opt/rustwide/workdir)
[INFO] [stderr]     Finished dev [unoptimized + debuginfo] target(s) in 40.00s
[INFO] running `Command { std: "docker" "inspect" "bba7cc347130e345bfac6d8150b6020d4c58f66c0c809b0b10b83dcf3c667d11", kill_on_drop: false }`
[INFO] running `Command { std: "docker" "rm" "-f" "bba7cc347130e345bfac6d8150b6020d4c58f66c0c809b0b10b83dcf3c667d11", kill_on_drop: false }`
[INFO] [stdout] bba7cc347130e345bfac6d8150b6020d4c58f66c0c809b0b10b83dcf3c667d11
[INFO] running `Command { std: "docker" "create" "-v" "/var/lib/crater-agent-workspace/builds/worker-4-tc1/target:/opt/rustwide/target:rw,Z" "-v" "/var/lib/crater-agent-workspace/builds/worker-4-tc1/source:/opt/rustwide/workdir:ro,Z" "-v" "/var/lib/crater-agent-workspace/cargo-home:/opt/rustwide/cargo-home:ro,Z" "-v" "/var/lib/crater-agent-workspace/rustup-home:/opt/rustwide/rustup-home:ro,Z" "-e" "SOURCE_DIR=/opt/rustwide/workdir" "-e" "CARGO_TARGET_DIR=/opt/rustwide/target" "-e" "CARGO_INCREMENTAL=0" "-e" "RUST_BACKTRACE=full" "-e" "RUSTFLAGS=--cap-lints=warn" "-e" "RUSTDOCFLAGS=--cap-lints=warn" "-e" "CARGO_HOME=/opt/rustwide/cargo-home" "-e" "RUSTUP_HOME=/opt/rustwide/rustup-home" "-w" "/opt/rustwide/workdir" "-m" "1610612736" "--user" "0:0" "--network" "none" "ghcr.io/rust-lang/crates-build-env/linux@sha256:2788e3201cd34a07e3172128adcd8b3090168a8e3bcc40d7c032b9dda1df7d1c" "/opt/rustwide/cargo-home/bin/cargo" "+1.75.0" "test" "--frozen" "--no-run" "--message-format=json", kill_on_drop: false }`
[INFO] [stdout] ee8f1dc80a4b707266dd75eb5dea53d8b214da84a949506b04e775d844b47043
[INFO] running `Command { std: "docker" "start" "-a" "ee8f1dc80a4b707266dd75eb5dea53d8b214da84a949506b04e775d844b47043", kill_on_drop: false }`
[INFO] [stderr]    Compiling linera-views v0.6.0 (/opt/rustwide/workdir)
[INFO] [stdout] error[E0433]: failed to resolve: could not find `test` in `tokio`
[INFO] [stdout]   --> tests/hashable_tests.rs:20:10
[INFO] [stdout]    |
[INFO] [stdout] 20 | #[tokio::test]
[INFO] [stdout]    |          ^^^^ could not find `test` in `tokio`
[INFO] [stdout] 
[INFO] [stdout] 
[INFO] [stdout] error[E0433]: failed to resolve: could not find `test` in `tokio`
[INFO] [stdout]   --> tests/reentrant_tests.rs:18:10
[INFO] [stdout]    |
[INFO] [stdout] 18 | #[tokio::test]
[INFO] [stdout]    |          ^^^^ could not find `test` in `tokio`
[INFO] [stdout] 
[INFO] [stdout] 
[INFO] [stdout] error[E0433]: failed to resolve: could not find `test` in `tokio`
[INFO] [stdout]    --> tests/map_view_tests.rs:107:10
[INFO] [stdout]     |
[INFO] [stdout] 107 | #[tokio::test]
[INFO] [stdout]     |          ^^^^ could not find `test` in `tokio`
[INFO] [stdout] 
[INFO] [stdout] 
[INFO] [stdout] error[E0433]: failed to resolve: could not find `test` in `tokio`
[INFO] [stdout]   --> tests/key_value_store_view.rs:37:10
[INFO] [stdout]    |
[INFO] [stdout] 37 | #[tokio::test]
[INFO] [stdout]    |          ^^^^ could not find `test` in `tokio`
[INFO] [stdout] 
[INFO] [stdout] 
[INFO] [stdout] error[E0433]: failed to resolve: could not find `test` in `tokio`
[INFO] [stdout]   --> tests/queueview_tests.rs:16:10
[INFO] [stdout]    |
[INFO] [stdout] 16 | #[tokio::test]
[INFO] [stdout]    |          ^^^^ could not find `test` in `tokio`
[INFO] [stdout] 
[INFO] [stdout] 
[INFO] [stdout] error[E0432]: unresolved imports `linera_views::key_value_store_view::ViewContainer`, `linera_views::test_utils`
[INFO] [stdout]    --> tests/operations_tests.rs:7:5
[INFO] [stdout]     |
[INFO] [stdout] 7   |     key_value_store_view::ViewContainer,
[INFO] [stdout]     |     ^^^^^^^^^^^^^^^^^^^^^^^^^^^^^^^^^^^ no `ViewContainer` in `key_value_store_view`
[INFO] [stdout] 8   |     memory::{create_memory_context, create_memory_store},
[INFO] [stdout] 9   |     test_utils::{
[INFO] [stdout]     |     ^^^^^^^^^^ could not find `test_utils` in `linera_views`
[INFO] [stdout]     |
[INFO] [stdout] note: found an item that was configured out
[INFO] [stdout]    --> /opt/rustwide/workdir/src/key_value_store_view.rs:915:12
[INFO] [stdout]     |
[INFO] [stdout] 915 | pub struct ViewContainer<C> {
[INFO] [stdout]     |            ^^^^^^^^^^^^^
[INFO] [stdout] 
[INFO] [stdout] 
[INFO] [stdout] error[E0433]: failed to resolve: could not find `test` in `tokio`
[INFO] [stdout]    --> tests/operations_tests.rs:153:10
[INFO] [stdout]     |
[INFO] [stdout] 153 | #[tokio::test]
[INFO] [stdout]     |          ^^^^ could not find `test` in `tokio`
[INFO] [stdout] 
[INFO] [stdout] 
[INFO] [stdout] error[E0433]: failed to resolve: could not find `test` in `tokio`
[INFO] [stdout]    --> tests/operations_tests.rs:161:10
[INFO] [stdout]     |
[INFO] [stdout] 161 | #[tokio::test]
[INFO] [stdout]     |          ^^^^ could not find `test` in `tokio`
[INFO] [stdout] 
[INFO] [stdout] 
[INFO] [stdout] error[E0433]: failed to resolve: could not find `test` in `tokio`
[INFO] [stdout]    --> tests/operations_tests.rs:196:10
[INFO] [stdout]     |
[INFO] [stdout] 196 | #[tokio::test]
[INFO] [stdout]     |          ^^^^ could not find `test` in `tokio`
[INFO] [stdout] 
[INFO] [stdout] 
[INFO] [stdout] error[E0433]: failed to resolve: could not find `test` in `tokio`
[INFO] [stdout]    --> tests/operations_tests.rs:205:10
[INFO] [stdout]     |
[INFO] [stdout] 205 | #[tokio::test]
[INFO] [stdout]     |          ^^^^ could not find `test` in `tokio`
[INFO] [stdout] 
[INFO] [stdout] 
[INFO] [stdout] error[E0433]: failed to resolve: could not find `test` in `tokio`
[INFO] [stdout]    --> tests/operations_tests.rs:350:10
[INFO] [stdout]     |
[INFO] [stdout] 350 | #[tokio::test]
[INFO] [stdout]     |          ^^^^ could not find `test` in `tokio`
[INFO] [stdout] 
[INFO] [stdout] 
[INFO] [stdout] error[E0433]: failed to resolve: could not find `test` in `tokio`
[INFO] [stdout]    --> tests/operations_tests.rs:356:10
[INFO] [stdout]     |
[INFO] [stdout] 356 | #[tokio::test]
[INFO] [stdout]     |          ^^^^ could not find `test` in `tokio`
[INFO] [stdout] 
[INFO] [stdout] 
[INFO] [stdout] error[E0433]: failed to resolve: could not find `test` in `tokio`
[INFO] [stdout]    --> tests/operations_tests.rs:362:10
[INFO] [stdout]     |
[INFO] [stdout] 362 | #[tokio::test]
[INFO] [stdout]     |          ^^^^ could not find `test` in `tokio`
[INFO] [stdout] 
[INFO] [stdout] 
[INFO] [stdout] error[E0433]: failed to resolve: could not find `test` in `tokio`
[INFO] [stdout]    --> tests/operations_tests.rs:390:10
[INFO] [stdout]     |
[INFO] [stdout] 390 | #[tokio::test]
[INFO] [stdout]     |          ^^^^ could not find `test` in `tokio`
[INFO] [stdout] 
[INFO] [stdout] 
[INFO] [stdout] error[E0433]: failed to resolve: could not find `test` in `tokio`
[INFO] [stdout]    --> tests/operations_tests.rs:451:10
[INFO] [stdout]     |
[INFO] [stdout] 451 | #[tokio::test]
[INFO] [stdout]     |          ^^^^ could not find `test` in `tokio`
[INFO] [stdout] 
[INFO] [stdout] 
[INFO] [stdout] error[E0433]: failed to resolve: could not find `test` in `tokio`
[INFO] [stdout]    --> tests/operations_tests.rs:590:10
[INFO] [stdout]     |
[INFO] [stdout] 590 | #[tokio::test]
[INFO] [stdout]     |          ^^^^ could not find `test` in `tokio`
[INFO] [stdout] 
[INFO] [stdout] 
[INFO] [stdout] error[E0432]: unresolved imports `linera_views::key_value_store_view::KeyValueStoreMemoryContext`, `linera_views::lru_caching::LruCachingMemoryContext`, `linera_views::test_utils`
[INFO] [stdout]    --> tests/views_tests.rs:13:28
[INFO] [stdout]     |
[INFO] [stdout] 13  |     key_value_store_view::{KeyValueStoreMemoryContext, KeyValueStoreView},
[INFO] [stdout]     |                            ^^^^^^^^^^^^^^^^^^^^^^^^^^ no `KeyValueStoreMemoryContext` in `key_value_store_view`
[INFO] [stdout] 14  |     log_view::LogView,
[INFO] [stdout] 15  |     lru_caching::LruCachingMemoryContext,
[INFO] [stdout]     |     ^^^^^^^^^^^^^^^^^^^^^^^^^^^^^^^^^^^^ no `LruCachingMemoryContext` in `lru_caching`
[INFO] [stdout] ...
[INFO] [stdout] 24  |     test_utils::{
[INFO] [stdout]     |     ^^^^^^^^^^ could not find `test_utils` in `linera_views`
[INFO] [stdout]     |
[INFO] [stdout] note: found an item that was configured out
[INFO] [stdout]    --> /opt/rustwide/workdir/src/key_value_store_view.rs:992:10
[INFO] [stdout]     |
[INFO] [stdout] 992 | pub type KeyValueStoreMemoryContext<E> = ContextFromStore<E, ViewContainer<MemoryContext<()>>>;
[INFO] [stdout]     |          ^^^^^^^^^^^^^^^^^^^^^^^^^^
[INFO] [stdout] note: found an item that was configured out
[INFO] [stdout]    --> /opt/rustwide/workdir/src/lru_caching.rs:236:10
[INFO] [stdout]     |
[INFO] [stdout] 236 | pub type LruCachingMemoryContext<E> = ContextFromStore<E, LruCachingStore<MemoryStore>>;
[INFO] [stdout]     |          ^^^^^^^^^^^^^^^^^^^^^^^
[INFO] [stdout] 
[INFO] [stdout] 
[INFO] [stdout] error[E0433]: failed to resolve: could not find `test` in `tokio`
[INFO] [stdout]    --> tests/views_tests.rs:672:10
[INFO] [stdout]     |
[INFO] [stdout] 672 | #[tokio::test]
[INFO] [stdout]     |          ^^^^ could not find `test` in `tokio`
[INFO] [stdout] 
[INFO] [stdout] 
[INFO] [stdout] error[E0433]: failed to resolve: could not find `test` in `tokio`
[INFO] [stdout]    --> tests/views_tests.rs:689:10
[INFO] [stdout]     |
[INFO] [stdout] 689 | #[tokio::test]
[INFO] [stdout]     |          ^^^^ could not find `test` in `tokio`
[INFO] [stdout] 
[INFO] [stdout] 
[INFO] [stdout] error[E0433]: failed to resolve: could not find `test` in `tokio`
[INFO] [stdout]    --> tests/views_tests.rs:706:10
[INFO] [stdout]     |
[INFO] [stdout] 706 | #[tokio::test]
[INFO] [stdout]     |          ^^^^ could not find `test` in `tokio`
[INFO] [stdout] 
[INFO] [stdout] 
[INFO] [stdout] error[E0433]: failed to resolve: could not find `test` in `tokio`
[INFO] [stdout]    --> tests/views_tests.rs:823:10
[INFO] [stdout]     |
[INFO] [stdout] 823 | #[tokio::test]
[INFO] [stdout]     |          ^^^^ could not find `test` in `tokio`
[INFO] [stdout] 
[INFO] [stdout] 
[INFO] [stdout] error[E0433]: failed to resolve: could not find `test` in `tokio`
[INFO] [stdout]    --> tests/views_tests.rs:910:10
[INFO] [stdout]     |
[INFO] [stdout] 910 | #[tokio::test]
[INFO] [stdout]     |          ^^^^ could not find `test` in `tokio`
[INFO] [stdout] 
[INFO] [stdout] 
[INFO] [stdout] error[E0433]: failed to resolve: could not find `test` in `tokio`
[INFO] [stdout]     --> tests/views_tests.rs:1056:10
[INFO] [stdout]      |
[INFO] [stdout] 1056 | #[tokio::test]
[INFO] [stdout]      |          ^^^^ could not find `test` in `tokio`
[INFO] [stdout] 
[INFO] [stdout] 
[INFO] [stdout] error[E0433]: failed to resolve: could not find `test` in `tokio`
[INFO] [stdout]     --> tests/views_tests.rs:1154:10
[INFO] [stdout]      |
[INFO] [stdout] 1154 | #[tokio::test]
[INFO] [stdout]      |          ^^^^ could not find `test` in `tokio`
[INFO] [stdout] 
[INFO] [stdout] 
[INFO] [stdout] error[E0433]: failed to resolve: could not find `test` in `tokio`
[INFO] [stdout]     --> tests/views_tests.rs:1195:10
[INFO] [stdout]      |
[INFO] [stdout] 1195 | #[tokio::test]
[INFO] [stdout]      |          ^^^^ could not find `test` in `tokio`
[INFO] [stdout] 
[INFO] [stdout] 
[INFO] [stdout] error: aborting due to previous error
[INFO] [stdout] 
[INFO] [stdout] 
[INFO] [stdout] For more information about this error, try `rustc --explain E0433`.
[INFO] [stdout] 
[INFO] [stderr] error: could not compile `linera-views` (test "hashable_tests") due to 2 previous errors
[INFO] [stderr] warning: build failed, waiting for other jobs to finish...
[INFO] [stdout] error: aborting due to previous error
[INFO] [stdout] 
[INFO] [stdout] 
[INFO] [stdout] For more information about this error, try `rustc --explain E0433`.
[INFO] [stdout] 
[INFO] [stderr] error: could not compile `linera-views` (test "queueview_tests") due to 2 previous errors
[INFO] [stdout] error: aborting due to previous error
[INFO] [stdout] 
[INFO] [stdout] 
[INFO] [stdout] For more information about this error, try `rustc --explain E0433`.
[INFO] [stdout] 
[INFO] [stdout] error: aborting due to previous error
[INFO] [stdout] 
[INFO] [stdout] 
[INFO] [stdout] For more information about this error, try `rustc --explain E0433`.
[INFO] [stdout] 
[INFO] [stdout] error: aborting due to previous error
[INFO] [stdout] 
[INFO] [stdout] 
[INFO] [stdout] For more information about this error, try `rustc --explain E0433`.
[INFO] [stdout] 
[INFO] [stderr] error: could not compile `linera-views` (test "reentrant_tests") due to 2 previous errors
[INFO] [stdout] error: aborting due to 11 previous errors
[INFO] [stdout] 
[INFO] [stdout] 
[INFO] [stdout] Some errors have detailed explanations: E0432, E0433.
[INFO] [stdout] 
[INFO] [stdout] For more information about an error, try `rustc --explain E0432`.
[INFO] [stdout] 
[INFO] [stderr] error: could not compile `linera-views` (test "map_view_tests") due to 2 previous errors
[INFO] [stderr] error: could not compile `linera-views` (test "key_value_store_view") due to 2 previous errors
[INFO] [stderr] error: could not compile `linera-views` (test "operations_tests") due to 12 previous errors
[INFO] [stdout] error[E0433]: failed to resolve: use of undeclared crate or module `linera_views`
[INFO] [stdout]    --> src/batch.rs:377:9
[INFO] [stdout]     |
[INFO] [stdout] 377 |     use linera_views::{
[INFO] [stdout]     |         ^^^^^^^^^^^^ use of undeclared crate or module `linera_views`
[INFO] [stdout] 
[INFO] [stdout] 
[INFO] [stdout] error[E0433]: failed to resolve: use of undeclared crate or module `linera_views`
[INFO] [stdout]    --> src/common.rs:702:9
[INFO] [stdout]     |
[INFO] [stdout] 702 |     use linera_views::common::CustomSerialize;
[INFO] [stdout]     |         ^^^^^^^^^^^^ use of undeclared crate or module `linera_views`
[INFO] [stdout] 
[INFO] [stdout] 
[INFO] [stdout] error[E0433]: failed to resolve: use of undeclared crate or module `linera_views`
[INFO] [stdout]    --> src/value_splitting.rs:473:9
[INFO] [stdout]     |
[INFO] [stdout] 473 |     use linera_views::{
[INFO] [stdout]     |         ^^^^^^^^^^^^ use of undeclared crate or module `linera_views`
[INFO] [stdout] 
[INFO] [stdout] 
[INFO] [stdout] error[E0433]: failed to resolve: could not find `test` in `tokio`
[INFO] [stdout]    --> src/batch.rs:435:14
[INFO] [stdout]     |
[INFO] [stdout] 435 |     #[tokio::test]
[INFO] [stdout]     |              ^^^^ could not find `test` in `tokio`
[INFO] [stdout] 
[INFO] [stdout] 
[INFO] [stdout] error[E0433]: failed to resolve: could not find `test` in `tokio`
[INFO] [stdout]    --> src/batch.rs:458:14
[INFO] [stdout]     |
[INFO] [stdout] 458 |     #[tokio::test]
[INFO] [stdout]     |              ^^^^ could not find `test` in `tokio`
[INFO] [stdout] 
[INFO] [stdout] 
[INFO] [stdout] error[E0433]: failed to resolve: could not find `test` in `tokio`
[INFO] [stdout]    --> src/value_splitting.rs:484:14
[INFO] [stdout]     |
[INFO] [stdout] 484 |     #[tokio::test]
[INFO] [stdout]     |              ^^^^ could not find `test` in `tokio`
[INFO] [stdout] 
[INFO] [stdout] 
[INFO] [stdout] error[E0433]: failed to resolve: could not find `test` in `tokio`
[INFO] [stdout]    --> src/value_splitting.rs:511:14
[INFO] [stdout]     |
[INFO] [stdout] 511 |     #[tokio::test]
[INFO] [stdout]     |              ^^^^ could not find `test` in `tokio`
[INFO] [stdout] 
[INFO] [stdout] 
[INFO] [stdout] error[E0433]: failed to resolve: could not find `test` in `tokio`
[INFO] [stdout]    --> src/value_splitting.rs:548:14
[INFO] [stdout]     |
[INFO] [stdout] 548 |     #[tokio::test]
[INFO] [stdout]     |              ^^^^ could not find `test` in `tokio`
[INFO] [stdout] 
[INFO] [stdout] 
[INFO] [stdout] error[E0433]: failed to resolve: could not find `test` in `tokio`
[INFO] [stdout]   --> src/unit_tests/views.rs:33:10
[INFO] [stdout]    |
[INFO] [stdout] 33 | #[tokio::test]
[INFO] [stdout]    |          ^^^^ could not find `test` in `tokio`
[INFO] [stdout] 
[INFO] [stdout] 
[INFO] [stdout] error: aborting due to 9 previous errors
[INFO] [stdout] 
[INFO] [stdout] 
[INFO] [stdout] Some errors have detailed explanations: E0432, E0433.
[INFO] [stdout] 
[INFO] [stdout] For more information about an error, try `rustc --explain E0432`.
[INFO] [stdout] 
[INFO] [stderr] error: could not compile `linera-views` (test "views_tests") due to 10 previous errors
[INFO] [stdout] error[E0599]: no method named `to_custom_bytes` found for type `u128` in the current scope
[INFO] [stdout]    --> src/common.rs:723:29
[INFO] [stdout]     |
[INFO] [stdout] 679 |     fn to_custom_bytes(&self) -> Result<Vec<u8>, ViewError>;
[INFO] [stdout]     |        --------------- the method is available for `u128` here
[INFO] [stdout] ...
[INFO] [stdout] 723 |             let vec1 = val1.to_custom_bytes().unwrap();
[INFO] [stdout]     |                             ^^^^^^^^^^^^^^^
[INFO] [stdout]     |
[INFO] [stdout]     = help: items from traits can only be used if the trait is in scope
[INFO] [stdout] help: the following trait is implemented but not in scope; perhaps add a `use` for it:
[INFO] [stdout]     |
[INFO] [stdout] 702 +     use crate::common::CustomSerialize;
[INFO] [stdout]     |
[INFO] [stdout] help: there is a method with a similar name
[INFO] [stdout]     |
[INFO] [stdout] 723 |             let vec1 = val1.to_be_bytes().unwrap();
[INFO] [stdout]     |                             ~~~~~~~~~~~
[INFO] [stdout] 
[INFO] [stdout] 
[INFO] [stdout] error[E0599]: no method named `to_custom_bytes` found for type `u128` in the current scope
[INFO] [stdout]    --> src/common.rs:724:29
[INFO] [stdout]     |
[INFO] [stdout] 679 |     fn to_custom_bytes(&self) -> Result<Vec<u8>, ViewError>;
[INFO] [stdout]     |        --------------- the method is available for `u128` here
[INFO] [stdout] ...
[INFO] [stdout] 724 |             let vec2 = val2.to_custom_bytes().unwrap();
[INFO] [stdout]     |                             ^^^^^^^^^^^^^^^
[INFO] [stdout]     |
[INFO] [stdout]     = help: items from traits can only be used if the trait is in scope
[INFO] [stdout] help: the following trait is implemented but not in scope; perhaps add a `use` for it:
[INFO] [stdout]     |
[INFO] [stdout] 702 +     use crate::common::CustomSerialize;
[INFO] [stdout]     |
[INFO] [stdout] help: there is a method with a similar name
[INFO] [stdout]     |
[INFO] [stdout] 724 |             let vec2 = val2.to_be_bytes().unwrap();
[INFO] [stdout]     |                             ~~~~~~~~~~~
[INFO] [stdout] 
[INFO] [stdout] 
[INFO] [stdout] error[E0599]: no function or associated item named `from_custom_bytes` found for type `u128` in the current scope
[INFO] [stdout]    --> src/common.rs:726:34
[INFO] [stdout]     |
[INFO] [stdout] 726 |             let val_ret1 = u128::from_custom_bytes(&vec1).unwrap();
[INFO] [stdout]     |                                  ^^^^^^^^^^^^^^^^^ function or associated item not found in `u128`
[INFO] [stdout]     |
[INFO] [stdout]     = help: items from traits can only be used if the trait is in scope
[INFO] [stdout] help: the following trait is implemented but not in scope; perhaps add a `use` for it:
[INFO] [stdout]     |
[INFO] [stdout] 702 +     use crate::common::CustomSerialize;
[INFO] [stdout]     |
[INFO] [stdout] help: there is an associated function with a similar name
[INFO] [stdout]     |
[INFO] [stdout] 726 |             let val_ret1 = u128::from_be_bytes(&vec1).unwrap();
[INFO] [stdout]     |                                  ~~~~~~~~~~~~~
[INFO] [stdout] 
[INFO] [stdout] 
[INFO] [stdout] error[E0599]: no function or associated item named `from_custom_bytes` found for type `u128` in the current scope
[INFO] [stdout]    --> src/common.rs:727:34
[INFO] [stdout]     |
[INFO] [stdout] 727 |             let val_ret2 = u128::from_custom_bytes(&vec2).unwrap();
[INFO] [stdout]     |                                  ^^^^^^^^^^^^^^^^^ function or associated item not found in `u128`
[INFO] [stdout]     |
[INFO] [stdout]     = help: items from traits can only be used if the trait is in scope
[INFO] [stdout] help: the following trait is implemented but not in scope; perhaps add a `use` for it:
[INFO] [stdout]     |
[INFO] [stdout] 702 +     use crate::common::CustomSerialize;
[INFO] [stdout]     |
[INFO] [stdout] help: there is an associated function with a similar name
[INFO] [stdout]     |
[INFO] [stdout] 727 |             let val_ret2 = u128::from_be_bytes(&vec2).unwrap();
[INFO] [stdout]     |                                  ~~~~~~~~~~~~~
[INFO] [stdout] 
[INFO] [stdout] 
[INFO] [stdout] error: aborting due to 13 previous errors
[INFO] [stdout] 
[INFO] [stdout] 
[INFO] [stdout] Some errors have detailed explanations: E0433, E0599.
[INFO] [stdout] 
[INFO] [stdout] For more information about an error, try `rustc --explain E0433`.
[INFO] [stdout] 
[INFO] [stderr] error: could not compile `linera-views` (lib test) due to 14 previous errors
[INFO] running `Command { std: "docker" "inspect" "ee8f1dc80a4b707266dd75eb5dea53d8b214da84a949506b04e775d844b47043", kill_on_drop: false }`
[INFO] running `Command { std: "docker" "rm" "-f" "ee8f1dc80a4b707266dd75eb5dea53d8b214da84a949506b04e775d844b47043", kill_on_drop: false }`
[INFO] [stdout] ee8f1dc80a4b707266dd75eb5dea53d8b214da84a949506b04e775d844b47043
