[INFO] fetching crate linera-rpc 0.6.0...
[INFO] testing linera-rpc-0.6.0 against 1.75.0 for beta-1.76-1
[INFO] extracting crate linera-rpc 0.6.0 into /workspace/builds/worker-4-tc1/source
[INFO] validating manifest of crates.io crate linera-rpc 0.6.0 on toolchain 1.75.0
[INFO] running `Command { std: CARGO_HOME="/workspace/cargo-home" RUSTUP_HOME="/workspace/rustup-home" "/workspace/cargo-home/bin/cargo" "+1.75.0" "metadata" "--manifest-path" "Cargo.toml" "--no-deps", kill_on_drop: false }`
[INFO] started tweaking crates.io crate linera-rpc 0.6.0
[INFO] finished tweaking crates.io crate linera-rpc 0.6.0
[INFO] tweaked toml for crates.io crate linera-rpc 0.6.0 written to /workspace/builds/worker-4-tc1/source/Cargo.toml
[INFO] crate crates.io crate linera-rpc 0.6.0 already has a lockfile, it will not be regenerated
[INFO] running `Command { std: CARGO_HOME="/workspace/cargo-home" RUSTUP_HOME="/workspace/rustup-home" "/workspace/cargo-home/bin/cargo" "+1.75.0" "fetch" "--manifest-path" "Cargo.toml", kill_on_drop: false }`
[INFO] [stderr]     Updating crates.io index
[INFO] [stderr]  Downloading crates ...
[INFO] [stderr]   Downloaded prometheus v0.13.3
[INFO] [stderr]   Downloaded tonic-health v0.8.0
[INFO] [stderr]   Downloaded serde-name v0.2.1
[INFO] [stderr]   Downloaded similar-asserts v1.5.0
[INFO] [stderr]   Downloaded test-strategy v0.2.1
[INFO] [stderr]   Downloaded custom_debug_derive v0.5.1
[INFO] [stderr]   Downloaded lru v0.9.0
[INFO] [stderr]   Downloaded linera-views-derive v0.6.0
[INFO] [stderr]   Downloaded async-graphql-value v5.0.10
[INFO] [stderr]   Downloaded linera-base v0.6.0
[INFO] [stderr]   Downloaded linera-core v0.6.0
[INFO] [stderr]   Downloaded similar v2.3.0
[INFO] [stderr]   Downloaded proptest v1.3.1
[INFO] [stderr]   Downloaded linera-execution v0.6.0
[INFO] [stderr]   Downloaded test-log v0.2.13
[INFO] [stderr]   Downloaded async-graphql v5.0.10
[INFO] [stderr]   Downloaded async-graphql-derive v5.0.10
[INFO] [stderr]   Downloaded handlebars v4.4.0
[INFO] [stderr]   Downloaded linera-chain v0.6.0
[INFO] [stderr]   Downloaded linera-storage v0.6.0
[INFO] [stderr]   Downloaded async-graphql-parser v5.0.10
[INFO] [stderr]   Downloaded bcs v0.1.6
[INFO] [stderr]   Downloaded linera-views v0.6.0
[INFO] [stderr]   Downloaded fast_chemail v0.9.6
[INFO] running `Command { std: "docker" "create" "-v" "/var/lib/crater-agent-workspace/builds/worker-4-tc1/target:/opt/rustwide/target:rw,Z" "-v" "/var/lib/crater-agent-workspace/builds/worker-4-tc1/source:/opt/rustwide/workdir:ro,Z" "-v" "/var/lib/crater-agent-workspace/cargo-home:/opt/rustwide/cargo-home:ro,Z" "-v" "/var/lib/crater-agent-workspace/rustup-home:/opt/rustwide/rustup-home:ro,Z" "-e" "SOURCE_DIR=/opt/rustwide/workdir" "-e" "CARGO_TARGET_DIR=/opt/rustwide/target" "-e" "CARGO_HOME=/opt/rustwide/cargo-home" "-e" "RUSTUP_HOME=/opt/rustwide/rustup-home" "-w" "/opt/rustwide/workdir" "-m" "1610612736" "--user" "0:0" "--network" "none" "ghcr.io/rust-lang/crates-build-env/linux@sha256:2788e3201cd34a07e3172128adcd8b3090168a8e3bcc40d7c032b9dda1df7d1c" "/opt/rustwide/cargo-home/bin/cargo" "+1.75.0" "metadata" "--no-deps" "--format-version=1", kill_on_drop: false }`
[INFO] [stdout] 39de541afdee791b63f6093079ac6febd1cd41641ec3dba1768cbf5270dee976
[INFO] running `Command { std: "docker" "start" "-a" "39de541afdee791b63f6093079ac6febd1cd41641ec3dba1768cbf5270dee976", kill_on_drop: false }`
[INFO] running `Command { std: "docker" "inspect" "39de541afdee791b63f6093079ac6febd1cd41641ec3dba1768cbf5270dee976", kill_on_drop: false }`
[INFO] running `Command { std: "docker" "rm" "-f" "39de541afdee791b63f6093079ac6febd1cd41641ec3dba1768cbf5270dee976", kill_on_drop: false }`
[INFO] [stdout] 39de541afdee791b63f6093079ac6febd1cd41641ec3dba1768cbf5270dee976
[INFO] running `Command { std: "docker" "create" "-v" "/var/lib/crater-agent-workspace/builds/worker-4-tc1/target:/opt/rustwide/target:rw,Z" "-v" "/var/lib/crater-agent-workspace/builds/worker-4-tc1/source:/opt/rustwide/workdir:ro,Z" "-v" "/var/lib/crater-agent-workspace/cargo-home:/opt/rustwide/cargo-home:ro,Z" "-v" "/var/lib/crater-agent-workspace/rustup-home:/opt/rustwide/rustup-home:ro,Z" "-e" "SOURCE_DIR=/opt/rustwide/workdir" "-e" "CARGO_TARGET_DIR=/opt/rustwide/target" "-e" "CARGO_INCREMENTAL=0" "-e" "RUST_BACKTRACE=full" "-e" "RUSTFLAGS=--cap-lints=warn" "-e" "RUSTDOCFLAGS=--cap-lints=warn" "-e" "CARGO_HOME=/opt/rustwide/cargo-home" "-e" "RUSTUP_HOME=/opt/rustwide/rustup-home" "-w" "/opt/rustwide/workdir" "-m" "1610612736" "--user" "0:0" "--network" "none" "ghcr.io/rust-lang/crates-build-env/linux@sha256:2788e3201cd34a07e3172128adcd8b3090168a8e3bcc40d7c032b9dda1df7d1c" "/opt/rustwide/cargo-home/bin/cargo" "+1.75.0" "build" "--frozen" "--message-format=json", kill_on_drop: false }`
[INFO] [stdout] b1b55b1ce97a48f56dfa38205fb12080ef3e9369a6831db84d854319dec7511c
[INFO] running `Command { std: "docker" "start" "-a" "b1b55b1ce97a48f56dfa38205fb12080ef3e9369a6831db84d854319dec7511c", kill_on_drop: false }`
[INFO] [stderr]    Compiling proc-macro2 v1.0.69
[INFO] [stderr]    Compiling serde v1.0.192
[INFO] [stderr]    Compiling libc v0.2.150
[INFO] [stderr]    Compiling memchr v2.6.4
[INFO] [stderr]    Compiling syn v1.0.109
[INFO] [stderr]    Compiling futures-core v0.3.29
[INFO] [stderr]    Compiling once_cell v1.18.0
[INFO] [stderr]    Compiling itoa v1.0.9
[INFO] [stderr]    Compiling futures-sink v0.3.29
[INFO] [stderr]    Compiling futures-channel v0.3.29
[INFO] [stderr]    Compiling hashbrown v0.12.3
[INFO] [stderr]    Compiling futures-task v0.3.29
[INFO] [stderr]    Compiling futures-util v0.3.29
[INFO] [stderr]    Compiling thiserror v1.0.50
[INFO] [stderr]    Compiling futures-io v0.3.29
[INFO] [stderr]    Compiling indexmap v1.9.3
[INFO] [stderr]    Compiling typenum v1.17.0
[INFO] [stderr]    Compiling generic-array v0.14.7
[INFO] [stderr]    Compiling anyhow v1.0.75
[INFO] [stderr]    Compiling ppv-lite86 v0.2.17
[INFO] [stderr]    Compiling hashbrown v0.14.2
[INFO] [stderr]    Compiling tracing-core v0.1.32
[INFO] [stderr]    Compiling spin v0.9.8
[INFO] [stderr]    Compiling ucd-trie v0.1.6
[INFO] [stderr]    Compiling ryu v1.0.15
[INFO] [stderr]    Compiling httparse v1.8.0
[INFO] [stderr]    Compiling rustix v0.38.21
[INFO] [stderr]    Compiling serde_json v1.0.108
[INFO] [stderr]    Compiling aho-corasick v1.1.2
[INFO] [stderr]    Compiling getrandom v0.1.16
[INFO] [stderr]    Compiling linux-raw-sys v0.4.11
[INFO] [stderr]    Compiling async-trait v0.1.74
[INFO] [stderr]    Compiling quote v1.0.33
[INFO] [stderr]    Compiling mime v0.3.17
[INFO] [stderr]    Compiling fastrand v2.0.1
[INFO] [stderr]    Compiling indexmap v2.1.0
[INFO] [stderr]    Compiling syn v2.0.39
[INFO] [stderr]    Compiling percent-encoding v2.3.0
[INFO] [stderr]    Compiling num-traits v0.2.17
[INFO] [stderr]    Compiling mio v0.8.9
[INFO] [stderr]    Compiling socket2 v0.5.5
[INFO] [stderr]    Compiling num_cpus v1.16.0
[INFO] [stderr]    Compiling getrandom v0.2.11
[INFO] [stderr]    Compiling strsim v0.10.0
[INFO] [stderr]    Compiling ident_case v1.0.1
[INFO] [stderr]    Compiling itertools v0.10.5
[INFO] [stderr]    Compiling rand_core v0.5.1
[INFO] [stderr]    Compiling winnow v0.5.19
[INFO] [stderr]    Compiling cc v1.0.83
[INFO] [stderr]    Compiling unicode-segmentation v1.10.1
[INFO] [stderr]    Compiling multer v2.1.0
[INFO] [stderr]    Compiling keccak v0.1.4
[INFO] [stderr]    Compiling byteorder v1.5.0
[INFO] [stderr]    Compiling smallvec v1.11.1
[INFO] [stderr]    Compiling rand_chacha v0.2.2
[INFO] [stderr]    Compiling form_urlencoded v1.2.0
[INFO] [stderr]    Compiling regex-automata v0.4.3
[INFO] [stderr]    Compiling parking_lot_core v0.9.9
[INFO] [stderr]    Compiling ahash v0.8.6
[INFO] [stderr]    Compiling encoding_rs v0.8.33
[INFO] [stderr]    Compiling subtle v2.5.0
[INFO] [stderr]    Compiling signature v1.6.4
[INFO] [stderr]    Compiling protobuf v2.28.0
[INFO] [stderr]    Compiling ascii_utils v0.9.3
[INFO] [stderr]    Compiling cpufeatures v0.2.11
[INFO] [stderr]    Compiling opaque-debug v0.3.0
[INFO] [stderr]    Compiling fast_chemail v0.9.6
[INFO] [stderr]    Compiling rand v0.7.3
[INFO] [stderr]    Compiling static_assertions v1.1.0
[INFO] [stderr]    Compiling iana-time-zone v0.1.58
[INFO] [stderr]    Compiling untrusted v0.9.0
[INFO] [stderr]    Compiling prometheus v0.13.3
[INFO] [stderr]    Compiling tower-service v0.3.2
[INFO] [stderr]    Compiling zerocopy v0.7.25
[INFO] [stderr]    Compiling parking_lot v0.12.1
[INFO] [stderr]    Compiling convert_case v0.6.0
[INFO] [stderr]    Compiling unicode-xid v0.2.4
[INFO] [stderr]    Compiling event-listener v2.5.3
[INFO] [stderr]    Compiling chrono v0.4.31
[INFO] [stderr]    Compiling try-lock v0.2.4
[INFO] [stderr]    Compiling prettyplease v0.1.25
[INFO] [stderr]    Compiling ring v0.17.5
[INFO] [stderr]    Compiling ring v0.16.20
[INFO] [stderr]    Compiling hashbrown v0.13.2
[INFO] [stderr]    Compiling want v0.3.1
[INFO] [stderr]    Compiling tempfile v3.8.1
[INFO] [stderr]    Compiling async-lock v2.8.0
[INFO] [stderr]    Compiling axum-core v0.3.4
[INFO] [stderr]    Compiling socket2 v0.4.10
[INFO] [stderr]    Compiling proc-macro-error-attr v1.0.4
[INFO] [stderr]    Compiling toml_edit v0.19.15
[INFO] [stderr]    Compiling fixedbitset v0.4.2
[INFO] [stderr]    Compiling untrusted v0.7.1
[INFO] [stderr]    Compiling rustls v0.20.9
[INFO] [stderr]    Compiling spin v0.5.2
[INFO] [stderr]    Compiling home v0.5.5
[INFO] [stderr]    Compiling convert_case v0.4.0
[INFO] [stderr]    Compiling linked-hash-map v0.5.6
[INFO] [stderr]    Compiling httpdate v1.0.3
[INFO] [stderr]    Compiling tower-layer v0.3.2
[INFO] [stderr]    Compiling which v4.4.2
[INFO] [stderr]    Compiling petgraph v0.6.4
[INFO] [stderr]    Compiling lru v0.9.0
[INFO] [stderr]    Compiling axum v0.6.20
[INFO] [stderr]    Compiling proc-macro-error v1.0.4
[INFO] [stderr]    Compiling multimap v0.8.3
[INFO] [stderr]    Compiling base64 v0.21.5
[INFO] [stderr]    Compiling regex v1.10.2
[INFO] [stderr]    Compiling dashmap v5.5.3
[INFO] [stderr]    Compiling rustls-pemfile v1.0.3
[INFO] [stderr]    Compiling sync_wrapper v0.1.2
[INFO] [stderr]    Compiling Inflector v0.11.4
[INFO] [stderr]    Compiling matchit v0.7.3
[INFO] [stderr]    Compiling openssl-probe v0.1.5
[INFO] [stderr]    Compiling unicode-width v0.1.11
[INFO] [stderr]    Compiling textwrap v0.11.0
[INFO] [stderr]    Compiling rustls-native-certs v0.6.3
[INFO] [stderr]    Compiling heck v0.3.3
[INFO] [stderr]    Compiling atty v0.2.14
[INFO] [stderr]    Compiling vec_map v0.8.2
[INFO] [stderr]    Compiling proc-macro-crate v1.3.1
[INFO] [stderr]    Compiling ansi_term v0.12.1
[INFO] [stderr]    Compiling strsim v0.8.0
[INFO] [stderr]    Compiling darling_core v0.14.4
[INFO] [stderr]    Compiling synstructure v0.12.6
[INFO] [stderr]    Compiling clap v2.34.0
[INFO] [stderr]    Compiling prost-derive v0.11.9
[INFO] [stderr]    Compiling derive_more v0.99.17
[INFO] [stderr]    Compiling custom_debug_derive v0.5.1
[INFO] [stderr]    Compiling structopt-derive v0.4.18
[INFO] [stderr]    Compiling serde_derive v1.0.192
[INFO] [stderr]    Compiling thiserror-impl v1.0.50
[INFO] [stderr]    Compiling futures-macro v0.3.29
[INFO] [stderr]    Compiling tokio-macros v2.1.0
[INFO] [stderr]    Compiling tracing-attributes v0.1.27
[INFO] [stderr]    Compiling async-stream-impl v0.3.5
[INFO] [stderr]    Compiling async-stream v0.3.5
[INFO] [stderr]    Compiling zeroize_derive v1.4.2
[INFO] [stderr]    Compiling darling_macro v0.14.4
[INFO] [stderr]    Compiling pin-project-internal v1.1.3
[INFO] [stderr]    Compiling linera-views-derive v0.6.0
[INFO] [stderr]    Compiling pest v2.7.5
[INFO] [stderr]    Compiling darling v0.14.4
[INFO] [stderr]    Compiling sct v0.7.1
[INFO] [stderr]    Compiling webpki v0.22.4
[INFO] [stderr]    Compiling structopt v0.3.26
[INFO] [stderr]    Compiling zeroize v1.6.0
[INFO] [stderr]    Compiling tracing v0.1.40
[INFO] [stderr]    Compiling merlin v2.0.1
[INFO] [stderr]    Compiling pin-project v1.1.3
[INFO] [stderr]    Compiling tracing-futures v0.2.5
[INFO] [stderr]    Compiling pest_meta v2.7.5
[INFO] [stderr]    Compiling pest_generator v2.7.5
[INFO] [stderr]    Compiling futures-executor v0.3.29
[INFO] [stderr]    Compiling futures v0.3.29
[INFO] [stderr]    Compiling pest_derive v2.7.5
[INFO] [stderr]    Compiling bytes v1.5.0
[INFO] [stderr]    Compiling rand_core v0.6.4
[INFO] [stderr]    Compiling ed25519 v1.5.3
[INFO] [stderr]    Compiling serde_urlencoded v0.7.1
[INFO] [stderr]    Compiling serde_bytes v0.11.12
[INFO] [stderr]    Compiling serde-name v0.2.1
[INFO] [stderr]    Compiling bcs v0.1.6
[INFO] [stderr]    Compiling bincode v1.3.3
[INFO] [stderr]    Compiling rand_chacha v0.3.1
[INFO] [stderr]    Compiling rand v0.8.5
[INFO] [stderr]    Compiling tokio v1.33.0
[INFO] [stderr]    Compiling http v0.2.9
[INFO] [stderr]    Compiling prost v0.11.9
[INFO] [stderr]    Compiling digest v0.9.0
[INFO] [stderr]    Compiling block-buffer v0.10.4
[INFO] [stderr]    Compiling crypto-common v0.1.6
[INFO] [stderr]    Compiling block-buffer v0.9.0
[INFO] [stderr]    Compiling sha2 v0.9.9
[INFO] [stderr]    Compiling curve25519-dalek v3.2.0
[INFO] [stderr]    Compiling prost-types v0.11.9
[INFO] [stderr]    Compiling digest v0.10.7
[INFO] [stderr]    Compiling async-graphql-value v5.0.10
[INFO] [stderr]    Compiling handlebars v4.4.0
[INFO] [stderr]    Compiling sha3 v0.10.8
[INFO] [stderr]    Compiling async-graphql-parser v5.0.10
[INFO] [stderr]    Compiling http-body v0.4.5
[INFO] [stderr]    Compiling rand_distr v0.4.3
[INFO] [stderr]    Compiling ed25519-dalek v1.0.1
[INFO] [stderr]    Compiling prost-build v0.11.9
[INFO] [stderr]    Compiling tonic-build v0.8.4
[INFO] [stderr]    Compiling async-graphql-derive v5.0.10
[INFO] [stderr]    Compiling linera-rpc v0.6.0 (/opt/rustwide/workdir)
[INFO] [stderr]    Compiling tokio-stream v0.1.14
[INFO] [stderr]    Compiling tokio-util v0.7.10
[INFO] [stderr]    Compiling tokio-io-timeout v1.2.0
[INFO] [stderr]    Compiling tokio-rustls v0.23.4
[INFO] [stderr]    Compiling tokio-util v0.6.10
[INFO] [stderr]    Compiling tokio-test v0.4.3
[INFO] [stderr]    Compiling h2 v0.3.21
[INFO] [stderr]    Compiling tower v0.4.13
[INFO] [stderr]    Compiling hyper v0.14.27
[INFO] [stderr]    Compiling async-graphql v5.0.10
[INFO] [stderr]    Compiling hyper-timeout v0.4.1
[INFO] [stderr]    Compiling linera-base v0.6.0
[INFO] [stderr]    Compiling linera-views v0.6.0
[INFO] [stderr]    Compiling tonic v0.8.3
[INFO] [stderr]    Compiling tonic-health v0.8.0
[INFO] [stderr]    Compiling linera-execution v0.6.0
[INFO] [stderr]    Compiling linera-chain v0.6.0
[INFO] [stderr]    Compiling linera-storage v0.6.0
[INFO] [stderr]    Compiling linera-core v0.6.0
[INFO] [stderr]     Finished dev [unoptimized + debuginfo] target(s) in 43.86s
[INFO] running `Command { std: "docker" "inspect" "b1b55b1ce97a48f56dfa38205fb12080ef3e9369a6831db84d854319dec7511c", kill_on_drop: false }`
[INFO] running `Command { std: "docker" "rm" "-f" "b1b55b1ce97a48f56dfa38205fb12080ef3e9369a6831db84d854319dec7511c", kill_on_drop: false }`
[INFO] [stdout] b1b55b1ce97a48f56dfa38205fb12080ef3e9369a6831db84d854319dec7511c
[INFO] running `Command { std: "docker" "create" "-v" "/var/lib/crater-agent-workspace/builds/worker-4-tc1/target:/opt/rustwide/target:rw,Z" "-v" "/var/lib/crater-agent-workspace/builds/worker-4-tc1/source:/opt/rustwide/workdir:ro,Z" "-v" "/var/lib/crater-agent-workspace/cargo-home:/opt/rustwide/cargo-home:ro,Z" "-v" "/var/lib/crater-agent-workspace/rustup-home:/opt/rustwide/rustup-home:ro,Z" "-e" "SOURCE_DIR=/opt/rustwide/workdir" "-e" "CARGO_TARGET_DIR=/opt/rustwide/target" "-e" "CARGO_INCREMENTAL=0" "-e" "RUST_BACKTRACE=full" "-e" "RUSTFLAGS=--cap-lints=warn" "-e" "RUSTDOCFLAGS=--cap-lints=warn" "-e" "CARGO_HOME=/opt/rustwide/cargo-home" "-e" "RUSTUP_HOME=/opt/rustwide/rustup-home" "-w" "/opt/rustwide/workdir" "-m" "1610612736" "--user" "0:0" "--network" "none" "ghcr.io/rust-lang/crates-build-env/linux@sha256:2788e3201cd34a07e3172128adcd8b3090168a8e3bcc40d7c032b9dda1df7d1c" "/opt/rustwide/cargo-home/bin/cargo" "+1.75.0" "test" "--frozen" "--no-run" "--message-format=json", kill_on_drop: false }`
[INFO] [stdout] 1a31828788bfef5acbe1eb606a75489e07e4c6a34663305575ffb5e784a0511a
[INFO] running `Command { std: "docker" "start" "-a" "1a31828788bfef5acbe1eb606a75489e07e4c6a34663305575ffb5e784a0511a", kill_on_drop: false }`
[INFO] [stderr]    Compiling unicode-segmentation v1.10.1
[INFO] [stderr]    Compiling bstr v0.2.17
[INFO] [stderr]    Compiling structmeta-derive v0.1.6
[INFO] [stderr]    Compiling wait-timeout v0.2.0
[INFO] [stderr]    Compiling bit-vec v0.6.3
[INFO] [stderr]    Compiling yaml-rust v0.4.5
[INFO] [stderr]    Compiling rand_xorshift v0.3.0
[INFO] [stderr]    Compiling console v0.15.7
[INFO] [stderr]    Compiling regex-syntax v0.7.5
[INFO] [stderr]    Compiling unarray v0.1.4
[INFO] [stderr]    Compiling serde-reflection v0.3.6
[INFO] [stderr]    Compiling rusty-fork v0.3.0
[INFO] [stderr]    Compiling bit-set v0.5.3
[INFO] [stderr]    Compiling convert_case v0.6.0
[INFO] [stderr]    Compiling heck v0.3.3
[INFO] [stderr]    Compiling similar v2.3.0
[INFO] [stderr]    Compiling serde_yaml v0.8.26
[INFO] [stderr]    Compiling structopt-derive v0.4.18
[INFO] [stderr]    Compiling linera-views-derive v0.6.0
[INFO] [stderr]    Compiling similar-asserts v1.5.0
[INFO] [stderr]    Compiling structmeta v0.1.6
[INFO] [stderr]    Compiling test-strategy v0.2.1
[INFO] [stderr]    Compiling structopt v0.3.26
[INFO] [stderr]    Compiling linera-views v0.6.0
[INFO] [stderr]    Compiling proptest v1.3.1
[INFO] [stderr]    Compiling linera-execution v0.6.0
[INFO] [stderr]    Compiling linera-chain v0.6.0
[INFO] [stderr]    Compiling linera-storage v0.6.0
[INFO] [stderr]    Compiling linera-core v0.6.0
[INFO] [stderr]    Compiling linera-rpc v0.6.0 (/opt/rustwide/workdir)
[INFO] [stdout] error[E0432]: unresolved import `linera_chain::test`
[INFO] [stdout]    --> src/conversions.rs:457:9
[INFO] [stdout]     |
[INFO] [stdout] 457 |         test::make_first_block,
[INFO] [stdout]     |         ^^^^ could not find `test` in `linera_chain`
[INFO] [stdout] 
[INFO] [stdout] 
[INFO] [stdout] error[E0277]: the trait bound `linera_core::data_types::ChainInfoQuery: Arbitrary` is not satisfied
[INFO] [stdout]    --> src/codec.rs:120:27
[INFO] [stdout]     |
[INFO] [stdout] 120 |         message_contents: ChainInfoQuery,
[INFO] [stdout]     |                           ^^^^^^^^^^^^^^ the trait `Arbitrary` is not implemented for `linera_core::data_types::ChainInfoQuery`
[INFO] [stdout]     |
[INFO] [stdout]     = help: the following other types implement trait `Arbitrary`:
[INFO] [stdout]               bool
[INFO] [stdout]               char
[INFO] [stdout]               isize
[INFO] [stdout]               i8
[INFO] [stdout]               i16
[INFO] [stdout]               i32
[INFO] [stdout]               i64
[INFO] [stdout]               i128
[INFO] [stdout]             and 189 others
[INFO] [stdout] note: required by a bound in `proptest::arbitrary::any`
[INFO] [stdout]    --> /opt/rustwide/cargo-home/registry/src/index.crates.io-6f17d22bba15001f/proptest-1.3.1/src/arbitrary/traits.rs:159:15
[INFO] [stdout]     |
[INFO] [stdout] 159 | pub fn any<A: Arbitrary>() -> StrategyFor<A> {
[INFO] [stdout]     |               ^^^^^^^^^ required by this bound in `any`
[INFO] [stdout] 
[INFO] [stdout] 
[INFO] [stdout] error[E0277]: the trait bound `linera_core::data_types::ChainInfoQuery: Arbitrary` is not satisfied
[INFO] [stdout]    --> src/codec.rs:117:5
[INFO] [stdout]     |
[INFO] [stdout] 117 |     #[proptest]
[INFO] [stdout]     |     ^^^^^^^^^^^ the trait `Arbitrary` is not implemented for `linera_core::data_types::ChainInfoQuery`
[INFO] [stdout]     |
[INFO] [stdout]     = help: the following other types implement trait `Arbitrary`:
[INFO] [stdout]               bool
[INFO] [stdout]               char
[INFO] [stdout]               isize
[INFO] [stdout]               i8
[INFO] [stdout]               i16
[INFO] [stdout]               i32
[INFO] [stdout]               i64
[INFO] [stdout]               i128
[INFO] [stdout]             and 189 others
[INFO] [stdout]     = note: this error originates in the derive macro `test_strategy::Arbitrary` (in Nightly builds, run with -Z macro-backtrace for more info)
[INFO] [stdout] 
[INFO] [stdout] 
[INFO] [stdout] error[E0277]: the trait bound `linera_core::data_types::ChainInfoQuery: Arbitrary` is not satisfied
[INFO] [stdout]    --> src/codec.rs:158:27
[INFO] [stdout]     |
[INFO] [stdout] 158 |         message_contents: ChainInfoQuery,
[INFO] [stdout]     |                           ^^^^^^^^^^^^^^ the trait `Arbitrary` is not implemented for `linera_core::data_types::ChainInfoQuery`
[INFO] [stdout]     |
[INFO] [stdout]     = help: the following other types implement trait `Arbitrary`:
[INFO] [stdout]               bool
[INFO] [stdout]               char
[INFO] [stdout]               isize
[INFO] [stdout]               i8
[INFO] [stdout]               i16
[INFO] [stdout]               i32
[INFO] [stdout]               i64
[INFO] [stdout]               i128
[INFO] [stdout]             and 189 others
[INFO] [stdout] note: required by a bound in `proptest::arbitrary::any`
[INFO] [stdout]    --> /opt/rustwide/cargo-home/registry/src/index.crates.io-6f17d22bba15001f/proptest-1.3.1/src/arbitrary/traits.rs:159:15
[INFO] [stdout]     |
[INFO] [stdout] 159 | pub fn any<A: Arbitrary>() -> StrategyFor<A> {
[INFO] [stdout]     |               ^^^^^^^^^ required by this bound in `any`
[INFO] [stdout] 
[INFO] [stdout] 
[INFO] [stdout] error[E0277]: the trait bound `linera_core::data_types::ChainInfoQuery: Arbitrary` is not satisfied
[INFO] [stdout]    --> src/codec.rs:155:5
[INFO] [stdout]     |
[INFO] [stdout] 155 |     #[proptest]
[INFO] [stdout]     |     ^^^^^^^^^^^ the trait `Arbitrary` is not implemented for `linera_core::data_types::ChainInfoQuery`
[INFO] [stdout]     |
[INFO] [stdout]     = help: the following other types implement trait `Arbitrary`:
[INFO] [stdout]               bool
[INFO] [stdout]               char
[INFO] [stdout]               isize
[INFO] [stdout]               i8
[INFO] [stdout]               i16
[INFO] [stdout]               i32
[INFO] [stdout]               i64
[INFO] [stdout]               i128
[INFO] [stdout]             and 189 others
[INFO] [stdout]     = note: this error originates in the derive macro `test_strategy::Arbitrary` (in Nightly builds, run with -Z macro-backtrace for more info)
[INFO] [stdout] 
[INFO] [stdout] 
[INFO] [stdout] error[E0277]: the trait bound `linera_core::data_types::ChainInfoResponse: std::cmp::Eq` is not satisfied
[INFO] [stdout]    --> src/conversions.rs:550:28
[INFO] [stdout]     |
[INFO] [stdout] 550 |         round_trip_check::<_, grpc::ChainInfoResponse>(chain_info_response_none);
[INFO] [stdout]     |                            ^ the trait `std::cmp::Eq` is not implemented for `linera_core::data_types::ChainInfoResponse`
[INFO] [stdout]     |
[INFO] [stdout] note: required by a bound in `round_trip_check`
[INFO] [stdout]    --> src/conversions.rs:476:41
[INFO] [stdout]     |
[INFO] [stdout] 474 |     fn round_trip_check<T, M>(value: T)
[INFO] [stdout]     |        ---------------- required by a bound in this function
[INFO] [stdout] 475 |     where
[INFO] [stdout] 476 |         T: TryFrom<M> + Clone + Debug + Eq,
[INFO] [stdout]     |                                         ^^ required by this bound in `round_trip_check`
[INFO] [stdout] 
[INFO] [stdout] 
[INFO] [stdout] error[E0277]: the trait bound `linera_core::data_types::ChainInfoResponse: std::cmp::Eq` is not satisfied
[INFO] [stdout]    --> src/conversions.rs:557:28
[INFO] [stdout]     |
[INFO] [stdout] 557 |         round_trip_check::<_, grpc::ChainInfoResponse>(chain_info_response_some);
[INFO] [stdout]     |                            ^ the trait `std::cmp::Eq` is not implemented for `linera_core::data_types::ChainInfoResponse`
[INFO] [stdout]     |
[INFO] [stdout] note: required by a bound in `round_trip_check`
[INFO] [stdout]    --> src/conversions.rs:476:41
[INFO] [stdout]     |
[INFO] [stdout] 474 |     fn round_trip_check<T, M>(value: T)
[INFO] [stdout]     |        ---------------- required by a bound in this function
[INFO] [stdout] 475 |     where
[INFO] [stdout] 476 |         T: TryFrom<M> + Clone + Debug + Eq,
[INFO] [stdout]     |                                         ^^ required by this bound in `round_trip_check`
[INFO] [stdout] 
[INFO] [stdout] 
[INFO] [stdout] error[E0277]: the trait bound `linera_core::data_types::ChainInfoQuery: std::cmp::Eq` is not satisfied
[INFO] [stdout]    --> src/conversions.rs:563:28
[INFO] [stdout]     |
[INFO] [stdout] 563 |         round_trip_check::<_, grpc::ChainInfoQuery>(chain_info_query_none);
[INFO] [stdout]     |                            ^ the trait `std::cmp::Eq` is not implemented for `linera_core::data_types::ChainInfoQuery`
[INFO] [stdout]     |
[INFO] [stdout] note: required by a bound in `round_trip_check`
[INFO] [stdout]    --> src/conversions.rs:476:41
[INFO] [stdout]     |
[INFO] [stdout] 474 |     fn round_trip_check<T, M>(value: T)
[INFO] [stdout]     |        ---------------- required by a bound in this function
[INFO] [stdout] 475 |     where
[INFO] [stdout] 476 |         T: TryFrom<M> + Clone + Debug + Eq,
[INFO] [stdout]     |                                         ^^ required by this bound in `round_trip_check`
[INFO] [stdout] 
[INFO] [stdout] 
[INFO] [stdout] error[E0277]: the trait bound `linera_core::data_types::ChainInfoQuery: std::cmp::Eq` is not satisfied
[INFO] [stdout]    --> src/conversions.rs:579:28
[INFO] [stdout]     |
[INFO] [stdout] 579 |         round_trip_check::<_, grpc::ChainInfoQuery>(chain_info_query_some);
[INFO] [stdout]     |                            ^ the trait `std::cmp::Eq` is not implemented for `linera_core::data_types::ChainInfoQuery`
[INFO] [stdout]     |
[INFO] [stdout] note: required by a bound in `round_trip_check`
[INFO] [stdout]    --> src/conversions.rs:476:41
[INFO] [stdout]     |
[INFO] [stdout] 474 |     fn round_trip_check<T, M>(value: T)
[INFO] [stdout]     |        ---------------- required by a bound in this function
[INFO] [stdout] 475 |     where
[INFO] [stdout] 476 |         T: TryFrom<M> + Clone + Debug + Eq,
[INFO] [stdout]     |                                         ^^ required by this bound in `round_trip_check`
[INFO] [stdout] 
[INFO] [stdout] 
[INFO] [stdout] error[E0277]: the trait bound `linera_core::data_types::CrossChainRequest: std::cmp::Eq` is not satisfied
[INFO] [stdout]    --> src/conversions.rs:643:28
[INFO] [stdout]     |
[INFO] [stdout] 643 |         round_trip_check::<_, grpc::CrossChainRequest>(cross_chain_request_update_recipient);
[INFO] [stdout]     |                            ^ the trait `std::cmp::Eq` is not implemented for `linera_core::data_types::CrossChainRequest`
[INFO] [stdout]     |
[INFO] [stdout] note: required by a bound in `round_trip_check`
[INFO] [stdout]    --> src/conversions.rs:476:41
[INFO] [stdout]     |
[INFO] [stdout] 474 |     fn round_trip_check<T, M>(value: T)
[INFO] [stdout]     |        ---------------- required by a bound in this function
[INFO] [stdout] 475 |     where
[INFO] [stdout] 476 |         T: TryFrom<M> + Clone + Debug + Eq,
[INFO] [stdout]     |                                         ^^ required by this bound in `round_trip_check`
[INFO] [stdout] 
[INFO] [stdout] 
[INFO] [stdout] error[E0277]: the trait bound `linera_core::data_types::CrossChainRequest: std::cmp::Eq` is not satisfied
[INFO] [stdout]    --> src/conversions.rs:654:28
[INFO] [stdout]     |
[INFO] [stdout] 654 |         round_trip_check::<_, grpc::CrossChainRequest>(
[INFO] [stdout]     |                            ^ the trait `std::cmp::Eq` is not implemented for `linera_core::data_types::CrossChainRequest`
[INFO] [stdout]     |
[INFO] [stdout] note: required by a bound in `round_trip_check`
[INFO] [stdout]    --> src/conversions.rs:476:41
[INFO] [stdout]     |
[INFO] [stdout] 474 |     fn round_trip_check<T, M>(value: T)
[INFO] [stdout]     |        ---------------- required by a bound in this function
[INFO] [stdout] 475 |     where
[INFO] [stdout] 476 |         T: TryFrom<M> + Clone + Debug + Eq,
[INFO] [stdout]     |                                         ^^ required by this bound in `round_trip_check`
[INFO] [stdout] 
[INFO] [stdout] 
[INFO] [stdout] error[E0277]: the trait bound `linera_chain::data_types::BlockProposal: std::cmp::Eq` is not satisfied
[INFO] [stdout]    --> src/conversions.rs:690:28
[INFO] [stdout]     |
[INFO] [stdout] 690 |         round_trip_check::<_, grpc::BlockProposal>(block_proposal);
[INFO] [stdout]     |                            ^ the trait `std::cmp::Eq` is not implemented for `linera_chain::data_types::BlockProposal`
[INFO] [stdout]     |
[INFO] [stdout] note: required by a bound in `round_trip_check`
[INFO] [stdout]    --> src/conversions.rs:476:41
[INFO] [stdout]     |
[INFO] [stdout] 474 |     fn round_trip_check<T, M>(value: T)
[INFO] [stdout]     |        ---------------- required by a bound in this function
[INFO] [stdout] 475 |     where
[INFO] [stdout] 476 |         T: TryFrom<M> + Clone + Debug + Eq,
[INFO] [stdout]     |                                         ^^ required by this bound in `round_trip_check`
[INFO] [stdout] 
[INFO] [stdout] 
[INFO] [stdout] error[E0277]: the trait bound `linera_chain::data_types::BlockProposal: std::cmp::Eq` is not satisfied
[INFO] [stdout]   --> src/rpc.rs:20:19
[INFO] [stdout]    |
[INFO] [stdout] 17 | #[cfg_attr(any(test, feature = "test"), derive(Eq, PartialEq))]
[INFO] [stdout]    |                                                -- in this derive macro expansion
[INFO] [stdout] ...
[INFO] [stdout] 20 |     BlockProposal(Box<BlockProposal>),
[INFO] [stdout]    |                   ^^^^^^^^^^^^^^^^^^ the trait `std::cmp::Eq` is not implemented for `linera_chain::data_types::BlockProposal`
[INFO] [stdout]    |
[INFO] [stdout]    = help: the trait `std::cmp::Eq` is implemented for `Box<T, A>`
[INFO] [stdout]    = note: required for `Box<linera_chain::data_types::BlockProposal>` to implement `std::cmp::Eq`
[INFO] [stdout] note: required by a bound in `AssertParamIsEq`
[INFO] [stdout]   --> /rustc/82e1608dfa6e0b5569232559e3d385fea5a93112/library/core/src/cmp.rs:336:1
[INFO] [stdout]    = note: this error originates in the derive macro `Eq` (in Nightly builds, run with -Z macro-backtrace for more info)
[INFO] [stdout] 
[INFO] [stdout] 
[INFO] [stdout] error[E0277]: the trait bound `linera_core::data_types::ChainInfoQuery: std::cmp::Eq` is not satisfied
[INFO] [stdout]   --> src/rpc.rs:23:20
[INFO] [stdout]    |
[INFO] [stdout] 17 | #[cfg_attr(any(test, feature = "test"), derive(Eq, PartialEq))]
[INFO] [stdout]    |                                                -- in this derive macro expansion
[INFO] [stdout] ...
[INFO] [stdout] 23 |     ChainInfoQuery(Box<ChainInfoQuery>),
[INFO] [stdout]    |                    ^^^^^^^^^^^^^^^^^^^ the trait `std::cmp::Eq` is not implemented for `linera_core::data_types::ChainInfoQuery`
[INFO] [stdout]    |
[INFO] [stdout]    = help: the trait `std::cmp::Eq` is implemented for `Box<T, A>`
[INFO] [stdout]    = note: required for `Box<linera_core::data_types::ChainInfoQuery>` to implement `std::cmp::Eq`
[INFO] [stdout] note: required by a bound in `AssertParamIsEq`
[INFO] [stdout]   --> /rustc/82e1608dfa6e0b5569232559e3d385fea5a93112/library/core/src/cmp.rs:336:1
[INFO] [stdout]    = note: this error originates in the derive macro `Eq` (in Nightly builds, run with -Z macro-backtrace for more info)
[INFO] [stdout] 
[INFO] [stdout] 
[INFO] [stdout] error[E0277]: the trait bound `LiteVote: std::cmp::Eq` is not satisfied
[INFO] [stdout]   --> src/rpc.rs:25:10
[INFO] [stdout]    |
[INFO] [stdout] 17 | #[cfg_attr(any(test, feature = "test"), derive(Eq, PartialEq))]
[INFO] [stdout]    |                                                -- in this derive macro expansion
[INFO] [stdout] ...
[INFO] [stdout] 25 |     Vote(Box<LiteVote>),
[INFO] [stdout]    |          ^^^^^^^^^^^^^ the trait `std::cmp::Eq` is not implemented for `LiteVote`
[INFO] [stdout]    |
[INFO] [stdout]    = help: the trait `std::cmp::Eq` is implemented for `Box<T, A>`
[INFO] [stdout]    = note: required for `Box<LiteVote>` to implement `std::cmp::Eq`
[INFO] [stdout] note: required by a bound in `AssertParamIsEq`
[INFO] [stdout]   --> /rustc/82e1608dfa6e0b5569232559e3d385fea5a93112/library/core/src/cmp.rs:336:1
[INFO] [stdout]    = note: this error originates in the derive macro `Eq` (in Nightly builds, run with -Z macro-backtrace for more info)
[INFO] [stdout] 
[INFO] [stdout] 
[INFO] [stdout] error[E0277]: the trait bound `linera_core::data_types::ChainInfoResponse: std::cmp::Eq` is not satisfied
[INFO] [stdout]   --> src/rpc.rs:26:23
[INFO] [stdout]    |
[INFO] [stdout] 17 | #[cfg_attr(any(test, feature = "test"), derive(Eq, PartialEq))]
[INFO] [stdout]    |                                                -- in this derive macro expansion
[INFO] [stdout] ...
[INFO] [stdout] 26 |     ChainInfoResponse(Box<ChainInfoResponse>),
[INFO] [stdout]    |                       ^^^^^^^^^^^^^^^^^^^^^^ the trait `std::cmp::Eq` is not implemented for `linera_core::data_types::ChainInfoResponse`
[INFO] [stdout]    |
[INFO] [stdout]    = help: the trait `std::cmp::Eq` is implemented for `Box<T, A>`
[INFO] [stdout]    = note: required for `Box<linera_core::data_types::ChainInfoResponse>` to implement `std::cmp::Eq`
[INFO] [stdout] note: required by a bound in `AssertParamIsEq`
[INFO] [stdout]   --> /rustc/82e1608dfa6e0b5569232559e3d385fea5a93112/library/core/src/cmp.rs:336:1
[INFO] [stdout]    = note: this error originates in the derive macro `Eq` (in Nightly builds, run with -Z macro-backtrace for more info)
[INFO] [stdout] 
[INFO] [stdout] 
[INFO] [stdout] error[E0277]: the trait bound `linera_core::data_types::CrossChainRequest: std::cmp::Eq` is not satisfied
[INFO] [stdout]   --> src/rpc.rs:29:23
[INFO] [stdout]    |
[INFO] [stdout] 17 | #[cfg_attr(any(test, feature = "test"), derive(Eq, PartialEq))]
[INFO] [stdout]    |                                                -- in this derive macro expansion
[INFO] [stdout] ...
[INFO] [stdout] 29 |     CrossChainRequest(Box<CrossChainRequest>),
[INFO] [stdout]    |                       ^^^^^^^^^^^^^^^^^^^^^^ the trait `std::cmp::Eq` is not implemented for `linera_core::data_types::CrossChainRequest`
[INFO] [stdout]    |
[INFO] [stdout]    = help: the trait `std::cmp::Eq` is implemented for `Box<T, A>`
[INFO] [stdout]    = note: required for `Box<linera_core::data_types::CrossChainRequest>` to implement `std::cmp::Eq`
[INFO] [stdout] note: required by a bound in `AssertParamIsEq`
[INFO] [stdout]   --> /rustc/82e1608dfa6e0b5569232559e3d385fea5a93112/library/core/src/cmp.rs:336:1
[INFO] [stdout]    = note: this error originates in the derive macro `Eq` (in Nightly builds, run with -Z macro-backtrace for more info)
[INFO] [stdout] 
[INFO] [stdout] 
[INFO] [stdout] error[E0369]: binary operation `==` cannot be applied to type `Box<linera_chain::data_types::BlockProposal>`
[INFO] [stdout]   --> src/rpc.rs:20:19
[INFO] [stdout]    |
[INFO] [stdout] 17 | #[cfg_attr(any(test, feature = "test"), derive(Eq, PartialEq))]
[INFO] [stdout]    |                                                    --------- in this derive macro expansion
[INFO] [stdout] ...
[INFO] [stdout] 20 |     BlockProposal(Box<BlockProposal>),
[INFO] [stdout]    |                   ^^^^^^^^^^^^^^^^^^
[INFO] [stdout]    |
[INFO] [stdout]    = note: this error originates in the derive macro `PartialEq` (in Nightly builds, run with -Z macro-backtrace for more info)
[INFO] [stdout] 
[INFO] [stdout] 
[INFO] [stdout] error[E0369]: binary operation `==` cannot be applied to type `Box<linera_core::data_types::ChainInfoQuery>`
[INFO] [stdout]   --> src/rpc.rs:23:20
[INFO] [stdout]    |
[INFO] [stdout] 17 | #[cfg_attr(any(test, feature = "test"), derive(Eq, PartialEq))]
[INFO] [stdout]    |                                                    --------- in this derive macro expansion
[INFO] [stdout] ...
[INFO] [stdout] 23 |     ChainInfoQuery(Box<ChainInfoQuery>),
[INFO] [stdout]    |                    ^^^^^^^^^^^^^^^^^^^
[INFO] [stdout]    |
[INFO] [stdout]    = note: this error originates in the derive macro `PartialEq` (in Nightly builds, run with -Z macro-backtrace for more info)
[INFO] [stdout] 
[INFO] [stdout] 
[INFO] [stdout] error[E0369]: binary operation `==` cannot be applied to type `Box<LiteVote>`
[INFO] [stdout]   --> src/rpc.rs:25:10
[INFO] [stdout]    |
[INFO] [stdout] 17 | #[cfg_attr(any(test, feature = "test"), derive(Eq, PartialEq))]
[INFO] [stdout]    |                                                    --------- in this derive macro expansion
[INFO] [stdout] ...
[INFO] [stdout] 25 |     Vote(Box<LiteVote>),
[INFO] [stdout]    |          ^^^^^^^^^^^^^
[INFO] [stdout]    |
[INFO] [stdout]    = note: this error originates in the derive macro `PartialEq` (in Nightly builds, run with -Z macro-backtrace for more info)
[INFO] [stdout] 
[INFO] [stdout] 
[INFO] [stdout] error[E0369]: binary operation `==` cannot be applied to type `Box<linera_core::data_types::ChainInfoResponse>`
[INFO] [stdout]   --> src/rpc.rs:26:23
[INFO] [stdout]    |
[INFO] [stdout] 17 | #[cfg_attr(any(test, feature = "test"), derive(Eq, PartialEq))]
[INFO] [stdout]    |                                                    --------- in this derive macro expansion
[INFO] [stdout] ...
[INFO] [stdout] 26 |     ChainInfoResponse(Box<ChainInfoResponse>),
[INFO] [stdout]    |                       ^^^^^^^^^^^^^^^^^^^^^^
[INFO] [stdout]    |
[INFO] [stdout]    = note: this error originates in the derive macro `PartialEq` (in Nightly builds, run with -Z macro-backtrace for more info)
[INFO] [stdout] 
[INFO] [stdout] 
[INFO] [stdout] error[E0369]: binary operation `==` cannot be applied to type `Box<linera_core::data_types::CrossChainRequest>`
[INFO] [stdout]   --> src/rpc.rs:29:23
[INFO] [stdout]    |
[INFO] [stdout] 17 | #[cfg_attr(any(test, feature = "test"), derive(Eq, PartialEq))]
[INFO] [stdout]    |                                                    --------- in this derive macro expansion
[INFO] [stdout] ...
[INFO] [stdout] 29 |     CrossChainRequest(Box<CrossChainRequest>),
[INFO] [stdout]    |                       ^^^^^^^^^^^^^^^^^^^^^^
[INFO] [stdout]    |
[INFO] [stdout]    = note: this error originates in the derive macro `PartialEq` (in Nightly builds, run with -Z macro-backtrace for more info)
[INFO] [stdout] 
[INFO] [stdout] 
[INFO] [stdout] error[E0277]: the trait bound `linera_chain::data_types::LiteCertificate<'a>: std::cmp::Eq` is not satisfied
[INFO] [stdout]    --> src/rpc.rs:102:5
[INFO] [stdout]     |
[INFO] [stdout] 100 | #[cfg_attr(any(test, feature = "test"), derive(Eq, PartialEq))]
[INFO] [stdout]     |                                                -- in this derive macro expansion
[INFO] [stdout] 101 | pub struct HandleLiteCertificateRequest<'a> {
[INFO] [stdout] 102 |     pub certificate: LiteCertificate<'a>,
[INFO] [stdout]     |     ^^^^^^^^^^^^^^^^^^^^^^^^^^^^^^^^^^^^ the trait `std::cmp::Eq` is not implemented for `linera_chain::data_types::LiteCertificate<'a>`
[INFO] [stdout]     |
[INFO] [stdout] note: required by a bound in `AssertParamIsEq`
[INFO] [stdout]    --> /rustc/82e1608dfa6e0b5569232559e3d385fea5a93112/library/core/src/cmp.rs:336:1
[INFO] [stdout]     = note: this error originates in the derive macro `Eq` (in Nightly builds, run with -Z macro-backtrace for more info)
[INFO] [stdout] 
[INFO] [stdout] 
[INFO] [stdout] error[E0369]: binary operation `==` cannot be applied to type `linera_chain::data_types::LiteCertificate<'_>`
[INFO] [stdout]    --> src/rpc.rs:102:5
[INFO] [stdout]     |
[INFO] [stdout] 100 | #[cfg_attr(any(test, feature = "test"), derive(Eq, PartialEq))]
[INFO] [stdout]     |                                                    --------- in this derive macro expansion
[INFO] [stdout] 101 | pub struct HandleLiteCertificateRequest<'a> {
[INFO] [stdout] 102 |     pub certificate: LiteCertificate<'a>,
[INFO] [stdout]     |     ^^^^^^^^^^^^^^^^^^^^^^^^^^^^^^^^^^^^
[INFO] [stdout]     |
[INFO] [stdout]     = note: this error originates in the derive macro `PartialEq` (in Nightly builds, run with -Z macro-backtrace for more info)
[INFO] [stdout] 
[INFO] [stdout] 
[INFO] [stdout] error[E0277]: the trait bound `linera_chain::data_types::Certificate: std::cmp::Eq` is not satisfied
[INFO] [stdout]    --> src/rpc.rs:109:5
[INFO] [stdout]     |
[INFO] [stdout] 107 | #[cfg_attr(any(test, feature = "test"), derive(Eq, PartialEq))]
[INFO] [stdout]     |                                                -- in this derive macro expansion
[INFO] [stdout] 108 | pub struct HandleCertificateRequest {
[INFO] [stdout] 109 |     pub certificate: Certificate,
[INFO] [stdout]     |     ^^^^^^^^^^^^^^^^^^^^^^^^^^^^ the trait `std::cmp::Eq` is not implemented for `linera_chain::data_types::Certificate`
[INFO] [stdout]     |
[INFO] [stdout] note: required by a bound in `AssertParamIsEq`
[INFO] [stdout]    --> /rustc/82e1608dfa6e0b5569232559e3d385fea5a93112/library/core/src/cmp.rs:336:1
[INFO] [stdout]     = note: this error originates in the derive macro `Eq` (in Nightly builds, run with -Z macro-backtrace for more info)
[INFO] [stdout] 
[INFO] [stdout] 
[INFO] [stdout] error[E0369]: binary operation `==` cannot be applied to type `linera_chain::data_types::Certificate`
[INFO] [stdout]    --> src/rpc.rs:109:5
[INFO] [stdout]     |
[INFO] [stdout] 107 | #[cfg_attr(any(test, feature = "test"), derive(Eq, PartialEq))]
[INFO] [stdout]     |                                                    --------- in this derive macro expansion
[INFO] [stdout] 108 | pub struct HandleCertificateRequest {
[INFO] [stdout] 109 |     pub certificate: Certificate,
[INFO] [stdout]     |     ^^^^^^^^^^^^^^^^^^^^^^^^^^^^
[INFO] [stdout]     |
[INFO] [stdout]     = note: this error originates in the derive macro `PartialEq` (in Nightly builds, run with -Z macro-backtrace for more info)
[INFO] [stdout] 
[INFO] [stdout] 
[INFO] [stdout] error: aborting due to 26 previous errors
[INFO] [stdout] 
[INFO] [stdout] 
[INFO] [stdout] Some errors have detailed explanations: E0277, E0369, E0432.
[INFO] [stdout] 
[INFO] [stdout] For more information about an error, try `rustc --explain E0277`.
[INFO] [stdout] 
[INFO] [stderr] error: could not compile `linera-rpc` (lib test) due to 27 previous errors
[INFO] [stderr] warning: build failed, waiting for other jobs to finish...
[INFO] running `Command { std: "docker" "inspect" "1a31828788bfef5acbe1eb606a75489e07e4c6a34663305575ffb5e784a0511a", kill_on_drop: false }`
[INFO] running `Command { std: "docker" "rm" "-f" "1a31828788bfef5acbe1eb606a75489e07e4c6a34663305575ffb5e784a0511a", kill_on_drop: false }`
[INFO] [stdout] 1a31828788bfef5acbe1eb606a75489e07e4c6a34663305575ffb5e784a0511a
[INFO] testing linera-rpc-0.6.0 against beta-2023-12-22 for beta-1.76-1
[INFO] extracting crate linera-rpc 0.6.0 into /workspace/builds/worker-4-tc2/source
[INFO] validating manifest of crates.io crate linera-rpc 0.6.0 on toolchain beta-2023-12-22
[INFO] running `Command { std: CARGO_HOME="/workspace/cargo-home" RUSTUP_HOME="/workspace/rustup-home" "/workspace/cargo-home/bin/cargo" "+beta-2023-12-22" "metadata" "--manifest-path" "Cargo.toml" "--no-deps", kill_on_drop: false }`
[INFO] started tweaking crates.io crate linera-rpc 0.6.0
[INFO] finished tweaking crates.io crate linera-rpc 0.6.0
[INFO] tweaked toml for crates.io crate linera-rpc 0.6.0 written to /workspace/builds/worker-4-tc2/source/Cargo.toml
[INFO] crate crates.io crate linera-rpc 0.6.0 already has a lockfile, it will not be regenerated
[INFO] running `Command { std: CARGO_HOME="/workspace/cargo-home" RUSTUP_HOME="/workspace/rustup-home" "/workspace/cargo-home/bin/cargo" "+beta-2023-12-22" "fetch" "--manifest-path" "Cargo.toml", kill_on_drop: false }`
[INFO] running `Command { std: "docker" "create" "-v" "/var/lib/crater-agent-workspace/builds/worker-4-tc2/target:/opt/rustwide/target:rw,Z" "-v" "/var/lib/crater-agent-workspace/builds/worker-4-tc2/source:/opt/rustwide/workdir:ro,Z" "-v" "/var/lib/crater-agent-workspace/cargo-home:/opt/rustwide/cargo-home:ro,Z" "-v" "/var/lib/crater-agent-workspace/rustup-home:/opt/rustwide/rustup-home:ro,Z" "-e" "SOURCE_DIR=/opt/rustwide/workdir" "-e" "CARGO_TARGET_DIR=/opt/rustwide/target" "-e" "CARGO_HOME=/opt/rustwide/cargo-home" "-e" "RUSTUP_HOME=/opt/rustwide/rustup-home" "-w" "/opt/rustwide/workdir" "-m" "1610612736" "--user" "0:0" "--network" "none" "ghcr.io/rust-lang/crates-build-env/linux@sha256:2788e3201cd34a07e3172128adcd8b3090168a8e3bcc40d7c032b9dda1df7d1c" "/opt/rustwide/cargo-home/bin/cargo" "+beta-2023-12-22" "metadata" "--no-deps" "--format-version=1", kill_on_drop: false }`
[INFO] [stdout] a67f83f57678eee65f21466372e849c03e746673dfe849580a65dd17c75c53f2
[INFO] running `Command { std: "docker" "start" "-a" "a67f83f57678eee65f21466372e849c03e746673dfe849580a65dd17c75c53f2", kill_on_drop: false }`
[INFO] running `Command { std: "docker" "inspect" "a67f83f57678eee65f21466372e849c03e746673dfe849580a65dd17c75c53f2", kill_on_drop: false }`
[INFO] running `Command { std: "docker" "rm" "-f" "a67f83f57678eee65f21466372e849c03e746673dfe849580a65dd17c75c53f2", kill_on_drop: false }`
[INFO] [stdout] a67f83f57678eee65f21466372e849c03e746673dfe849580a65dd17c75c53f2
[INFO] running `Command { std: "docker" "create" "-v" "/var/lib/crater-agent-workspace/builds/worker-4-tc2/target:/opt/rustwide/target:rw,Z" "-v" "/var/lib/crater-agent-workspace/builds/worker-4-tc2/source:/opt/rustwide/workdir:ro,Z" "-v" "/var/lib/crater-agent-workspace/cargo-home:/opt/rustwide/cargo-home:ro,Z" "-v" "/var/lib/crater-agent-workspace/rustup-home:/opt/rustwide/rustup-home:ro,Z" "-e" "SOURCE_DIR=/opt/rustwide/workdir" "-e" "CARGO_TARGET_DIR=/opt/rustwide/target" "-e" "CARGO_INCREMENTAL=0" "-e" "RUST_BACKTRACE=full" "-e" "RUSTFLAGS=--cap-lints=warn" "-e" "RUSTDOCFLAGS=--cap-lints=warn" "-e" "CARGO_HOME=/opt/rustwide/cargo-home" "-e" "RUSTUP_HOME=/opt/rustwide/rustup-home" "-w" "/opt/rustwide/workdir" "-m" "1610612736" "--user" "0:0" "--network" "none" "ghcr.io/rust-lang/crates-build-env/linux@sha256:2788e3201cd34a07e3172128adcd8b3090168a8e3bcc40d7c032b9dda1df7d1c" "/opt/rustwide/cargo-home/bin/cargo" "+beta-2023-12-22" "build" "--frozen" "--message-format=json", kill_on_drop: false }`
[INFO] [stdout] 30c8c119d4554c78fb8372f370d867c95dd4e7db2050a38d0db344f5526f8e54
[INFO] running `Command { std: "docker" "start" "-a" "30c8c119d4554c78fb8372f370d867c95dd4e7db2050a38d0db344f5526f8e54", kill_on_drop: false }`
[INFO] [stderr]    Compiling proc-macro2 v1.0.69
[INFO] [stderr]    Compiling serde v1.0.192
[INFO] [stderr]    Compiling libc v0.2.150
[INFO] [stderr]    Compiling memchr v2.6.4
[INFO] [stderr]    Compiling syn v1.0.109
[INFO] [stderr]    Compiling futures-core v0.3.29
[INFO] [stderr]    Compiling itoa v1.0.9
[INFO] [stderr]    Compiling once_cell v1.18.0
[INFO] [stderr]    Compiling futures-sink v0.3.29
[INFO] [stderr]    Compiling hashbrown v0.12.3
[INFO] [stderr]    Compiling futures-task v0.3.29
[INFO] [stderr]    Compiling futures-channel v0.3.29
[INFO] [stderr]    Compiling thiserror v1.0.50
[INFO] [stderr]    Compiling futures-util v0.3.29
[INFO] [stderr]    Compiling futures-io v0.3.29
[INFO] [stderr]    Compiling indexmap v1.9.3
[INFO] [stderr]    Compiling typenum v1.17.0
[INFO] [stderr]    Compiling generic-array v0.14.7
[INFO] [stderr]    Compiling anyhow v1.0.75
[INFO] [stderr]    Compiling ppv-lite86 v0.2.17
[INFO] [stderr]    Compiling hashbrown v0.14.2
[INFO] [stderr]    Compiling tracing-core v0.1.32
[INFO] [stderr]    Compiling spin v0.9.8
[INFO] [stderr]    Compiling ucd-trie v0.1.6
[INFO] [stderr]    Compiling httparse v1.8.0
[INFO] [stderr]    Compiling ryu v1.0.15
[INFO] [stderr]    Compiling rustix v0.38.21
[INFO] [stderr]    Compiling serde_json v1.0.108
[INFO] [stderr]    Compiling aho-corasick v1.1.2
[INFO] [stderr]    Compiling linux-raw-sys v0.4.11
[INFO] [stderr]    Compiling getrandom v0.1.16
[INFO] [stderr]    Compiling async-trait v0.1.74
[INFO] [stderr]    Compiling quote v1.0.33
[INFO] [stderr]    Compiling indexmap v2.1.0
[INFO] [stderr]    Compiling percent-encoding v2.3.0
[INFO] [stderr]    Compiling fastrand v2.0.1
[INFO] [stderr]    Compiling mime v0.3.17
[INFO] [stderr]    Compiling num-traits v0.2.17
[INFO] [stderr]    Compiling syn v2.0.39
[INFO] [stderr]    Compiling num_cpus v1.16.0
[INFO] [stderr]    Compiling socket2 v0.5.5
[INFO] [stderr]    Compiling mio v0.8.9
[INFO] [stderr]    Compiling getrandom v0.2.11
[INFO] [stderr]    Compiling strsim v0.10.0
[INFO] [stderr]    Compiling ident_case v1.0.1
[INFO] [stderr]    Compiling rand_core v0.5.1
[INFO] [stderr]    Compiling itertools v0.10.5
[INFO] [stderr]    Compiling winnow v0.5.19
[INFO] [stderr]    Compiling cc v1.0.83
[INFO] [stderr]    Compiling unicode-segmentation v1.10.1
[INFO] [stderr]    Compiling multer v2.1.0
[INFO] [stderr]    Compiling byteorder v1.5.0
[INFO] [stderr]    Compiling regex-automata v0.4.3
[INFO] [stderr]    Compiling smallvec v1.11.1
[INFO] [stderr]    Compiling keccak v0.1.4
[INFO] [stderr]    Compiling rand_chacha v0.2.2
[INFO] [stderr]    Compiling form_urlencoded v1.2.0
[INFO] [stderr]    Compiling encoding_rs v0.8.33
[INFO] [stderr]    Compiling ahash v0.8.6
[INFO] [stderr]    Compiling parking_lot_core v0.9.9
[INFO] [stderr]    Compiling subtle v2.5.0
[INFO] [stderr]    Compiling cpufeatures v0.2.11
[INFO] [stderr]    Compiling opaque-debug v0.3.0
[INFO] [stderr]    Compiling ascii_utils v0.9.3
[INFO] [stderr]    Compiling protobuf v2.28.0
[INFO] [stderr]    Compiling signature v1.6.4
[INFO] [stderr]    Compiling fast_chemail v0.9.6
[INFO] [stderr]    Compiling rand v0.7.3
[INFO] [stderr]    Compiling static_assertions v1.1.0
[INFO] [stderr]    Compiling zerocopy v0.7.25
[INFO] [stderr]    Compiling prometheus v0.13.3
[INFO] [stderr]    Compiling tower-service v0.3.2
[INFO] [stderr]    Compiling iana-time-zone v0.1.58
[INFO] [stderr]    Compiling untrusted v0.9.0
[INFO] [stderr]    Compiling parking_lot v0.12.1
[INFO] [stderr]    Compiling convert_case v0.6.0
[INFO] [stderr]    Compiling try-lock v0.2.4
[INFO] [stderr]    Compiling event-listener v2.5.3
[INFO] [stderr]    Compiling chrono v0.4.31
[INFO] [stderr]    Compiling prettyplease v0.1.25
[INFO] [stderr]    Compiling unicode-xid v0.2.4
[INFO] [stderr]    Compiling ring v0.17.5
[INFO] [stderr]    Compiling tempfile v3.8.1
[INFO] [stderr]    Compiling ring v0.16.20
[INFO] [stderr]    Compiling async-lock v2.8.0
[INFO] [stderr]    Compiling hashbrown v0.13.2
[INFO] [stderr]    Compiling want v0.3.1
[INFO] [stderr]    Compiling axum-core v0.3.4
[INFO] [stderr]    Compiling socket2 v0.4.10
[INFO] [stderr]    Compiling toml_edit v0.19.15
[INFO] [stderr]    Compiling proc-macro-error-attr v1.0.4
[INFO] [stderr]    Compiling httpdate v1.0.3
[INFO] [stderr]    Compiling fixedbitset v0.4.2
[INFO] [stderr]    Compiling spin v0.5.2
[INFO] [stderr]    Compiling linked-hash-map v0.5.6
[INFO] [stderr]    Compiling untrusted v0.7.1
[INFO] [stderr]    Compiling regex v1.10.2
[INFO] [stderr]    Compiling rustls v0.20.9
[INFO] [stderr]    Compiling convert_case v0.4.0
[INFO] [stderr]    Compiling home v0.5.5
[INFO] [stderr]    Compiling tower-layer v0.3.2
[INFO] [stderr]    Compiling petgraph v0.6.4
[INFO] [stderr]    Compiling which v4.4.2
[INFO] [stderr]    Compiling lru v0.9.0
[INFO] [stderr]    Compiling axum v0.6.20
[INFO] [stderr]    Compiling Inflector v0.11.4
[INFO] [stderr]    Compiling proc-macro-error v1.0.4
[INFO] [stderr]    Compiling base64 v0.21.5
[INFO] [stderr]    Compiling multimap v0.8.3
[INFO] [stderr]    Compiling dashmap v5.5.3
[INFO] [stderr]    Compiling rustls-pemfile v1.0.3
[INFO] [stderr]    Compiling matchit v0.7.3
[INFO] [stderr]    Compiling sync_wrapper v0.1.2
[INFO] [stderr]    Compiling openssl-probe v0.1.5
[INFO] [stderr]    Compiling unicode-width v0.1.11
[INFO] [stderr]    Compiling heck v0.3.3
[INFO] [stderr]    Compiling textwrap v0.11.0
[INFO] [stderr]    Compiling rustls-native-certs v0.6.3
[INFO] [stderr]    Compiling atty v0.2.14
[INFO] [stderr]    Compiling strsim v0.8.0
[INFO] [stderr]    Compiling proc-macro-crate v1.3.1
[INFO] [stderr]    Compiling ansi_term v0.12.1
[INFO] [stderr]    Compiling vec_map v0.8.2
[INFO] [stderr]    Compiling darling_core v0.14.4
[INFO] [stderr]    Compiling synstructure v0.12.6
[INFO] [stderr]    Compiling clap v2.34.0
[INFO] [stderr]    Compiling serde_derive v1.0.192
[INFO] [stderr]    Compiling futures-macro v0.3.29
[INFO] [stderr]    Compiling tokio-macros v2.1.0
[INFO] [stderr]    Compiling thiserror-impl v1.0.50
[INFO] [stderr]    Compiling tracing-attributes v0.1.27
[INFO] [stderr]    Compiling async-stream-impl v0.3.5
[INFO] [stderr]    Compiling zeroize_derive v1.4.2
[INFO] [stderr]    Compiling prost-derive v0.11.9
[INFO] [stderr]    Compiling pin-project-internal v1.1.3
[INFO] [stderr]    Compiling darling_macro v0.14.4
[INFO] [stderr]    Compiling async-stream v0.3.5
[INFO] [stderr]    Compiling linera-views-derive v0.6.0
[INFO] [stderr]    Compiling zeroize v1.6.0
[INFO] [stderr]    Compiling derive_more v0.99.17
[INFO] [stderr]    Compiling merlin v2.0.1
[INFO] [stderr]    Compiling custom_debug_derive v0.5.1
[INFO] [stderr]    Compiling structopt-derive v0.4.18
[INFO] [stderr]    Compiling darling v0.14.4
[INFO] [stderr]    Compiling webpki v0.22.4
[INFO] [stderr]    Compiling pest v2.7.5
[INFO] [stderr]    Compiling tracing v0.1.40
[INFO] [stderr]    Compiling sct v0.7.1
[INFO] [stderr]    Compiling pin-project v1.1.3
[INFO] [stderr]    Compiling tracing-futures v0.2.5
[INFO] [stderr]    Compiling pest_meta v2.7.5
[INFO] [stderr]    Compiling structopt v0.3.26
[INFO] [stderr]    Compiling pest_generator v2.7.5
[INFO] [stderr]    Compiling futures-executor v0.3.29
[INFO] [stderr]    Compiling futures v0.3.29
[INFO] [stderr]    Compiling pest_derive v2.7.5
[INFO] [stderr]    Compiling bytes v1.5.0
[INFO] [stderr]    Compiling rand_core v0.6.4
[INFO] [stderr]    Compiling ed25519 v1.5.3
[INFO] [stderr]    Compiling serde_bytes v0.11.12
[INFO] [stderr]    Compiling serde_urlencoded v0.7.1
[INFO] [stderr]    Compiling bcs v0.1.6
[INFO] [stderr]    Compiling serde-name v0.2.1
[INFO] [stderr]    Compiling bincode v1.3.3
[INFO] [stderr]    Compiling rand_chacha v0.3.1
[INFO] [stderr]    Compiling tokio v1.33.0
[INFO] [stderr]    Compiling http v0.2.9
[INFO] [stderr]    Compiling prost v0.11.9
[INFO] [stderr]    Compiling rand v0.8.5
[INFO] [stderr]    Compiling digest v0.9.0
[INFO] [stderr]    Compiling block-buffer v0.9.0
[INFO] [stderr]    Compiling crypto-common v0.1.6
[INFO] [stderr]    Compiling block-buffer v0.10.4
[INFO] [stderr]    Compiling curve25519-dalek v3.2.0
[INFO] [stderr]    Compiling sha2 v0.9.9
[INFO] [stderr]    Compiling digest v0.10.7
[INFO] [stderr]    Compiling prost-types v0.11.9
[INFO] [stderr]    Compiling async-graphql-value v5.0.10
[INFO] [stderr]    Compiling handlebars v4.4.0
[INFO] [stderr]    Compiling sha3 v0.10.8
[INFO] [stderr]    Compiling http-body v0.4.5
[INFO] [stderr]    Compiling async-graphql-parser v5.0.10
[INFO] [stderr]    Compiling ed25519-dalek v1.0.1
[INFO] [stderr]    Compiling rand_distr v0.4.3
[INFO] [stderr]    Compiling prost-build v0.11.9
[INFO] [stderr]    Compiling tonic-build v0.8.4
[INFO] [stderr]    Compiling linera-rpc v0.6.0 (/opt/rustwide/workdir)
[INFO] [stderr]    Compiling async-graphql-derive v5.0.10
[INFO] [stderr]    Compiling tokio-stream v0.1.14
[INFO] [stderr]    Compiling tokio-util v0.7.10
[INFO] [stderr]    Compiling tokio-io-timeout v1.2.0
[INFO] [stderr]    Compiling tokio-rustls v0.23.4
[INFO] [stderr]    Compiling tokio-util v0.6.10
[INFO] [stderr]    Compiling tokio-test v0.4.3
[INFO] [stderr]    Compiling h2 v0.3.21
[INFO] [stderr]    Compiling tower v0.4.13
[INFO] [stderr]    Compiling hyper v0.14.27
[INFO] [stderr]    Compiling async-graphql v5.0.10
[INFO] [stderr]    Compiling hyper-timeout v0.4.1
[INFO] [stderr]    Compiling linera-base v0.6.0
[INFO] [stderr]    Compiling tonic v0.8.3
[INFO] [stderr]    Compiling linera-views v0.6.0
[INFO] [stderr]    Compiling tonic-health v0.8.0
[INFO] [stderr]    Compiling linera-execution v0.6.0
[INFO] [stderr]    Compiling linera-chain v0.6.0
[INFO] [stderr]    Compiling linera-storage v0.6.0
[INFO] [stderr]    Compiling linera-core v0.6.0
[INFO] [stderr]     Finished dev [unoptimized + debuginfo] target(s) in 39.55s
[INFO] running `Command { std: "docker" "inspect" "30c8c119d4554c78fb8372f370d867c95dd4e7db2050a38d0db344f5526f8e54", kill_on_drop: false }`
[INFO] running `Command { std: "docker" "rm" "-f" "30c8c119d4554c78fb8372f370d867c95dd4e7db2050a38d0db344f5526f8e54", kill_on_drop: false }`
[INFO] [stdout] 30c8c119d4554c78fb8372f370d867c95dd4e7db2050a38d0db344f5526f8e54
[INFO] running `Command { std: "docker" "create" "-v" "/var/lib/crater-agent-workspace/builds/worker-4-tc2/target:/opt/rustwide/target:rw,Z" "-v" "/var/lib/crater-agent-workspace/builds/worker-4-tc2/source:/opt/rustwide/workdir:ro,Z" "-v" "/var/lib/crater-agent-workspace/cargo-home:/opt/rustwide/cargo-home:ro,Z" "-v" "/var/lib/crater-agent-workspace/rustup-home:/opt/rustwide/rustup-home:ro,Z" "-e" "SOURCE_DIR=/opt/rustwide/workdir" "-e" "CARGO_TARGET_DIR=/opt/rustwide/target" "-e" "CARGO_INCREMENTAL=0" "-e" "RUST_BACKTRACE=full" "-e" "RUSTFLAGS=--cap-lints=warn" "-e" "RUSTDOCFLAGS=--cap-lints=warn" "-e" "CARGO_HOME=/opt/rustwide/cargo-home" "-e" "RUSTUP_HOME=/opt/rustwide/rustup-home" "-w" "/opt/rustwide/workdir" "-m" "1610612736" "--user" "0:0" "--network" "none" "ghcr.io/rust-lang/crates-build-env/linux@sha256:2788e3201cd34a07e3172128adcd8b3090168a8e3bcc40d7c032b9dda1df7d1c" "/opt/rustwide/cargo-home/bin/cargo" "+beta-2023-12-22" "test" "--frozen" "--no-run" "--message-format=json", kill_on_drop: false }`
[INFO] [stdout] ed10dd0595e7168aac8de5791acdde3fa68b254cca7366ce9757aa10c819e9d2
[INFO] running `Command { std: "docker" "start" "-a" "ed10dd0595e7168aac8de5791acdde3fa68b254cca7366ce9757aa10c819e9d2", kill_on_drop: false }`
[INFO] [stderr]    Compiling unicode-segmentation v1.10.1
[INFO] [stderr]    Compiling structmeta-derive v0.1.6
[INFO] [stderr]    Compiling bstr v0.2.17
[INFO] [stderr]    Compiling wait-timeout v0.2.0
[INFO] [stderr]    Compiling bit-vec v0.6.3
[INFO] [stderr]    Compiling yaml-rust v0.4.5
[INFO] [stderr]    Compiling rand_xorshift v0.3.0
[INFO] [stderr]    Compiling console v0.15.7
[INFO] [stderr]    Compiling regex-syntax v0.7.5
[INFO] [stderr]    Compiling unarray v0.1.4
[INFO] [stderr]    Compiling serde-reflection v0.3.6
[INFO] [stderr]    Compiling rusty-fork v0.3.0
[INFO] [stderr]    Compiling bit-set v0.5.3
[INFO] [stderr]    Compiling convert_case v0.6.0
[INFO] [stderr]    Compiling heck v0.3.3
[INFO] [stderr]    Compiling similar v2.3.0
[INFO] [stderr]    Compiling serde_yaml v0.8.26
[INFO] [stderr]    Compiling structopt-derive v0.4.18
[INFO] [stderr]    Compiling linera-views-derive v0.6.0
[INFO] [stderr]    Compiling similar-asserts v1.5.0
[INFO] [stderr]    Compiling structmeta v0.1.6
[INFO] [stderr]    Compiling test-strategy v0.2.1
[INFO] [stderr]    Compiling linera-views v0.6.0
[INFO] [stderr]    Compiling structopt v0.3.26
[INFO] [stderr]    Compiling proptest v1.3.1
[INFO] [stderr]    Compiling linera-execution v0.6.0
[INFO] [stderr]    Compiling linera-chain v0.6.0
[INFO] [stderr]    Compiling linera-storage v0.6.0
[INFO] [stderr]    Compiling linera-core v0.6.0
[INFO] [stderr]    Compiling linera-rpc v0.6.0 (/opt/rustwide/workdir)
[INFO] [stdout] error[E0432]: unresolved import `linera_chain::test`
[INFO] [stdout]    --> src/conversions.rs:457:9
[INFO] [stdout]     |
[INFO] [stdout] 457 |         test::make_first_block,
[INFO] [stdout]     |         ^^^^ could not find `test` in `linera_chain`
[INFO] [stdout] 
[INFO] [stdout] 
[INFO] [stdout] error[E0277]: the trait bound `linera_core::data_types::ChainInfoQuery: Arbitrary` is not satisfied
[INFO] [stdout]    --> src/codec.rs:120:27
[INFO] [stdout]     |
[INFO] [stdout] 120 |         message_contents: ChainInfoQuery,
[INFO] [stdout]     |                           ^^^^^^^^^^^^^^ the trait `Arbitrary` is not implemented for `linera_core::data_types::ChainInfoQuery`
[INFO] [stdout]     |
[INFO] [stdout]     = help: the following other types implement trait `Arbitrary`:
[INFO] [stdout]               bool
[INFO] [stdout]               char
[INFO] [stdout]               isize
[INFO] [stdout]               i8
[INFO] [stdout]               i16
[INFO] [stdout]               i32
[INFO] [stdout]               i64
[INFO] [stdout]               i128
[INFO] [stdout]             and 189 others
[INFO] [stdout] note: required by a bound in `proptest::arbitrary::any`
[INFO] [stdout]    --> /opt/rustwide/cargo-home/registry/src/index.crates.io-6f17d22bba15001f/proptest-1.3.1/src/arbitrary/traits.rs:159:15
[INFO] [stdout]     |
[INFO] [stdout] 159 | pub fn any<A: Arbitrary>() -> StrategyFor<A> {
[INFO] [stdout]     |               ^^^^^^^^^ required by this bound in `any`
[INFO] [stdout] 
[INFO] [stdout] 
[INFO] [stdout] error[E0277]: the trait bound `linera_core::data_types::ChainInfoQuery: Arbitrary` is not satisfied
[INFO] [stdout]    --> src/codec.rs:117:5
[INFO] [stdout]     |
[INFO] [stdout] 117 |     #[proptest]
[INFO] [stdout]     |     ^^^^^^^^^^^ the trait `Arbitrary` is not implemented for `linera_core::data_types::ChainInfoQuery`
[INFO] [stdout]     |
[INFO] [stdout]     = help: the following other types implement trait `Arbitrary`:
[INFO] [stdout]               bool
[INFO] [stdout]               char
[INFO] [stdout]               isize
[INFO] [stdout]               i8
[INFO] [stdout]               i16
[INFO] [stdout]               i32
[INFO] [stdout]               i64
[INFO] [stdout]               i128
[INFO] [stdout]             and 189 others
[INFO] [stdout]     = note: this error originates in the derive macro `test_strategy::Arbitrary` (in Nightly builds, run with -Z macro-backtrace for more info)
[INFO] [stdout] 
[INFO] [stdout] 
[INFO] [stdout] error[E0277]: the trait bound `linera_core::data_types::ChainInfoQuery: Arbitrary` is not satisfied
[INFO] [stdout]    --> src/codec.rs:158:27
[INFO] [stdout]     |
[INFO] [stdout] 158 |         message_contents: ChainInfoQuery,
[INFO] [stdout]     |                           ^^^^^^^^^^^^^^ the trait `Arbitrary` is not implemented for `linera_core::data_types::ChainInfoQuery`
[INFO] [stdout]     |
[INFO] [stdout]     = help: the following other types implement trait `Arbitrary`:
[INFO] [stdout]               bool
[INFO] [stdout]               char
[INFO] [stdout]               isize
[INFO] [stdout]               i8
[INFO] [stdout]               i16
[INFO] [stdout]               i32
[INFO] [stdout]               i64
[INFO] [stdout]               i128
[INFO] [stdout]             and 189 others
[INFO] [stdout] note: required by a bound in `proptest::arbitrary::any`
[INFO] [stdout]    --> /opt/rustwide/cargo-home/registry/src/index.crates.io-6f17d22bba15001f/proptest-1.3.1/src/arbitrary/traits.rs:159:15
[INFO] [stdout]     |
[INFO] [stdout] 159 | pub fn any<A: Arbitrary>() -> StrategyFor<A> {
[INFO] [stdout]     |               ^^^^^^^^^ required by this bound in `any`
[INFO] [stdout] 
[INFO] [stdout] 
[INFO] [stdout] error[E0277]: the trait bound `linera_core::data_types::ChainInfoQuery: Arbitrary` is not satisfied
[INFO] [stdout]    --> src/codec.rs:155:5
[INFO] [stdout]     |
[INFO] [stdout] 155 |     #[proptest]
[INFO] [stdout]     |     ^^^^^^^^^^^ the trait `Arbitrary` is not implemented for `linera_core::data_types::ChainInfoQuery`
[INFO] [stdout]     |
[INFO] [stdout]     = help: the following other types implement trait `Arbitrary`:
[INFO] [stdout]               bool
[INFO] [stdout]               char
[INFO] [stdout]               isize
[INFO] [stdout]               i8
[INFO] [stdout]               i16
[INFO] [stdout]               i32
[INFO] [stdout]               i64
[INFO] [stdout]               i128
[INFO] [stdout]             and 189 others
[INFO] [stdout]     = note: this error originates in the derive macro `test_strategy::Arbitrary` (in Nightly builds, run with -Z macro-backtrace for more info)
[INFO] [stdout] 
[INFO] [stdout] 
[INFO] [stdout] error[E0277]: the trait bound `linera_core::data_types::ChainInfoResponse: std::cmp::Eq` is not satisfied
[INFO] [stdout]    --> src/conversions.rs:550:28
[INFO] [stdout]     |
[INFO] [stdout] 550 |         round_trip_check::<_, grpc::ChainInfoResponse>(chain_info_response_none);
[INFO] [stdout]     |                            ^ the trait `std::cmp::Eq` is not implemented for `linera_core::data_types::ChainInfoResponse`
[INFO] [stdout]     |
[INFO] [stdout] note: required by a bound in `round_trip_check`
[INFO] [stdout]    --> src/conversions.rs:476:41
[INFO] [stdout]     |
[INFO] [stdout] 474 |     fn round_trip_check<T, M>(value: T)
[INFO] [stdout]     |        ---------------- required by a bound in this function
[INFO] [stdout] 475 |     where
[INFO] [stdout] 476 |         T: TryFrom<M> + Clone + Debug + Eq,
[INFO] [stdout]     |                                         ^^ required by this bound in `round_trip_check`
[INFO] [stdout] 
[INFO] [stdout] 
[INFO] [stdout] error[E0277]: the trait bound `linera_core::data_types::ChainInfoResponse: std::cmp::Eq` is not satisfied
[INFO] [stdout]    --> src/conversions.rs:557:28
[INFO] [stdout]     |
[INFO] [stdout] 557 |         round_trip_check::<_, grpc::ChainInfoResponse>(chain_info_response_some);
[INFO] [stdout]     |                            ^ the trait `std::cmp::Eq` is not implemented for `linera_core::data_types::ChainInfoResponse`
[INFO] [stdout]     |
[INFO] [stdout] note: required by a bound in `round_trip_check`
[INFO] [stdout]    --> src/conversions.rs:476:41
[INFO] [stdout]     |
[INFO] [stdout] 474 |     fn round_trip_check<T, M>(value: T)
[INFO] [stdout]     |        ---------------- required by a bound in this function
[INFO] [stdout] 475 |     where
[INFO] [stdout] 476 |         T: TryFrom<M> + Clone + Debug + Eq,
[INFO] [stdout]     |                                         ^^ required by this bound in `round_trip_check`
[INFO] [stdout] 
[INFO] [stdout] 
[INFO] [stdout] error[E0277]: the trait bound `linera_core::data_types::ChainInfoQuery: std::cmp::Eq` is not satisfied
[INFO] [stdout]    --> src/conversions.rs:563:28
[INFO] [stdout]     |
[INFO] [stdout] 563 |         round_trip_check::<_, grpc::ChainInfoQuery>(chain_info_query_none);
[INFO] [stdout]     |                            ^ the trait `std::cmp::Eq` is not implemented for `linera_core::data_types::ChainInfoQuery`
[INFO] [stdout]     |
[INFO] [stdout] note: required by a bound in `round_trip_check`
[INFO] [stdout]    --> src/conversions.rs:476:41
[INFO] [stdout]     |
[INFO] [stdout] 474 |     fn round_trip_check<T, M>(value: T)
[INFO] [stdout]     |        ---------------- required by a bound in this function
[INFO] [stdout] 475 |     where
[INFO] [stdout] 476 |         T: TryFrom<M> + Clone + Debug + Eq,
[INFO] [stdout]     |                                         ^^ required by this bound in `round_trip_check`
[INFO] [stdout] 
[INFO] [stdout] 
[INFO] [stdout] error[E0277]: the trait bound `linera_core::data_types::ChainInfoQuery: std::cmp::Eq` is not satisfied
[INFO] [stdout]    --> src/conversions.rs:579:28
[INFO] [stdout]     |
[INFO] [stdout] 579 |         round_trip_check::<_, grpc::ChainInfoQuery>(chain_info_query_some);
[INFO] [stdout]     |                            ^ the trait `std::cmp::Eq` is not implemented for `linera_core::data_types::ChainInfoQuery`
[INFO] [stdout]     |
[INFO] [stdout] note: required by a bound in `round_trip_check`
[INFO] [stdout]    --> src/conversions.rs:476:41
[INFO] [stdout]     |
[INFO] [stdout] 474 |     fn round_trip_check<T, M>(value: T)
[INFO] [stdout]     |        ---------------- required by a bound in this function
[INFO] [stdout] 475 |     where
[INFO] [stdout] 476 |         T: TryFrom<M> + Clone + Debug + Eq,
[INFO] [stdout]     |                                         ^^ required by this bound in `round_trip_check`
[INFO] [stdout] 
[INFO] [stdout] 
[INFO] [stdout] error[E0277]: the trait bound `linera_core::data_types::CrossChainRequest: std::cmp::Eq` is not satisfied
[INFO] [stdout]    --> src/conversions.rs:643:28
[INFO] [stdout]     |
[INFO] [stdout] 643 |         round_trip_check::<_, grpc::CrossChainRequest>(cross_chain_request_update_recipient);
[INFO] [stdout]     |                            ^ the trait `std::cmp::Eq` is not implemented for `linera_core::data_types::CrossChainRequest`
[INFO] [stdout]     |
[INFO] [stdout] note: required by a bound in `round_trip_check`
[INFO] [stdout]    --> src/conversions.rs:476:41
[INFO] [stdout]     |
[INFO] [stdout] 474 |     fn round_trip_check<T, M>(value: T)
[INFO] [stdout]     |        ---------------- required by a bound in this function
[INFO] [stdout] 475 |     where
[INFO] [stdout] 476 |         T: TryFrom<M> + Clone + Debug + Eq,
[INFO] [stdout]     |                                         ^^ required by this bound in `round_trip_check`
[INFO] [stdout] 
[INFO] [stdout] 
[INFO] [stdout] error[E0277]: the trait bound `linera_core::data_types::CrossChainRequest: std::cmp::Eq` is not satisfied
[INFO] [stdout]    --> src/conversions.rs:654:28
[INFO] [stdout]     |
[INFO] [stdout] 654 |         round_trip_check::<_, grpc::CrossChainRequest>(
[INFO] [stdout]     |                            ^ the trait `std::cmp::Eq` is not implemented for `linera_core::data_types::CrossChainRequest`
[INFO] [stdout]     |
[INFO] [stdout] note: required by a bound in `round_trip_check`
[INFO] [stdout]    --> src/conversions.rs:476:41
[INFO] [stdout]     |
[INFO] [stdout] 474 |     fn round_trip_check<T, M>(value: T)
[INFO] [stdout]     |        ---------------- required by a bound in this function
[INFO] [stdout] 475 |     where
[INFO] [stdout] 476 |         T: TryFrom<M> + Clone + Debug + Eq,
[INFO] [stdout]     |                                         ^^ required by this bound in `round_trip_check`
[INFO] [stdout] 
[INFO] [stdout] 
[INFO] [stdout] error[E0277]: the trait bound `linera_chain::data_types::BlockProposal: std::cmp::Eq` is not satisfied
[INFO] [stdout]    --> src/conversions.rs:690:28
[INFO] [stdout]     |
[INFO] [stdout] 690 |         round_trip_check::<_, grpc::BlockProposal>(block_proposal);
[INFO] [stdout]     |                            ^ the trait `std::cmp::Eq` is not implemented for `linera_chain::data_types::BlockProposal`
[INFO] [stdout]     |
[INFO] [stdout] note: required by a bound in `round_trip_check`
[INFO] [stdout]    --> src/conversions.rs:476:41
[INFO] [stdout]     |
[INFO] [stdout] 474 |     fn round_trip_check<T, M>(value: T)
[INFO] [stdout]     |        ---------------- required by a bound in this function
[INFO] [stdout] 475 |     where
[INFO] [stdout] 476 |         T: TryFrom<M> + Clone + Debug + Eq,
[INFO] [stdout]     |                                         ^^ required by this bound in `round_trip_check`
[INFO] [stdout] 
[INFO] [stdout] 
[INFO] [stdout] error[E0277]: the trait bound `linera_chain::data_types::BlockProposal: std::cmp::Eq` is not satisfied
[INFO] [stdout]   --> src/rpc.rs:20:19
[INFO] [stdout]    |
[INFO] [stdout] 17 | #[cfg_attr(any(test, feature = "test"), derive(Eq, PartialEq))]
[INFO] [stdout]    |                                                -- in this derive macro expansion
[INFO] [stdout] ...
[INFO] [stdout] 20 |     BlockProposal(Box<BlockProposal>),
[INFO] [stdout]    |                   ^^^^^^^^^^^^^^^^^^ the trait `std::cmp::Eq` is not implemented for `linera_chain::data_types::BlockProposal`
[INFO] [stdout]    |
[INFO] [stdout]    = help: the trait `std::cmp::Eq` is implemented for `Box<T, A>`
[INFO] [stdout]    = note: required for `Box<linera_chain::data_types::BlockProposal>` to implement `std::cmp::Eq`
[INFO] [stdout] note: required by a bound in `AssertParamIsEq`
[INFO] [stdout]   --> /rustc/0e09125c6c3c2fd70d7de961bcf0e51575235fad/library/core/src/cmp.rs:339:1
[INFO] [stdout]    = note: this error originates in the derive macro `Eq` (in Nightly builds, run with -Z macro-backtrace for more info)
[INFO] [stdout] 
[INFO] [stdout] 
[INFO] [stdout] error[E0277]: the trait bound `linera_core::data_types::ChainInfoQuery: std::cmp::Eq` is not satisfied
[INFO] [stdout]   --> src/rpc.rs:23:20
[INFO] [stdout]    |
[INFO] [stdout] 17 | #[cfg_attr(any(test, feature = "test"), derive(Eq, PartialEq))]
[INFO] [stdout]    |                                                -- in this derive macro expansion
[INFO] [stdout] ...
[INFO] [stdout] 23 |     ChainInfoQuery(Box<ChainInfoQuery>),
[INFO] [stdout]    |                    ^^^^^^^^^^^^^^^^^^^ the trait `std::cmp::Eq` is not implemented for `linera_core::data_types::ChainInfoQuery`
[INFO] [stdout]    |
[INFO] [stdout]    = help: the trait `std::cmp::Eq` is implemented for `Box<T, A>`
[INFO] [stdout]    = note: required for `Box<linera_core::data_types::ChainInfoQuery>` to implement `std::cmp::Eq`
[INFO] [stdout] note: required by a bound in `AssertParamIsEq`
[INFO] [stdout]   --> /rustc/0e09125c6c3c2fd70d7de961bcf0e51575235fad/library/core/src/cmp.rs:339:1
[INFO] [stdout]    = note: this error originates in the derive macro `Eq` (in Nightly builds, run with -Z macro-backtrace for more info)
[INFO] [stdout] 
[INFO] [stdout] 
[INFO] [stdout] error[E0277]: the trait bound `LiteVote: std::cmp::Eq` is not satisfied
[INFO] [stdout]   --> src/rpc.rs:25:10
[INFO] [stdout]    |
[INFO] [stdout] 17 | #[cfg_attr(any(test, feature = "test"), derive(Eq, PartialEq))]
[INFO] [stdout]    |                                                -- in this derive macro expansion
[INFO] [stdout] ...
[INFO] [stdout] 25 |     Vote(Box<LiteVote>),
[INFO] [stdout]    |          ^^^^^^^^^^^^^ the trait `std::cmp::Eq` is not implemented for `LiteVote`
[INFO] [stdout]    |
[INFO] [stdout]    = help: the trait `std::cmp::Eq` is implemented for `Box<T, A>`
[INFO] [stdout]    = note: required for `Box<LiteVote>` to implement `std::cmp::Eq`
[INFO] [stdout] note: required by a bound in `AssertParamIsEq`
[INFO] [stdout]   --> /rustc/0e09125c6c3c2fd70d7de961bcf0e51575235fad/library/core/src/cmp.rs:339:1
[INFO] [stdout]    = note: this error originates in the derive macro `Eq` (in Nightly builds, run with -Z macro-backtrace for more info)
[INFO] [stdout] 
[INFO] [stdout] 
[INFO] [stdout] error[E0277]: the trait bound `linera_core::data_types::ChainInfoResponse: std::cmp::Eq` is not satisfied
[INFO] [stdout]   --> src/rpc.rs:26:23
[INFO] [stdout]    |
[INFO] [stdout] 17 | #[cfg_attr(any(test, feature = "test"), derive(Eq, PartialEq))]
[INFO] [stdout]    |                                                -- in this derive macro expansion
[INFO] [stdout] ...
[INFO] [stdout] 26 |     ChainInfoResponse(Box<ChainInfoResponse>),
[INFO] [stdout]    |                       ^^^^^^^^^^^^^^^^^^^^^^ the trait `std::cmp::Eq` is not implemented for `linera_core::data_types::ChainInfoResponse`
[INFO] [stdout]    |
[INFO] [stdout]    = help: the trait `std::cmp::Eq` is implemented for `Box<T, A>`
[INFO] [stdout]    = note: required for `Box<linera_core::data_types::ChainInfoResponse>` to implement `std::cmp::Eq`
[INFO] [stdout] note: required by a bound in `AssertParamIsEq`
[INFO] [stdout]   --> /rustc/0e09125c6c3c2fd70d7de961bcf0e51575235fad/library/core/src/cmp.rs:339:1
[INFO] [stdout]    = note: this error originates in the derive macro `Eq` (in Nightly builds, run with -Z macro-backtrace for more info)
[INFO] [stdout] 
[INFO] [stdout] 
[INFO] [stdout] error[E0277]: the trait bound `linera_core::data_types::CrossChainRequest: std::cmp::Eq` is not satisfied
[INFO] [stdout]   --> src/rpc.rs:29:23
[INFO] [stdout]    |
[INFO] [stdout] 17 | #[cfg_attr(any(test, feature = "test"), derive(Eq, PartialEq))]
[INFO] [stdout]    |                                                -- in this derive macro expansion
[INFO] [stdout] ...
[INFO] [stdout] 29 |     CrossChainRequest(Box<CrossChainRequest>),
[INFO] [stdout]    |                       ^^^^^^^^^^^^^^^^^^^^^^ the trait `std::cmp::Eq` is not implemented for `linera_core::data_types::CrossChainRequest`
[INFO] [stdout]    |
[INFO] [stdout]    = help: the trait `std::cmp::Eq` is implemented for `Box<T, A>`
[INFO] [stdout]    = note: required for `Box<linera_core::data_types::CrossChainRequest>` to implement `std::cmp::Eq`
[INFO] [stdout] note: required by a bound in `AssertParamIsEq`
[INFO] [stdout]   --> /rustc/0e09125c6c3c2fd70d7de961bcf0e51575235fad/library/core/src/cmp.rs:339:1
[INFO] [stdout]    = note: this error originates in the derive macro `Eq` (in Nightly builds, run with -Z macro-backtrace for more info)
[INFO] [stdout] 
[INFO] [stdout] 
[INFO] [stdout] error[E0369]: binary operation `==` cannot be applied to type `Box<linera_chain::data_types::BlockProposal>`
[INFO] [stdout]   --> src/rpc.rs:20:19
[INFO] [stdout]    |
[INFO] [stdout] 17 | #[cfg_attr(any(test, feature = "test"), derive(Eq, PartialEq))]
[INFO] [stdout]    |                                                    --------- in this derive macro expansion
[INFO] [stdout] ...
[INFO] [stdout] 20 |     BlockProposal(Box<BlockProposal>),
[INFO] [stdout]    |                   ^^^^^^^^^^^^^^^^^^
[INFO] [stdout]    |
[INFO] [stdout]    = note: this error originates in the derive macro `PartialEq` (in Nightly builds, run with -Z macro-backtrace for more info)
[INFO] [stdout] 
[INFO] [stdout] 
[INFO] [stdout] error[E0369]: binary operation `==` cannot be applied to type `Box<linera_core::data_types::ChainInfoQuery>`
[INFO] [stdout]   --> src/rpc.rs:23:20
[INFO] [stdout]    |
[INFO] [stdout] 17 | #[cfg_attr(any(test, feature = "test"), derive(Eq, PartialEq))]
[INFO] [stdout]    |                                                    --------- in this derive macro expansion
[INFO] [stdout] ...
[INFO] [stdout] 23 |     ChainInfoQuery(Box<ChainInfoQuery>),
[INFO] [stdout]    |                    ^^^^^^^^^^^^^^^^^^^
[INFO] [stdout]    |
[INFO] [stdout]    = note: this error originates in the derive macro `PartialEq` (in Nightly builds, run with -Z macro-backtrace for more info)
[INFO] [stdout] 
[INFO] [stdout] 
[INFO] [stdout] error[E0369]: binary operation `==` cannot be applied to type `Box<LiteVote>`
[INFO] [stdout]   --> src/rpc.rs:25:10
[INFO] [stdout]    |
[INFO] [stdout] 17 | #[cfg_attr(any(test, feature = "test"), derive(Eq, PartialEq))]
[INFO] [stdout]    |                                                    --------- in this derive macro expansion
[INFO] [stdout] ...
[INFO] [stdout] 25 |     Vote(Box<LiteVote>),
[INFO] [stdout]    |          ^^^^^^^^^^^^^
[INFO] [stdout]    |
[INFO] [stdout]    = note: this error originates in the derive macro `PartialEq` (in Nightly builds, run with -Z macro-backtrace for more info)
[INFO] [stdout] 
[INFO] [stdout] 
[INFO] [stdout] error[E0369]: binary operation `==` cannot be applied to type `Box<linera_core::data_types::ChainInfoResponse>`
[INFO] [stdout]   --> src/rpc.rs:26:23
[INFO] [stdout]    |
[INFO] [stdout] 17 | #[cfg_attr(any(test, feature = "test"), derive(Eq, PartialEq))]
[INFO] [stdout]    |                                                    --------- in this derive macro expansion
[INFO] [stdout] ...
[INFO] [stdout] 26 |     ChainInfoResponse(Box<ChainInfoResponse>),
[INFO] [stdout]    |                       ^^^^^^^^^^^^^^^^^^^^^^
[INFO] [stdout]    |
[INFO] [stdout]    = note: this error originates in the derive macro `PartialEq` (in Nightly builds, run with -Z macro-backtrace for more info)
[INFO] [stdout] 
[INFO] [stdout] 
[INFO] [stdout] error[E0369]: binary operation `==` cannot be applied to type `Box<linera_core::data_types::CrossChainRequest>`
[INFO] [stdout]   --> src/rpc.rs:29:23
[INFO] [stdout]    |
[INFO] [stdout] 17 | #[cfg_attr(any(test, feature = "test"), derive(Eq, PartialEq))]
[INFO] [stdout]    |                                                    --------- in this derive macro expansion
[INFO] [stdout] ...
[INFO] [stdout] 29 |     CrossChainRequest(Box<CrossChainRequest>),
[INFO] [stdout]    |                       ^^^^^^^^^^^^^^^^^^^^^^
[INFO] [stdout]    |
[INFO] [stdout]    = note: this error originates in the derive macro `PartialEq` (in Nightly builds, run with -Z macro-backtrace for more info)
[INFO] [stdout] 
[INFO] [stdout] 
[INFO] [stdout] error[E0277]: the trait bound `linera_chain::data_types::LiteCertificate<'a>: std::cmp::Eq` is not satisfied
[INFO] [stdout]    --> src/rpc.rs:102:5
[INFO] [stdout]     |
[INFO] [stdout] 100 | #[cfg_attr(any(test, feature = "test"), derive(Eq, PartialEq))]
[INFO] [stdout]     |                                                -- in this derive macro expansion
[INFO] [stdout] 101 | pub struct HandleLiteCertificateRequest<'a> {
[INFO] [stdout] 102 |     pub certificate: LiteCertificate<'a>,
[INFO] [stdout]     |     ^^^^^^^^^^^^^^^^^^^^^^^^^^^^^^^^^^^^ the trait `std::cmp::Eq` is not implemented for `linera_chain::data_types::LiteCertificate<'a>`
[INFO] [stdout]     |
[INFO] [stdout] note: required by a bound in `AssertParamIsEq`
[INFO] [stdout]    --> /rustc/0e09125c6c3c2fd70d7de961bcf0e51575235fad/library/core/src/cmp.rs:339:1
[INFO] [stdout]     = note: this error originates in the derive macro `Eq` (in Nightly builds, run with -Z macro-backtrace for more info)
[INFO] [stdout] 
[INFO] [stdout] 
[INFO] [stdout] error[E0369]: binary operation `==` cannot be applied to type `linera_chain::data_types::LiteCertificate<'_>`
[INFO] [stdout]    --> src/rpc.rs:102:5
[INFO] [stdout]     |
[INFO] [stdout] 100 | #[cfg_attr(any(test, feature = "test"), derive(Eq, PartialEq))]
[INFO] [stdout]     |                                                    --------- in this derive macro expansion
[INFO] [stdout] 101 | pub struct HandleLiteCertificateRequest<'a> {
[INFO] [stdout] 102 |     pub certificate: LiteCertificate<'a>,
[INFO] [stdout]     |     ^^^^^^^^^^^^^^^^^^^^^^^^^^^^^^^^^^^^
[INFO] [stdout]     |
[INFO] [stdout]     = note: this error originates in the derive macro `PartialEq` (in Nightly builds, run with -Z macro-backtrace for more info)
[INFO] [stdout] 
[INFO] [stdout] 
[INFO] [stdout] error[E0277]: the trait bound `linera_chain::data_types::Certificate: std::cmp::Eq` is not satisfied
[INFO] [stdout]    --> src/rpc.rs:109:5
[INFO] [stdout]     |
[INFO] [stdout] 107 | #[cfg_attr(any(test, feature = "test"), derive(Eq, PartialEq))]
[INFO] [stdout]     |                                                -- in this derive macro expansion
[INFO] [stdout] 108 | pub struct HandleCertificateRequest {
[INFO] [stdout] 109 |     pub certificate: Certificate,
[INFO] [stdout]     |     ^^^^^^^^^^^^^^^^^^^^^^^^^^^^ the trait `std::cmp::Eq` is not implemented for `linera_chain::data_types::Certificate`
[INFO] [stdout]     |
[INFO] [stdout] note: required by a bound in `AssertParamIsEq`
[INFO] [stdout]    --> /rustc/0e09125c6c3c2fd70d7de961bcf0e51575235fad/library/core/src/cmp.rs:339:1
[INFO] [stdout]     = note: this error originates in the derive macro `Eq` (in Nightly builds, run with -Z macro-backtrace for more info)
[INFO] [stdout] 
[INFO] [stdout] 
[INFO] [stdout] error[E0369]: binary operation `==` cannot be applied to type `linera_chain::data_types::Certificate`
[INFO] [stdout]    --> src/rpc.rs:109:5
[INFO] [stdout]     |
[INFO] [stdout] 107 | #[cfg_attr(any(test, feature = "test"), derive(Eq, PartialEq))]
[INFO] [stdout]     |                                                    --------- in this derive macro expansion
[INFO] [stdout] 108 | pub struct HandleCertificateRequest {
[INFO] [stdout] 109 |     pub certificate: Certificate,
[INFO] [stdout]     |     ^^^^^^^^^^^^^^^^^^^^^^^^^^^^
[INFO] [stdout]     |
[INFO] [stdout]     = note: this error originates in the derive macro `PartialEq` (in Nightly builds, run with -Z macro-backtrace for more info)
[INFO] [stdout] 
[INFO] [stdout] 
[INFO] [stdout] error: aborting due to 26 previous errors
[INFO] [stdout] 
[INFO] [stdout] 
[INFO] [stdout] Some errors have detailed explanations: E0277, E0369, E0432.
[INFO] [stdout] 
[INFO] [stdout] For more information about an error, try `rustc --explain E0277`.
[INFO] [stdout] 
[INFO] [stderr] error: could not compile `linera-rpc` (lib test) due to 27 previous errors
[INFO] [stderr] warning: build failed, waiting for other jobs to finish...
[INFO] running `Command { std: "docker" "inspect" "ed10dd0595e7168aac8de5791acdde3fa68b254cca7366ce9757aa10c819e9d2", kill_on_drop: false }`
[INFO] running `Command { std: "docker" "rm" "-f" "ed10dd0595e7168aac8de5791acdde3fa68b254cca7366ce9757aa10c819e9d2", kill_on_drop: false }`
[INFO] [stdout] ed10dd0595e7168aac8de5791acdde3fa68b254cca7366ce9757aa10c819e9d2
