[INFO] fetching crate light-verifier-sdk 0.3.1...
[INFO] testing light-verifier-sdk-0.3.1 against 1.75.0 for beta-1.76-1
[INFO] extracting crate light-verifier-sdk 0.3.1 into /workspace/builds/worker-7-tc1/source
[INFO] validating manifest of crates.io crate light-verifier-sdk 0.3.1 on toolchain 1.75.0
[INFO] running `Command { std: CARGO_HOME="/workspace/cargo-home" RUSTUP_HOME="/workspace/rustup-home" "/workspace/cargo-home/bin/cargo" "+1.75.0" "metadata" "--manifest-path" "Cargo.toml" "--no-deps", kill_on_drop: false }`
[INFO] removed /workspace/builds/worker-7-tc1/source/rust-toolchain.toml
[INFO] started tweaking crates.io crate light-verifier-sdk 0.3.1
[INFO] finished tweaking crates.io crate light-verifier-sdk 0.3.1
[INFO] tweaked toml for crates.io crate light-verifier-sdk 0.3.1 written to /workspace/builds/worker-7-tc1/source/Cargo.toml
[INFO] running `Command { std: CARGO_HOME="/workspace/cargo-home" RUSTUP_HOME="/workspace/rustup-home" "/workspace/cargo-home/bin/cargo" "+1.75.0" "generate-lockfile" "--manifest-path" "Cargo.toml", kill_on_drop: false }`
[INFO] [stderr]     Updating crates.io index
[INFO] running `Command { std: CARGO_HOME="/workspace/cargo-home" RUSTUP_HOME="/workspace/rustup-home" "/workspace/cargo-home/bin/cargo" "+1.75.0" "fetch" "--manifest-path" "Cargo.toml", kill_on_drop: false }`
[INFO] [stderr]  Downloading crates ...
[INFO] [stderr]   Downloaded solana-security-txt v1.1.1
[INFO] [stderr]   Downloaded solana-logger v1.16.24
[INFO] [stderr]   Downloaded spl-associated-token-account v1.1.3
[INFO] [stderr]   Downloaded light-merkle-tree v0.1.1
[INFO] [stderr]   Downloaded groth16-solana v0.0.2
[INFO] [stderr]   Downloaded anchor-spl v0.28.0
[INFO] [stderr]   Downloaded spl-token v3.5.0
[INFO] [stderr]   Downloaded light-merkle-tree-program v0.3.1
[INFO] [stderr]   Downloaded spl-token-2022 v0.6.1
[INFO] [stderr]   Downloaded solana-sdk v1.16.24
[INFO] [stderr]   Downloaded arkworks-gadgets v0.3.14
[INFO] [stderr]   Downloaded solana-zk-token-sdk v1.16.24
[INFO] [stderr]   Downloaded aligned-sized v0.1.0
[INFO] [stderr]   Downloaded light-macros v0.3.1
[INFO] running `Command { std: "docker" "create" "-v" "/var/lib/crater-agent-workspace/builds/worker-7-tc1/target:/opt/rustwide/target:rw,Z" "-v" "/var/lib/crater-agent-workspace/builds/worker-7-tc1/source:/opt/rustwide/workdir:ro,Z" "-v" "/var/lib/crater-agent-workspace/cargo-home:/opt/rustwide/cargo-home:ro,Z" "-v" "/var/lib/crater-agent-workspace/rustup-home:/opt/rustwide/rustup-home:ro,Z" "-e" "SOURCE_DIR=/opt/rustwide/workdir" "-e" "CARGO_TARGET_DIR=/opt/rustwide/target" "-e" "CARGO_HOME=/opt/rustwide/cargo-home" "-e" "RUSTUP_HOME=/opt/rustwide/rustup-home" "-w" "/opt/rustwide/workdir" "-m" "1610612736" "--user" "0:0" "--network" "none" "ghcr.io/rust-lang/crates-build-env/linux@sha256:2788e3201cd34a07e3172128adcd8b3090168a8e3bcc40d7c032b9dda1df7d1c" "/opt/rustwide/cargo-home/bin/cargo" "+1.75.0" "metadata" "--no-deps" "--format-version=1", kill_on_drop: false }`
[INFO] [stdout] 4c8d4a984696dc5e4d4298899a8c781c9b6200aae921096cda2aaf07e27aba7e
[INFO] running `Command { std: "docker" "start" "-a" "4c8d4a984696dc5e4d4298899a8c781c9b6200aae921096cda2aaf07e27aba7e", kill_on_drop: false }`
[INFO] running `Command { std: "docker" "inspect" "4c8d4a984696dc5e4d4298899a8c781c9b6200aae921096cda2aaf07e27aba7e", kill_on_drop: false }`
[INFO] running `Command { std: "docker" "rm" "-f" "4c8d4a984696dc5e4d4298899a8c781c9b6200aae921096cda2aaf07e27aba7e", kill_on_drop: false }`
[INFO] [stdout] 4c8d4a984696dc5e4d4298899a8c781c9b6200aae921096cda2aaf07e27aba7e
[INFO] running `Command { std: "docker" "create" "-v" "/var/lib/crater-agent-workspace/builds/worker-7-tc1/target:/opt/rustwide/target:rw,Z" "-v" "/var/lib/crater-agent-workspace/builds/worker-7-tc1/source:/opt/rustwide/workdir:ro,Z" "-v" "/var/lib/crater-agent-workspace/cargo-home:/opt/rustwide/cargo-home:ro,Z" "-v" "/var/lib/crater-agent-workspace/rustup-home:/opt/rustwide/rustup-home:ro,Z" "-e" "SOURCE_DIR=/opt/rustwide/workdir" "-e" "CARGO_TARGET_DIR=/opt/rustwide/target" "-e" "CARGO_INCREMENTAL=0" "-e" "RUST_BACKTRACE=full" "-e" "RUSTFLAGS=--cap-lints=warn" "-e" "RUSTDOCFLAGS=--cap-lints=warn" "-e" "CARGO_HOME=/opt/rustwide/cargo-home" "-e" "RUSTUP_HOME=/opt/rustwide/rustup-home" "-w" "/opt/rustwide/workdir" "-m" "1610612736" "--user" "0:0" "--network" "none" "ghcr.io/rust-lang/crates-build-env/linux@sha256:2788e3201cd34a07e3172128adcd8b3090168a8e3bcc40d7c032b9dda1df7d1c" "/opt/rustwide/cargo-home/bin/cargo" "+1.75.0" "build" "--frozen" "--message-format=json", kill_on_drop: false }`
[INFO] [stdout] 969244cbc5722b3e94722a3e12e13359cf1e74dd7ff0b0e861ebbb38aec11bdb
[INFO] running `Command { std: "docker" "start" "-a" "969244cbc5722b3e94722a3e12e13359cf1e74dd7ff0b0e861ebbb38aec11bdb", kill_on_drop: false }`
[INFO] [stderr]    Compiling proc-macro2 v1.0.75
[INFO] [stderr]    Compiling serde v1.0.194
[INFO] [stderr]    Compiling typenum v1.17.0
[INFO] [stderr]    Compiling syn v1.0.109
[INFO] [stderr]    Compiling generic-array v0.14.7
[INFO] [stderr]    Compiling subtle v2.4.1
[INFO] [stderr]    Compiling getrandom v0.2.11
[INFO] [stderr]    Compiling num-traits v0.2.17
[INFO] [stderr]    Compiling rand_core v0.6.4
[INFO] [stderr]    Compiling num-integer v0.1.45
[INFO] [stderr]    Compiling rand_chacha v0.3.1
[INFO] [stderr]    Compiling num-bigint v0.4.4
[INFO] [stderr]    Compiling paste v1.0.14
[INFO] [stderr]    Compiling cpufeatures v0.2.12
[INFO] [stderr]    Compiling opaque-debug v0.3.0
[INFO] [stderr]    Compiling ucd-trie v0.1.6
[INFO] [stderr]    Compiling rand v0.8.5
[INFO] [stderr]    Compiling getrandom v0.1.16
[INFO] [stderr]    Compiling quote v1.0.35
[INFO] [stderr]    Compiling ahash v0.7.7
[INFO] [stderr]    Compiling syn v2.0.48
[INFO] [stderr]    Compiling ahash v0.8.7
[INFO] [stderr]    Compiling either v1.9.0
[INFO] [stderr]    Compiling crunchy v0.2.2
[INFO] [stderr]    Compiling rand_core v0.5.1
[INFO] [stderr]    Compiling jobserver v0.1.27
[INFO] [stderr]    Compiling zerocopy v0.7.32
[INFO] [stderr]    Compiling block-padding v0.2.1
[INFO] [stderr]    Compiling hashbrown v0.11.2
[INFO] [stderr]    Compiling ark-std v0.3.0
[INFO] [stderr]    Compiling wasm-bindgen-shared v0.2.89
[INFO] [stderr]    Compiling cc v1.0.83
[INFO] [stderr]    Compiling rand_chacha v0.2.2
[INFO] [stderr]    Compiling ark-std v0.4.0
[INFO] [stderr]    Compiling byteorder v1.5.0
[INFO] [stderr]    Compiling hashbrown v0.13.2
[INFO] [stderr]    Compiling rand v0.7.3
[INFO] [stderr]    Compiling itertools v0.10.5
[INFO] [stderr]    Compiling feature-probe v0.1.1
[INFO] [stderr]    Compiling bumpalo v3.14.0
[INFO] [stderr]    Compiling rustversion v1.0.14
[INFO] [stderr]    Compiling bv v0.11.1
[INFO] [stderr]    Compiling bitmaps v2.1.0
[INFO] [stderr]    Compiling solana-frozen-abi-macro v1.16.24
[INFO] [stderr]    Compiling im v15.1.0
[INFO] [stderr]    Compiling keccak v0.1.4
[INFO] [stderr]    Compiling arrayref v0.3.7
[INFO] [stderr]    Compiling bs58 v0.4.0
[INFO] [stderr]    Compiling rayon v1.8.0
[INFO] [stderr]    Compiling sized-chunks v0.6.5
[INFO] [stderr]    Compiling solana-frozen-abi v1.16.24
[INFO] [stderr]    Compiling rand_xoshiro v0.6.0
[INFO] [stderr]    Compiling tracing-core v0.1.32
[INFO] [stderr]    Compiling memoffset v0.9.0
[INFO] [stderr]    Compiling blake3 v1.5.0
[INFO] [stderr]    Compiling arrayvec v0.7.4
[INFO] [stderr]    Compiling wasm-bindgen v0.2.89
[INFO] [stderr]    Compiling hashbrown v0.14.3
[INFO] [stderr]    Compiling equivalent v1.0.1
[INFO] [stderr]    Compiling constant_time_eq v0.3.0
[INFO] [stderr]    Compiling wasm-bindgen-backend v0.2.89
[INFO] [stderr]    Compiling solana-program v1.16.24
[INFO] [stderr]    Compiling borsh-derive-internal v0.10.3
[INFO] [stderr]    Compiling borsh-derive-internal v0.9.3
[INFO] [stderr]    Compiling borsh-schema-derive-internal v0.10.3
[INFO] [stderr]    Compiling borsh-schema-derive-internal v0.9.3
[INFO] [stderr]    Compiling indexmap v2.1.0
[INFO] [stderr]    Compiling memmap2 v0.5.10
[INFO] [stderr]    Compiling rustc-hash v1.1.0
[INFO] [stderr]    Compiling toml_datetime v0.6.5
[INFO] [stderr]    Compiling unicode-segmentation v1.10.1
[INFO] [stderr]    Compiling winnow v0.5.32
[INFO] [stderr]    Compiling base64 v0.12.3
[INFO] [stderr]    Compiling wasm-bindgen-macro-support v0.2.89
[INFO] [stderr]    Compiling heck v0.3.3
[INFO] [stderr]    Compiling bs58 v0.5.0
[INFO] [stderr]    Compiling array-bytes v1.4.1
[INFO] [stderr]    Compiling tracing-subscriber v0.2.25
[INFO] [stderr]    Compiling darling_core v0.20.3
[INFO] [stderr]    Compiling signature v1.6.4
[INFO] [stderr]    Compiling ed25519 v1.5.3
[INFO] [stderr]    Compiling atty v0.2.14
[INFO] [stderr]    Compiling env_logger v0.9.3
[INFO] [stderr]    Compiling solana-sdk v1.16.24
[INFO] [stderr]    Compiling derivation-path v0.2.0
[INFO] [stderr]    Compiling percent-encoding v2.3.1
[INFO] [stderr]    Compiling solana-logger v1.16.24
[INFO] [stderr]    Compiling qstring v0.7.2
[INFO] [stderr]    Compiling uriparse v0.6.4
[INFO] [stderr]    Compiling chrono v0.4.31
[INFO] [stderr]    Compiling assert_matches v1.5.0
[INFO] [stderr]    Compiling solana-security-txt v1.1.1
[INFO] [stderr]    Compiling toml_edit v0.19.15
[INFO] [stderr]    Compiling serde_derive v1.0.194
[INFO] [stderr]    Compiling thiserror-impl v1.0.56
[INFO] [stderr]    Compiling zeroize_derive v1.4.2
[INFO] [stderr]    Compiling derivative v2.2.0
[INFO] [stderr]    Compiling ark-serialize-derive v0.3.0
[INFO] [stderr]    Compiling zeroize v1.3.0
[INFO] [stderr]    Compiling ark-ff-macros v0.3.0
[INFO] [stderr]    Compiling ark-serialize-derive v0.4.2
[INFO] [stderr]    Compiling ark-ff-asm v0.3.0
[INFO] [stderr]    Compiling thiserror v1.0.56
[INFO] [stderr]    Compiling pest v2.7.6
[INFO] [stderr]    Compiling ark-ff-macros v0.4.2
[INFO] [stderr]    Compiling ark-ff-asm v0.4.2
[INFO] [stderr]    Compiling wasm-bindgen-macro v0.2.89
[INFO] [stderr]    Compiling tracing-attributes v0.1.27
[INFO] [stderr]    Compiling semver-parser v0.10.2
[INFO] [stderr]    Compiling bytemuck_derive v1.5.0
[INFO] [stderr]    Compiling num-derive v0.3.3
[INFO] [stderr]    Compiling solana-sdk-macro v1.16.24
[INFO] [stderr]    Compiling semver v0.11.0
[INFO] [stderr]    Compiling rustc_version v0.3.3
[INFO] [stderr]    Compiling proc-macro-crate v1.3.1
[INFO] [stderr]    Compiling ark-ff v0.3.0
[INFO] [stderr]    Compiling darling_macro v0.20.3
[INFO] [stderr]    Compiling merlin v3.0.0
[INFO] [stderr]    Compiling tracing v0.1.40
[INFO] [stderr]    Compiling anchor-derive-space v0.28.0
[INFO] [stderr]    Compiling light-macros v0.3.1
[INFO] [stderr]    Compiling num_enum_derive v0.6.1
[INFO] [stderr]    Compiling bytemuck v1.14.0
[INFO] [stderr]    Compiling num_enum_derive v0.5.11
[INFO] [stderr]    Compiling aligned-sized v0.1.0
[INFO] [stderr]    Compiling darling v0.20.3
[INFO] [stderr]    Compiling serde_with_macros v2.3.3
[INFO] [stderr]    Compiling num_enum v0.6.1
[INFO] [stderr]    Compiling num_enum v0.5.11
[INFO] [stderr]    Compiling serde_json v1.0.111
[INFO] [stderr]    Compiling toml v0.5.11
[INFO] [stderr]    Compiling serde_bytes v0.11.14
[INFO] [stderr]    Compiling bincode v1.3.3
[INFO] [stderr]    Compiling serde_with v2.3.3
[INFO] [stderr]    Compiling digest v0.9.0
[INFO] [stderr]    Compiling crypto-common v0.1.6
[INFO] [stderr]    Compiling block-buffer v0.10.4
[INFO] [stderr]    Compiling crypto-mac v0.8.0
[INFO] [stderr]    Compiling block-buffer v0.9.0
[INFO] [stderr]    Compiling ark-serialize v0.3.0
[INFO] [stderr]    Compiling digest v0.10.7
[INFO] [stderr]    Compiling libsecp256k1-core v0.2.2
[INFO] [stderr]    Compiling proc-macro-crate v0.1.5
[INFO] [stderr]    Compiling sha2 v0.9.9
[INFO] [stderr]    Compiling sha2 v0.10.8
[INFO] [stderr]    Compiling ark-serialize v0.4.2
[INFO] [stderr]    Compiling ark-ff v0.4.2
[INFO] [stderr]    Compiling hmac v0.8.1
[INFO] [stderr]    Compiling curve25519-dalek v3.2.1
[INFO] [stderr]    Compiling hmac-drbg v0.3.0
[INFO] [stderr]    Compiling libsecp256k1-gen-ecmult v0.2.1
[INFO] [stderr]    Compiling libsecp256k1-gen-genmult v0.2.1
[INFO] [stderr]    Compiling pbkdf2 v0.4.0
[INFO] [stderr]    Compiling tiny-bip39 v0.8.2
[INFO] [stderr]    Compiling sha3 v0.10.8
[INFO] [stderr]    Compiling borsh-derive v0.10.3
[INFO] [stderr]    Compiling libsecp256k1 v0.6.0
[INFO] [stderr]    Compiling borsh-derive v0.9.3
[INFO] [stderr]    Compiling anchor-syn v0.28.0
[INFO] [stderr]    Compiling borsh v0.10.3
[INFO] [stderr]    Compiling cipher v0.3.0
[INFO] [stderr]    Compiling ed25519-dalek v1.0.1
[INFO] [stderr]    Compiling hmac v0.12.1
[INFO] [stderr]    Compiling borsh v0.9.3
[INFO] [stderr]    Compiling universal-hash v0.4.1
[INFO] [stderr]    Compiling polyval v0.5.3
[INFO] [stderr]    Compiling ed25519-dalek-bip32 v0.2.0
[INFO] [stderr]    Compiling ctr v0.8.0
[INFO] [stderr]    Compiling aes v0.7.5
[INFO] [stderr]    Compiling pbkdf2 v0.11.0
[INFO] [stderr]    Compiling aead v0.4.3
[INFO] [stderr]    Compiling sha3 v0.9.1
[INFO] [stderr]    Compiling blake2 v0.9.2
[INFO] [stderr]    Compiling aes-gcm-siv v0.10.3
[INFO] [stderr]    Compiling anchor-attribute-account v0.28.0
[INFO] [stderr]    Compiling anchor-attribute-event v0.28.0
[INFO] [stderr]    Compiling anchor-attribute-program v0.28.0
[INFO] [stderr]    Compiling anchor-derive-accounts v0.28.0
[INFO] [stderr]    Compiling anchor-attribute-access-control v0.28.0
[INFO] [stderr]    Compiling anchor-attribute-constant v0.28.0
[INFO] [stderr]    Compiling anchor-attribute-error v0.28.0
[INFO] [stderr]    Compiling ark-ec v0.3.0
[INFO] [stderr]    Compiling ark-relations v0.3.0
[INFO] [stderr]    Compiling ark-poly v0.3.0
[INFO] [stderr]    Compiling ark-snark v0.3.0
[INFO] [stderr]    Compiling ark-poly v0.4.2
[INFO] [stderr]    Compiling ark-r1cs-std v0.3.1
[INFO] [stderr]    Compiling ark-bls12-381 v0.3.0
[INFO] [stderr]    Compiling ark-poly-commit v0.3.0
[INFO] [stderr]    Compiling ark-bn254 v0.3.0
[INFO] [stderr]    Compiling ark-ec v0.4.2
[INFO] [stderr]    Compiling ark-marlin v0.3.0
[INFO] [stderr]    Compiling ark-bn254 v0.4.0
[INFO] [stderr]    Compiling ark-nonnative-field v0.3.0
[INFO] [stderr]    Compiling ark-ed-on-bls12-381 v0.3.0
[INFO] [stderr]    Compiling ark-ed-on-bn254 v0.3.0
[INFO] [stderr]    Compiling ark-crypto-primitives v0.3.0
[INFO] [stderr]    Compiling ark-groth16 v0.3.0
[INFO] [stderr]    Compiling arkworks-gadgets v0.3.14
[INFO] [stderr]    Compiling spl-token v3.5.0
[INFO] [stderr]    Compiling spl-memo v3.0.1
[INFO] [stderr]    Compiling anchor-lang v0.28.0
[INFO] [stderr]    Compiling groth16-solana v0.0.2
[INFO] [stderr]    Compiling light-merkle-tree v0.1.1
[INFO] [stderr]    Compiling solana-zk-token-sdk v1.16.24
[INFO] [stderr]    Compiling spl-token-2022 v0.6.1
[INFO] [stderr]    Compiling spl-associated-token-account v1.1.3
[INFO] [stderr]    Compiling anchor-spl v0.28.0
[INFO] [stderr]    Compiling light-merkle-tree-program v0.3.1
[INFO] [stderr]    Compiling light-verifier-sdk v0.3.1 (/opt/rustwide/workdir)
[INFO] [stderr]     Finished dev [unoptimized + debuginfo] target(s) in 45.92s
[INFO] running `Command { std: "docker" "inspect" "969244cbc5722b3e94722a3e12e13359cf1e74dd7ff0b0e861ebbb38aec11bdb", kill_on_drop: false }`
[INFO] running `Command { std: "docker" "rm" "-f" "969244cbc5722b3e94722a3e12e13359cf1e74dd7ff0b0e861ebbb38aec11bdb", kill_on_drop: false }`
[INFO] [stdout] 969244cbc5722b3e94722a3e12e13359cf1e74dd7ff0b0e861ebbb38aec11bdb
[INFO] running `Command { std: "docker" "create" "-v" "/var/lib/crater-agent-workspace/builds/worker-7-tc1/target:/opt/rustwide/target:rw,Z" "-v" "/var/lib/crater-agent-workspace/builds/worker-7-tc1/source:/opt/rustwide/workdir:ro,Z" "-v" "/var/lib/crater-agent-workspace/cargo-home:/opt/rustwide/cargo-home:ro,Z" "-v" "/var/lib/crater-agent-workspace/rustup-home:/opt/rustwide/rustup-home:ro,Z" "-e" "SOURCE_DIR=/opt/rustwide/workdir" "-e" "CARGO_TARGET_DIR=/opt/rustwide/target" "-e" "CARGO_INCREMENTAL=0" "-e" "RUST_BACKTRACE=full" "-e" "RUSTFLAGS=--cap-lints=warn" "-e" "RUSTDOCFLAGS=--cap-lints=warn" "-e" "CARGO_HOME=/opt/rustwide/cargo-home" "-e" "RUSTUP_HOME=/opt/rustwide/rustup-home" "-w" "/opt/rustwide/workdir" "-m" "1610612736" "--user" "0:0" "--network" "none" "ghcr.io/rust-lang/crates-build-env/linux@sha256:2788e3201cd34a07e3172128adcd8b3090168a8e3bcc40d7c032b9dda1df7d1c" "/opt/rustwide/cargo-home/bin/cargo" "+1.75.0" "test" "--frozen" "--no-run" "--message-format=json", kill_on_drop: false }`
[INFO] [stdout] 5d4e3f48dbfc6f08b9ad602ebe2bc3830ff093b6802a1b41027870d0cacefbd2
[INFO] running `Command { std: "docker" "start" "-a" "5d4e3f48dbfc6f08b9ad602ebe2bc3830ff093b6802a1b41027870d0cacefbd2", kill_on_drop: false }`
[INFO] [stderr]    Compiling light-verifier-sdk v0.3.1 (/opt/rustwide/workdir)
[INFO] [stdout] error[E0432]: unresolved import `light_merkle_tree_program::program::MerkleTreeProgram`
[INFO] [stdout]   --> tests/test.rs:16:9
[INFO] [stdout]    |
[INFO] [stdout] 16 |         program::MerkleTreeProgram,
[INFO] [stdout]    |         ^^^^^^^^^-----------------
[INFO] [stdout]    |         |        |
[INFO] [stdout]    |         |        help: a similar name exists in the module: `LightMerkleTreeProgram`
[INFO] [stdout]    |         no `MerkleTreeProgram` in `program`
[INFO] [stdout] 
[INFO] [stdout] 
[INFO] [stdout] error[E0438]: const `NR_NULLIFIERS` is not a member of trait `Config`
[INFO] [stdout]    --> tests/test.rs:173:9
[INFO] [stdout]     |
[INFO] [stdout] 173 |         const NR_NULLIFIERS: usize = 10;
[INFO] [stdout]     |         ^^^^^^^^^^^^^^^^^^^^^^^^^^^^^^^^ not a member of trait `Config`
[INFO] [stdout] 
[INFO] [stdout] 
[INFO] [stdout] error[E0438]: const `NR_LEAVES` is not a member of trait `Config`
[INFO] [stdout]    --> tests/test.rs:175:9
[INFO] [stdout]     |
[INFO] [stdout] 175 |         const NR_LEAVES: usize = 2;
[INFO] [stdout]     |         ^^^^^^^^^^^^^^^^^^^^^^^^^^^ not a member of trait `Config`
[INFO] [stdout] 
[INFO] [stdout] 
[INFO] [stdout] error[E0326]: implemented const `ID` has an incompatible type for trait
[INFO] [stdout]    --> tests/test.rs:177:19
[INFO] [stdout]     |
[INFO] [stdout] 177 |         const ID: [u8; 32] = [
[INFO] [stdout]     |                   ^^^^^^^^ expected `Pubkey`, found `[u8; 32]`
[INFO] [stdout] 
[INFO] [stdout] 
[INFO] [stdout] error[E0107]: struct takes 4 lifetime arguments but 3 lifetime arguments were supplied
[INFO] [stdout]    --> tests/test.rs:196:21
[INFO] [stdout]     |
[INFO] [stdout] 196 |         let mut tx: Transaction<'_, '_, '_, TransactionConfig> = Transaction {
[INFO] [stdout]     |                     ^^^^^^^^^^^ --  --  -- supplied 3 lifetime arguments
[INFO] [stdout]     |                     |
[INFO] [stdout]     |                     expected 4 lifetime arguments
[INFO] [stdout]     |
[INFO] [stdout] note: struct defined here, with 4 lifetime parameters: `'a`, `'b`, `'c`, `'info`
[INFO] [stdout]    --> /opt/rustwide/workdir/src/light_transaction.rs:49:12
[INFO] [stdout]     |
[INFO] [stdout] 49  | pub struct Transaction<
[INFO] [stdout]     |            ^^^^^^^^^^^
[INFO] [stdout] 50  |     'a,
[INFO] [stdout]     |     --
[INFO] [stdout] 51  |     'b,
[INFO] [stdout]     |     --
[INFO] [stdout] 52  |     'c,
[INFO] [stdout]     |     --
[INFO] [stdout] 53  |     'info,
[INFO] [stdout]     |     -----
[INFO] [stdout] help: add missing lifetime argument
[INFO] [stdout]     |
[INFO] [stdout] 196 |         let mut tx: Transaction<'_, '_, '_, '_, TransactionConfig> = Transaction {
[INFO] [stdout]     |                                           ++++
[INFO] [stdout] 
[INFO] [stdout] 
[INFO] [stdout] error[E0107]: struct takes 5 generic arguments but 1 generic argument was supplied
[INFO] [stdout]    --> tests/test.rs:196:21
[INFO] [stdout]     |
[INFO] [stdout] 196 |         let mut tx: Transaction<'_, '_, '_, TransactionConfig> = Transaction {
[INFO] [stdout]     |                     ^^^^^^^^^^^             ----------------- supplied 1 generic argument
[INFO] [stdout]     |                     |
[INFO] [stdout]     |                     expected 5 generic arguments
[INFO] [stdout]     |
[INFO] [stdout] note: struct defined here, with 5 generic parameters: `NR_CHECKED_INPUTS`, `NR_LEAVES`, `NR_NULLIFIERS`, `NR_PUBLIC_INPUTS`, `A`
[INFO] [stdout]    --> /opt/rustwide/workdir/src/light_transaction.rs:49:12
[INFO] [stdout]     |
[INFO] [stdout] 49  | pub struct Transaction<
[INFO] [stdout]     |            ^^^^^^^^^^^
[INFO] [stdout] ...
[INFO] [stdout] 54  |     const NR_CHECKED_INPUTS: usize,
[INFO] [stdout]     |     ------------------------------
[INFO] [stdout] 55  |     const NR_LEAVES: usize,
[INFO] [stdout]     |     ----------------------
[INFO] [stdout] 56  |     const NR_NULLIFIERS: usize,
[INFO] [stdout]     |     --------------------------
[INFO] [stdout] 57  |     const NR_PUBLIC_INPUTS: usize,
[INFO] [stdout]     |     -----------------------------
[INFO] [stdout] 58  |     A: LightAccounts<'info>,
[INFO] [stdout]     |     -
[INFO] [stdout] help: add missing generic arguments
[INFO] [stdout]     |
[INFO] [stdout] 196 |         let mut tx: Transaction<'_, '_, '_, TransactionConfig, NR_LEAVES, NR_NULLIFIERS, NR_PUBLIC_INPUTS, A> = Transaction {
[INFO] [stdout]     |                                                              +++++++++++++++++++++++++++++++++++++++++++++++
[INFO] [stdout] 
[INFO] [stdout] 
[INFO] [stdout] error[E0308]: mismatched types
[INFO] [stdout]    --> tests/test.rs:197:26
[INFO] [stdout]     |
[INFO] [stdout] 197 |             merkle_root: public_inputs_vec[0].clone(),
[INFO] [stdout]     |                          ^^^^^^^^^^^^^^^^^^^^^^^^^^^^ expected `[u8; 32]`, found `Vec<u8>`
[INFO] [stdout]     |
[INFO] [stdout]     = note: expected array `[u8; 32]`
[INFO] [stdout]               found struct `Vec<u8>`
[INFO] [stdout] 
[INFO] [stdout] 
[INFO] [stdout] error[E0308]: mismatched types
[INFO] [stdout]    --> tests/test.rs:199:32
[INFO] [stdout]     |
[INFO] [stdout] 199 |             tx_integrity_hash: public_inputs_vec[2].clone(),
[INFO] [stdout]     |                                ^^^^^^^^^^^^^^^^^^^^^^^^^^^^ expected `[u8; 32]`, found `Vec<u8>`
[INFO] [stdout]     |
[INFO] [stdout]     = note: expected array `[u8; 32]`
[INFO] [stdout]               found struct `Vec<u8>`
[INFO] [stdout] 
[INFO] [stdout] 
[INFO] [stdout] error[E0308]: mismatched types
[INFO] [stdout]    --> tests/test.rs:201:26
[INFO] [stdout]     |
[INFO] [stdout] 201 |             mint_pubkey: public_inputs_vec[4].clone(),
[INFO] [stdout]     |                          ^^^^^^^^^^^^^^^^^^^^^^^^^^^^ expected `[u8; 32]`, found `Vec<u8>`
[INFO] [stdout]     |
[INFO] [stdout]     = note: expected array `[u8; 32]`
[INFO] [stdout]               found struct `Vec<u8>`
[INFO] [stdout] 
[INFO] [stdout] 
[INFO] [stdout] error[E0107]: struct takes 4 lifetime arguments but 3 lifetime arguments were supplied
[INFO] [stdout]    --> tests/test.rs:246:21
[INFO] [stdout]     |
[INFO] [stdout] 246 |         let mut tx: Transaction<'_, '_, '_, TransactionConfig> = Transaction {
[INFO] [stdout]     |                     ^^^^^^^^^^^ --  --  -- supplied 3 lifetime arguments
[INFO] [stdout]     |                     |
[INFO] [stdout]     |                     expected 4 lifetime arguments
[INFO] [stdout]     |
[INFO] [stdout] note: struct defined here, with 4 lifetime parameters: `'a`, `'b`, `'c`, `'info`
[INFO] [stdout]    --> /opt/rustwide/workdir/src/light_transaction.rs:49:12
[INFO] [stdout]     |
[INFO] [stdout] 49  | pub struct Transaction<
[INFO] [stdout]     |            ^^^^^^^^^^^
[INFO] [stdout] 50  |     'a,
[INFO] [stdout]     |     --
[INFO] [stdout] 51  |     'b,
[INFO] [stdout]     |     --
[INFO] [stdout] 52  |     'c,
[INFO] [stdout]     |     --
[INFO] [stdout] 53  |     'info,
[INFO] [stdout]     |     -----
[INFO] [stdout] help: add missing lifetime argument
[INFO] [stdout]     |
[INFO] [stdout] 246 |         let mut tx: Transaction<'_, '_, '_, '_, TransactionConfig> = Transaction {
[INFO] [stdout]     |                                           ++++
[INFO] [stdout] 
[INFO] [stdout] 
[INFO] [stdout] error[E0107]: struct takes 5 generic arguments but 1 generic argument was supplied
[INFO] [stdout]    --> tests/test.rs:246:21
[INFO] [stdout]     |
[INFO] [stdout] 246 |         let mut tx: Transaction<'_, '_, '_, TransactionConfig> = Transaction {
[INFO] [stdout]     |                     ^^^^^^^^^^^             ----------------- supplied 1 generic argument
[INFO] [stdout]     |                     |
[INFO] [stdout]     |                     expected 5 generic arguments
[INFO] [stdout]     |
[INFO] [stdout] note: struct defined here, with 5 generic parameters: `NR_CHECKED_INPUTS`, `NR_LEAVES`, `NR_NULLIFIERS`, `NR_PUBLIC_INPUTS`, `A`
[INFO] [stdout]    --> /opt/rustwide/workdir/src/light_transaction.rs:49:12
[INFO] [stdout]     |
[INFO] [stdout] 49  | pub struct Transaction<
[INFO] [stdout]     |            ^^^^^^^^^^^
[INFO] [stdout] ...
[INFO] [stdout] 54  |     const NR_CHECKED_INPUTS: usize,
[INFO] [stdout]     |     ------------------------------
[INFO] [stdout] 55  |     const NR_LEAVES: usize,
[INFO] [stdout]     |     ----------------------
[INFO] [stdout] 56  |     const NR_NULLIFIERS: usize,
[INFO] [stdout]     |     --------------------------
[INFO] [stdout] 57  |     const NR_PUBLIC_INPUTS: usize,
[INFO] [stdout]     |     -----------------------------
[INFO] [stdout] 58  |     A: LightAccounts<'info>,
[INFO] [stdout]     |     -
[INFO] [stdout] help: add missing generic arguments
[INFO] [stdout]     |
[INFO] [stdout] 246 |         let mut tx: Transaction<'_, '_, '_, TransactionConfig, NR_LEAVES, NR_NULLIFIERS, NR_PUBLIC_INPUTS, A> = Transaction {
[INFO] [stdout]     |                                                              +++++++++++++++++++++++++++++++++++++++++++++++
[INFO] [stdout] 
[INFO] [stdout] 
[INFO] [stdout] error[E0308]: mismatched types
[INFO] [stdout]    --> tests/test.rs:247:26
[INFO] [stdout]     |
[INFO] [stdout] 247 |             merkle_root: public_inputs_vec[0].clone(),
[INFO] [stdout]     |                          ^^^^^^^^^^^^^^^^^^^^^^^^^^^^ expected `[u8; 32]`, found `Vec<u8>`
[INFO] [stdout]     |
[INFO] [stdout]     = note: expected array `[u8; 32]`
[INFO] [stdout]               found struct `Vec<u8>`
[INFO] [stdout] 
[INFO] [stdout] 
[INFO] [stdout] error[E0308]: mismatched types
[INFO] [stdout]    --> tests/test.rs:249:32
[INFO] [stdout]     |
[INFO] [stdout] 249 |             tx_integrity_hash: public_inputs_vec[2].clone(),
[INFO] [stdout]     |                                ^^^^^^^^^^^^^^^^^^^^^^^^^^^^ expected `[u8; 32]`, found `Vec<u8>`
[INFO] [stdout]     |
[INFO] [stdout]     = note: expected array `[u8; 32]`
[INFO] [stdout]               found struct `Vec<u8>`
[INFO] [stdout] 
[INFO] [stdout] 
[INFO] [stdout] error[E0308]: mismatched types
[INFO] [stdout]    --> tests/test.rs:251:26
[INFO] [stdout]     |
[INFO] [stdout] 251 |             mint_pubkey: public_inputs_vec[4].clone(),
[INFO] [stdout]     |                          ^^^^^^^^^^^^^^^^^^^^^^^^^^^^ expected `[u8; 32]`, found `Vec<u8>`
[INFO] [stdout]     |
[INFO] [stdout]     = note: expected array `[u8; 32]`
[INFO] [stdout]               found struct `Vec<u8>`
[INFO] [stdout] 
[INFO] [stdout] 
[INFO] [stdout] error[E0107]: struct takes 4 lifetime arguments but 3 lifetime arguments were supplied
[INFO] [stdout]    --> tests/test.rs:356:17
[INFO] [stdout]     |
[INFO] [stdout] 356 |         let tx: Transaction<'_, '_, '_, TransactionConfig> = Transaction {
[INFO] [stdout]     |                 ^^^^^^^^^^^ --  --  -- supplied 3 lifetime arguments
[INFO] [stdout]     |                 |
[INFO] [stdout]     |                 expected 4 lifetime arguments
[INFO] [stdout]     |
[INFO] [stdout] note: struct defined here, with 4 lifetime parameters: `'a`, `'b`, `'c`, `'info`
[INFO] [stdout]    --> /opt/rustwide/workdir/src/light_transaction.rs:49:12
[INFO] [stdout]     |
[INFO] [stdout] 49  | pub struct Transaction<
[INFO] [stdout]     |            ^^^^^^^^^^^
[INFO] [stdout] 50  |     'a,
[INFO] [stdout]     |     --
[INFO] [stdout] 51  |     'b,
[INFO] [stdout]     |     --
[INFO] [stdout] 52  |     'c,
[INFO] [stdout]     |     --
[INFO] [stdout] 53  |     'info,
[INFO] [stdout]     |     -----
[INFO] [stdout] help: add missing lifetime argument
[INFO] [stdout]     |
[INFO] [stdout] 356 |         let tx: Transaction<'_, '_, '_, '_, TransactionConfig> = Transaction {
[INFO] [stdout]     |                                       ++++
[INFO] [stdout] 
[INFO] [stdout] 
[INFO] [stdout] error[E0107]: struct takes 5 generic arguments but 1 generic argument was supplied
[INFO] [stdout]    --> tests/test.rs:356:17
[INFO] [stdout]     |
[INFO] [stdout] 356 |         let tx: Transaction<'_, '_, '_, TransactionConfig> = Transaction {
[INFO] [stdout]     |                 ^^^^^^^^^^^             ----------------- supplied 1 generic argument
[INFO] [stdout]     |                 |
[INFO] [stdout]     |                 expected 5 generic arguments
[INFO] [stdout]     |
[INFO] [stdout] note: struct defined here, with 5 generic parameters: `NR_CHECKED_INPUTS`, `NR_LEAVES`, `NR_NULLIFIERS`, `NR_PUBLIC_INPUTS`, `A`
[INFO] [stdout]    --> /opt/rustwide/workdir/src/light_transaction.rs:49:12
[INFO] [stdout]     |
[INFO] [stdout] 49  | pub struct Transaction<
[INFO] [stdout]     |            ^^^^^^^^^^^
[INFO] [stdout] ...
[INFO] [stdout] 54  |     const NR_CHECKED_INPUTS: usize,
[INFO] [stdout]     |     ------------------------------
[INFO] [stdout] 55  |     const NR_LEAVES: usize,
[INFO] [stdout]     |     ----------------------
[INFO] [stdout] 56  |     const NR_NULLIFIERS: usize,
[INFO] [stdout]     |     --------------------------
[INFO] [stdout] 57  |     const NR_PUBLIC_INPUTS: usize,
[INFO] [stdout]     |     -----------------------------
[INFO] [stdout] 58  |     A: LightAccounts<'info>,
[INFO] [stdout]     |     -
[INFO] [stdout] help: add missing generic arguments
[INFO] [stdout]     |
[INFO] [stdout] 356 |         let tx: Transaction<'_, '_, '_, TransactionConfig, NR_LEAVES, NR_NULLIFIERS, NR_PUBLIC_INPUTS, A> = Transaction {
[INFO] [stdout]     |                                                          +++++++++++++++++++++++++++++++++++++++++++++++
[INFO] [stdout] 
[INFO] [stdout] 
[INFO] [stdout] error[E0308]: mismatched types
[INFO] [stdout]    --> tests/test.rs:357:26
[INFO] [stdout]     |
[INFO] [stdout] 357 |             merkle_root: public_inputs_vec[0].clone(),
[INFO] [stdout]     |                          ^^^^^^^^^^^^^^^^^^^^^^^^^^^^ expected `[u8; 32]`, found `Vec<u8>`
[INFO] [stdout]     |
[INFO] [stdout]     = note: expected array `[u8; 32]`
[INFO] [stdout]               found struct `Vec<u8>`
[INFO] [stdout] 
[INFO] [stdout] 
[INFO] [stdout] error[E0308]: mismatched types
[INFO] [stdout]    --> tests/test.rs:359:32
[INFO] [stdout]     |
[INFO] [stdout] 359 |             tx_integrity_hash: public_inputs_vec[2].clone(),
[INFO] [stdout]     |                                ^^^^^^^^^^^^^^^^^^^^^^^^^^^^ expected `[u8; 32]`, found `Vec<u8>`
[INFO] [stdout]     |
[INFO] [stdout]     = note: expected array `[u8; 32]`
[INFO] [stdout]               found struct `Vec<u8>`
[INFO] [stdout] 
[INFO] [stdout] 
[INFO] [stdout] error[E0308]: mismatched types
[INFO] [stdout]    --> tests/test.rs:361:26
[INFO] [stdout]     |
[INFO] [stdout] 361 |             mint_pubkey: public_inputs_vec[4].clone(),
[INFO] [stdout]     |                          ^^^^^^^^^^^^^^^^^^^^^^^^^^^^ expected `[u8; 32]`, found `Vec<u8>`
[INFO] [stdout]     |
[INFO] [stdout]     = note: expected array `[u8; 32]`
[INFO] [stdout]               found struct `Vec<u8>`
[INFO] [stdout] 
[INFO] [stdout] 
[INFO] [stdout] warning: use of deprecated associated function `anchor_lang::prelude::Pubkey::new`: Please use 'Pubkey::from' or 'Pubkey::try_from' instead
[INFO] [stdout]    --> tests/test.rs:387:34
[INFO] [stdout]     |
[INFO] [stdout] 387 |         let program_id = Pubkey::new(&[0u8; 32]);
[INFO] [stdout]     |                                  ^^^
[INFO] [stdout]     |
[INFO] [stdout]     = note: `#[warn(deprecated)]` on by default
[INFO] [stdout] 
[INFO] [stdout] 
[INFO] [stdout] error: aborting due to 19 previous errors; 1 warning emitted
[INFO] [stdout] 
[INFO] [stdout] 
[INFO] [stdout] Some errors have detailed explanations: E0107, E0308, E0326, E0432, E0438.
[INFO] [stdout] 
[INFO] [stdout] For more information about an error, try `rustc --explain E0107`.
[INFO] [stdout] 
[INFO] [stderr] error: could not compile `light-verifier-sdk` (test "test") due to 20 previous errors; 1 warning emitted
[INFO] [stderr] warning: build failed, waiting for other jobs to finish...
[INFO] running `Command { std: "docker" "inspect" "5d4e3f48dbfc6f08b9ad602ebe2bc3830ff093b6802a1b41027870d0cacefbd2", kill_on_drop: false }`
[INFO] running `Command { std: "docker" "rm" "-f" "5d4e3f48dbfc6f08b9ad602ebe2bc3830ff093b6802a1b41027870d0cacefbd2", kill_on_drop: false }`
[INFO] [stdout] 5d4e3f48dbfc6f08b9ad602ebe2bc3830ff093b6802a1b41027870d0cacefbd2
[INFO] testing light-verifier-sdk-0.3.1 against beta-2023-12-22 for beta-1.76-1
[INFO] extracting crate light-verifier-sdk 0.3.1 into /workspace/builds/worker-7-tc2/source
[INFO] validating manifest of crates.io crate light-verifier-sdk 0.3.1 on toolchain beta-2023-12-22
[INFO] running `Command { std: CARGO_HOME="/workspace/cargo-home" RUSTUP_HOME="/workspace/rustup-home" "/workspace/cargo-home/bin/cargo" "+beta-2023-12-22" "metadata" "--manifest-path" "Cargo.toml" "--no-deps", kill_on_drop: false }`
[INFO] removed /workspace/builds/worker-7-tc2/source/rust-toolchain.toml
[INFO] started tweaking crates.io crate light-verifier-sdk 0.3.1
[INFO] finished tweaking crates.io crate light-verifier-sdk 0.3.1
[INFO] tweaked toml for crates.io crate light-verifier-sdk 0.3.1 written to /workspace/builds/worker-7-tc2/source/Cargo.toml
[INFO] running `Command { std: CARGO_HOME="/workspace/cargo-home" RUSTUP_HOME="/workspace/rustup-home" "/workspace/cargo-home/bin/cargo" "+beta-2023-12-22" "generate-lockfile" "--manifest-path" "Cargo.toml", kill_on_drop: false }`
[INFO] [stderr]     Updating crates.io index
[INFO] running `Command { std: CARGO_HOME="/workspace/cargo-home" RUSTUP_HOME="/workspace/rustup-home" "/workspace/cargo-home/bin/cargo" "+beta-2023-12-22" "fetch" "--manifest-path" "Cargo.toml", kill_on_drop: false }`
[INFO] running `Command { std: "docker" "create" "-v" "/var/lib/crater-agent-workspace/builds/worker-7-tc2/target:/opt/rustwide/target:rw,Z" "-v" "/var/lib/crater-agent-workspace/builds/worker-7-tc2/source:/opt/rustwide/workdir:ro,Z" "-v" "/var/lib/crater-agent-workspace/cargo-home:/opt/rustwide/cargo-home:ro,Z" "-v" "/var/lib/crater-agent-workspace/rustup-home:/opt/rustwide/rustup-home:ro,Z" "-e" "SOURCE_DIR=/opt/rustwide/workdir" "-e" "CARGO_TARGET_DIR=/opt/rustwide/target" "-e" "CARGO_HOME=/opt/rustwide/cargo-home" "-e" "RUSTUP_HOME=/opt/rustwide/rustup-home" "-w" "/opt/rustwide/workdir" "-m" "1610612736" "--user" "0:0" "--network" "none" "ghcr.io/rust-lang/crates-build-env/linux@sha256:2788e3201cd34a07e3172128adcd8b3090168a8e3bcc40d7c032b9dda1df7d1c" "/opt/rustwide/cargo-home/bin/cargo" "+beta-2023-12-22" "metadata" "--no-deps" "--format-version=1", kill_on_drop: false }`
[INFO] [stdout] c7dfc4997926e8c66e73d4df66d68aefd1eb9ee6665264c4baaf5ccbcb661cc7
[INFO] running `Command { std: "docker" "start" "-a" "c7dfc4997926e8c66e73d4df66d68aefd1eb9ee6665264c4baaf5ccbcb661cc7", kill_on_drop: false }`
[INFO] running `Command { std: "docker" "inspect" "c7dfc4997926e8c66e73d4df66d68aefd1eb9ee6665264c4baaf5ccbcb661cc7", kill_on_drop: false }`
[INFO] running `Command { std: "docker" "rm" "-f" "c7dfc4997926e8c66e73d4df66d68aefd1eb9ee6665264c4baaf5ccbcb661cc7", kill_on_drop: false }`
[INFO] [stdout] c7dfc4997926e8c66e73d4df66d68aefd1eb9ee6665264c4baaf5ccbcb661cc7
[INFO] running `Command { std: "docker" "create" "-v" "/var/lib/crater-agent-workspace/builds/worker-7-tc2/target:/opt/rustwide/target:rw,Z" "-v" "/var/lib/crater-agent-workspace/builds/worker-7-tc2/source:/opt/rustwide/workdir:ro,Z" "-v" "/var/lib/crater-agent-workspace/cargo-home:/opt/rustwide/cargo-home:ro,Z" "-v" "/var/lib/crater-agent-workspace/rustup-home:/opt/rustwide/rustup-home:ro,Z" "-e" "SOURCE_DIR=/opt/rustwide/workdir" "-e" "CARGO_TARGET_DIR=/opt/rustwide/target" "-e" "CARGO_INCREMENTAL=0" "-e" "RUST_BACKTRACE=full" "-e" "RUSTFLAGS=--cap-lints=warn" "-e" "RUSTDOCFLAGS=--cap-lints=warn" "-e" "CARGO_HOME=/opt/rustwide/cargo-home" "-e" "RUSTUP_HOME=/opt/rustwide/rustup-home" "-w" "/opt/rustwide/workdir" "-m" "1610612736" "--user" "0:0" "--network" "none" "ghcr.io/rust-lang/crates-build-env/linux@sha256:2788e3201cd34a07e3172128adcd8b3090168a8e3bcc40d7c032b9dda1df7d1c" "/opt/rustwide/cargo-home/bin/cargo" "+beta-2023-12-22" "build" "--frozen" "--message-format=json", kill_on_drop: false }`
[INFO] [stdout] da62c7c908f4b01d15106be2531ff5786b72a6be13be981617b5ad73611955bb
[INFO] running `Command { std: "docker" "start" "-a" "da62c7c908f4b01d15106be2531ff5786b72a6be13be981617b5ad73611955bb", kill_on_drop: false }`
[INFO] [stderr]    Compiling proc-macro2 v1.0.75
[INFO] [stderr]    Compiling serde v1.0.194
[INFO] [stderr]    Compiling typenum v1.17.0
[INFO] [stderr]    Compiling syn v1.0.109
[INFO] [stderr]    Compiling generic-array v0.14.7
[INFO] [stderr]    Compiling subtle v2.4.1
[INFO] [stderr]    Compiling getrandom v0.2.11
[INFO] [stderr]    Compiling num-traits v0.2.17
[INFO] [stderr]    Compiling rand_core v0.6.4
[INFO] [stderr]    Compiling num-integer v0.1.45
[INFO] [stderr]    Compiling num-bigint v0.4.4
[INFO] [stderr]    Compiling paste v1.0.14
[INFO] [stderr]    Compiling rand_chacha v0.3.1
[INFO] [stderr]    Compiling cpufeatures v0.2.12
[INFO] [stderr]    Compiling opaque-debug v0.3.0
[INFO] [stderr]    Compiling ucd-trie v0.1.6
[INFO] [stderr]    Compiling getrandom v0.1.16
[INFO] [stderr]    Compiling rand v0.8.5
[INFO] [stderr]    Compiling quote v1.0.35
[INFO] [stderr]    Compiling ahash v0.7.7
[INFO] [stderr]    Compiling syn v2.0.48
[INFO] [stderr]    Compiling ahash v0.8.7
[INFO] [stderr]    Compiling either v1.9.0
[INFO] [stderr]    Compiling crunchy v0.2.2
[INFO] [stderr]    Compiling rand_core v0.5.1
[INFO] [stderr]    Compiling jobserver v0.1.27
[INFO] [stderr]    Compiling block-padding v0.2.1
[INFO] [stderr]    Compiling zerocopy v0.7.32
[INFO] [stderr]    Compiling hashbrown v0.11.2
[INFO] [stderr]    Compiling cc v1.0.83
[INFO] [stderr]    Compiling wasm-bindgen-shared v0.2.89
[INFO] [stderr]    Compiling ark-std v0.3.0
[INFO] [stderr]    Compiling ark-std v0.4.0
[INFO] [stderr]    Compiling rand_chacha v0.2.2
[INFO] [stderr]    Compiling byteorder v1.5.0
[INFO] [stderr]    Compiling hashbrown v0.13.2
[INFO] [stderr]    Compiling rand v0.7.3
[INFO] [stderr]    Compiling itertools v0.10.5
[INFO] [stderr]    Compiling bumpalo v3.14.0
[INFO] [stderr]    Compiling rustversion v1.0.14
[INFO] [stderr]    Compiling feature-probe v0.1.1
[INFO] [stderr]    Compiling bv v0.11.1
[INFO] [stderr]    Compiling bitmaps v2.1.0
[INFO] [stderr]    Compiling solana-frozen-abi-macro v1.16.24
[INFO] [stderr]    Compiling im v15.1.0
[INFO] [stderr]    Compiling arrayref v0.3.7
[INFO] [stderr]    Compiling keccak v0.1.4
[INFO] [stderr]    Compiling bs58 v0.4.0
[INFO] [stderr]    Compiling blake3 v1.5.0
[INFO] [stderr]    Compiling sized-chunks v0.6.5
[INFO] [stderr]    Compiling rayon v1.8.0
[INFO] [stderr]    Compiling solana-frozen-abi v1.16.24
[INFO] [stderr]    Compiling rand_xoshiro v0.6.0
[INFO] [stderr]    Compiling tracing-core v0.1.32
[INFO] [stderr]    Compiling memoffset v0.9.0
[INFO] [stderr]    Compiling hashbrown v0.14.3
[INFO] [stderr]    Compiling wasm-bindgen-backend v0.2.89
[INFO] [stderr]    Compiling arrayvec v0.7.4
[INFO] [stderr]    Compiling wasm-bindgen v0.2.89
[INFO] [stderr]    Compiling constant_time_eq v0.3.0
[INFO] [stderr]    Compiling equivalent v1.0.1
[INFO] [stderr]    Compiling borsh-derive-internal v0.9.3
[INFO] [stderr]    Compiling borsh-schema-derive-internal v0.9.3
[INFO] [stderr]    Compiling borsh-derive-internal v0.10.3
[INFO] [stderr]    Compiling borsh-schema-derive-internal v0.10.3
[INFO] [stderr]    Compiling indexmap v2.1.0
[INFO] [stderr]    Compiling solana-program v1.16.24
[INFO] [stderr]    Compiling memmap2 v0.5.10
[INFO] [stderr]    Compiling unicode-segmentation v1.10.1
[INFO] [stderr]    Compiling wasm-bindgen-macro-support v0.2.89
[INFO] [stderr]    Compiling winnow v0.5.32
[INFO] [stderr]    Compiling base64 v0.12.3
[INFO] [stderr]    Compiling rustc-hash v1.1.0
[INFO] [stderr]    Compiling toml_datetime v0.6.5
[INFO] [stderr]    Compiling heck v0.3.3
[INFO] [stderr]    Compiling array-bytes v1.4.1
[INFO] [stderr]    Compiling bs58 v0.5.0
[INFO] [stderr]    Compiling tracing-subscriber v0.2.25
[INFO] [stderr]    Compiling darling_core v0.20.3
[INFO] [stderr]    Compiling signature v1.6.4
[INFO] [stderr]    Compiling ed25519 v1.5.3
[INFO] [stderr]    Compiling atty v0.2.14
[INFO] [stderr]    Compiling env_logger v0.9.3
[INFO] [stderr]    Compiling solana-sdk v1.16.24
[INFO] [stderr]    Compiling derivation-path v0.2.0
[INFO] [stderr]    Compiling percent-encoding v2.3.1
[INFO] [stderr]    Compiling qstring v0.7.2
[INFO] [stderr]    Compiling solana-logger v1.16.24
[INFO] [stderr]    Compiling uriparse v0.6.4
[INFO] [stderr]    Compiling chrono v0.4.31
[INFO] [stderr]    Compiling assert_matches v1.5.0
[INFO] [stderr]    Compiling solana-security-txt v1.1.1
[INFO] [stderr]    Compiling serde_derive v1.0.194
[INFO] [stderr]    Compiling thiserror-impl v1.0.56
[INFO] [stderr]    Compiling zeroize_derive v1.4.2
[INFO] [stderr]    Compiling derivative v2.2.0
[INFO] [stderr]    Compiling ark-serialize-derive v0.3.0
[INFO] [stderr]    Compiling ark-ff-macros v0.3.0
[INFO] [stderr]    Compiling zeroize v1.3.0
[INFO] [stderr]    Compiling ark-ff-asm v0.3.0
[INFO] [stderr]    Compiling ark-serialize-derive v0.4.2
[INFO] [stderr]    Compiling ark-ff-macros v0.4.2
[INFO] [stderr]    Compiling thiserror v1.0.56
[INFO] [stderr]    Compiling ark-ff-asm v0.4.2
[INFO] [stderr]    Compiling pest v2.7.6
[INFO] [stderr]    Compiling tracing-attributes v0.1.27
[INFO] [stderr]    Compiling bytemuck_derive v1.5.0
[INFO] [stderr]    Compiling wasm-bindgen-macro v0.2.89
[INFO] [stderr]    Compiling num-derive v0.3.3
[INFO] [stderr]    Compiling toml_edit v0.19.15
[INFO] [stderr]    Compiling semver-parser v0.10.2
[INFO] [stderr]    Compiling solana-sdk-macro v1.16.24
[INFO] [stderr]    Compiling semver v0.11.0
[INFO] [stderr]    Compiling rustc_version v0.3.3
[INFO] [stderr]    Compiling tracing v0.1.40
[INFO] [stderr]    Compiling bytemuck v1.14.0
[INFO] [stderr]    Compiling darling_macro v0.20.3
[INFO] [stderr]    Compiling ark-ff v0.3.0
[INFO] [stderr]    Compiling merlin v3.0.0
[INFO] [stderr]    Compiling anchor-derive-space v0.28.0
[INFO] [stderr]    Compiling light-macros v0.3.1
[INFO] [stderr]    Compiling aligned-sized v0.1.0
[INFO] [stderr]    Compiling proc-macro-crate v1.3.1
[INFO] [stderr]    Compiling darling v0.20.3
[INFO] [stderr]    Compiling serde_with_macros v2.3.3
[INFO] [stderr]    Compiling num_enum_derive v0.6.1
[INFO] [stderr]    Compiling num_enum_derive v0.5.11
[INFO] [stderr]    Compiling num_enum v0.6.1
[INFO] [stderr]    Compiling num_enum v0.5.11
[INFO] [stderr]    Compiling serde_json v1.0.111
[INFO] [stderr]    Compiling toml v0.5.11
[INFO] [stderr]    Compiling serde_bytes v0.11.14
[INFO] [stderr]    Compiling bincode v1.3.3
[INFO] [stderr]    Compiling serde_with v2.3.3
[INFO] [stderr]    Compiling digest v0.9.0
[INFO] [stderr]    Compiling block-buffer v0.10.4
[INFO] [stderr]    Compiling crypto-common v0.1.6
[INFO] [stderr]    Compiling crypto-mac v0.8.0
[INFO] [stderr]    Compiling block-buffer v0.9.0
[INFO] [stderr]    Compiling digest v0.10.7
[INFO] [stderr]    Compiling ark-serialize v0.3.0
[INFO] [stderr]    Compiling libsecp256k1-core v0.2.2
[INFO] [stderr]    Compiling sha2 v0.10.8
[INFO] [stderr]    Compiling ark-serialize v0.4.2
[INFO] [stderr]    Compiling sha2 v0.9.9
[INFO] [stderr]    Compiling proc-macro-crate v0.1.5
[INFO] [stderr]    Compiling ark-ff v0.4.2
[INFO] [stderr]    Compiling libsecp256k1-gen-ecmult v0.2.1
[INFO] [stderr]    Compiling libsecp256k1-gen-genmult v0.2.1
[INFO] [stderr]    Compiling hmac v0.8.1
[INFO] [stderr]    Compiling curve25519-dalek v3.2.1
[INFO] [stderr]    Compiling hmac-drbg v0.3.0
[INFO] [stderr]    Compiling pbkdf2 v0.4.0
[INFO] [stderr]    Compiling sha3 v0.10.8
[INFO] [stderr]    Compiling borsh-derive v0.10.3
[INFO] [stderr]    Compiling borsh-derive v0.9.3
[INFO] [stderr]    Compiling libsecp256k1 v0.6.0
[INFO] [stderr]    Compiling tiny-bip39 v0.8.2
[INFO] [stderr]    Compiling anchor-syn v0.28.0
[INFO] [stderr]    Compiling borsh v0.10.3
[INFO] [stderr]    Compiling borsh v0.9.3
[INFO] [stderr]    Compiling cipher v0.3.0
[INFO] [stderr]    Compiling ed25519-dalek v1.0.1
[INFO] [stderr]    Compiling hmac v0.12.1
[INFO] [stderr]    Compiling universal-hash v0.4.1
[INFO] [stderr]    Compiling ed25519-dalek-bip32 v0.2.0
[INFO] [stderr]    Compiling polyval v0.5.3
[INFO] [stderr]    Compiling ctr v0.8.0
[INFO] [stderr]    Compiling aes v0.7.5
[INFO] [stderr]    Compiling pbkdf2 v0.11.0
[INFO] [stderr]    Compiling aead v0.4.3
[INFO] [stderr]    Compiling sha3 v0.9.1
[INFO] [stderr]    Compiling blake2 v0.9.2
[INFO] [stderr]    Compiling aes-gcm-siv v0.10.3
[INFO] [stderr]    Compiling anchor-derive-accounts v0.28.0
[INFO] [stderr]    Compiling anchor-attribute-program v0.28.0
[INFO] [stderr]    Compiling anchor-attribute-error v0.28.0
[INFO] [stderr]    Compiling anchor-attribute-constant v0.28.0
[INFO] [stderr]    Compiling anchor-attribute-access-control v0.28.0
[INFO] [stderr]    Compiling anchor-attribute-event v0.28.0
[INFO] [stderr]    Compiling anchor-attribute-account v0.28.0
[INFO] [stderr]    Compiling ark-ec v0.3.0
[INFO] [stderr]    Compiling ark-relations v0.3.0
[INFO] [stderr]    Compiling ark-poly v0.3.0
[INFO] [stderr]    Compiling ark-poly v0.4.2
[INFO] [stderr]    Compiling ark-snark v0.3.0
[INFO] [stderr]    Compiling ark-r1cs-std v0.3.1
[INFO] [stderr]    Compiling ark-bn254 v0.3.0
[INFO] [stderr]    Compiling ark-bls12-381 v0.3.0
[INFO] [stderr]    Compiling ark-poly-commit v0.3.0
[INFO] [stderr]    Compiling ark-ec v0.4.2
[INFO] [stderr]    Compiling ark-bn254 v0.4.0
[INFO] [stderr]    Compiling ark-marlin v0.3.0
[INFO] [stderr]    Compiling ark-nonnative-field v0.3.0
[INFO] [stderr]    Compiling ark-ed-on-bls12-381 v0.3.0
[INFO] [stderr]    Compiling ark-ed-on-bn254 v0.3.0
[INFO] [stderr]    Compiling ark-crypto-primitives v0.3.0
[INFO] [stderr]    Compiling ark-groth16 v0.3.0
[INFO] [stderr]    Compiling arkworks-gadgets v0.3.14
[INFO] [stderr]    Compiling spl-memo v3.0.1
[INFO] [stderr]    Compiling spl-token v3.5.0
[INFO] [stderr]    Compiling anchor-lang v0.28.0
[INFO] [stderr]    Compiling groth16-solana v0.0.2
[INFO] [stderr]    Compiling light-merkle-tree v0.1.1
[INFO] [stderr]    Compiling solana-zk-token-sdk v1.16.24
[INFO] [stderr]    Compiling spl-token-2022 v0.6.1
[INFO] [stderr]    Compiling spl-associated-token-account v1.1.3
[INFO] [stderr]    Compiling anchor-spl v0.28.0
[INFO] [stderr]    Compiling light-merkle-tree-program v0.3.1
[INFO] [stderr]    Compiling light-verifier-sdk v0.3.1 (/opt/rustwide/workdir)
[INFO] [stderr]     Finished dev [unoptimized + debuginfo] target(s) in 51.06s
[INFO] running `Command { std: "docker" "inspect" "da62c7c908f4b01d15106be2531ff5786b72a6be13be981617b5ad73611955bb", kill_on_drop: false }`
[INFO] running `Command { std: "docker" "rm" "-f" "da62c7c908f4b01d15106be2531ff5786b72a6be13be981617b5ad73611955bb", kill_on_drop: false }`
[INFO] [stdout] da62c7c908f4b01d15106be2531ff5786b72a6be13be981617b5ad73611955bb
[INFO] running `Command { std: "docker" "create" "-v" "/var/lib/crater-agent-workspace/builds/worker-7-tc2/target:/opt/rustwide/target:rw,Z" "-v" "/var/lib/crater-agent-workspace/builds/worker-7-tc2/source:/opt/rustwide/workdir:ro,Z" "-v" "/var/lib/crater-agent-workspace/cargo-home:/opt/rustwide/cargo-home:ro,Z" "-v" "/var/lib/crater-agent-workspace/rustup-home:/opt/rustwide/rustup-home:ro,Z" "-e" "SOURCE_DIR=/opt/rustwide/workdir" "-e" "CARGO_TARGET_DIR=/opt/rustwide/target" "-e" "CARGO_INCREMENTAL=0" "-e" "RUST_BACKTRACE=full" "-e" "RUSTFLAGS=--cap-lints=warn" "-e" "RUSTDOCFLAGS=--cap-lints=warn" "-e" "CARGO_HOME=/opt/rustwide/cargo-home" "-e" "RUSTUP_HOME=/opt/rustwide/rustup-home" "-w" "/opt/rustwide/workdir" "-m" "1610612736" "--user" "0:0" "--network" "none" "ghcr.io/rust-lang/crates-build-env/linux@sha256:2788e3201cd34a07e3172128adcd8b3090168a8e3bcc40d7c032b9dda1df7d1c" "/opt/rustwide/cargo-home/bin/cargo" "+beta-2023-12-22" "test" "--frozen" "--no-run" "--message-format=json", kill_on_drop: false }`
[INFO] [stdout] ba8bf77348003ee4ff766b89aa3d47d3f69eec153edfc9fd0f56a9e7e6f2fe9c
[INFO] running `Command { std: "docker" "start" "-a" "ba8bf77348003ee4ff766b89aa3d47d3f69eec153edfc9fd0f56a9e7e6f2fe9c", kill_on_drop: false }`
[INFO] [stderr]    Compiling light-verifier-sdk v0.3.1 (/opt/rustwide/workdir)
[INFO] [stdout] error[E0432]: unresolved import `light_merkle_tree_program::program::MerkleTreeProgram`
[INFO] [stdout]   --> tests/test.rs:16:9
[INFO] [stdout]    |
[INFO] [stdout] 16 |         program::MerkleTreeProgram,
[INFO] [stdout]    |         ^^^^^^^^^-----------------
[INFO] [stdout]    |         |        |
[INFO] [stdout]    |         |        help: a similar name exists in the module: `LightMerkleTreeProgram`
[INFO] [stdout]    |         no `MerkleTreeProgram` in `program`
[INFO] [stdout] 
[INFO] [stdout] 
[INFO] [stdout] error[E0438]: const `NR_NULLIFIERS` is not a member of trait `Config`
[INFO] [stdout]    --> tests/test.rs:173:9
[INFO] [stdout]     |
[INFO] [stdout] 173 |         const NR_NULLIFIERS: usize = 10;
[INFO] [stdout]     |         ^^^^^^^^^^^^^^^^^^^^^^^^^^^^^^^^ not a member of trait `Config`
[INFO] [stdout] 
[INFO] [stdout] 
[INFO] [stdout] error[E0438]: const `NR_LEAVES` is not a member of trait `Config`
[INFO] [stdout]    --> tests/test.rs:175:9
[INFO] [stdout]     |
[INFO] [stdout] 175 |         const NR_LEAVES: usize = 2;
[INFO] [stdout]     |         ^^^^^^^^^^^^^^^^^^^^^^^^^^^ not a member of trait `Config`
[INFO] [stdout] 
[INFO] [stdout] 
[INFO] [stdout] error[E0326]: implemented const `ID` has an incompatible type for trait
[INFO] [stdout]    --> tests/test.rs:177:19
[INFO] [stdout]     |
[INFO] [stdout] 177 |         const ID: [u8; 32] = [
[INFO] [stdout]     |                   ^^^^^^^^ expected `Pubkey`, found `[u8; 32]`
[INFO] [stdout] 
[INFO] [stdout] 
[INFO] [stdout] error[E0107]: struct takes 4 lifetime arguments but 3 lifetime arguments were supplied
[INFO] [stdout]    --> tests/test.rs:196:21
[INFO] [stdout]     |
[INFO] [stdout] 196 |         let mut tx: Transaction<'_, '_, '_, TransactionConfig> = Transaction {
[INFO] [stdout]     |                     ^^^^^^^^^^^ --  --  -- supplied 3 lifetime arguments
[INFO] [stdout]     |                     |
[INFO] [stdout]     |                     expected 4 lifetime arguments
[INFO] [stdout]     |
[INFO] [stdout] note: struct defined here, with 4 lifetime parameters: `'a`, `'b`, `'c`, `'info`
[INFO] [stdout]    --> /opt/rustwide/workdir/src/light_transaction.rs:49:12
[INFO] [stdout]     |
[INFO] [stdout] 49  | pub struct Transaction<
[INFO] [stdout]     |            ^^^^^^^^^^^
[INFO] [stdout] 50  |     'a,
[INFO] [stdout]     |     --
[INFO] [stdout] 51  |     'b,
[INFO] [stdout]     |     --
[INFO] [stdout] 52  |     'c,
[INFO] [stdout]     |     --
[INFO] [stdout] 53  |     'info,
[INFO] [stdout]     |     -----
[INFO] [stdout] help: add missing lifetime argument
[INFO] [stdout]     |
[INFO] [stdout] 196 |         let mut tx: Transaction<'_, '_, '_, '_, TransactionConfig> = Transaction {
[INFO] [stdout]     |                                           ++++
[INFO] [stdout] 
[INFO] [stdout] 
[INFO] [stdout] error[E0107]: struct takes 5 generic arguments but 1 generic argument was supplied
[INFO] [stdout]    --> tests/test.rs:196:21
[INFO] [stdout]     |
[INFO] [stdout] 196 |         let mut tx: Transaction<'_, '_, '_, TransactionConfig> = Transaction {
[INFO] [stdout]     |                     ^^^^^^^^^^^             ----------------- supplied 1 generic argument
[INFO] [stdout]     |                     |
[INFO] [stdout]     |                     expected 5 generic arguments
[INFO] [stdout]     |
[INFO] [stdout] note: struct defined here, with 5 generic parameters: `NR_CHECKED_INPUTS`, `NR_LEAVES`, `NR_NULLIFIERS`, `NR_PUBLIC_INPUTS`, `A`
[INFO] [stdout]    --> /opt/rustwide/workdir/src/light_transaction.rs:49:12
[INFO] [stdout]     |
[INFO] [stdout] 49  | pub struct Transaction<
[INFO] [stdout]     |            ^^^^^^^^^^^
[INFO] [stdout] ...
[INFO] [stdout] 54  |     const NR_CHECKED_INPUTS: usize,
[INFO] [stdout]     |     ------------------------------
[INFO] [stdout] 55  |     const NR_LEAVES: usize,
[INFO] [stdout]     |     ----------------------
[INFO] [stdout] 56  |     const NR_NULLIFIERS: usize,
[INFO] [stdout]     |     --------------------------
[INFO] [stdout] 57  |     const NR_PUBLIC_INPUTS: usize,
[INFO] [stdout]     |     -----------------------------
[INFO] [stdout] 58  |     A: LightAccounts<'info>,
[INFO] [stdout]     |     -
[INFO] [stdout] help: add missing generic arguments
[INFO] [stdout]     |
[INFO] [stdout] 196 |         let mut tx: Transaction<'_, '_, '_, TransactionConfig, NR_LEAVES, NR_NULLIFIERS, NR_PUBLIC_INPUTS, A> = Transaction {
[INFO] [stdout]     |                                                              +++++++++++++++++++++++++++++++++++++++++++++++
[INFO] [stdout] 
[INFO] [stdout] 
[INFO] [stdout] error[E0308]: mismatched types
[INFO] [stdout]    --> tests/test.rs:197:26
[INFO] [stdout]     |
[INFO] [stdout] 197 |             merkle_root: public_inputs_vec[0].clone(),
[INFO] [stdout]     |                          ^^^^^^^^^^^^^^^^^^^^^^^^^^^^ expected `[u8; 32]`, found `Vec<u8>`
[INFO] [stdout]     |
[INFO] [stdout]     = note: expected array `[u8; 32]`
[INFO] [stdout]               found struct `Vec<u8>`
[INFO] [stdout] 
[INFO] [stdout] 
[INFO] [stdout] error[E0308]: mismatched types
[INFO] [stdout]    --> tests/test.rs:199:32
[INFO] [stdout]     |
[INFO] [stdout] 199 |             tx_integrity_hash: public_inputs_vec[2].clone(),
[INFO] [stdout]     |                                ^^^^^^^^^^^^^^^^^^^^^^^^^^^^ expected `[u8; 32]`, found `Vec<u8>`
[INFO] [stdout]     |
[INFO] [stdout]     = note: expected array `[u8; 32]`
[INFO] [stdout]               found struct `Vec<u8>`
[INFO] [stdout] 
[INFO] [stdout] 
[INFO] [stdout] error[E0308]: mismatched types
[INFO] [stdout]    --> tests/test.rs:201:26
[INFO] [stdout]     |
[INFO] [stdout] 201 |             mint_pubkey: public_inputs_vec[4].clone(),
[INFO] [stdout]     |                          ^^^^^^^^^^^^^^^^^^^^^^^^^^^^ expected `[u8; 32]`, found `Vec<u8>`
[INFO] [stdout]     |
[INFO] [stdout]     = note: expected array `[u8; 32]`
[INFO] [stdout]               found struct `Vec<u8>`
[INFO] [stdout] 
[INFO] [stdout] 
[INFO] [stdout] error[E0107]: struct takes 4 lifetime arguments but 3 lifetime arguments were supplied
[INFO] [stdout]    --> tests/test.rs:246:21
[INFO] [stdout]     |
[INFO] [stdout] 246 |         let mut tx: Transaction<'_, '_, '_, TransactionConfig> = Transaction {
[INFO] [stdout]     |                     ^^^^^^^^^^^ --  --  -- supplied 3 lifetime arguments
[INFO] [stdout]     |                     |
[INFO] [stdout]     |                     expected 4 lifetime arguments
[INFO] [stdout]     |
[INFO] [stdout] note: struct defined here, with 4 lifetime parameters: `'a`, `'b`, `'c`, `'info`
[INFO] [stdout]    --> /opt/rustwide/workdir/src/light_transaction.rs:49:12
[INFO] [stdout]     |
[INFO] [stdout] 49  | pub struct Transaction<
[INFO] [stdout]     |            ^^^^^^^^^^^
[INFO] [stdout] 50  |     'a,
[INFO] [stdout]     |     --
[INFO] [stdout] 51  |     'b,
[INFO] [stdout]     |     --
[INFO] [stdout] 52  |     'c,
[INFO] [stdout]     |     --
[INFO] [stdout] 53  |     'info,
[INFO] [stdout]     |     -----
[INFO] [stdout] help: add missing lifetime argument
[INFO] [stdout]     |
[INFO] [stdout] 246 |         let mut tx: Transaction<'_, '_, '_, '_, TransactionConfig> = Transaction {
[INFO] [stdout]     |                                           ++++
[INFO] [stdout] 
[INFO] [stdout] 
[INFO] [stdout] error[E0107]: struct takes 5 generic arguments but 1 generic argument was supplied
[INFO] [stdout]    --> tests/test.rs:246:21
[INFO] [stdout]     |
[INFO] [stdout] 246 |         let mut tx: Transaction<'_, '_, '_, TransactionConfig> = Transaction {
[INFO] [stdout]     |                     ^^^^^^^^^^^             ----------------- supplied 1 generic argument
[INFO] [stdout]     |                     |
[INFO] [stdout]     |                     expected 5 generic arguments
[INFO] [stdout]     |
[INFO] [stdout] note: struct defined here, with 5 generic parameters: `NR_CHECKED_INPUTS`, `NR_LEAVES`, `NR_NULLIFIERS`, `NR_PUBLIC_INPUTS`, `A`
[INFO] [stdout]    --> /opt/rustwide/workdir/src/light_transaction.rs:49:12
[INFO] [stdout]     |
[INFO] [stdout] 49  | pub struct Transaction<
[INFO] [stdout]     |            ^^^^^^^^^^^
[INFO] [stdout] ...
[INFO] [stdout] 54  |     const NR_CHECKED_INPUTS: usize,
[INFO] [stdout]     |     ------------------------------
[INFO] [stdout] 55  |     const NR_LEAVES: usize,
[INFO] [stdout]     |     ----------------------
[INFO] [stdout] 56  |     const NR_NULLIFIERS: usize,
[INFO] [stdout]     |     --------------------------
[INFO] [stdout] 57  |     const NR_PUBLIC_INPUTS: usize,
[INFO] [stdout]     |     -----------------------------
[INFO] [stdout] 58  |     A: LightAccounts<'info>,
[INFO] [stdout]     |     -
[INFO] [stdout] help: add missing generic arguments
[INFO] [stdout]     |
[INFO] [stdout] 246 |         let mut tx: Transaction<'_, '_, '_, TransactionConfig, NR_LEAVES, NR_NULLIFIERS, NR_PUBLIC_INPUTS, A> = Transaction {
[INFO] [stdout]     |                                                              +++++++++++++++++++++++++++++++++++++++++++++++
[INFO] [stdout] 
[INFO] [stdout] 
[INFO] [stdout] error[E0308]: mismatched types
[INFO] [stdout]    --> tests/test.rs:247:26
[INFO] [stdout]     |
[INFO] [stdout] 247 |             merkle_root: public_inputs_vec[0].clone(),
[INFO] [stdout]     |                          ^^^^^^^^^^^^^^^^^^^^^^^^^^^^ expected `[u8; 32]`, found `Vec<u8>`
[INFO] [stdout]     |
[INFO] [stdout]     = note: expected array `[u8; 32]`
[INFO] [stdout]               found struct `Vec<u8>`
[INFO] [stdout] 
[INFO] [stdout] 
[INFO] [stdout] error[E0308]: mismatched types
[INFO] [stdout]    --> tests/test.rs:249:32
[INFO] [stdout]     |
[INFO] [stdout] 249 |             tx_integrity_hash: public_inputs_vec[2].clone(),
[INFO] [stdout]     |                                ^^^^^^^^^^^^^^^^^^^^^^^^^^^^ expected `[u8; 32]`, found `Vec<u8>`
[INFO] [stdout]     |
[INFO] [stdout]     = note: expected array `[u8; 32]`
[INFO] [stdout]               found struct `Vec<u8>`
[INFO] [stdout] 
[INFO] [stdout] 
[INFO] [stdout] error[E0308]: mismatched types
[INFO] [stdout]    --> tests/test.rs:251:26
[INFO] [stdout]     |
[INFO] [stdout] 251 |             mint_pubkey: public_inputs_vec[4].clone(),
[INFO] [stdout]     |                          ^^^^^^^^^^^^^^^^^^^^^^^^^^^^ expected `[u8; 32]`, found `Vec<u8>`
[INFO] [stdout]     |
[INFO] [stdout]     = note: expected array `[u8; 32]`
[INFO] [stdout]               found struct `Vec<u8>`
[INFO] [stdout] 
[INFO] [stdout] 
[INFO] [stdout] error[E0107]: struct takes 4 lifetime arguments but 3 lifetime arguments were supplied
[INFO] [stdout]    --> tests/test.rs:356:17
[INFO] [stdout]     |
[INFO] [stdout] 356 |         let tx: Transaction<'_, '_, '_, TransactionConfig> = Transaction {
[INFO] [stdout]     |                 ^^^^^^^^^^^ --  --  -- supplied 3 lifetime arguments
[INFO] [stdout]     |                 |
[INFO] [stdout]     |                 expected 4 lifetime arguments
[INFO] [stdout]     |
[INFO] [stdout] note: struct defined here, with 4 lifetime parameters: `'a`, `'b`, `'c`, `'info`
[INFO] [stdout]    --> /opt/rustwide/workdir/src/light_transaction.rs:49:12
[INFO] [stdout]     |
[INFO] [stdout] 49  | pub struct Transaction<
[INFO] [stdout]     |            ^^^^^^^^^^^
[INFO] [stdout] 50  |     'a,
[INFO] [stdout]     |     --
[INFO] [stdout] 51  |     'b,
[INFO] [stdout]     |     --
[INFO] [stdout] 52  |     'c,
[INFO] [stdout]     |     --
[INFO] [stdout] 53  |     'info,
[INFO] [stdout]     |     -----
[INFO] [stdout] help: add missing lifetime argument
[INFO] [stdout]     |
[INFO] [stdout] 356 |         let tx: Transaction<'_, '_, '_, '_, TransactionConfig> = Transaction {
[INFO] [stdout]     |                                       ++++
[INFO] [stdout] 
[INFO] [stdout] 
[INFO] [stdout] error[E0107]: struct takes 5 generic arguments but 1 generic argument was supplied
[INFO] [stdout]    --> tests/test.rs:356:17
[INFO] [stdout]     |
[INFO] [stdout] 356 |         let tx: Transaction<'_, '_, '_, TransactionConfig> = Transaction {
[INFO] [stdout]     |                 ^^^^^^^^^^^             ----------------- supplied 1 generic argument
[INFO] [stdout]     |                 |
[INFO] [stdout]     |                 expected 5 generic arguments
[INFO] [stdout]     |
[INFO] [stdout] note: struct defined here, with 5 generic parameters: `NR_CHECKED_INPUTS`, `NR_LEAVES`, `NR_NULLIFIERS`, `NR_PUBLIC_INPUTS`, `A`
[INFO] [stdout]    --> /opt/rustwide/workdir/src/light_transaction.rs:49:12
[INFO] [stdout]     |
[INFO] [stdout] 49  | pub struct Transaction<
[INFO] [stdout]     |            ^^^^^^^^^^^
[INFO] [stdout] ...
[INFO] [stdout] 54  |     const NR_CHECKED_INPUTS: usize,
[INFO] [stdout]     |     ------------------------------
[INFO] [stdout] 55  |     const NR_LEAVES: usize,
[INFO] [stdout]     |     ----------------------
[INFO] [stdout] 56  |     const NR_NULLIFIERS: usize,
[INFO] [stdout]     |     --------------------------
[INFO] [stdout] 57  |     const NR_PUBLIC_INPUTS: usize,
[INFO] [stdout]     |     -----------------------------
[INFO] [stdout] 58  |     A: LightAccounts<'info>,
[INFO] [stdout]     |     -
[INFO] [stdout] help: add missing generic arguments
[INFO] [stdout]     |
[INFO] [stdout] 356 |         let tx: Transaction<'_, '_, '_, TransactionConfig, NR_LEAVES, NR_NULLIFIERS, NR_PUBLIC_INPUTS, A> = Transaction {
[INFO] [stdout]     |                                                          +++++++++++++++++++++++++++++++++++++++++++++++
[INFO] [stdout] 
[INFO] [stdout] 
[INFO] [stdout] error[E0308]: mismatched types
[INFO] [stdout]    --> tests/test.rs:357:26
[INFO] [stdout]     |
[INFO] [stdout] 357 |             merkle_root: public_inputs_vec[0].clone(),
[INFO] [stdout]     |                          ^^^^^^^^^^^^^^^^^^^^^^^^^^^^ expected `[u8; 32]`, found `Vec<u8>`
[INFO] [stdout]     |
[INFO] [stdout]     = note: expected array `[u8; 32]`
[INFO] [stdout]               found struct `Vec<u8>`
[INFO] [stdout] 
[INFO] [stdout] 
[INFO] [stdout] error[E0308]: mismatched types
[INFO] [stdout]    --> tests/test.rs:359:32
[INFO] [stdout]     |
[INFO] [stdout] 359 |             tx_integrity_hash: public_inputs_vec[2].clone(),
[INFO] [stdout]     |                                ^^^^^^^^^^^^^^^^^^^^^^^^^^^^ expected `[u8; 32]`, found `Vec<u8>`
[INFO] [stdout]     |
[INFO] [stdout]     = note: expected array `[u8; 32]`
[INFO] [stdout]               found struct `Vec<u8>`
[INFO] [stdout] 
[INFO] [stdout] 
[INFO] [stdout] error[E0308]: mismatched types
[INFO] [stdout]    --> tests/test.rs:361:26
[INFO] [stdout]     |
[INFO] [stdout] 361 |             mint_pubkey: public_inputs_vec[4].clone(),
[INFO] [stdout]     |                          ^^^^^^^^^^^^^^^^^^^^^^^^^^^^ expected `[u8; 32]`, found `Vec<u8>`
[INFO] [stdout]     |
[INFO] [stdout]     = note: expected array `[u8; 32]`
[INFO] [stdout]               found struct `Vec<u8>`
[INFO] [stdout] 
[INFO] [stdout] 
[INFO] [stdout] warning: use of deprecated associated function `anchor_lang::prelude::Pubkey::new`: Please use 'Pubkey::from' or 'Pubkey::try_from' instead
[INFO] [stdout]    --> tests/test.rs:387:34
[INFO] [stdout]     |
[INFO] [stdout] 387 |         let program_id = Pubkey::new(&[0u8; 32]);
[INFO] [stdout]     |                                  ^^^
[INFO] [stdout]     |
[INFO] [stdout]     = note: `#[warn(deprecated)]` on by default
[INFO] [stdout] 
[INFO] [stdout] 
[INFO] [stdout] error: aborting due to 19 previous errors; 1 warning emitted
[INFO] [stdout] 
[INFO] [stdout] 
[INFO] [stdout] Some errors have detailed explanations: E0107, E0308, E0326, E0432, E0438.
[INFO] [stdout] 
[INFO] [stdout] For more information about an error, try `rustc --explain E0107`.
[INFO] [stdout] 
[INFO] [stderr] error: could not compile `light-verifier-sdk` (test "test") due to 20 previous errors; 1 warning emitted
[INFO] [stderr] warning: build failed, waiting for other jobs to finish...
[INFO] running `Command { std: "docker" "inspect" "ba8bf77348003ee4ff766b89aa3d47d3f69eec153edfc9fd0f56a9e7e6f2fe9c", kill_on_drop: false }`
[INFO] running `Command { std: "docker" "rm" "-f" "ba8bf77348003ee4ff766b89aa3d47d3f69eec153edfc9fd0f56a9e7e6f2fe9c", kill_on_drop: false }`
[INFO] [stdout] ba8bf77348003ee4ff766b89aa3d47d3f69eec153edfc9fd0f56a9e7e6f2fe9c
