[INFO] fetching crate lief-sys 0.0.1...
[INFO] testing lief-sys-0.0.1 against 1.75.0 for beta-1.76-1
[INFO] extracting crate lief-sys 0.0.1 into /workspace/builds/worker-2-tc1/source
[INFO] validating manifest of crates.io crate lief-sys 0.0.1 on toolchain 1.75.0
[INFO] running `Command { std: CARGO_HOME="/workspace/cargo-home" RUSTUP_HOME="/workspace/rustup-home" "/workspace/cargo-home/bin/cargo" "+1.75.0" "metadata" "--manifest-path" "Cargo.toml" "--no-deps", kill_on_drop: false }`
[INFO] started tweaking crates.io crate lief-sys 0.0.1
[INFO] finished tweaking crates.io crate lief-sys 0.0.1
[INFO] tweaked toml for crates.io crate lief-sys 0.0.1 written to /workspace/builds/worker-2-tc1/source/Cargo.toml
[INFO] running `Command { std: CARGO_HOME="/workspace/cargo-home" RUSTUP_HOME="/workspace/rustup-home" "/workspace/cargo-home/bin/cargo" "+1.75.0" "generate-lockfile" "--manifest-path" "Cargo.toml", kill_on_drop: false }`
[INFO] [stderr]     Updating crates.io index
[INFO] running `Command { std: CARGO_HOME="/workspace/cargo-home" RUSTUP_HOME="/workspace/rustup-home" "/workspace/cargo-home/bin/cargo" "+1.75.0" "fetch" "--manifest-path" "Cargo.toml", kill_on_drop: false }`
[INFO] running `Command { std: "docker" "create" "-v" "/var/lib/crater-agent-workspace/builds/worker-2-tc1/target:/opt/rustwide/target:rw,Z" "-v" "/var/lib/crater-agent-workspace/builds/worker-2-tc1/source:/opt/rustwide/workdir:ro,Z" "-v" "/var/lib/crater-agent-workspace/cargo-home:/opt/rustwide/cargo-home:ro,Z" "-v" "/var/lib/crater-agent-workspace/rustup-home:/opt/rustwide/rustup-home:ro,Z" "-e" "SOURCE_DIR=/opt/rustwide/workdir" "-e" "CARGO_TARGET_DIR=/opt/rustwide/target" "-e" "CARGO_HOME=/opt/rustwide/cargo-home" "-e" "RUSTUP_HOME=/opt/rustwide/rustup-home" "-w" "/opt/rustwide/workdir" "-m" "1610612736" "--user" "0:0" "--network" "none" "ghcr.io/rust-lang/crates-build-env/linux@sha256:2788e3201cd34a07e3172128adcd8b3090168a8e3bcc40d7c032b9dda1df7d1c" "/opt/rustwide/cargo-home/bin/cargo" "+1.75.0" "metadata" "--no-deps" "--format-version=1", kill_on_drop: false }`
[INFO] [stdout] 00b199bfffffbac33c04c4cee02f30afad6650bb9037bcbefebaed34075b3ac4
[INFO] running `Command { std: "docker" "start" "-a" "00b199bfffffbac33c04c4cee02f30afad6650bb9037bcbefebaed34075b3ac4", kill_on_drop: false }`
[INFO] running `Command { std: "docker" "inspect" "00b199bfffffbac33c04c4cee02f30afad6650bb9037bcbefebaed34075b3ac4", kill_on_drop: false }`
[INFO] running `Command { std: "docker" "rm" "-f" "00b199bfffffbac33c04c4cee02f30afad6650bb9037bcbefebaed34075b3ac4", kill_on_drop: false }`
[INFO] [stdout] 00b199bfffffbac33c04c4cee02f30afad6650bb9037bcbefebaed34075b3ac4
[INFO] running `Command { std: "docker" "create" "-v" "/var/lib/crater-agent-workspace/builds/worker-2-tc1/target:/opt/rustwide/target:rw,Z" "-v" "/var/lib/crater-agent-workspace/builds/worker-2-tc1/source:/opt/rustwide/workdir:ro,Z" "-v" "/var/lib/crater-agent-workspace/cargo-home:/opt/rustwide/cargo-home:ro,Z" "-v" "/var/lib/crater-agent-workspace/rustup-home:/opt/rustwide/rustup-home:ro,Z" "-e" "SOURCE_DIR=/opt/rustwide/workdir" "-e" "CARGO_TARGET_DIR=/opt/rustwide/target" "-e" "CARGO_INCREMENTAL=0" "-e" "RUST_BACKTRACE=full" "-e" "RUSTFLAGS=--cap-lints=warn" "-e" "RUSTDOCFLAGS=--cap-lints=warn" "-e" "CARGO_HOME=/opt/rustwide/cargo-home" "-e" "RUSTUP_HOME=/opt/rustwide/rustup-home" "-w" "/opt/rustwide/workdir" "-m" "1610612736" "--user" "0:0" "--network" "none" "ghcr.io/rust-lang/crates-build-env/linux@sha256:2788e3201cd34a07e3172128adcd8b3090168a8e3bcc40d7c032b9dda1df7d1c" "/opt/rustwide/cargo-home/bin/cargo" "+1.75.0" "build" "--frozen" "--message-format=json", kill_on_drop: false }`
[INFO] [stdout] d6b431f87d6fc9e73a61fb09049532d9cc0f1f46b0c33ebb9a46fcc3225a1673
[INFO] running `Command { std: "docker" "start" "-a" "d6b431f87d6fc9e73a61fb09049532d9cc0f1f46b0c33ebb9a46fcc3225a1673", kill_on_drop: false }`
[INFO] [stderr]    Compiling libc v0.2.151
[INFO] [stderr]    Compiling memchr v2.7.1
[INFO] [stderr]    Compiling glob v0.3.1
[INFO] [stderr]    Compiling proc-macro2 v1.0.75
[INFO] [stderr]    Compiling regex-syntax v0.8.2
[INFO] [stderr]    Compiling quick-error v1.2.3
[INFO] [stderr]    Compiling nom v5.1.3
[INFO] [stderr]    Compiling unicode-width v0.1.11
[INFO] [stderr]    Compiling humantime v1.3.0
[INFO] [stderr]    Compiling textwrap v0.11.0
[INFO] [stderr]    Compiling termcolor v1.4.0
[INFO] [stderr]    Compiling log v0.4.20
[INFO] [stderr]    Compiling ansi_term v0.12.1
[INFO] [stderr]    Compiling clang-sys v0.29.3
[INFO] [stderr]    Compiling aho-corasick v1.1.2
[INFO] [stderr]    Compiling vec_map v0.8.2
[INFO] [stderr]    Compiling bitflags v1.3.2
[INFO] [stderr]    Compiling bindgen v0.53.3
[INFO] [stderr]    Compiling strsim v0.8.0
[INFO] [stderr]    Compiling quote v1.0.35
[INFO] [stderr]    Compiling cc v1.0.83
[INFO] [stderr]    Compiling atty v0.2.14
[INFO] [stderr]    Compiling clap v2.34.0
[INFO] [stderr]    Compiling which v3.1.1
[INFO] [stderr]    Compiling rustc-hash v1.1.0
[INFO] [stderr]    Compiling cfg-if v0.1.10
[INFO] [stderr]    Compiling lazycell v1.3.0
[INFO] [stderr]    Compiling shlex v0.1.1
[INFO] [stderr]    Compiling lazy_static v1.4.0
[INFO] [stderr]    Compiling peeking_take_while v0.1.2
[INFO] [stderr]    Compiling cmake v0.1.50
[INFO] [stderr]    Compiling regex-automata v0.4.3
[INFO] [stderr]    Compiling libloading v0.5.2
[INFO] [stderr]    Compiling cexpr v0.4.0
[INFO] [stderr]    Compiling regex v1.10.2
[INFO] [stderr]    Compiling env_logger v0.7.1
[INFO] [stderr]    Compiling lief-sys v0.0.1 (/opt/rustwide/workdir)
[INFO] [stderr] error: failed to run custom build command for `lief-sys v0.0.1 (/opt/rustwide/workdir)`
[INFO] [stderr] note: To improve backtraces for build dependencies, set the CARGO_PROFILE_DEV_BUILD_OVERRIDE_DEBUG=true environment variable to enable debug information generation.
[INFO] [stderr] 
[INFO] [stderr] Caused by:
[INFO] [stderr]   process didn't exit successfully: `/opt/rustwide/target/debug/build/lief-sys-11a3715daf3b4559/build-script-build` (exit status: 101)
[INFO] [stderr]   --- stdout
[INFO] [stderr]   CMAKE_TOOLCHAIN_FILE_x86_64-unknown-linux-gnu = None
[INFO] [stderr]   CMAKE_TOOLCHAIN_FILE_x86_64_unknown_linux_gnu = None
[INFO] [stderr]   HOST_CMAKE_TOOLCHAIN_FILE = None
[INFO] [stderr]   CMAKE_TOOLCHAIN_FILE = None
[INFO] [stderr]   CMAKE_GENERATOR_x86_64-unknown-linux-gnu = None
[INFO] [stderr]   CMAKE_GENERATOR_x86_64_unknown_linux_gnu = None
[INFO] [stderr]   HOST_CMAKE_GENERATOR = None
[INFO] [stderr]   CMAKE_GENERATOR = None
[INFO] [stderr]   CMAKE_PREFIX_PATH_x86_64-unknown-linux-gnu = None
[INFO] [stderr]   CMAKE_PREFIX_PATH_x86_64_unknown_linux_gnu = None
[INFO] [stderr]   HOST_CMAKE_PREFIX_PATH = None
[INFO] [stderr]   CMAKE_PREFIX_PATH = None
[INFO] [stderr]   CMAKE_x86_64-unknown-linux-gnu = None
[INFO] [stderr]   CMAKE_x86_64_unknown_linux_gnu = None
[INFO] [stderr]   HOST_CMAKE = None
[INFO] [stderr]   CMAKE = None
[INFO] [stderr]   running: cd "/opt/rustwide/target/debug/build/lief-sys-26d1fad8e9e0d71e/out/build" && CMAKE_PREFIX_PATH="" "cmake" "/opt/rustwide/workdir/lief" "-DCMAKE_BUILD_TYPE=Release" "-DBUILD_SHARED_LIBS=on" "-DLIEF_PYTHON_API=off" "-DLIEF_EXAMPLES=off" "-DLIEF_USE_CCACHE=off" "-DLIEF_INSTALL_COMPILED_EXAMPLES=off" "-DCMAKE_INSTALL_PREFIX=/opt/rustwide/target/debug/build/lief-sys-26d1fad8e9e0d71e/out" "-DCMAKE_C_FLAGS= -ffunction-sections -fdata-sections -fPIC -m64" "-DCMAKE_C_COMPILER=/usr/bin/cc" "-DCMAKE_CXX_FLAGS= -ffunction-sections -fdata-sections -fPIC -m64" "-DCMAKE_CXX_COMPILER=/usr/bin/c++" "-DCMAKE_ASM_FLAGS= -ffunction-sections -fdata-sections -fPIC -m64" "-DCMAKE_ASM_COMPILER=/usr/bin/cc"
[INFO] [stderr]   -- The C compiler identification is GNU 11.4.0
[INFO] [stderr]   -- The CXX compiler identification is GNU 11.4.0
[INFO] [stderr]   -- Detecting C compiler ABI info
[INFO] [stderr]   -- Detecting C compiler ABI info - done
[INFO] [stderr]   -- Check for working C compiler: /usr/bin/cc - skipped
[INFO] [stderr]   -- Detecting C compile features
[INFO] [stderr]   -- Detecting C compile features - done
[INFO] [stderr]   -- Detecting CXX compiler ABI info
[INFO] [stderr]   -- Detecting CXX compiler ABI info - done
[INFO] [stderr]   -- Check for working CXX compiler: /usr/bin/c++ - skipped
[INFO] [stderr]   -- Detecting CXX compile features
[INFO] [stderr]   -- Detecting CXX compile features - done
[INFO] [stderr]   -- LIEF 0.11.5
[INFO] [stderr]   -- Caching: off
[INFO] [stderr]   -- Enable JSON support
[INFO] [stderr]   -- Enable Frozen (C++14 support)
[INFO] [stderr]   -- CMAKE_CXX_FLAGS_RELEASE:           -O3 -DNDEBUG
[INFO] [stderr]   -- CMAKE_CXX_FLAGS:                    -ffunction-sections -fdata-sections -fPIC -m64
[INFO] [stderr]   -- CMAKE_CXX_LINK_EXECUTABLE:         <CMAKE_CXX_COMPILER> <FLAGS> <CMAKE_CXX_LINK_FLAGS> <LINK_FLAGS> <OBJECTS> -o <TARGET> <LINK_LIBRARIES>
[INFO] [stderr]   -- CMAKE_CXX_LINK_FLAGS:              
[INFO] [stderr]   -- CMAKE_EXE_LINKER_FLAGS:            
[INFO] [stderr]   -- CMAKE_EXE_LINKER_FLAGS_RELEASE:    
[INFO] [stderr]   -- CMAKE_SHARED_LINKER_FLAGS:         
[INFO] [stderr]   -- CMAKE_SHARED_LINKER_FLAGS_RELEASE: 
[INFO] [stderr]   -- CMAKE_CXX_LINK_LIBRARY_FILE_FLAG:  
[INFO] [stderr]   -- CMAKE_LINK_LIBRARY_FILE_FLAG:      
[INFO] [stderr]   -- CMAKE_LINK_INTERFACE_LIBRARIES:    
[INFO] [stderr]   -- CMAKE_CXX_IMPLICIT_LINK_LIBRARIES: stdc++;m;gcc_s;gcc;c;gcc_s;gcc
[INFO] [stderr]   -- CMAKE_SYSTEM_PROCESSOR:            x86_64
[INFO] [stderr]   -- Performing Test C_SUPPORTS_WALL
[INFO] [stderr]   -- Performing Test C_SUPPORTS_WALL - Success
[INFO] [stderr]   -- Performing Test CXX_SUPPORTS_WALL
[INFO] [stderr]   -- Performing Test CXX_SUPPORTS_WALL - Success
[INFO] [stderr]   -- Performing Test C_SUPPORTS_WEXTRA
[INFO] [stderr]   -- Performing Test C_SUPPORTS_WEXTRA - Success
[INFO] [stderr]   -- Performing Test CXX_SUPPORTS_WEXTRA
[INFO] [stderr]   -- Performing Test CXX_SUPPORTS_WEXTRA - Success
[INFO] [stderr]   -- Performing Test C_SUPPORTS_WPEDANTIC
[INFO] [stderr]   -- Performing Test C_SUPPORTS_WPEDANTIC - Success
[INFO] [stderr]   -- Performing Test CXX_SUPPORTS_WPEDANTIC
[INFO] [stderr]   -- Performing Test CXX_SUPPORTS_WPEDANTIC - Success
[INFO] [stderr]   -- Performing Test C_SUPPORTS_NO_STACK_PROTECTOR
[INFO] [stderr]   -- Performing Test C_SUPPORTS_NO_STACK_PROTECTOR - Success
[INFO] [stderr]   -- Performing Test CXX_SUPPORTS_NO_STACK_PROTECTOR
[INFO] [stderr]   -- Performing Test CXX_SUPPORTS_NO_STACK_PROTECTOR - Success
[INFO] [stderr]   -- Performing Test C_SUPPORTS_OMIT_FRAME_POINTER
[INFO] [stderr]   -- Performing Test C_SUPPORTS_OMIT_FRAME_POINTER - Success
[INFO] [stderr]   -- Performing Test CXX_SUPPORTS_OMIT_FRAME_POINTER
[INFO] [stderr]   -- Performing Test CXX_SUPPORTS_OMIT_FRAME_POINTER - Success
[INFO] [stderr]   -- Performing Test C_SUPPORTS_NO_STRICT_ALIASING
[INFO] [stderr]   -- Performing Test C_SUPPORTS_NO_STRICT_ALIASING - Success
[INFO] [stderr]   -- Performing Test CXX_SUPPORTS_NO_STRICT_ALIASING
[INFO] [stderr]   -- Performing Test CXX_SUPPORTS_NO_STRICT_ALIASING - Success
[INFO] [stderr]   -- Performing Test C_SUPPORTS_EXCEPTION
[INFO] [stderr]   -- Performing Test C_SUPPORTS_EXCEPTION - Success
[INFO] [stderr]   -- Performing Test CXX_SUPPORTS_EXCEPTION
[INFO] [stderr]   -- Performing Test CXX_SUPPORTS_EXCEPTION - Success
[INFO] [stderr]   -- Performing Test C_SUPPORTS_VISIBILITY
[INFO] [stderr]   -- Performing Test C_SUPPORTS_VISIBILITY - Success
[INFO] [stderr]   -- Performing Test CXX_SUPPORTS_VISIBILITY
[INFO] [stderr]   -- Performing Test CXX_SUPPORTS_VISIBILITY - Success
[INFO] [stderr]   -- Performing Test C_SUPPORTS_NO_EXPANSION_TO_DEFINED
[INFO] [stderr]   -- Performing Test C_SUPPORTS_NO_EXPANSION_TO_DEFINED - Success
[INFO] [stderr]   -- Performing Test CXX_SUPPORTS_NO_EXPANSION_TO_DEFINED
[INFO] [stderr]   -- Performing Test CXX_SUPPORTS_NO_EXPANSION_TO_DEFINED - Success
[INFO] [stderr]   -- Performing Test C_SUPPORTS_DIAGNOSTICS_COLOR
[INFO] [stderr]   -- Performing Test C_SUPPORTS_DIAGNOSTICS_COLOR - Success
[INFO] [stderr]   -- Performing Test CXX_SUPPORTS_DIAGNOSTICS_COLOR
[INFO] [stderr]   -- Performing Test CXX_SUPPORTS_DIAGNOSTICS_COLOR - Success
[INFO] [stderr]   -- Performing Test C_SUPPORTS_COLOR_DIAGNOSTICS
[INFO] [stderr]   -- Performing Test C_SUPPORTS_COLOR_DIAGNOSTICS - Failed
[INFO] [stderr]   -- Performing Test CXX_SUPPORTS_COLOR_DIAGNOSTICS
[INFO] [stderr]   -- Performing Test CXX_SUPPORTS_COLOR_DIAGNOSTICS - Failed
[INFO] [stderr]   -- Configuration Types: 
[INFO] [stderr]   -- Build Types: Release
[INFO] [stderr]   -- Configuring done
[INFO] [stderr]   -- Generating done
[INFO] [stderr]   -- Build files have been written to: /opt/rustwide/target/debug/build/lief-sys-26d1fad8e9e0d71e/out/build
[INFO] [stderr]   running: cd "/opt/rustwide/target/debug/build/lief-sys-26d1fad8e9e0d71e/out/build" && MAKEFLAGS="-j --jobserver-fds=7,8 --jobserver-auth=7,8" "cmake" "--build" "." "--target" "install" "--config" "Debug"
[INFO] [stderr]   [  1%] Creating directories for 'lief_libjson'
[INFO] [stderr]   [  2%] Creating directories for 'lief_mbed_tls'
[INFO] [stderr]   [  2%] Creating directories for 'lief_leaf'
[INFO] [stderr]   [  2%] Creating directories for 'lief_utfcpp'
[INFO] [stderr]   [  2%] Creating directories for 'lief_frozen'
[INFO] [stderr]   [  2%] Creating directories for 'lief_spdlog'
[INFO] [stderr]   [  2%] Performing download step (verify and extract) for 'lief_libjson'
[INFO] [stderr]   -- verifying file...
[INFO] [stderr]        file='/opt/rustwide/workdir/lief/third-party//json-3.9.1.zip'
[INFO] [stderr]   -- verifying file... done
[INFO] [stderr]   -- extracting...
[INFO] [stderr]        src='/opt/rustwide/workdir/lief/third-party/json-3.9.1.zip'
[INFO] [stderr]        dst='/opt/rustwide/target/debug/build/lief-sys-26d1fad8e9e0d71e/out/build/lief_libjson-prefix/src/lief_libjson'
[INFO] [stderr]   -- extracting... [tar xfz]
[INFO] [stderr]   [  2%] Performing download step (verify and extract) for 'lief_utfcpp'
[INFO] [stderr]   -- extracting... [analysis]
[INFO] [stderr]   -- extracting... [rename]
[INFO] [stderr]   -- extracting... [clean up]
[INFO] [stderr]   -- extracting... done
[INFO] [stderr]   -- verifying file...
[INFO] [stderr]        file='/opt/rustwide/workdir/lief/third-party//utfcpp-3.1.2.zip'
[INFO] [stderr]   -- verifying file... done
[INFO] [stderr]   [  2%] Performing download step (verify and extract) for 'lief_mbed_tls'
[INFO] [stderr]   [  2%] Performing download step (verify and extract) for 'lief_leaf'
[INFO] [stderr]   [  2%] Performing download step (verify and extract) for 'lief_frozen'
[INFO] [stderr]   -- verifying file...
[INFO] [stderr]        file='/opt/rustwide/workdir/lief/third-party//mbedtls-2.25.0.zip'
[INFO] [stderr]   -- extracting...
[INFO] [stderr]        src='/opt/rustwide/workdir/lief/third-party/utfcpp-3.1.2.zip'
[INFO] [stderr]        dst='/opt/rustwide/target/debug/build/lief-sys-26d1fad8e9e0d71e/out/build/lief_utfcpp-prefix/src/lief_utfcpp'
[INFO] [stderr]   -- extracting... [tar xfz]
[INFO] [stderr]   -- verifying file... done
[INFO] [stderr]   -- verifying file...
[INFO] [stderr]        file='/opt/rustwide/workdir/lief/third-party//leaf-0.3.1.zip'
[INFO] [stderr]   -- verifying file... done
[INFO] [stderr]   [  2%] No update step for 'lief_libjson'
[INFO] [stderr]   -- verifying file...
[INFO] [stderr]        file='/opt/rustwide/workdir/lief/third-party//frozen-e6ddc43.zip'
[INFO] [stderr]   -- verifying file... done
[INFO] [stderr]   -- extracting... [analysis]
[INFO] [stderr]   -- extracting... [rename]
[INFO] [stderr]   -- extracting... [clean up]
[INFO] [stderr]   -- extracting... done
[INFO] [stderr]   [  2%] Performing download step (verify and extract) for 'lief_spdlog'
[INFO] [stderr]   -- extracting...
[INFO] [stderr]        src='/opt/rustwide/workdir/lief/third-party/mbedtls-2.25.0.zip'
[INFO] [stderr]        dst='/opt/rustwide/target/debug/build/lief-sys-26d1fad8e9e0d71e/out/build/mbed_tls/src/lief_mbed_tls'
[INFO] [stderr]   -- extracting... [tar xfz]
[INFO] [stderr]   -- verifying file...
[INFO] [stderr]        file='/opt/rustwide/workdir/lief/third-party//spdlog-1.8.2.zip'
[INFO] [stderr]   -- extracting...
[INFO] [stderr]        src='/opt/rustwide/workdir/lief/third-party/leaf-0.3.1.zip'
[INFO] [stderr]        dst='/opt/rustwide/target/debug/build/lief-sys-26d1fad8e9e0d71e/out/build/lief_leaf-prefix/src/lief_leaf'
[INFO] [stderr]   -- extracting... [tar xfz]
[INFO] [stderr]   -- extracting...
[INFO] [stderr]        src='/opt/rustwide/workdir/lief/third-party/frozen-e6ddc43.zip'
[INFO] [stderr]        dst='/opt/rustwide/target/debug/build/lief-sys-26d1fad8e9e0d71e/out/build/lief_frozen-prefix/src/lief_frozen'
[INFO] [stderr]   -- extracting... [tar xfz]
[INFO] [stderr]   -- verifying file... done
[INFO] [stderr]   [  3%] No update step for 'lief_utfcpp'
[INFO] [stderr]   -- extracting... [analysis]
[INFO] [stderr]   -- extracting... [rename]
[INFO] [stderr]   -- extracting... [clean up]
[INFO] [stderr]   -- extracting... done
[INFO] [stderr]   [  3%] No patch step for 'lief_libjson'
[INFO] [stderr]   -- extracting...
[INFO] [stderr]        src='/opt/rustwide/workdir/lief/third-party/spdlog-1.8.2.zip'
[INFO] [stderr]        dst='/opt/rustwide/target/debug/build/lief-sys-26d1fad8e9e0d71e/out/build/lief_spdlog-prefix/src/lief_spdlog'
[INFO] [stderr]   -- extracting... [tar xfz]
[INFO] [stderr]   -- extracting... [analysis]
[INFO] [stderr]   -- extracting... [rename]
[INFO] [stderr]   -- extracting... [clean up]
[INFO] [stderr]   -- extracting... done
[INFO] [stderr]   [  3%] No update step for 'lief_leaf'
[INFO] [stderr]   [  3%] No configure step for 'lief_libjson'
[INFO] [stderr]   [  3%] No update step for 'lief_frozen'
[INFO] [stderr]   -- extracting... [analysis]
[INFO] [stderr]   -- extracting... [rename]
[INFO] [stderr]   -- extracting... [clean up]
[INFO] [stderr]   -- extracting... done
[INFO] [stderr]   [  3%] No patch step for 'lief_utfcpp'
[INFO] [stderr]   [  4%] No build step for 'lief_libjson'
[INFO] [stderr]   [  4%] No configure step for 'lief_utfcpp'
[INFO] [stderr]   [  4%] No update step for 'lief_spdlog'
[INFO] [stderr]   [  5%] No patch step for 'lief_leaf'
[INFO] [stderr]   -- extracting... [analysis]
[INFO] [stderr]   -- extracting... [rename]
[INFO] [stderr]   -- extracting... [clean up]
[INFO] [stderr]   -- extracting... done
[INFO] [stderr]   [  6%] No patch step for 'lief_frozen'
[INFO] [stderr]   [  6%] No install step for 'lief_libjson'
[INFO] [stderr]   [  6%] No patch step for 'lief_spdlog'
[INFO] [stderr]   [  7%] No configure step for 'lief_leaf'
[INFO] [stderr]   [  7%] No update step for 'lief_mbed_tls'
[INFO] [stderr]   [  7%] No build step for 'lief_leaf'
[INFO] [stderr]   [  7%] No build step for 'lief_utfcpp'
[INFO] [stderr]   [  7%] Completed 'lief_libjson'
[INFO] [stderr]   [  8%] No configure step for 'lief_frozen'
[INFO] [stderr]   [  8%] No configure step for 'lief_spdlog'
[INFO] [stderr]   [  8%] No patch step for 'lief_mbed_tls'
[INFO] [stderr]   [  8%] No install step for 'lief_leaf'
[INFO] [stderr]   [  9%] No install step for 'lief_utfcpp'
[INFO] [stderr]   [  9%] No build step for 'lief_frozen'
[INFO] [stderr]   [  9%] No build step for 'lief_spdlog'
[INFO] [stderr]   [  9%] Built target lief_libjson
[INFO] [stderr]   [  9%] No configure step for 'lief_mbed_tls'
[INFO] [stderr]   [  9%] Completed 'lief_leaf'
[INFO] [stderr]   [ 10%] No install step for 'lief_spdlog'
[INFO] [stderr]   [ 10%] No install step for 'lief_frozen'
[INFO] [stderr]   [ 11%] Completed 'lief_utfcpp'
[INFO] [stderr]   [ 12%] No build step for 'lief_mbed_tls'
[INFO] [stderr]   [ 12%] Built target lief_leaf
[INFO] [stderr]   [ 13%] Completed 'lief_spdlog'
[INFO] [stderr]   [ 13%] Built target lief_utfcpp
[INFO] [stderr]   [ 13%] Built target lief_spdlog
[INFO] [stderr]   [ 13%] Completed 'lief_frozen'
[INFO] [stderr]   [ 13%] No install step for 'lief_mbed_tls'
[INFO] [stderr]   [ 13%] Completed 'lief_mbed_tls'
[INFO] [stderr]   [ 13%] Built target lief_frozen
[INFO] [stderr]   [ 13%] Built target lief_mbed_tls
[INFO] [stderr]   [ 13%] Generating include/LIEF/third-party/utfcpp/utf8.h
[INFO] [stderr]   [ 13%] Generating include/LIEF/third-party/json.hpp
[INFO] [stderr]   [ 13%] Generating include/LIEF/third-party/boost/leaf/all.hpp
[INFO] [stderr]   [ 14%] Building C object CMakeFiles/LIB_LIEF.dir/mbed_tls/src/lief_mbed_tls/library/aes.c.o
[INFO] [stderr]   [ 14%] Building C object CMakeFiles/LIB_LIEF.dir/mbed_tls/src/lief_mbed_tls/library/aria.c.o
[INFO] [stderr]   [ 14%] Building C object CMakeFiles/LIB_LIEF.dir/mbed_tls/src/lief_mbed_tls/library/arc4.c.o
[INFO] [stderr]   [ 15%] Building C object CMakeFiles/LIB_LIEF.dir/mbed_tls/src/lief_mbed_tls/library/asn1parse.c.o
[INFO] [stderr]   [ 15%] Building C object CMakeFiles/LIB_LIEF.dir/mbed_tls/src/lief_mbed_tls/library/aesni.c.o
[INFO] [stderr]   [ 15%] Building C object CMakeFiles/LIB_LIEF.dir/mbed_tls/src/lief_mbed_tls/library/asn1write.c.o
[INFO] [stderr]   [ 15%] Building C object CMakeFiles/LIB_LIEF.dir/mbed_tls/src/lief_mbed_tls/library/base64.c.o
[INFO] [stderr]   [ 15%] Building C object CMakeFiles/LIB_LIEF.dir/mbed_tls/src/lief_mbed_tls/library/bignum.c.o
[INFO] [stderr]   [ 16%] Building C object CMakeFiles/LIB_LIEF.dir/mbed_tls/src/lief_mbed_tls/library/blowfish.c.o
[INFO] [stderr]   [ 16%] Building C object CMakeFiles/LIB_LIEF.dir/mbed_tls/src/lief_mbed_tls/library/camellia.c.o
[INFO] [stderr]   [ 16%] Building C object CMakeFiles/LIB_LIEF.dir/mbed_tls/src/lief_mbed_tls/library/ccm.c.o
[INFO] [stderr]   [ 16%] Building C object CMakeFiles/LIB_LIEF.dir/mbed_tls/src/lief_mbed_tls/library/chacha20.c.o
[INFO] [stderr]   [ 17%] Building C object CMakeFiles/LIB_LIEF.dir/mbed_tls/src/lief_mbed_tls/library/chachapoly.c.o
[INFO] [stderr]   [ 17%] Building C object CMakeFiles/LIB_LIEF.dir/mbed_tls/src/lief_mbed_tls/library/cipher.c.o
[INFO] [stderr]   [ 17%] Building C object CMakeFiles/LIB_LIEF.dir/mbed_tls/src/lief_mbed_tls/library/cipher_wrap.c.o
[INFO] [stderr]   [ 18%] Building C object CMakeFiles/LIB_LIEF.dir/mbed_tls/src/lief_mbed_tls/library/cmac.c.o
[INFO] [stderr]   [ 18%] Building C object CMakeFiles/LIB_LIEF.dir/mbed_tls/src/lief_mbed_tls/library/ctr_drbg.c.o
[INFO] [stderr]   [ 18%] Building C object CMakeFiles/LIB_LIEF.dir/mbed_tls/src/lief_mbed_tls/library/des.c.o
[INFO] [stderr]   [ 18%] Building C object CMakeFiles/LIB_LIEF.dir/mbed_tls/src/lief_mbed_tls/library/dhm.c.o
[INFO] [stderr]   [ 19%] Building C object CMakeFiles/LIB_LIEF.dir/mbed_tls/src/lief_mbed_tls/library/ecdh.c.o
[INFO] [stderr]   [ 19%] Building C object CMakeFiles/LIB_LIEF.dir/mbed_tls/src/lief_mbed_tls/library/ecjpake.c.o
[INFO] [stderr]   [ 19%] Building C object CMakeFiles/LIB_LIEF.dir/mbed_tls/src/lief_mbed_tls/library/ecdsa.c.o
[INFO] [stderr]   [ 19%] Building C object CMakeFiles/LIB_LIEF.dir/mbed_tls/src/lief_mbed_tls/library/ecp.c.o
[INFO] [stderr]   [ 20%] Building C object CMakeFiles/LIB_LIEF.dir/mbed_tls/src/lief_mbed_tls/library/ecp_curves.c.o
[INFO] [stderr]   [ 20%] Building C object CMakeFiles/LIB_LIEF.dir/mbed_tls/src/lief_mbed_tls/library/entropy.c.o
[INFO] [stderr]   [ 20%] Building C object CMakeFiles/LIB_LIEF.dir/mbed_tls/src/lief_mbed_tls/library/entropy_poll.c.o
[INFO] [stderr]   [ 20%] Building C object CMakeFiles/LIB_LIEF.dir/mbed_tls/src/lief_mbed_tls/library/error.c.o
[INFO] [stderr]   [ 21%] Building C object CMakeFiles/LIB_LIEF.dir/mbed_tls/src/lief_mbed_tls/library/gcm.c.o
[INFO] [stderr]   [ 21%] Building C object CMakeFiles/LIB_LIEF.dir/mbed_tls/src/lief_mbed_tls/library/havege.c.o
[INFO] [stderr]   [ 21%] Building C object CMakeFiles/LIB_LIEF.dir/mbed_tls/src/lief_mbed_tls/library/hkdf.c.o
[INFO] [stderr]   [ 21%] Building C object CMakeFiles/LIB_LIEF.dir/mbed_tls/src/lief_mbed_tls/library/md.c.o
[INFO] [stderr]   [ 22%] Building C object CMakeFiles/LIB_LIEF.dir/mbed_tls/src/lief_mbed_tls/library/hmac_drbg.c.o
[INFO] [stderr]   [ 22%] Building C object CMakeFiles/LIB_LIEF.dir/mbed_tls/src/lief_mbed_tls/library/md2.c.o
[INFO] [stderr]   [ 22%] Building C object CMakeFiles/LIB_LIEF.dir/mbed_tls/src/lief_mbed_tls/library/md4.c.o
[INFO] [stderr]   [ 23%] Building C object CMakeFiles/LIB_LIEF.dir/mbed_tls/src/lief_mbed_tls/library/md5.c.o
[INFO] [stderr]   [ 23%] Building C object CMakeFiles/LIB_LIEF.dir/mbed_tls/src/lief_mbed_tls/library/memory_buffer_alloc.c.o
[INFO] [stderr]   [ 23%] Building C object CMakeFiles/LIB_LIEF.dir/mbed_tls/src/lief_mbed_tls/library/nist_kw.c.o
[INFO] [stderr]   [ 23%] Building C object CMakeFiles/LIB_LIEF.dir/mbed_tls/src/lief_mbed_tls/library/oid.c.o
[INFO] [stderr]   [ 24%] Building C object CMakeFiles/LIB_LIEF.dir/mbed_tls/src/lief_mbed_tls/library/padlock.c.o
[INFO] [stderr]   [ 24%] Building C object CMakeFiles/LIB_LIEF.dir/mbed_tls/src/lief_mbed_tls/library/pem.c.o
[INFO] [stderr]   [ 24%] Building C object CMakeFiles/LIB_LIEF.dir/mbed_tls/src/lief_mbed_tls/library/pk.c.o
[INFO] [stderr]   [ 24%] Building C object CMakeFiles/LIB_LIEF.dir/mbed_tls/src/lief_mbed_tls/library/pk_wrap.c.o
[INFO] [stderr]   [ 25%] Building C object CMakeFiles/LIB_LIEF.dir/mbed_tls/src/lief_mbed_tls/library/pkcs12.c.o
[INFO] [stderr]   [ 25%] Building C object CMakeFiles/LIB_LIEF.dir/mbed_tls/src/lief_mbed_tls/library/pkcs5.c.o
[INFO] [stderr]   [ 25%] Building C object CMakeFiles/LIB_LIEF.dir/mbed_tls/src/lief_mbed_tls/library/pkparse.c.o
[INFO] [stderr]   [ 26%] Building C object CMakeFiles/LIB_LIEF.dir/mbed_tls/src/lief_mbed_tls/library/pkwrite.c.o
[INFO] [stderr]   [ 26%] Building C object CMakeFiles/LIB_LIEF.dir/mbed_tls/src/lief_mbed_tls/library/platform.c.o
[INFO] [stderr]   [ 26%] Building C object CMakeFiles/LIB_LIEF.dir/mbed_tls/src/lief_mbed_tls/library/platform_util.c.o
[INFO] [stderr]   [ 26%] Building C object CMakeFiles/LIB_LIEF.dir/mbed_tls/src/lief_mbed_tls/library/poly1305.c.o
[INFO] [stderr]   [ 27%] Building C object CMakeFiles/LIB_LIEF.dir/mbed_tls/src/lief_mbed_tls/library/psa_crypto.c.o
[INFO] [stderr]   [ 27%] Building C object CMakeFiles/LIB_LIEF.dir/mbed_tls/src/lief_mbed_tls/library/psa_crypto_driver_wrappers.c.o
[INFO] [stderr]   [ 27%] Building C object CMakeFiles/LIB_LIEF.dir/mbed_tls/src/lief_mbed_tls/library/psa_crypto_se.c.o
[INFO] [stderr]   [ 27%] Building C object CMakeFiles/LIB_LIEF.dir/mbed_tls/src/lief_mbed_tls/library/psa_crypto_slot_management.c.o
[INFO] [stderr]   [ 28%] Building C object CMakeFiles/LIB_LIEF.dir/mbed_tls/src/lief_mbed_tls/library/psa_crypto_storage.c.o
[INFO] [stderr]   [ 28%] Building C object CMakeFiles/LIB_LIEF.dir/mbed_tls/src/lief_mbed_tls/library/psa_its_file.c.o
[INFO] [stderr]   [ 28%] Building C object CMakeFiles/LIB_LIEF.dir/mbed_tls/src/lief_mbed_tls/library/rsa.c.o
[INFO] [stderr]   [ 28%] Building C object CMakeFiles/LIB_LIEF.dir/mbed_tls/src/lief_mbed_tls/library/ripemd160.c.o
[INFO] [stderr]   [ 29%] Building C object CMakeFiles/LIB_LIEF.dir/mbed_tls/src/lief_mbed_tls/library/rsa_internal.c.o
[INFO] [stderr]   [ 29%] Building C object CMakeFiles/LIB_LIEF.dir/mbed_tls/src/lief_mbed_tls/library/sha1.c.o
[INFO] [stderr]   [ 29%] Building C object CMakeFiles/LIB_LIEF.dir/mbed_tls/src/lief_mbed_tls/library/sha256.c.o
[INFO] [stderr]   [ 30%] Building C object CMakeFiles/LIB_LIEF.dir/mbed_tls/src/lief_mbed_tls/library/sha512.c.o
[INFO] [stderr]   [ 30%] Building C object CMakeFiles/LIB_LIEF.dir/mbed_tls/src/lief_mbed_tls/library/threading.c.o
[INFO] [stderr]   [ 30%] Building C object CMakeFiles/LIB_LIEF.dir/mbed_tls/src/lief_mbed_tls/library/timing.c.o
[INFO] [stderr]   [ 30%] Building C object CMakeFiles/LIB_LIEF.dir/mbed_tls/src/lief_mbed_tls/library/version.c.o
[INFO] [stderr]   [ 31%] Building C object CMakeFiles/LIB_LIEF.dir/mbed_tls/src/lief_mbed_tls/library/version_features.c.o
[INFO] [stderr]   [ 31%] Building C object CMakeFiles/LIB_LIEF.dir/mbed_tls/src/lief_mbed_tls/library/xtea.c.o
[INFO] [stderr]   [ 31%] Building C object CMakeFiles/LIB_LIEF.dir/mbed_tls/src/lief_mbed_tls/library/certs.c.o
[INFO] [stderr]   [ 31%] Building C object CMakeFiles/LIB_LIEF.dir/mbed_tls/src/lief_mbed_tls/library/pkcs11.c.o
[INFO] [stderr]   [ 32%] Building C object CMakeFiles/LIB_LIEF.dir/mbed_tls/src/lief_mbed_tls/library/x509.c.o
[INFO] [stderr]   [ 32%] Building C object CMakeFiles/LIB_LIEF.dir/mbed_tls/src/lief_mbed_tls/library/x509_crl.c.o
[INFO] [stderr]   [ 32%] Building C object CMakeFiles/LIB_LIEF.dir/mbed_tls/src/lief_mbed_tls/library/x509_create.c.o
[INFO] [stderr]   [ 32%] Building C object CMakeFiles/LIB_LIEF.dir/mbed_tls/src/lief_mbed_tls/library/x509_crt.c.o
[INFO] [stderr]   [ 33%] Building C object CMakeFiles/LIB_LIEF.dir/mbed_tls/src/lief_mbed_tls/library/x509_csr.c.o
[INFO] [stderr]   [ 33%] Building C object CMakeFiles/LIB_LIEF.dir/mbed_tls/src/lief_mbed_tls/library/x509write_crt.c.o
[INFO] [stderr]   [ 33%] Building C object CMakeFiles/LIB_LIEF.dir/mbed_tls/src/lief_mbed_tls/library/x509write_csr.c.o
[INFO] [stderr]   [ 34%] Building C object CMakeFiles/LIB_LIEF.dir/mbed_tls/src/lief_mbed_tls/library/debug.c.o
[INFO] [stderr]   [ 34%] Building C object CMakeFiles/LIB_LIEF.dir/mbed_tls/src/lief_mbed_tls/library/net_sockets.c.o
[INFO] [stderr]   [ 34%] Building C object CMakeFiles/LIB_LIEF.dir/mbed_tls/src/lief_mbed_tls/library/ssl_cache.c.o
[INFO] [stderr]   [ 34%] Building C object CMakeFiles/LIB_LIEF.dir/mbed_tls/src/lief_mbed_tls/library/ssl_ciphersuites.c.o
[INFO] [stderr]   [ 35%] Building C object CMakeFiles/LIB_LIEF.dir/mbed_tls/src/lief_mbed_tls/library/ssl_cli.c.o
[INFO] [stderr]   [ 35%] Building C object CMakeFiles/LIB_LIEF.dir/mbed_tls/src/lief_mbed_tls/library/ssl_cookie.c.o
[INFO] [stderr]   [ 35%] Building C object CMakeFiles/LIB_LIEF.dir/mbed_tls/src/lief_mbed_tls/library/ssl_msg.c.o
[INFO] [stderr]   [ 35%] Building C object CMakeFiles/LIB_LIEF.dir/mbed_tls/src/lief_mbed_tls/library/ssl_srv.c.o
[INFO] [stderr]   [ 36%] Building C object CMakeFiles/LIB_LIEF.dir/mbed_tls/src/lief_mbed_tls/library/ssl_ticket.c.o
[INFO] [stderr]   [ 36%] Building C object CMakeFiles/LIB_LIEF.dir/mbed_tls/src/lief_mbed_tls/library/ssl_tls.c.o
[INFO] [stderr]   [ 36%] Building C object CMakeFiles/LIB_LIEF.dir/mbed_tls/src/lief_mbed_tls/library/ssl_tls13_keys.c.o
[INFO] [stderr]   [ 36%] Building CXX object CMakeFiles/LIB_LIEF.dir/src/errors.cpp.o
[INFO] [stderr]   [ 37%] Building CXX object CMakeFiles/LIB_LIEF.dir/src/hash_stream.cpp.o
[INFO] [stderr]   [ 37%] Building CXX object CMakeFiles/LIB_LIEF.dir/src/logging.cpp.o
[INFO] [stderr]   [ 37%] Building CXX object CMakeFiles/LIB_LIEF.dir/src/exception.cpp.o
[INFO] [stderr]   [ 38%] Building CXX object CMakeFiles/LIB_LIEF.dir/src/iostream.cpp.o
[INFO] [stderr]   [ 38%] Building CXX object CMakeFiles/LIB_LIEF.dir/src/utils.cpp.o
[INFO] [stderr]   [ 38%] Building CXX object CMakeFiles/LIB_LIEF.dir/src/Object.cpp.o
[INFO] [stderr]   [ 38%] Building CXX object CMakeFiles/LIB_LIEF.dir/src/Visitor.cpp.o
[INFO] [stderr]   [ 39%] Building CXX object CMakeFiles/LIB_LIEF.dir/src/BinaryStream/BinaryStream.cpp.o
[INFO] [stderr]   [ 39%] Building CXX object CMakeFiles/LIB_LIEF.dir/src/BinaryStream/VectorStream.cpp.o
[INFO] [stderr]   [ 39%] Building CXX object CMakeFiles/LIB_LIEF.dir/src/BinaryStream/Convert.cpp.o
[INFO] [stderr]   [ 39%] Building CXX object CMakeFiles/LIB_LIEF.dir/src/visitors/hash.cpp.o
[INFO] [stderr]   [ 40%] Building CXX object CMakeFiles/LIB_LIEF.dir/src/visitors/json.cpp.o
[INFO] [stderr]   [ 40%] Building CXX object CMakeFiles/LIB_LIEF.dir/src/Abstract/Binary.cpp.o
[INFO] [stderr] 
[INFO] [stderr]   --- stderr
[INFO] [stderr]   CMake Warning:
[INFO] [stderr]     Manually-specified variables were not used by the project:
[INFO] [stderr] 
[INFO] [stderr]       CMAKE_ASM_COMPILER
[INFO] [stderr]       CMAKE_ASM_FLAGS
[INFO] [stderr] 
[INFO] [stderr] 
[INFO] [stderr]   /opt/rustwide/target/debug/build/lief-sys-26d1fad8e9e0d71e/out/build/mbed_tls/src/lief_mbed_tls/library/ssl_tls.c: In function 'ssl_calc_finished_tls_sha384':
[INFO] [stderr]   /opt/rustwide/target/debug/build/lief-sys-26d1fad8e9e0d71e/out/build/mbed_tls/src/lief_mbed_tls/library/ssl_tls.c:3267:5: warning: 'mbedtls_sha512_finish_ret' accessing 64 bytes in a region of size 48 [-Wstringop-overflow=]
[INFO] [stderr]    3267 |     finish( &sha512, padbuf );
[INFO] [stderr]         |     ^~~~~~~~~~~~~~~~~~~~~~~~~
[INFO] [stderr]   /opt/rustwide/target/debug/build/lief-sys-26d1fad8e9e0d71e/out/build/mbed_tls/src/lief_mbed_tls/library/ssl_tls.c:3267:5: note: referencing argument 2 of type 'unsigned char *'
[INFO] [stderr]   In file included from /opt/rustwide/target/debug/build/lief-sys-26d1fad8e9e0d71e/out/build/mbed_tls/src/lief_mbed_tls/include/mbedtls/ssl_internal.h:51,
[INFO] [stderr]                    from /opt/rustwide/target/debug/build/lief-sys-26d1fad8e9e0d71e/out/build/mbed_tls/src/lief_mbed_tls/library/ssl_tls.c:41:
[INFO] [stderr]   /opt/rustwide/target/debug/build/lief-sys-26d1fad8e9e0d71e/out/build/mbed_tls/src/lief_mbed_tls/include/mbedtls/sha512.h:144:5: note: in a call to function 'mbedtls_sha512_finish_ret'
[INFO] [stderr]     144 | int mbedtls_sha512_finish_ret( mbedtls_sha512_context *ctx,
[INFO] [stderr]         |     ^~~~~~~~~~~~~~~~~~~~~~~~~
[INFO] [stderr]   /opt/rustwide/workdir/lief/src/iostream.cpp: In member function 'virtual int LIEF::prefixbuf::overflow(int)':
[INFO] [stderr]   /opt/rustwide/workdir/lief/src/iostream.cpp:247:29: warning: comparison of integer expressions of different signedness: 'std::__cxx11::basic_string<char>::size_type' {aka 'long unsigned int'} and 'std::streamsize' {aka 'long int'} [-Wsign-compare]
[INFO] [stderr]     247 |         this->prefix.size() != this->sbuf->sputn(&this->prefix[0], this->prefix.size())) {
[INFO] [stderr]         |         ~~~~~~~~~~~~~~~~~~~~^~~~~~~~~~~~~~~~~~~~~~~~~~~~~~~~~~~~~~~~~~~~~~~~~~~~~~~~~~~
[INFO] [stderr]   /opt/rustwide/workdir/lief/src/hash_stream.cpp: In constructor 'LIEF::hashstream::hashstream(LIEF::hashstream::HASH)':
[INFO] [stderr]   /opt/rustwide/workdir/lief/src/hash_stream.cpp:29:7: warning: variable 'ret' set but not used [-Wunused-but-set-variable]
[INFO] [stderr]      29 |   int ret = 0;
[INFO] [stderr]         |       ^~~
[INFO] [stderr]   /opt/rustwide/workdir/lief/src/BinaryStream/BinaryStream.cpp: In member function 'uint64_t LIEF::BinaryStream::read_sleb128() const':
[INFO] [stderr]   /opt/rustwide/workdir/lief/src/BinaryStream/BinaryStream.cpp:115:39: warning: left shift of negative value [-Wshift-negative-value]
[INFO] [stderr]     115 |     value |= static_cast<int64_t>(-1) << shift;
[INFO] [stderr]         |              ~~~~~~~~~~~~~~~~~~~~~~~~~^~~~~~~~
[INFO] [stderr]   /opt/rustwide/workdir/lief/src/BinaryStream/VectorStream.cpp: In member function 'virtual LIEF::result<std::unique_ptr<mbedtls_x509_time> > LIEF::VectorStream::x509_read_time()':
[INFO] [stderr]   /opt/rustwide/workdir/lief/src/BinaryStream/VectorStream.cpp:332:19: warning: redundant move in return statement [-Wredundant-move]
[INFO] [stderr]     332 |   return std::move(tm);
[INFO] [stderr]         |          ~~~~~~~~~^~~~
[INFO] [stderr]   /opt/rustwide/workdir/lief/src/BinaryStream/VectorStream.cpp:332:19: note: remove 'std::move' call
[INFO] [stderr]   c++: fatal error: Killed signal terminated program cc1plus
[INFO] [stderr]   compilation terminated.
[INFO] [stderr]   gmake[2]: *** [CMakeFiles/LIB_LIEF.dir/build.make:1320: CMakeFiles/LIB_LIEF.dir/src/logging.cpp.o] Error 1
[INFO] [stderr]   gmake[2]: *** Waiting for unfinished jobs....
[INFO] [stderr]   c++: fatal error: Killed signal terminated program cc1plus
[INFO] [stderr]   compilation terminated.
[INFO] [stderr]   gmake[2]: *** [CMakeFiles/LIB_LIEF.dir/build.make:1306: CMakeFiles/LIB_LIEF.dir/src/hash_stream.cpp.o] Error 1
[INFO] [stderr]   gmake[1]: *** [CMakeFiles/Makefile2:273: CMakeFiles/LIB_LIEF.dir/all] Error 2
[INFO] [stderr]   gmake: *** [Makefile:156: all] Error 2
[INFO] [stderr]   thread 'main' panicked at /opt/rustwide/cargo-home/registry/src/index.crates.io-6f17d22bba15001f/cmake-0.1.50/src/lib.rs:1098:5:
[INFO] [stderr] 
[INFO] [stderr]   command did not execute successfully, got: exit status: 2
[INFO] [stderr] 
[INFO] [stderr]   build script failed, must exit now
[INFO] [stderr]   stack backtrace:
[INFO] [stderr]      0:     0x564425c3731c - std::backtrace_rs::backtrace::libunwind::trace::ha637c64ce894333a
[INFO] [stderr]                                  at /rustc/82e1608dfa6e0b5569232559e3d385fea5a93112/library/std/src/../../backtrace/src/backtrace/libunwind.rs:104:5
[INFO] [stderr]      1:     0x564425c3731c - std::backtrace_rs::backtrace::trace_unsynchronized::h47f62dea28e0c88d
[INFO] [stderr]                                  at /rustc/82e1608dfa6e0b5569232559e3d385fea5a93112/library/std/src/../../backtrace/src/backtrace/mod.rs:66:5
[INFO] [stderr]      2:     0x564425c3731c - std::sys_common::backtrace::_print_fmt::h9eef0abe20ede486
[INFO] [stderr]                                  at /rustc/82e1608dfa6e0b5569232559e3d385fea5a93112/library/std/src/sys_common/backtrace.rs:67:5
[INFO] [stderr]      3:     0x564425c3731c - <std::sys_common::backtrace::_print::DisplayBacktrace as core::fmt::Display>::fmt::hed7f999df88cc644
[INFO] [stderr]                                  at /rustc/82e1608dfa6e0b5569232559e3d385fea5a93112/library/std/src/sys_common/backtrace.rs:44:22
[INFO] [stderr]      4:     0x564425c62e80 - core::fmt::rt::Argument::fmt::h1539a9308b8d058d
[INFO] [stderr]                                  at /rustc/82e1608dfa6e0b5569232559e3d385fea5a93112/library/core/src/fmt/rt.rs:142:9
[INFO] [stderr]      5:     0x564425c62e80 - core::fmt::write::h3a39390d8560d9c9
[INFO] [stderr]                                  at /rustc/82e1608dfa6e0b5569232559e3d385fea5a93112/library/core/src/fmt/mod.rs:1120:17
[INFO] [stderr]      6:     0x564425c3467f - std::io::Write::write_fmt::h5fc9997dfe05f882
[INFO] [stderr]                                  at /rustc/82e1608dfa6e0b5569232559e3d385fea5a93112/library/std/src/io/mod.rs:1762:15
[INFO] [stderr]      7:     0x564425c37104 - std::sys_common::backtrace::_print::h894006fb5c6f3d45
[INFO] [stderr]                                  at /rustc/82e1608dfa6e0b5569232559e3d385fea5a93112/library/std/src/sys_common/backtrace.rs:47:5
[INFO] [stderr]      8:     0x564425c37104 - std::sys_common::backtrace::print::h23a2d212c6fff936
[INFO] [stderr]                                  at /rustc/82e1608dfa6e0b5569232559e3d385fea5a93112/library/std/src/sys_common/backtrace.rs:34:9
[INFO] [stderr]      9:     0x564425c38917 - std::panicking::default_hook::{{closure}}::h8a1d2ee00185001a
[INFO] [stderr]     10:     0x564425c3867f - std::panicking::default_hook::h6038f2eba384e475
[INFO] [stderr]                                  at /rustc/82e1608dfa6e0b5569232559e3d385fea5a93112/library/std/src/panicking.rs:292:9
[INFO] [stderr]     11:     0x564425c38d98 - std::panicking::rust_panic_with_hook::h2b5517d590cab22e
[INFO] [stderr]                                  at /rustc/82e1608dfa6e0b5569232559e3d385fea5a93112/library/std/src/panicking.rs:779:13
[INFO] [stderr]     12:     0x564425c38c7e - std::panicking::begin_panic_handler::{{closure}}::h233112c06e0ef43e
[INFO] [stderr]                                  at /rustc/82e1608dfa6e0b5569232559e3d385fea5a93112/library/std/src/panicking.rs:657:13
[INFO] [stderr]     13:     0x564425c377e6 - std::sys_common::backtrace::__rust_end_short_backtrace::h6e893f24d7ebbff8
[INFO] [stderr]                                  at /rustc/82e1608dfa6e0b5569232559e3d385fea5a93112/library/std/src/sys_common/backtrace.rs:170:18
[INFO] [stderr]     14:     0x564425c389e2 - rust_begin_unwind
[INFO] [stderr]                                  at /rustc/82e1608dfa6e0b5569232559e3d385fea5a93112/library/std/src/panicking.rs:645:5
[INFO] [stderr]     15:     0x564425708d05 - core::panicking::panic_fmt::hbf0e066aabfa482c
[INFO] [stderr]                                  at /rustc/82e1608dfa6e0b5569232559e3d385fea5a93112/library/core/src/panicking.rs:72:14
[INFO] [stderr]     16:     0x56442571f661 - cmake::fail::h2490c7a900305a92
[INFO] [stderr]     17:     0x56442571ede7 - cmake::run::h8c604ed0157a1725
[INFO] [stderr]     18:     0x56442571b701 - cmake::Config::build::ha261ba3daa57eb50
[INFO] [stderr]     19:     0x56442570cd97 - build_script_build::main::h3ba5256ffdbec912
[INFO] [stderr]     20:     0x56442570a123 - core::ops::function::FnOnce::call_once::h91c3f592edfbd053
[INFO] [stderr]     21:     0x5644257096a6 - std::sys_common::backtrace::__rust_begin_short_backtrace::h21c3361657c6c142
[INFO] [stderr]     22:     0x564425709d69 - std::rt::lang_start::{{closure}}::h2946a8a2d81d5227
[INFO] [stderr]     23:     0x564425c30157 - core::ops::function::impls::<impl core::ops::function::FnOnce<A> for &F>::call_once::hd95060ecd5e1ca24
[INFO] [stderr]                                  at /rustc/82e1608dfa6e0b5569232559e3d385fea5a93112/library/core/src/ops/function.rs:284:13
[INFO] [stderr]     24:     0x564425c30157 - std::panicking::try::do_call::h6e8cf51db32a6e4b
[INFO] [stderr]                                  at /rustc/82e1608dfa6e0b5569232559e3d385fea5a93112/library/std/src/panicking.rs:552:40
[INFO] [stderr]     25:     0x564425c30157 - std::panicking::try::h3a52eefe24fe3c29
[INFO] [stderr]                                  at /rustc/82e1608dfa6e0b5569232559e3d385fea5a93112/library/std/src/panicking.rs:516:19
[INFO] [stderr]     26:     0x564425c30157 - std::panic::catch_unwind::h24c28c23c02c3841
[INFO] [stderr]                                  at /rustc/82e1608dfa6e0b5569232559e3d385fea5a93112/library/std/src/panic.rs:142:14
[INFO] [stderr]     27:     0x564425c30157 - std::rt::lang_start_internal::{{closure}}::h705d3c9cbc06ef47
[INFO] [stderr]                                  at /rustc/82e1608dfa6e0b5569232559e3d385fea5a93112/library/std/src/rt.rs:148:48
[INFO] [stderr]     28:     0x564425c30157 - std::panicking::try::do_call::ha21f52ba13158470
[INFO] [stderr]                                  at /rustc/82e1608dfa6e0b5569232559e3d385fea5a93112/library/std/src/panicking.rs:552:40
[INFO] [stderr]     29:     0x564425c30157 - std::panicking::try::h5581346bf6aeb1f8
[INFO] [stderr]                                  at /rustc/82e1608dfa6e0b5569232559e3d385fea5a93112/library/std/src/panicking.rs:516:19
[INFO] [stderr]     30:     0x564425c30157 - std::panic::catch_unwind::h7919645a6b72e25b
[INFO] [stderr]                                  at /rustc/82e1608dfa6e0b5569232559e3d385fea5a93112/library/std/src/panic.rs:142:14
[INFO] [stderr]     31:     0x564425c30157 - std::rt::lang_start_internal::h12de51168669836e
[INFO] [stderr]                                  at /rustc/82e1608dfa6e0b5569232559e3d385fea5a93112/library/std/src/rt.rs:148:20
[INFO] [stderr]     32:     0x564425709d47 - std::rt::lang_start::h0d47938daf1817f9
[INFO] [stderr]     33:     0x56442570d8a5 - main
[INFO] [stderr]     34:     0x7fa027452d90 - <unknown>
[INFO] [stderr]     35:     0x7fa027452e40 - __libc_start_main
[INFO] [stderr]     36:     0x5644257095d5 - _start
[INFO] [stderr]     37:                0x0 - <unknown>
[INFO] running `Command { std: "docker" "inspect" "d6b431f87d6fc9e73a61fb09049532d9cc0f1f46b0c33ebb9a46fcc3225a1673", kill_on_drop: false }`
[INFO] running `Command { std: "docker" "rm" "-f" "d6b431f87d6fc9e73a61fb09049532d9cc0f1f46b0c33ebb9a46fcc3225a1673", kill_on_drop: false }`
[INFO] [stdout] d6b431f87d6fc9e73a61fb09049532d9cc0f1f46b0c33ebb9a46fcc3225a1673
[INFO] testing lief-sys-0.0.1 against beta-2023-12-22 for beta-1.76-1
[INFO] extracting crate lief-sys 0.0.1 into /workspace/builds/worker-2-tc2/source
[INFO] validating manifest of crates.io crate lief-sys 0.0.1 on toolchain beta-2023-12-22
[INFO] running `Command { std: CARGO_HOME="/workspace/cargo-home" RUSTUP_HOME="/workspace/rustup-home" "/workspace/cargo-home/bin/cargo" "+beta-2023-12-22" "metadata" "--manifest-path" "Cargo.toml" "--no-deps", kill_on_drop: false }`
[INFO] started tweaking crates.io crate lief-sys 0.0.1
[INFO] finished tweaking crates.io crate lief-sys 0.0.1
[INFO] tweaked toml for crates.io crate lief-sys 0.0.1 written to /workspace/builds/worker-2-tc2/source/Cargo.toml
[INFO] running `Command { std: CARGO_HOME="/workspace/cargo-home" RUSTUP_HOME="/workspace/rustup-home" "/workspace/cargo-home/bin/cargo" "+beta-2023-12-22" "generate-lockfile" "--manifest-path" "Cargo.toml", kill_on_drop: false }`
[INFO] [stderr]     Updating crates.io index
[INFO] running `Command { std: CARGO_HOME="/workspace/cargo-home" RUSTUP_HOME="/workspace/rustup-home" "/workspace/cargo-home/bin/cargo" "+beta-2023-12-22" "fetch" "--manifest-path" "Cargo.toml", kill_on_drop: false }`
[INFO] running `Command { std: "docker" "create" "-v" "/var/lib/crater-agent-workspace/builds/worker-2-tc2/target:/opt/rustwide/target:rw,Z" "-v" "/var/lib/crater-agent-workspace/builds/worker-2-tc2/source:/opt/rustwide/workdir:ro,Z" "-v" "/var/lib/crater-agent-workspace/cargo-home:/opt/rustwide/cargo-home:ro,Z" "-v" "/var/lib/crater-agent-workspace/rustup-home:/opt/rustwide/rustup-home:ro,Z" "-e" "SOURCE_DIR=/opt/rustwide/workdir" "-e" "CARGO_TARGET_DIR=/opt/rustwide/target" "-e" "CARGO_HOME=/opt/rustwide/cargo-home" "-e" "RUSTUP_HOME=/opt/rustwide/rustup-home" "-w" "/opt/rustwide/workdir" "-m" "1610612736" "--user" "0:0" "--network" "none" "ghcr.io/rust-lang/crates-build-env/linux@sha256:2788e3201cd34a07e3172128adcd8b3090168a8e3bcc40d7c032b9dda1df7d1c" "/opt/rustwide/cargo-home/bin/cargo" "+beta-2023-12-22" "metadata" "--no-deps" "--format-version=1", kill_on_drop: false }`
[INFO] [stdout] 8b8d7b6cbba5321572c21a61914639483e31382468bd5f51c6c5473b038d06c5
[INFO] running `Command { std: "docker" "start" "-a" "8b8d7b6cbba5321572c21a61914639483e31382468bd5f51c6c5473b038d06c5", kill_on_drop: false }`
[INFO] running `Command { std: "docker" "inspect" "8b8d7b6cbba5321572c21a61914639483e31382468bd5f51c6c5473b038d06c5", kill_on_drop: false }`
[INFO] running `Command { std: "docker" "rm" "-f" "8b8d7b6cbba5321572c21a61914639483e31382468bd5f51c6c5473b038d06c5", kill_on_drop: false }`
[INFO] [stdout] 8b8d7b6cbba5321572c21a61914639483e31382468bd5f51c6c5473b038d06c5
[INFO] running `Command { std: "docker" "create" "-v" "/var/lib/crater-agent-workspace/builds/worker-2-tc2/target:/opt/rustwide/target:rw,Z" "-v" "/var/lib/crater-agent-workspace/builds/worker-2-tc2/source:/opt/rustwide/workdir:ro,Z" "-v" "/var/lib/crater-agent-workspace/cargo-home:/opt/rustwide/cargo-home:ro,Z" "-v" "/var/lib/crater-agent-workspace/rustup-home:/opt/rustwide/rustup-home:ro,Z" "-e" "SOURCE_DIR=/opt/rustwide/workdir" "-e" "CARGO_TARGET_DIR=/opt/rustwide/target" "-e" "CARGO_INCREMENTAL=0" "-e" "RUST_BACKTRACE=full" "-e" "RUSTFLAGS=--cap-lints=warn" "-e" "RUSTDOCFLAGS=--cap-lints=warn" "-e" "CARGO_HOME=/opt/rustwide/cargo-home" "-e" "RUSTUP_HOME=/opt/rustwide/rustup-home" "-w" "/opt/rustwide/workdir" "-m" "1610612736" "--user" "0:0" "--network" "none" "ghcr.io/rust-lang/crates-build-env/linux@sha256:2788e3201cd34a07e3172128adcd8b3090168a8e3bcc40d7c032b9dda1df7d1c" "/opt/rustwide/cargo-home/bin/cargo" "+beta-2023-12-22" "build" "--frozen" "--message-format=json", kill_on_drop: false }`
[INFO] [stdout] 8b7ddee02bfbfb4a25a092ca593e1266739dbf63ce6ebf5953985623389f29a3
[INFO] running `Command { std: "docker" "start" "-a" "8b7ddee02bfbfb4a25a092ca593e1266739dbf63ce6ebf5953985623389f29a3", kill_on_drop: false }`
[INFO] [stderr]    Compiling libc v0.2.151
[INFO] [stderr]    Compiling memchr v2.7.1
[INFO] [stderr]    Compiling glob v0.3.1
[INFO] [stderr]    Compiling proc-macro2 v1.0.75
[INFO] [stderr]    Compiling regex-syntax v0.8.2
[INFO] [stderr]    Compiling unicode-width v0.1.11
[INFO] [stderr]    Compiling nom v5.1.3
[INFO] [stderr]    Compiling quick-error v1.2.3
[INFO] [stderr]    Compiling humantime v1.3.0
[INFO] [stderr]    Compiling textwrap v0.11.0
[INFO] [stderr]    Compiling bitflags v1.3.2
[INFO] [stderr]    Compiling vec_map v0.8.2
[INFO] [stderr]    Compiling termcolor v1.4.0
[INFO] [stderr]    Compiling log v0.4.20
[INFO] [stderr]    Compiling clang-sys v0.29.3
[INFO] [stderr]    Compiling bindgen v0.53.3
[INFO] [stderr]    Compiling aho-corasick v1.1.2
[INFO] [stderr]    Compiling ansi_term v0.12.1
[INFO] [stderr]    Compiling strsim v0.8.0
[INFO] [stderr]    Compiling quote v1.0.35
[INFO] [stderr]    Compiling lazycell v1.3.0
[INFO] [stderr]    Compiling cfg-if v0.1.10
[INFO] [stderr]    Compiling rustc-hash v1.1.0
[INFO] [stderr]    Compiling lazy_static v1.4.0
[INFO] [stderr]    Compiling shlex v0.1.1
[INFO] [stderr]    Compiling cc v1.0.83
[INFO] [stderr]    Compiling atty v0.2.14
[INFO] [stderr]    Compiling which v3.1.1
[INFO] [stderr]    Compiling peeking_take_while v0.1.2
[INFO] [stderr]    Compiling clap v2.34.0
[INFO] [stderr]    Compiling cmake v0.1.50
[INFO] [stderr]    Compiling libloading v0.5.2
[INFO] [stderr]    Compiling cexpr v0.4.0
[INFO] [stderr]    Compiling regex-automata v0.4.3
[INFO] [stderr]    Compiling regex v1.10.2
[INFO] [stderr]    Compiling env_logger v0.7.1
[INFO] [stderr]    Compiling lief-sys v0.0.1 (/opt/rustwide/workdir)
[INFO] [stderr] error: failed to run custom build command for `lief-sys v0.0.1 (/opt/rustwide/workdir)`
[INFO] [stderr] note: To improve backtraces for build dependencies, set the CARGO_PROFILE_DEV_BUILD_OVERRIDE_DEBUG=true environment variable to enable debug information generation.
[INFO] [stderr] 
[INFO] [stderr] Caused by:
[INFO] [stderr]   process didn't exit successfully: `/opt/rustwide/target/debug/build/lief-sys-ca730caa3f0684f0/build-script-build` (exit status: 101)
[INFO] [stderr]   --- stdout
[INFO] [stderr]   CMAKE_TOOLCHAIN_FILE_x86_64-unknown-linux-gnu = None
[INFO] [stderr]   CMAKE_TOOLCHAIN_FILE_x86_64_unknown_linux_gnu = None
[INFO] [stderr]   HOST_CMAKE_TOOLCHAIN_FILE = None
[INFO] [stderr]   CMAKE_TOOLCHAIN_FILE = None
[INFO] [stderr]   CMAKE_GENERATOR_x86_64-unknown-linux-gnu = None
[INFO] [stderr]   CMAKE_GENERATOR_x86_64_unknown_linux_gnu = None
[INFO] [stderr]   HOST_CMAKE_GENERATOR = None
[INFO] [stderr]   CMAKE_GENERATOR = None
[INFO] [stderr]   CMAKE_PREFIX_PATH_x86_64-unknown-linux-gnu = None
[INFO] [stderr]   CMAKE_PREFIX_PATH_x86_64_unknown_linux_gnu = None
[INFO] [stderr]   HOST_CMAKE_PREFIX_PATH = None
[INFO] [stderr]   CMAKE_PREFIX_PATH = None
[INFO] [stderr]   CMAKE_x86_64-unknown-linux-gnu = None
[INFO] [stderr]   CMAKE_x86_64_unknown_linux_gnu = None
[INFO] [stderr]   HOST_CMAKE = None
[INFO] [stderr]   CMAKE = None
[INFO] [stderr]   running: cd "/opt/rustwide/target/debug/build/lief-sys-7f109f31da5635d2/out/build" && CMAKE_PREFIX_PATH="" "cmake" "/opt/rustwide/workdir/lief" "-DCMAKE_BUILD_TYPE=Release" "-DBUILD_SHARED_LIBS=on" "-DLIEF_PYTHON_API=off" "-DLIEF_EXAMPLES=off" "-DLIEF_USE_CCACHE=off" "-DLIEF_INSTALL_COMPILED_EXAMPLES=off" "-DCMAKE_INSTALL_PREFIX=/opt/rustwide/target/debug/build/lief-sys-7f109f31da5635d2/out" "-DCMAKE_C_FLAGS= -ffunction-sections -fdata-sections -fPIC -m64" "-DCMAKE_C_COMPILER=/usr/bin/cc" "-DCMAKE_CXX_FLAGS= -ffunction-sections -fdata-sections -fPIC -m64" "-DCMAKE_CXX_COMPILER=/usr/bin/c++" "-DCMAKE_ASM_FLAGS= -ffunction-sections -fdata-sections -fPIC -m64" "-DCMAKE_ASM_COMPILER=/usr/bin/cc"
[INFO] [stderr]   -- The C compiler identification is GNU 11.4.0
[INFO] [stderr]   -- The CXX compiler identification is GNU 11.4.0
[INFO] [stderr]   -- Detecting C compiler ABI info
[INFO] [stderr]   -- Detecting C compiler ABI info - done
[INFO] [stderr]   -- Check for working C compiler: /usr/bin/cc - skipped
[INFO] [stderr]   -- Detecting C compile features
[INFO] [stderr]   -- Detecting C compile features - done
[INFO] [stderr]   -- Detecting CXX compiler ABI info
[INFO] [stderr]   -- Detecting CXX compiler ABI info - done
[INFO] [stderr]   -- Check for working CXX compiler: /usr/bin/c++ - skipped
[INFO] [stderr]   -- Detecting CXX compile features
[INFO] [stderr]   -- Detecting CXX compile features - done
[INFO] [stderr]   -- LIEF 0.11.5
[INFO] [stderr]   -- Caching: off
[INFO] [stderr]   -- Enable JSON support
[INFO] [stderr]   -- Enable Frozen (C++14 support)
[INFO] [stderr]   -- CMAKE_CXX_FLAGS_RELEASE:           -O3 -DNDEBUG
[INFO] [stderr]   -- CMAKE_CXX_FLAGS:                    -ffunction-sections -fdata-sections -fPIC -m64
[INFO] [stderr]   -- CMAKE_CXX_LINK_EXECUTABLE:         <CMAKE_CXX_COMPILER> <FLAGS> <CMAKE_CXX_LINK_FLAGS> <LINK_FLAGS> <OBJECTS> -o <TARGET> <LINK_LIBRARIES>
[INFO] [stderr]   -- CMAKE_CXX_LINK_FLAGS:              
[INFO] [stderr]   -- CMAKE_EXE_LINKER_FLAGS:            
[INFO] [stderr]   -- CMAKE_EXE_LINKER_FLAGS_RELEASE:    
[INFO] [stderr]   -- CMAKE_SHARED_LINKER_FLAGS:         
[INFO] [stderr]   -- CMAKE_SHARED_LINKER_FLAGS_RELEASE: 
[INFO] [stderr]   -- CMAKE_CXX_LINK_LIBRARY_FILE_FLAG:  
[INFO] [stderr]   -- CMAKE_LINK_LIBRARY_FILE_FLAG:      
[INFO] [stderr]   -- CMAKE_LINK_INTERFACE_LIBRARIES:    
[INFO] [stderr]   -- CMAKE_CXX_IMPLICIT_LINK_LIBRARIES: stdc++;m;gcc_s;gcc;c;gcc_s;gcc
[INFO] [stderr]   -- CMAKE_SYSTEM_PROCESSOR:            x86_64
[INFO] [stderr]   -- Performing Test C_SUPPORTS_WALL
[INFO] [stderr]   -- Performing Test C_SUPPORTS_WALL - Success
[INFO] [stderr]   -- Performing Test CXX_SUPPORTS_WALL
[INFO] [stderr]   -- Performing Test CXX_SUPPORTS_WALL - Success
[INFO] [stderr]   -- Performing Test C_SUPPORTS_WEXTRA
[INFO] [stderr]   -- Performing Test C_SUPPORTS_WEXTRA - Success
[INFO] [stderr]   -- Performing Test CXX_SUPPORTS_WEXTRA
[INFO] [stderr]   -- Performing Test CXX_SUPPORTS_WEXTRA - Success
[INFO] [stderr]   -- Performing Test C_SUPPORTS_WPEDANTIC
[INFO] [stderr]   -- Performing Test C_SUPPORTS_WPEDANTIC - Success
[INFO] [stderr]   -- Performing Test CXX_SUPPORTS_WPEDANTIC
[INFO] [stderr]   -- Performing Test CXX_SUPPORTS_WPEDANTIC - Success
[INFO] [stderr]   -- Performing Test C_SUPPORTS_NO_STACK_PROTECTOR
[INFO] [stderr]   -- Performing Test C_SUPPORTS_NO_STACK_PROTECTOR - Success
[INFO] [stderr]   -- Performing Test CXX_SUPPORTS_NO_STACK_PROTECTOR
[INFO] [stderr]   -- Performing Test CXX_SUPPORTS_NO_STACK_PROTECTOR - Success
[INFO] [stderr]   -- Performing Test C_SUPPORTS_OMIT_FRAME_POINTER
[INFO] [stderr]   -- Performing Test C_SUPPORTS_OMIT_FRAME_POINTER - Success
[INFO] [stderr]   -- Performing Test CXX_SUPPORTS_OMIT_FRAME_POINTER
[INFO] [stderr]   -- Performing Test CXX_SUPPORTS_OMIT_FRAME_POINTER - Success
[INFO] [stderr]   -- Performing Test C_SUPPORTS_NO_STRICT_ALIASING
[INFO] [stderr]   -- Performing Test C_SUPPORTS_NO_STRICT_ALIASING - Success
[INFO] [stderr]   -- Performing Test CXX_SUPPORTS_NO_STRICT_ALIASING
[INFO] [stderr]   -- Performing Test CXX_SUPPORTS_NO_STRICT_ALIASING - Success
[INFO] [stderr]   -- Performing Test C_SUPPORTS_EXCEPTION
[INFO] [stderr]   -- Performing Test C_SUPPORTS_EXCEPTION - Success
[INFO] [stderr]   -- Performing Test CXX_SUPPORTS_EXCEPTION
[INFO] [stderr]   -- Performing Test CXX_SUPPORTS_EXCEPTION - Success
[INFO] [stderr]   -- Performing Test C_SUPPORTS_VISIBILITY
[INFO] [stderr]   -- Performing Test C_SUPPORTS_VISIBILITY - Success
[INFO] [stderr]   -- Performing Test CXX_SUPPORTS_VISIBILITY
[INFO] [stderr]   -- Performing Test CXX_SUPPORTS_VISIBILITY - Success
[INFO] [stderr]   -- Performing Test C_SUPPORTS_NO_EXPANSION_TO_DEFINED
[INFO] [stderr]   -- Performing Test C_SUPPORTS_NO_EXPANSION_TO_DEFINED - Success
[INFO] [stderr]   -- Performing Test CXX_SUPPORTS_NO_EXPANSION_TO_DEFINED
[INFO] [stderr]   -- Performing Test CXX_SUPPORTS_NO_EXPANSION_TO_DEFINED - Success
[INFO] [stderr]   -- Performing Test C_SUPPORTS_DIAGNOSTICS_COLOR
[INFO] [stderr]   -- Performing Test C_SUPPORTS_DIAGNOSTICS_COLOR - Success
[INFO] [stderr]   -- Performing Test CXX_SUPPORTS_DIAGNOSTICS_COLOR
[INFO] [stderr]   -- Performing Test CXX_SUPPORTS_DIAGNOSTICS_COLOR - Success
[INFO] [stderr]   -- Performing Test C_SUPPORTS_COLOR_DIAGNOSTICS
[INFO] [stderr]   -- Performing Test C_SUPPORTS_COLOR_DIAGNOSTICS - Failed
[INFO] [stderr]   -- Performing Test CXX_SUPPORTS_COLOR_DIAGNOSTICS
[INFO] [stderr]   -- Performing Test CXX_SUPPORTS_COLOR_DIAGNOSTICS - Failed
[INFO] [stderr]   -- Configuration Types: 
[INFO] [stderr]   -- Build Types: Release
[INFO] [stderr]   -- Configuring done
[INFO] [stderr]   -- Generating done
[INFO] [stderr]   -- Build files have been written to: /opt/rustwide/target/debug/build/lief-sys-7f109f31da5635d2/out/build
[INFO] [stderr]   running: cd "/opt/rustwide/target/debug/build/lief-sys-7f109f31da5635d2/out/build" && MAKEFLAGS="-j --jobserver-fds=7,8 --jobserver-auth=7,8" "cmake" "--build" "." "--target" "install" "--config" "Debug"
[INFO] [stderr]   [  1%] Creating directories for 'lief_libjson'
[INFO] [stderr]   [  2%] Creating directories for 'lief_mbed_tls'
[INFO] [stderr]   [  2%] Creating directories for 'lief_spdlog'
[INFO] [stderr]   [  2%] Creating directories for 'lief_leaf'
[INFO] [stderr]   [  2%] Creating directories for 'lief_frozen'
[INFO] [stderr]   [  2%] Creating directories for 'lief_utfcpp'
[INFO] [stderr]   [  2%] Performing download step (verify and extract) for 'lief_libjson'
[INFO] [stderr]   [  2%] Performing download step (verify and extract) for 'lief_spdlog'
[INFO] [stderr]   [  2%] Performing download step (verify and extract) for 'lief_mbed_tls'
[INFO] [stderr]   [  2%] Performing download step (verify and extract) for 'lief_frozen'
[INFO] [stderr]   -- verifying file...
[INFO] [stderr]        file='/opt/rustwide/workdir/lief/third-party//spdlog-1.8.2.zip'
[INFO] [stderr]   -- verifying file...
[INFO] [stderr]        file='/opt/rustwide/workdir/lief/third-party//json-3.9.1.zip'
[INFO] [stderr]   -- verifying file... done
[INFO] [stderr]   -- verifying file... done
[INFO] [stderr]   [  2%] Performing download step (verify and extract) for 'lief_leaf'
[INFO] [stderr]   -- verifying file...
[INFO] [stderr]        file='/opt/rustwide/workdir/lief/third-party//mbedtls-2.25.0.zip'
[INFO] [stderr]   -- verifying file...
[INFO] [stderr]        file='/opt/rustwide/workdir/lief/third-party//frozen-e6ddc43.zip'
[INFO] [stderr]   -- verifying file... done
[INFO] [stderr]   -- extracting...
[INFO] [stderr]        src='/opt/rustwide/workdir/lief/third-party/spdlog-1.8.2.zip'
[INFO] [stderr]        dst='/opt/rustwide/target/debug/build/lief-sys-7f109f31da5635d2/out/build/lief_spdlog-prefix/src/lief_spdlog'
[INFO] [stderr]   [  2%] Performing download step (verify and extract) for 'lief_utfcpp'
[INFO] [stderr]   -- extracting... [tar xfz]
[INFO] [stderr]   -- verifying file... done
[INFO] [stderr]   -- verifying file...
[INFO] [stderr]        file='/opt/rustwide/workdir/lief/third-party//leaf-0.3.1.zip'
[INFO] [stderr]   -- verifying file... done
[INFO] [stderr]   -- extracting...
[INFO] [stderr]        src='/opt/rustwide/workdir/lief/third-party/json-3.9.1.zip'
[INFO] [stderr]        dst='/opt/rustwide/target/debug/build/lief-sys-7f109f31da5635d2/out/build/lief_libjson-prefix/src/lief_libjson'
[INFO] [stderr]   -- extracting... [tar xfz]
[INFO] [stderr]   -- extracting...
[INFO] [stderr]        src='/opt/rustwide/workdir/lief/third-party/frozen-e6ddc43.zip'
[INFO] [stderr]        dst='/opt/rustwide/target/debug/build/lief-sys-7f109f31da5635d2/out/build/lief_frozen-prefix/src/lief_frozen'
[INFO] [stderr]   -- extracting... [tar xfz]
[INFO] [stderr]   -- extracting...
[INFO] [stderr]        src='/opt/rustwide/workdir/lief/third-party/leaf-0.3.1.zip'
[INFO] [stderr]        dst='/opt/rustwide/target/debug/build/lief-sys-7f109f31da5635d2/out/build/lief_leaf-prefix/src/lief_leaf'
[INFO] [stderr]   -- extracting... [tar xfz]
[INFO] [stderr]   -- extracting...
[INFO] [stderr]        src='/opt/rustwide/workdir/lief/third-party/mbedtls-2.25.0.zip'
[INFO] [stderr]        dst='/opt/rustwide/target/debug/build/lief-sys-7f109f31da5635d2/out/build/mbed_tls/src/lief_mbed_tls'
[INFO] [stderr]   -- extracting... [tar xfz]
[INFO] [stderr]   -- verifying file...
[INFO] [stderr]        file='/opt/rustwide/workdir/lief/third-party//utfcpp-3.1.2.zip'
[INFO] [stderr]   -- verifying file... done
[INFO] [stderr]   -- extracting...
[INFO] [stderr]        src='/opt/rustwide/workdir/lief/third-party/utfcpp-3.1.2.zip'
[INFO] [stderr]        dst='/opt/rustwide/target/debug/build/lief-sys-7f109f31da5635d2/out/build/lief_utfcpp-prefix/src/lief_utfcpp'
[INFO] [stderr]   -- extracting... [tar xfz]
[INFO] [stderr]   -- extracting... [analysis]
[INFO] [stderr]   -- extracting... [rename]
[INFO] [stderr]   -- extracting... [clean up]
[INFO] [stderr]   -- extracting... done
[INFO] [stderr]   -- extracting... [analysis]
[INFO] [stderr]   -- extracting... [rename]
[INFO] [stderr]   -- extracting... [clean up]
[INFO] [stderr]   -- extracting... done
[INFO] [stderr]   -- extracting... [analysis]
[INFO] [stderr]   -- extracting... [rename]
[INFO] [stderr]   -- extracting... [clean up]
[INFO] [stderr]   -- extracting... done
[INFO] [stderr]   -- extracting... [analysis]
[INFO] [stderr]   -- extracting... [rename]
[INFO] [stderr]   -- extracting... [clean up]
[INFO] [stderr]   -- extracting... done
[INFO] [stderr]   -- extracting... [analysis]
[INFO] [stderr]   -- extracting... [rename]
[INFO] [stderr]   -- extracting... [clean up]
[INFO] [stderr]   -- extracting... done
[INFO] [stderr]   [  2%] No update step for 'lief_frozen'
[INFO] [stderr]   [  2%] No update step for 'lief_libjson'
[INFO] [stderr]   [  2%] No update step for 'lief_spdlog'
[INFO] [stderr]   [  2%] No update step for 'lief_leaf'
[INFO] [stderr]   [  3%] No update step for 'lief_utfcpp'
[INFO] [stderr]   [  4%] No patch step for 'lief_frozen'
[INFO] [stderr]   [  4%] No patch step for 'lief_spdlog'
[INFO] [stderr]   [  5%] No patch step for 'lief_leaf'
[INFO] [stderr]   [  5%] No patch step for 'lief_utfcpp'
[INFO] [stderr]   [  5%] No patch step for 'lief_libjson'
[INFO] [stderr]   [  6%] No configure step for 'lief_frozen'
[INFO] [stderr]   [  6%] No configure step for 'lief_spdlog'
[INFO] [stderr]   -- extracting... [analysis]
[INFO] [stderr]   -- extracting... [rename]
[INFO] [stderr]   -- extracting... [clean up]
[INFO] [stderr]   -- extracting... done
[INFO] [stderr]   [  6%] No configure step for 'lief_libjson'
[INFO] [stderr]   [  7%] No configure step for 'lief_utfcpp'
[INFO] [stderr]   [  7%] No configure step for 'lief_leaf'
[INFO] [stderr]   [  7%] No update step for 'lief_mbed_tls'
[INFO] [stderr]   [  7%] No build step for 'lief_frozen'
[INFO] [stderr]   [  7%] No build step for 'lief_spdlog'
[INFO] [stderr]   [  8%] No build step for 'lief_libjson'
[INFO] [stderr]   [  8%] No build step for 'lief_leaf'
[INFO] [stderr]   [  8%] No build step for 'lief_utfcpp'
[INFO] [stderr]   [  8%] No patch step for 'lief_mbed_tls'
[INFO] [stderr]   [  9%] No install step for 'lief_spdlog'
[INFO] [stderr]   [  9%] No install step for 'lief_frozen'
[INFO] [stderr]   [  9%] No install step for 'lief_libjson'
[INFO] [stderr]   [ 10%] No install step for 'lief_utfcpp'
[INFO] [stderr]   [ 10%] No configure step for 'lief_mbed_tls'
[INFO] [stderr]   [ 10%] Completed 'lief_frozen'
[INFO] [stderr]   [ 11%] Completed 'lief_spdlog'
[INFO] [stderr]   [ 11%] No install step for 'lief_leaf'
[INFO] [stderr]   [ 12%] No build step for 'lief_mbed_tls'
[INFO] [stderr]   [ 13%] Completed 'lief_utfcpp'
[INFO] [stderr]   [ 13%] Built target lief_spdlog
[INFO] [stderr]   [ 13%] Completed 'lief_leaf'
[INFO] [stderr]   [ 13%] Completed 'lief_libjson'
[INFO] [stderr]   [ 13%] Built target lief_frozen
[INFO] [stderr]   [ 13%] No install step for 'lief_mbed_tls'
[INFO] [stderr]   [ 13%] Built target lief_utfcpp
[INFO] [stderr]   [ 13%] Built target lief_leaf
[INFO] [stderr]   [ 13%] Built target lief_libjson
[INFO] [stderr]   [ 13%] Completed 'lief_mbed_tls'
[INFO] [stderr]   [ 13%] Built target lief_mbed_tls
[INFO] [stderr]   [ 13%] Generating include/LIEF/third-party/boost/leaf/all.hpp
[INFO] [stderr]   [ 13%] Generating include/LIEF/third-party/utfcpp/utf8.h
[INFO] [stderr]   [ 13%] Generating include/LIEF/third-party/json.hpp
[INFO] [stderr]   [ 14%] Building C object CMakeFiles/LIB_LIEF.dir/mbed_tls/src/lief_mbed_tls/library/aes.c.o
[INFO] [stderr]   [ 14%] Building C object CMakeFiles/LIB_LIEF.dir/mbed_tls/src/lief_mbed_tls/library/arc4.c.o
[INFO] [stderr]   [ 14%] Building C object CMakeFiles/LIB_LIEF.dir/mbed_tls/src/lief_mbed_tls/library/aria.c.o
[INFO] [stderr]   [ 15%] Building C object CMakeFiles/LIB_LIEF.dir/mbed_tls/src/lief_mbed_tls/library/asn1parse.c.o
[INFO] [stderr]   [ 15%] Building C object CMakeFiles/LIB_LIEF.dir/mbed_tls/src/lief_mbed_tls/library/aesni.c.o
[INFO] [stderr]   [ 15%] Building C object CMakeFiles/LIB_LIEF.dir/mbed_tls/src/lief_mbed_tls/library/base64.c.o
[INFO] [stderr]   [ 15%] Building C object CMakeFiles/LIB_LIEF.dir/mbed_tls/src/lief_mbed_tls/library/asn1write.c.o
[INFO] [stderr]   [ 15%] Building C object CMakeFiles/LIB_LIEF.dir/mbed_tls/src/lief_mbed_tls/library/bignum.c.o
[INFO] [stderr]   [ 16%] Building C object CMakeFiles/LIB_LIEF.dir/mbed_tls/src/lief_mbed_tls/library/blowfish.c.o
[INFO] [stderr]   [ 16%] Building C object CMakeFiles/LIB_LIEF.dir/mbed_tls/src/lief_mbed_tls/library/ccm.c.o
[INFO] [stderr]   [ 16%] Building C object CMakeFiles/LIB_LIEF.dir/mbed_tls/src/lief_mbed_tls/library/camellia.c.o
[INFO] [stderr]   [ 16%] Building C object CMakeFiles/LIB_LIEF.dir/mbed_tls/src/lief_mbed_tls/library/chacha20.c.o
[INFO] [stderr]   [ 16%] Building C object CMakeFiles/LIB_LIEF.dir/mbed_tls/src/lief_mbed_tls/library/cipher.c.o
[INFO] [stderr]   [ 17%] Building C object CMakeFiles/LIB_LIEF.dir/mbed_tls/src/lief_mbed_tls/library/chachapoly.c.o
[INFO] [stderr]   [ 17%] Building C object CMakeFiles/LIB_LIEF.dir/mbed_tls/src/lief_mbed_tls/library/cipher_wrap.c.o
[INFO] [stderr]   [ 18%] Building C object CMakeFiles/LIB_LIEF.dir/mbed_tls/src/lief_mbed_tls/library/cmac.c.o
[INFO] [stderr]   [ 18%] Building C object CMakeFiles/LIB_LIEF.dir/mbed_tls/src/lief_mbed_tls/library/des.c.o
[INFO] [stderr]   [ 18%] Building C object CMakeFiles/LIB_LIEF.dir/mbed_tls/src/lief_mbed_tls/library/ctr_drbg.c.o
[INFO] [stderr]   [ 18%] Building C object CMakeFiles/LIB_LIEF.dir/mbed_tls/src/lief_mbed_tls/library/dhm.c.o
[INFO] [stderr]   [ 19%] Building C object CMakeFiles/LIB_LIEF.dir/mbed_tls/src/lief_mbed_tls/library/ecdh.c.o
[INFO] [stderr]   [ 19%] Building C object CMakeFiles/LIB_LIEF.dir/mbed_tls/src/lief_mbed_tls/library/ecdsa.c.o
[INFO] [stderr]   [ 19%] Building C object CMakeFiles/LIB_LIEF.dir/mbed_tls/src/lief_mbed_tls/library/ecjpake.c.o
[INFO] [stderr]   [ 19%] Building C object CMakeFiles/LIB_LIEF.dir/mbed_tls/src/lief_mbed_tls/library/ecp.c.o
[INFO] [stderr]   [ 20%] Building C object CMakeFiles/LIB_LIEF.dir/mbed_tls/src/lief_mbed_tls/library/ecp_curves.c.o
[INFO] [stderr]   [ 20%] Building C object CMakeFiles/LIB_LIEF.dir/mbed_tls/src/lief_mbed_tls/library/entropy.c.o
[INFO] [stderr]   [ 20%] Building C object CMakeFiles/LIB_LIEF.dir/mbed_tls/src/lief_mbed_tls/library/error.c.o
[INFO] [stderr]   [ 21%] Building C object CMakeFiles/LIB_LIEF.dir/mbed_tls/src/lief_mbed_tls/library/gcm.c.o
[INFO] [stderr]   [ 21%] Building C object CMakeFiles/LIB_LIEF.dir/mbed_tls/src/lief_mbed_tls/library/havege.c.o
[INFO] [stderr]   [ 21%] Building C object CMakeFiles/LIB_LIEF.dir/mbed_tls/src/lief_mbed_tls/library/entropy_poll.c.o
[INFO] [stderr]   [ 21%] Building C object CMakeFiles/LIB_LIEF.dir/mbed_tls/src/lief_mbed_tls/library/hkdf.c.o
[INFO] [stderr]   [ 21%] Building C object CMakeFiles/LIB_LIEF.dir/mbed_tls/src/lief_mbed_tls/library/md2.c.o
[INFO] [stderr]   [ 21%] Building C object CMakeFiles/LIB_LIEF.dir/mbed_tls/src/lief_mbed_tls/library/md.c.o
[INFO] [stderr]   [ 22%] Building C object CMakeFiles/LIB_LIEF.dir/mbed_tls/src/lief_mbed_tls/library/hmac_drbg.c.o
[INFO] [stderr]   [ 22%] Building C object CMakeFiles/LIB_LIEF.dir/mbed_tls/src/lief_mbed_tls/library/md4.c.o
[INFO] [stderr]   [ 23%] Building C object CMakeFiles/LIB_LIEF.dir/mbed_tls/src/lief_mbed_tls/library/md5.c.o
[INFO] [stderr]   [ 23%] Building C object CMakeFiles/LIB_LIEF.dir/mbed_tls/src/lief_mbed_tls/library/memory_buffer_alloc.c.o
[INFO] [stderr]   [ 23%] Building C object CMakeFiles/LIB_LIEF.dir/mbed_tls/src/lief_mbed_tls/library/nist_kw.c.o
[INFO] [stderr]   [ 23%] Building C object CMakeFiles/LIB_LIEF.dir/mbed_tls/src/lief_mbed_tls/library/oid.c.o
[INFO] [stderr]   [ 24%] Building C object CMakeFiles/LIB_LIEF.dir/mbed_tls/src/lief_mbed_tls/library/padlock.c.o
[INFO] [stderr]   [ 24%] Building C object CMakeFiles/LIB_LIEF.dir/mbed_tls/src/lief_mbed_tls/library/pem.c.o
[INFO] [stderr]   [ 24%] Building C object CMakeFiles/LIB_LIEF.dir/mbed_tls/src/lief_mbed_tls/library/pk.c.o
[INFO] [stderr]   [ 24%] Building C object CMakeFiles/LIB_LIEF.dir/mbed_tls/src/lief_mbed_tls/library/pk_wrap.c.o
[INFO] [stderr]   [ 25%] Building C object CMakeFiles/LIB_LIEF.dir/mbed_tls/src/lief_mbed_tls/library/pkcs12.c.o
[INFO] [stderr]   [ 25%] Building C object CMakeFiles/LIB_LIEF.dir/mbed_tls/src/lief_mbed_tls/library/pkcs5.c.o
[INFO] [stderr]   [ 25%] Building C object CMakeFiles/LIB_LIEF.dir/mbed_tls/src/lief_mbed_tls/library/pkparse.c.o
[INFO] [stderr]   [ 26%] Building C object CMakeFiles/LIB_LIEF.dir/mbed_tls/src/lief_mbed_tls/library/pkwrite.c.o
[INFO] [stderr]   [ 26%] Building C object CMakeFiles/LIB_LIEF.dir/mbed_tls/src/lief_mbed_tls/library/platform.c.o
[INFO] [stderr]   [ 26%] Building C object CMakeFiles/LIB_LIEF.dir/mbed_tls/src/lief_mbed_tls/library/platform_util.c.o
[INFO] [stderr]   [ 26%] Building C object CMakeFiles/LIB_LIEF.dir/mbed_tls/src/lief_mbed_tls/library/poly1305.c.o
[INFO] [stderr]   [ 27%] Building C object CMakeFiles/LIB_LIEF.dir/mbed_tls/src/lief_mbed_tls/library/psa_crypto_driver_wrappers.c.o
[INFO] [stderr]   [ 27%] Building C object CMakeFiles/LIB_LIEF.dir/mbed_tls/src/lief_mbed_tls/library/psa_crypto.c.o
[INFO] [stderr]   [ 27%] Building C object CMakeFiles/LIB_LIEF.dir/mbed_tls/src/lief_mbed_tls/library/psa_crypto_se.c.o
[INFO] [stderr]   [ 27%] Building C object CMakeFiles/LIB_LIEF.dir/mbed_tls/src/lief_mbed_tls/library/psa_crypto_slot_management.c.o
[INFO] [stderr]   [ 28%] Building C object CMakeFiles/LIB_LIEF.dir/mbed_tls/src/lief_mbed_tls/library/psa_crypto_storage.c.o
[INFO] [stderr]   [ 28%] Building C object CMakeFiles/LIB_LIEF.dir/mbed_tls/src/lief_mbed_tls/library/psa_its_file.c.o
[INFO] [stderr]   [ 28%] Building C object CMakeFiles/LIB_LIEF.dir/mbed_tls/src/lief_mbed_tls/library/ripemd160.c.o
[INFO] [stderr]   [ 28%] Building C object CMakeFiles/LIB_LIEF.dir/mbed_tls/src/lief_mbed_tls/library/rsa.c.o
[INFO] [stderr]   [ 29%] Building C object CMakeFiles/LIB_LIEF.dir/mbed_tls/src/lief_mbed_tls/library/rsa_internal.c.o
[INFO] [stderr]   [ 29%] Building C object CMakeFiles/LIB_LIEF.dir/mbed_tls/src/lief_mbed_tls/library/sha1.c.o
[INFO] [stderr]   [ 29%] Building C object CMakeFiles/LIB_LIEF.dir/mbed_tls/src/lief_mbed_tls/library/sha256.c.o
[INFO] [stderr]   [ 30%] Building C object CMakeFiles/LIB_LIEF.dir/mbed_tls/src/lief_mbed_tls/library/sha512.c.o
[INFO] [stderr]   [ 30%] Building C object CMakeFiles/LIB_LIEF.dir/mbed_tls/src/lief_mbed_tls/library/threading.c.o
[INFO] [stderr]   [ 30%] Building C object CMakeFiles/LIB_LIEF.dir/mbed_tls/src/lief_mbed_tls/library/timing.c.o
[INFO] [stderr]   [ 30%] Building C object CMakeFiles/LIB_LIEF.dir/mbed_tls/src/lief_mbed_tls/library/version.c.o
[INFO] [stderr]   [ 31%] Building C object CMakeFiles/LIB_LIEF.dir/mbed_tls/src/lief_mbed_tls/library/version_features.c.o
[INFO] [stderr]   [ 31%] Building C object CMakeFiles/LIB_LIEF.dir/mbed_tls/src/lief_mbed_tls/library/xtea.c.o
[INFO] [stderr]   [ 31%] Building C object CMakeFiles/LIB_LIEF.dir/mbed_tls/src/lief_mbed_tls/library/certs.c.o
[INFO] [stderr]   [ 32%] Building C object CMakeFiles/LIB_LIEF.dir/mbed_tls/src/lief_mbed_tls/library/x509.c.o
[INFO] [stderr]   [ 32%] Building C object CMakeFiles/LIB_LIEF.dir/mbed_tls/src/lief_mbed_tls/library/x509_create.c.o
[INFO] [stderr]   [ 32%] Building C object CMakeFiles/LIB_LIEF.dir/mbed_tls/src/lief_mbed_tls/library/pkcs11.c.o
[INFO] [stderr]   [ 32%] Building C object CMakeFiles/LIB_LIEF.dir/mbed_tls/src/lief_mbed_tls/library/x509_crl.c.o
[INFO] [stderr]   [ 32%] Building C object CMakeFiles/LIB_LIEF.dir/mbed_tls/src/lief_mbed_tls/library/x509_crt.c.o
[INFO] [stderr]   [ 33%] Building C object CMakeFiles/LIB_LIEF.dir/mbed_tls/src/lief_mbed_tls/library/x509_csr.c.o
[INFO] [stderr]   [ 33%] Building C object CMakeFiles/LIB_LIEF.dir/mbed_tls/src/lief_mbed_tls/library/x509write_csr.c.o
[INFO] [stderr]   [ 33%] Building C object CMakeFiles/LIB_LIEF.dir/mbed_tls/src/lief_mbed_tls/library/x509write_crt.c.o
[INFO] [stderr]   [ 34%] Building C object CMakeFiles/LIB_LIEF.dir/mbed_tls/src/lief_mbed_tls/library/debug.c.o
[INFO] [stderr]   [ 34%] Building C object CMakeFiles/LIB_LIEF.dir/mbed_tls/src/lief_mbed_tls/library/net_sockets.c.o
[INFO] [stderr]   [ 34%] Building C object CMakeFiles/LIB_LIEF.dir/mbed_tls/src/lief_mbed_tls/library/ssl_cache.c.o
[INFO] [stderr]   [ 34%] Building C object CMakeFiles/LIB_LIEF.dir/mbed_tls/src/lief_mbed_tls/library/ssl_ciphersuites.c.o
[INFO] [stderr]   [ 35%] Building C object CMakeFiles/LIB_LIEF.dir/mbed_tls/src/lief_mbed_tls/library/ssl_cli.c.o
[INFO] [stderr]   [ 35%] Building C object CMakeFiles/LIB_LIEF.dir/mbed_tls/src/lief_mbed_tls/library/ssl_cookie.c.o
[INFO] [stderr]   [ 35%] Building C object CMakeFiles/LIB_LIEF.dir/mbed_tls/src/lief_mbed_tls/library/ssl_msg.c.o
[INFO] [stderr]   [ 35%] Building C object CMakeFiles/LIB_LIEF.dir/mbed_tls/src/lief_mbed_tls/library/ssl_srv.c.o
[INFO] [stderr]   [ 36%] Building C object CMakeFiles/LIB_LIEF.dir/mbed_tls/src/lief_mbed_tls/library/ssl_ticket.c.o
[INFO] [stderr]   [ 36%] Building C object CMakeFiles/LIB_LIEF.dir/mbed_tls/src/lief_mbed_tls/library/ssl_tls.c.o
[INFO] [stderr]   [ 36%] Building C object CMakeFiles/LIB_LIEF.dir/mbed_tls/src/lief_mbed_tls/library/ssl_tls13_keys.c.o
[INFO] [stderr]   [ 36%] Building CXX object CMakeFiles/LIB_LIEF.dir/src/errors.cpp.o
[INFO] [stderr]   [ 37%] Building CXX object CMakeFiles/LIB_LIEF.dir/src/hash_stream.cpp.o
[INFO] [stderr]   [ 37%] Building CXX object CMakeFiles/LIB_LIEF.dir/src/logging.cpp.o
[INFO] [stderr]   [ 37%] Building CXX object CMakeFiles/LIB_LIEF.dir/src/exception.cpp.o
[INFO] [stderr]   [ 38%] Building CXX object CMakeFiles/LIB_LIEF.dir/src/iostream.cpp.o
[INFO] [stderr]   [ 38%] Building CXX object CMakeFiles/LIB_LIEF.dir/src/utils.cpp.o
[INFO] [stderr]   [ 38%] Building CXX object CMakeFiles/LIB_LIEF.dir/src/Object.cpp.o
[INFO] [stderr]   [ 39%] Building CXX object CMakeFiles/LIB_LIEF.dir/src/BinaryStream/BinaryStream.cpp.o
[INFO] [stderr]   [ 39%] Building CXX object CMakeFiles/LIB_LIEF.dir/src/Visitor.cpp.o
[INFO] [stderr]   [ 39%] Building CXX object CMakeFiles/LIB_LIEF.dir/src/BinaryStream/VectorStream.cpp.o
[INFO] [stderr]   [ 39%] Building CXX object CMakeFiles/LIB_LIEF.dir/src/BinaryStream/Convert.cpp.o
[INFO] [stderr]   [ 39%] Building CXX object CMakeFiles/LIB_LIEF.dir/src/visitors/hash.cpp.o
[INFO] [stderr]   [ 40%] Building CXX object CMakeFiles/LIB_LIEF.dir/src/visitors/json.cpp.o
[INFO] [stderr]   [ 40%] Building CXX object CMakeFiles/LIB_LIEF.dir/src/Abstract/Binary.cpp.o
[INFO] [stderr] 
[INFO] [stderr]   --- stderr
[INFO] [stderr]   CMake Warning:
[INFO] [stderr]     Manually-specified variables were not used by the project:
[INFO] [stderr] 
[INFO] [stderr]       CMAKE_ASM_COMPILER
[INFO] [stderr]       CMAKE_ASM_FLAGS
[INFO] [stderr] 
[INFO] [stderr] 
[INFO] [stderr]   /opt/rustwide/target/debug/build/lief-sys-7f109f31da5635d2/out/build/mbed_tls/src/lief_mbed_tls/library/ssl_tls.c: In function 'ssl_calc_finished_tls_sha384':
[INFO] [stderr]   /opt/rustwide/target/debug/build/lief-sys-7f109f31da5635d2/out/build/mbed_tls/src/lief_mbed_tls/library/ssl_tls.c:3267:5: warning: 'mbedtls_sha512_finish_ret' accessing 64 bytes in a region of size 48 [-Wstringop-overflow=]
[INFO] [stderr]    3267 |     finish( &sha512, padbuf );
[INFO] [stderr]         |     ^~~~~~~~~~~~~~~~~~~~~~~~~
[INFO] [stderr]   /opt/rustwide/target/debug/build/lief-sys-7f109f31da5635d2/out/build/mbed_tls/src/lief_mbed_tls/library/ssl_tls.c:3267:5: note: referencing argument 2 of type 'unsigned char *'
[INFO] [stderr]   In file included from /opt/rustwide/target/debug/build/lief-sys-7f109f31da5635d2/out/build/mbed_tls/src/lief_mbed_tls/include/mbedtls/ssl_internal.h:51,
[INFO] [stderr]                    from /opt/rustwide/target/debug/build/lief-sys-7f109f31da5635d2/out/build/mbed_tls/src/lief_mbed_tls/library/ssl_tls.c:41:
[INFO] [stderr]   /opt/rustwide/target/debug/build/lief-sys-7f109f31da5635d2/out/build/mbed_tls/src/lief_mbed_tls/include/mbedtls/sha512.h:144:5: note: in a call to function 'mbedtls_sha512_finish_ret'
[INFO] [stderr]     144 | int mbedtls_sha512_finish_ret( mbedtls_sha512_context *ctx,
[INFO] [stderr]         |     ^~~~~~~~~~~~~~~~~~~~~~~~~
[INFO] [stderr]   /opt/rustwide/workdir/lief/src/iostream.cpp: In member function 'virtual int LIEF::prefixbuf::overflow(int)':
[INFO] [stderr]   /opt/rustwide/workdir/lief/src/iostream.cpp:247:29: warning: comparison of integer expressions of different signedness: 'std::__cxx11::basic_string<char>::size_type' {aka 'long unsigned int'} and 'std::streamsize' {aka 'long int'} [-Wsign-compare]
[INFO] [stderr]     247 |         this->prefix.size() != this->sbuf->sputn(&this->prefix[0], this->prefix.size())) {
[INFO] [stderr]         |         ~~~~~~~~~~~~~~~~~~~~^~~~~~~~~~~~~~~~~~~~~~~~~~~~~~~~~~~~~~~~~~~~~~~~~~~~~~~~~~~
[INFO] [stderr]   /opt/rustwide/workdir/lief/src/hash_stream.cpp: In constructor 'LIEF::hashstream::hashstream(LIEF::hashstream::HASH)':
[INFO] [stderr]   /opt/rustwide/workdir/lief/src/hash_stream.cpp:29:7: warning: variable 'ret' set but not used [-Wunused-but-set-variable]
[INFO] [stderr]      29 |   int ret = 0;
[INFO] [stderr]         |       ^~~
[INFO] [stderr]   /opt/rustwide/workdir/lief/src/BinaryStream/BinaryStream.cpp: In member function 'uint64_t LIEF::BinaryStream::read_sleb128() const':
[INFO] [stderr]   /opt/rustwide/workdir/lief/src/BinaryStream/BinaryStream.cpp:115:39: warning: left shift of negative value [-Wshift-negative-value]
[INFO] [stderr]     115 |     value |= static_cast<int64_t>(-1) << shift;
[INFO] [stderr]         |              ~~~~~~~~~~~~~~~~~~~~~~~~~^~~~~~~~
[INFO] [stderr]   /opt/rustwide/workdir/lief/src/BinaryStream/VectorStream.cpp: In member function 'virtual LIEF::result<std::unique_ptr<mbedtls_x509_time> > LIEF::VectorStream::x509_read_time()':
[INFO] [stderr]   /opt/rustwide/workdir/lief/src/BinaryStream/VectorStream.cpp:332:19: warning: redundant move in return statement [-Wredundant-move]
[INFO] [stderr]     332 |   return std::move(tm);
[INFO] [stderr]         |          ~~~~~~~~~^~~~
[INFO] [stderr]   /opt/rustwide/workdir/lief/src/BinaryStream/VectorStream.cpp:332:19: note: remove 'std::move' call
[INFO] [stderr]   c++: fatal error: Killed signal terminated program cc1plus
[INFO] [stderr]   compilation terminated.
[INFO] [stderr]   gmake[2]: *** [CMakeFiles/LIB_LIEF.dir/build.make:1306: CMakeFiles/LIB_LIEF.dir/src/hash_stream.cpp.o] Error 1
[INFO] [stderr]   gmake[2]: *** Waiting for unfinished jobs....
[INFO] [stderr]   c++: fatal error: Killed signal terminated program cc1plus
[INFO] [stderr]   compilation terminated.
[INFO] [stderr]   gmake[2]: *** [CMakeFiles/LIB_LIEF.dir/build.make:1320: CMakeFiles/LIB_LIEF.dir/src/logging.cpp.o] Error 1
[INFO] [stderr]   gmake[1]: *** [CMakeFiles/Makefile2:273: CMakeFiles/LIB_LIEF.dir/all] Error 2
[INFO] [stderr]   gmake: *** [Makefile:156: all] Error 2
[INFO] [stderr]   thread 'main' panicked at /opt/rustwide/cargo-home/registry/src/index.crates.io-6f17d22bba15001f/cmake-0.1.50/src/lib.rs:1098:5:
[INFO] [stderr] 
[INFO] [stderr]   command did not execute successfully, got: exit status: 2
[INFO] [stderr] 
[INFO] [stderr]   build script failed, must exit now
[INFO] [stderr]   stack backtrace:
[INFO] [stderr]      0:     0x559c52f8ae46 - std::backtrace_rs::backtrace::libunwind::trace::h261606ad26a499c1
[INFO] [stderr]                                  at /rustc/0e09125c6c3c2fd70d7de961bcf0e51575235fad/library/std/src/../../backtrace/src/backtrace/libunwind.rs:104:5
[INFO] [stderr]      1:     0x559c52f8ae46 - std::backtrace_rs::backtrace::trace_unsynchronized::hd183f0625477fb28
[INFO] [stderr]                                  at /rustc/0e09125c6c3c2fd70d7de961bcf0e51575235fad/library/std/src/../../backtrace/src/backtrace/mod.rs:66:5
[INFO] [stderr]      2:     0x559c52f8ae46 - std::sys_common::backtrace::_print_fmt::hd7f8fef21b4eda67
[INFO] [stderr]                                  at /rustc/0e09125c6c3c2fd70d7de961bcf0e51575235fad/library/std/src/sys_common/backtrace.rs:68:5
[INFO] [stderr]      3:     0x559c52f8ae46 - <std::sys_common::backtrace::_print::DisplayBacktrace as core::fmt::Display>::fmt::h623d9b51f2f453f1
[INFO] [stderr]                                  at /rustc/0e09125c6c3c2fd70d7de961bcf0e51575235fad/library/std/src/sys_common/backtrace.rs:44:22
[INFO] [stderr]      4:     0x559c52fb5cf0 - core::fmt::rt::Argument::fmt::h9f417ac76a86f368
[INFO] [stderr]                                  at /rustc/0e09125c6c3c2fd70d7de961bcf0e51575235fad/library/core/src/fmt/rt.rs:142:9
[INFO] [stderr]      5:     0x559c52fb5cf0 - core::fmt::write::hc9b6faf4ac2aeff7
[INFO] [stderr]                                  at /rustc/0e09125c6c3c2fd70d7de961bcf0e51575235fad/library/core/src/fmt/mod.rs:1120:17
[INFO] [stderr]      6:     0x559c52f8831f - std::io::Write::write_fmt::hfead1eee52c2e65e
[INFO] [stderr]                                  at /rustc/0e09125c6c3c2fd70d7de961bcf0e51575235fad/library/std/src/io/mod.rs:1810:15
[INFO] [stderr]      7:     0x559c52f8ac24 - std::sys_common::backtrace::_print::hd5d66399c7df88a2
[INFO] [stderr]                                  at /rustc/0e09125c6c3c2fd70d7de961bcf0e51575235fad/library/std/src/sys_common/backtrace.rs:47:5
[INFO] [stderr]      8:     0x559c52f8ac24 - std::sys_common::backtrace::print::he81ed2da642d37e5
[INFO] [stderr]                                  at /rustc/0e09125c6c3c2fd70d7de961bcf0e51575235fad/library/std/src/sys_common/backtrace.rs:34:9
[INFO] [stderr]      9:     0x559c52f8c507 - std::panicking::default_hook::{{closure}}::h85773f4fa117163d
[INFO] [stderr]     10:     0x559c52f8c269 - std::panicking::default_hook::h6a1694a91d09b278
[INFO] [stderr]                                  at /rustc/0e09125c6c3c2fd70d7de961bcf0e51575235fad/library/std/src/panicking.rs:292:9
[INFO] [stderr]     11:     0x559c52f8c998 - std::panicking::rust_panic_with_hook::h0a7ad96e90f7145b
[INFO] [stderr]                                  at /rustc/0e09125c6c3c2fd70d7de961bcf0e51575235fad/library/std/src/panicking.rs:779:13
[INFO] [stderr]     12:     0x559c52f8c872 - std::panicking::begin_panic_handler::{{closure}}::h7919090525c6485e
[INFO] [stderr]                                  at /rustc/0e09125c6c3c2fd70d7de961bcf0e51575235fad/library/std/src/panicking.rs:657:13
[INFO] [stderr]     13:     0x559c52f8b346 - std::sys_common::backtrace::__rust_end_short_backtrace::hf3289479464f7dfe
[INFO] [stderr]                                  at /rustc/0e09125c6c3c2fd70d7de961bcf0e51575235fad/library/std/src/sys_common/backtrace.rs:171:18
[INFO] [stderr]     14:     0x559c52f8c5d0 - rust_begin_unwind
[INFO] [stderr]                                  at /rustc/0e09125c6c3c2fd70d7de961bcf0e51575235fad/library/std/src/panicking.rs:645:5
[INFO] [stderr]     15:     0x559c52a56d25 - core::panicking::panic_fmt::hcc9f77c5c132af55
[INFO] [stderr]                                  at /rustc/0e09125c6c3c2fd70d7de961bcf0e51575235fad/library/core/src/panicking.rs:72:14
[INFO] [stderr]     16:     0x559c52a73ed1 - cmake::fail::h9d1bb312acae040a
[INFO] [stderr]     17:     0x559c52a73667 - cmake::run::hb82af605034f183a
[INFO] [stderr]     18:     0x559c52a6ff9d - cmake::Config::build::hfaf66ae67d2843de
[INFO] [stderr]     19:     0x559c52a5ae07 - build_script_build::main::hd190b11bc5ed0633
[INFO] [stderr]     20:     0x559c52a58183 - core::ops::function::FnOnce::call_once::hafd1aff4a71f269b
[INFO] [stderr]     21:     0x559c52a576d6 - std::sys_common::backtrace::__rust_begin_short_backtrace::hc0f6894f1d92f7d3
[INFO] [stderr]     22:     0x559c52a57d69 - std::rt::lang_start::{{closure}}::h9528876eb3ff37bf
[INFO] [stderr]     23:     0x559c52f83b61 - core::ops::function::impls::<impl core::ops::function::FnOnce<A> for &F>::call_once::h4eb4c5e1620f29b0
[INFO] [stderr]                                  at /rustc/0e09125c6c3c2fd70d7de961bcf0e51575235fad/library/core/src/ops/function.rs:284:13
[INFO] [stderr]     24:     0x559c52f83b61 - std::panicking::try::do_call::h73fd26535faffcdf
[INFO] [stderr]                                  at /rustc/0e09125c6c3c2fd70d7de961bcf0e51575235fad/library/std/src/panicking.rs:552:40
[INFO] [stderr]     25:     0x559c52f83b61 - std::panicking::try::h77ff1d98f0fb9f39
[INFO] [stderr]                                  at /rustc/0e09125c6c3c2fd70d7de961bcf0e51575235fad/library/std/src/panicking.rs:516:19
[INFO] [stderr]     26:     0x559c52f83b61 - std::panic::catch_unwind::hab3caf2448b95e37
[INFO] [stderr]                                  at /rustc/0e09125c6c3c2fd70d7de961bcf0e51575235fad/library/std/src/panic.rs:142:14
[INFO] [stderr]     27:     0x559c52f83b61 - std::rt::lang_start_internal::{{closure}}::h8086711f9c783f78
[INFO] [stderr]                                  at /rustc/0e09125c6c3c2fd70d7de961bcf0e51575235fad/library/std/src/rt.rs:148:48
[INFO] [stderr]     28:     0x559c52f83b61 - std::panicking::try::do_call::hf920d4dc291cd6ca
[INFO] [stderr]                                  at /rustc/0e09125c6c3c2fd70d7de961bcf0e51575235fad/library/std/src/panicking.rs:552:40
[INFO] [stderr]     29:     0x559c52f83b61 - std::panicking::try::h2b806ccc0a85db74
[INFO] [stderr]                                  at /rustc/0e09125c6c3c2fd70d7de961bcf0e51575235fad/library/std/src/panicking.rs:516:19
[INFO] [stderr]     30:     0x559c52f83b61 - std::panic::catch_unwind::h038489539c507df2
[INFO] [stderr]                                  at /rustc/0e09125c6c3c2fd70d7de961bcf0e51575235fad/library/std/src/panic.rs:142:14
[INFO] [stderr]     31:     0x559c52f83b61 - std::rt::lang_start_internal::h28503b88912e8a5c
[INFO] [stderr]                                  at /rustc/0e09125c6c3c2fd70d7de961bcf0e51575235fad/library/std/src/rt.rs:148:20
[INFO] [stderr]     32:     0x559c52a57d47 - std::rt::lang_start::h1904bb9ce72396e1
[INFO] [stderr]     33:     0x559c52a5b915 - main
[INFO] [stderr]     34:     0x7f7a70f36d90 - <unknown>
[INFO] [stderr]     35:     0x7f7a70f36e40 - __libc_start_main
[INFO] [stderr]     36:     0x559c52a57605 - _start
[INFO] [stderr]     37:                0x0 - <unknown>
[INFO] running `Command { std: "docker" "inspect" "8b7ddee02bfbfb4a25a092ca593e1266739dbf63ce6ebf5953985623389f29a3", kill_on_drop: false }`
[INFO] running `Command { std: "docker" "rm" "-f" "8b7ddee02bfbfb4a25a092ca593e1266739dbf63ce6ebf5953985623389f29a3", kill_on_drop: false }`
[INFO] [stdout] 8b7ddee02bfbfb4a25a092ca593e1266739dbf63ce6ebf5953985623389f29a3
