[INFO] fetching crate libui-ng-sys 0.7.0...
[INFO] testing libui-ng-sys-0.7.0 against 1.75.0 for beta-1.76-1
[INFO] extracting crate libui-ng-sys 0.7.0 into /workspace/builds/worker-1-tc1/source
[INFO] validating manifest of crates.io crate libui-ng-sys 0.7.0 on toolchain 1.75.0
[INFO] running `Command { std: CARGO_HOME="/workspace/cargo-home" RUSTUP_HOME="/workspace/rustup-home" "/workspace/cargo-home/bin/cargo" "+1.75.0" "metadata" "--manifest-path" "Cargo.toml" "--no-deps", kill_on_drop: false }`
[INFO] started tweaking crates.io crate libui-ng-sys 0.7.0
[INFO] finished tweaking crates.io crate libui-ng-sys 0.7.0
[INFO] tweaked toml for crates.io crate libui-ng-sys 0.7.0 written to /workspace/builds/worker-1-tc1/source/Cargo.toml
[INFO] crate crates.io crate libui-ng-sys 0.7.0 already has a lockfile, it will not be regenerated
[INFO] running `Command { std: CARGO_HOME="/workspace/cargo-home" RUSTUP_HOME="/workspace/rustup-home" "/workspace/cargo-home/bin/cargo" "+1.75.0" "fetch" "--manifest-path" "Cargo.toml", kill_on_drop: false }`
[INFO] [stderr]  Downloading crates ...
[INFO] [stderr]   Downloaded supports-color v1.3.1
[INFO] [stderr]   Downloaded gdk-pixbuf-sys v0.16.3
[INFO] [stderr]   Downloaded cairo-sys-rs v0.16.3
[INFO] [stderr]   Downloaded system-deps v6.0.3
[INFO] [stderr]   Downloaded gtk-sys v0.16.0
[INFO] [stderr]   Downloaded atk-sys v0.16.0
[INFO] [stderr]   Downloaded error-stack v0.2.4
[INFO] [stderr]   Downloaded gdk-sys v0.16.0
[INFO] [stderr]   Downloaded glib-sys v0.16.3
[INFO] [stderr]   Downloaded serde v1.0.150
[INFO] [stderr]   Downloaded gio-sys v0.16.3
[INFO] [stderr]   Downloaded pango-sys v0.16.3
[INFO] [stderr]   Downloaded cfg-expr v0.11.0
[INFO] [stderr]   Downloaded gobject-sys v0.16.3
[INFO] running `Command { std: "docker" "create" "-v" "/var/lib/crater-agent-workspace/builds/worker-1-tc1/target:/opt/rustwide/target:rw,Z" "-v" "/var/lib/crater-agent-workspace/builds/worker-1-tc1/source:/opt/rustwide/workdir:ro,Z" "-v" "/var/lib/crater-agent-workspace/cargo-home:/opt/rustwide/cargo-home:ro,Z" "-v" "/var/lib/crater-agent-workspace/rustup-home:/opt/rustwide/rustup-home:ro,Z" "-e" "SOURCE_DIR=/opt/rustwide/workdir" "-e" "CARGO_TARGET_DIR=/opt/rustwide/target" "-e" "CARGO_HOME=/opt/rustwide/cargo-home" "-e" "RUSTUP_HOME=/opt/rustwide/rustup-home" "-w" "/opt/rustwide/workdir" "-m" "1610612736" "--user" "0:0" "--network" "none" "ghcr.io/rust-lang/crates-build-env/linux@sha256:2788e3201cd34a07e3172128adcd8b3090168a8e3bcc40d7c032b9dda1df7d1c" "/opt/rustwide/cargo-home/bin/cargo" "+1.75.0" "metadata" "--no-deps" "--format-version=1", kill_on_drop: false }`
[INFO] [stdout] 51be218d1548cc70ae4c20a51ec66810696b11f500ecdd1c371feb1c92398c99
[INFO] running `Command { std: "docker" "start" "-a" "51be218d1548cc70ae4c20a51ec66810696b11f500ecdd1c371feb1c92398c99", kill_on_drop: false }`
[INFO] running `Command { std: "docker" "inspect" "51be218d1548cc70ae4c20a51ec66810696b11f500ecdd1c371feb1c92398c99", kill_on_drop: false }`
[INFO] running `Command { std: "docker" "rm" "-f" "51be218d1548cc70ae4c20a51ec66810696b11f500ecdd1c371feb1c92398c99", kill_on_drop: false }`
[INFO] [stdout] 51be218d1548cc70ae4c20a51ec66810696b11f500ecdd1c371feb1c92398c99
[INFO] running `Command { std: "docker" "create" "-v" "/var/lib/crater-agent-workspace/builds/worker-1-tc1/target:/opt/rustwide/target:rw,Z" "-v" "/var/lib/crater-agent-workspace/builds/worker-1-tc1/source:/opt/rustwide/workdir:ro,Z" "-v" "/var/lib/crater-agent-workspace/cargo-home:/opt/rustwide/cargo-home:ro,Z" "-v" "/var/lib/crater-agent-workspace/rustup-home:/opt/rustwide/rustup-home:ro,Z" "-e" "SOURCE_DIR=/opt/rustwide/workdir" "-e" "CARGO_TARGET_DIR=/opt/rustwide/target" "-e" "CARGO_INCREMENTAL=0" "-e" "RUST_BACKTRACE=full" "-e" "RUSTFLAGS=--cap-lints=warn" "-e" "RUSTDOCFLAGS=--cap-lints=warn" "-e" "CARGO_HOME=/opt/rustwide/cargo-home" "-e" "RUSTUP_HOME=/opt/rustwide/rustup-home" "-w" "/opt/rustwide/workdir" "-m" "1610612736" "--user" "0:0" "--network" "none" "ghcr.io/rust-lang/crates-build-env/linux@sha256:2788e3201cd34a07e3172128adcd8b3090168a8e3bcc40d7c032b9dda1df7d1c" "/opt/rustwide/cargo-home/bin/cargo" "+1.75.0" "build" "--frozen" "--message-format=json", kill_on_drop: false }`
[INFO] [stdout] 27733f0cbe0671e5d4cd2de51f668ba4615e12ddbbd6a96879b642397474a951
[INFO] running `Command { std: "docker" "start" "-a" "27733f0cbe0671e5d4cd2de51f668ba4615e12ddbbd6a96879b642397474a951", kill_on_drop: false }`
[INFO] [stderr]    Compiling serde v1.0.150
[INFO] [stderr]    Compiling pkg-config v0.3.26
[INFO] [stderr]    Compiling smallvec v1.10.0
[INFO] [stderr]    Compiling version-compare v0.1.1
[INFO] [stderr]    Compiling heck v0.4.0
[INFO] [stderr]    Compiling libc v0.2.138
[INFO] [stderr]    Compiling proc-macro2 v1.0.47
[INFO] [stderr]    Compiling semver v1.0.16
[INFO] [stderr]    Compiling unicode-ident v1.0.5
[INFO] [stderr]    Compiling quote v1.0.21
[INFO] [stderr]    Compiling syn v1.0.105
[INFO] [stderr]    Compiling glob v0.3.0
[INFO] [stderr]    Compiling is_ci v1.1.1
[INFO] [stderr]    Compiling cfg-if v1.0.0
[INFO] [stderr]    Compiling minimal-lexical v0.2.1
[INFO] [stderr]    Compiling memchr v2.5.0
[INFO] [stderr]    Compiling libloading v0.7.4
[INFO] [stderr]    Compiling either v1.8.0
[INFO] [stderr]    Compiling bindgen v0.63.0
[INFO] [stderr]    Compiling cfg-expr v0.11.0
[INFO] [stderr]    Compiling regex-syntax v0.6.28
[INFO] [stderr]    Compiling thiserror v1.0.38
[INFO] [stderr]    Compiling rustc-hash v1.1.0
[INFO] [stderr]    Compiling lazycell v1.3.0
[INFO] [stderr]    Compiling peeking_take_while v0.1.2
[INFO] [stderr]    Compiling bitflags v1.3.2
[INFO] [stderr]    Compiling shlex v1.1.0
[INFO] [stderr]    Compiling clang-sys v1.4.0
[INFO] [stderr]    Compiling nom v7.1.1
[INFO] [stderr]    Compiling rustc_version v0.4.0
[INFO] [stderr]    Compiling error-stack v0.2.4
[INFO] [stderr]    Compiling atty v0.2.14
[INFO] [stderr]    Compiling which v4.3.0
[INFO] [stderr]    Compiling supports-color v1.3.1
[INFO] [stderr]    Compiling owo-colors v3.5.0
[INFO] [stderr]    Compiling cexpr v0.6.0
[INFO] [stderr]    Compiling regex v1.7.0
[INFO] [stderr]    Compiling toml v0.5.9
[INFO] [stderr]    Compiling system-deps v6.0.3
[INFO] [stderr]    Compiling glib-sys v0.16.3
[INFO] [stderr]    Compiling gobject-sys v0.16.3
[INFO] [stderr]    Compiling gio-sys v0.16.3
[INFO] [stderr]    Compiling gdk-sys v0.16.0
[INFO] [stderr]    Compiling atk-sys v0.16.0
[INFO] [stderr]    Compiling pango-sys v0.16.3
[INFO] [stderr]    Compiling gdk-pixbuf-sys v0.16.3
[INFO] [stderr]    Compiling cairo-sys-rs v0.16.3
[INFO] [stderr]    Compiling gtk-sys v0.16.0
[INFO] [stderr]    Compiling thiserror-impl v1.0.38
[INFO] [stderr]    Compiling libui-ng-sys v0.7.0 (/opt/rustwide/workdir)
[INFO] [stderr] error: failed to run custom build command for `libui-ng-sys v0.7.0 (/opt/rustwide/workdir)`
[INFO] [stderr] note: To improve backtraces for build dependencies, set the CARGO_PROFILE_DEV_BUILD_OVERRIDE_DEBUG=true environment variable to enable debug information generation.
[INFO] [stderr] 
[INFO] [stderr] Caused by:
[INFO] [stderr]   process didn't exit successfully: `/opt/rustwide/target/debug/build/libui-ng-sys-5a649b4593033524/build-script-build` (exit status: 1)
[INFO] [stderr]   --- stdout
[INFO] [stderr]   cargo:rerun-if-env-changed=LIBUI_NG_NO_PKG_CONFIG
[INFO] [stderr]   cargo:rerun-if-env-changed=PKG_CONFIG_x86_64-unknown-linux-gnu
[INFO] [stderr]   cargo:rerun-if-env-changed=PKG_CONFIG_x86_64_unknown_linux_gnu
[INFO] [stderr]   cargo:rerun-if-env-changed=HOST_PKG_CONFIG
[INFO] [stderr]   cargo:rerun-if-env-changed=PKG_CONFIG
[INFO] [stderr]   cargo:rerun-if-env-changed=PKG_CONFIG_PATH_x86_64-unknown-linux-gnu
[INFO] [stderr]   cargo:rerun-if-env-changed=PKG_CONFIG_PATH_x86_64_unknown_linux_gnu
[INFO] [stderr]   cargo:rerun-if-env-changed=HOST_PKG_CONFIG_PATH
[INFO] [stderr]   cargo:rerun-if-env-changed=PKG_CONFIG_PATH
[INFO] [stderr]   cargo:rerun-if-env-changed=PKG_CONFIG_LIBDIR_x86_64-unknown-linux-gnu
[INFO] [stderr]   cargo:rerun-if-env-changed=PKG_CONFIG_LIBDIR_x86_64_unknown_linux_gnu
[INFO] [stderr]   cargo:rerun-if-env-changed=HOST_PKG_CONFIG_LIBDIR
[INFO] [stderr]   cargo:rerun-if-env-changed=PKG_CONFIG_LIBDIR
[INFO] [stderr]   cargo:rerun-if-env-changed=PKG_CONFIG_SYSROOT_DIR_x86_64-unknown-linux-gnu
[INFO] [stderr]   cargo:rerun-if-env-changed=PKG_CONFIG_SYSROOT_DIR_x86_64_unknown_linux_gnu
[INFO] [stderr]   cargo:rerun-if-env-changed=HOST_PKG_CONFIG_SYSROOT_DIR
[INFO] [stderr]   cargo:rerun-if-env-changed=PKG_CONFIG_SYSROOT_DIR
[INFO] [stderr] 
[INFO] [stderr]   --- stderr
[INFO] [stderr]   failed to build libui-ng
[INFO] [stderr]   ├╴ build.rs:113:18
[INFO] [stderr]   │
[INFO] [stderr]   ├─▶ failed to setup libui-ng
[INFO] [stderr]   │   ╰╴ build.rs:477:63
[INFO] [stderr]   │
[INFO] [stderr]   ╰─▶ Output { status: ExitStatus(unix_wait_status(256)), stdout: "WARNING: Recommend using either -Dbuildtype or -Doptimization + -Ddebug. Using both is redundant since they override each other. See: https://mesonbuild.com/Builtin-options.html#build-type-options\nThe Meson build system\nVersion: 0.62.99\nSource dir: /opt/rustwide/target/debug/build/libui-ng-sys-f739cfa95848f4f2/out/libui-ng\nBuild dir: /opt/rustwide/target/debug/build/libui-ng-sys-f739cfa95848f4f2/out/libui-ng/build\nBuild type: native build\nProject name: libui\nProject version: undefined\nC compiler for the host machine: cc (gcc 11.4.0 \"cc (Ubuntu 11.4.0-1ubuntu1~22.04) 11.4.0\")\nC linker for the host machine: cc ld.bfd 2.38\nC++ compiler for the host machine: c++ (gcc 11.4.0 \"c++ (Ubuntu 11.4.0-1ubuntu1~22.04) 11.4.0\")\nC++ linker for the host machine: c++ ld.bfd 2.38\nHost machine cpu family: x86_64\nHost machine cpu: x86_64\nFound pkg-config: /usr/bin/pkg-config (0.29.2)\nRun-time dependency gtk+-3.0 found: YES 3.24.33\nLibrary m found: YES\nLibrary dl found: YES\n../target/debug/build/libui-ng-sys-f739cfa95848f4f2/out/libui-ng/test/meson.build:49: WARNING: Project targeting '>=0.58.0' but tried to use feature deprecated since '0.56.0': gui_app arg in executable. Use 'win_subsystem' instead.\nLooking for a fallback subproject for the dependency cmocka because:\nUse of fallback dependencies is forced.\nDownloading cmocka source from https://cmocka.org/files/1.1/cmocka-1.1.5.tar.xz\n<urlopen error [Errno -3] Temporary failure in name resolution>\nWARNING: failed to download with error: could not get https://cmocka.org/files/1.1/cmocka-1.1.5.tar.xz is the internet available?. Trying after a delay...\n<urlopen error [Errno -3] Temporary failure in name resolution>\nWARNING: failed to download with error: could not get https://cmocka.org/files/1.1/cmocka-1.1.5.tar.xz is the internet available?. Trying after a delay...\n<urlopen error [Errno -3] Temporary failure in name resolution>\nWARNING: failed to download with error: could not get https://cmocka.org/files/1.1/cmocka-1.1.5.tar.xz is the internet available?. Trying after a delay...\n<urlopen error [Errno -3] Temporary failure in name resolution>\nWARNING: failed to download with error: could not get https://cmocka.org/files/1.1/cmocka-1.1.5.tar.xz is the internet available?. Trying after a delay...\n<urlopen error [Errno -3] Temporary failure in name resolution>\nWARNING: failed to download with error: could not get https://cmocka.org/files/1.1/cmocka-1.1.5.tar.xz is the internet available?. Trying after a delay...\n<urlopen error [Errno -3] Temporary failure in name resolution>\nA fallback URL could be specified using source_fallback_url key in the wrap file\n\n../target/debug/build/libui-ng-sys-f739cfa95848f4f2/out/libui-ng/test/unit/meson.build:1:0: ERROR: could not get https://cmocka.org/files/1.1/cmocka-1.1.5.tar.xz is the internet available?\n\nA full log can be found at /opt/rustwide/target/debug/build/libui-ng-sys-f739cfa95848f4f2/out/libui-ng/build/meson-logs/meson-log.txt\n", stderr: "" }
[INFO] [stderr]       ├╴ build.rs:509:21
[INFO] [stderr]       ╰╴ backtrace (1)
[INFO] [stderr] 
[INFO] [stderr]   ━━━━━━━━━━━━━━━━━━━━━━━━━━━━━━━━━━━━━━━━
[INFO] [stderr] 
[INFO] [stderr]   backtrace no. 1
[INFO] [stderr]      0: error_stack::report::Report<C>::from_frame
[INFO] [stderr]      1: error_stack::report::Report<C>::new
[INFO] [stderr]      2: error_stack::macros::__private::specialization::ContextReporter::report
[INFO] [stderr]      3: build_script_build::build::Backend::run_python
[INFO] [stderr]      4: build_script_build::build::Backend::setup_libui
[INFO] [stderr]      5: build_script_build::build::Backend::build_libui
[INFO] [stderr]      6: build_script_build::main_impl
[INFO] [stderr]      7: build_script_build::main
[INFO] [stderr]      8: core::ops::function::FnOnce::call_once
[INFO] [stderr]      9: std::sys_common::backtrace::__rust_begin_short_backtrace
[INFO] [stderr]     10: std::rt::lang_start::{{closure}}
[INFO] [stderr]     11: core::ops::function::impls::<impl core::ops::function::FnOnce<A> for &F>::call_once
[INFO] [stderr]                at /rustc/82e1608dfa6e0b5569232559e3d385fea5a93112/library/core/src/ops/function.rs:284:13
[INFO] [stderr]     12: std::panicking::try::do_call
[INFO] [stderr]                at /rustc/82e1608dfa6e0b5569232559e3d385fea5a93112/library/std/src/panicking.rs:552:40
[INFO] [stderr]     13: std::panicking::try
[INFO] [stderr]                at /rustc/82e1608dfa6e0b5569232559e3d385fea5a93112/library/std/src/panicking.rs:516:19
[INFO] [stderr]     14: std::panic::catch_unwind
[INFO] [stderr]                at /rustc/82e1608dfa6e0b5569232559e3d385fea5a93112/library/std/src/panic.rs:142:14
[INFO] [stderr]     15: std::rt::lang_start_internal::{{closure}}
[INFO] [stderr]                at /rustc/82e1608dfa6e0b5569232559e3d385fea5a93112/library/std/src/rt.rs:148:48
[INFO] [stderr]     16: std::panicking::try::do_call
[INFO] [stderr]                at /rustc/82e1608dfa6e0b5569232559e3d385fea5a93112/library/std/src/panicking.rs:552:40
[INFO] [stderr]     17: std::panicking::try
[INFO] [stderr]                at /rustc/82e1608dfa6e0b5569232559e3d385fea5a93112/library/std/src/panicking.rs:516:19
[INFO] [stderr]     18: std::panic::catch_unwind
[INFO] [stderr]                at /rustc/82e1608dfa6e0b5569232559e3d385fea5a93112/library/std/src/panic.rs:142:14
[INFO] [stderr]     19: std::rt::lang_start_internal
[INFO] [stderr]                at /rustc/82e1608dfa6e0b5569232559e3d385fea5a93112/library/std/src/rt.rs:148:20
[INFO] [stderr]     20: std::rt::lang_start
[INFO] [stderr]     21: main
[INFO] [stderr]     22: <unknown>
[INFO] [stderr]     23: __libc_start_main
[INFO] [stderr]     24: _start
[INFO] running `Command { std: "docker" "inspect" "27733f0cbe0671e5d4cd2de51f668ba4615e12ddbbd6a96879b642397474a951", kill_on_drop: false }`
[INFO] running `Command { std: "docker" "rm" "-f" "27733f0cbe0671e5d4cd2de51f668ba4615e12ddbbd6a96879b642397474a951", kill_on_drop: false }`
[INFO] [stdout] 27733f0cbe0671e5d4cd2de51f668ba4615e12ddbbd6a96879b642397474a951
[INFO] testing libui-ng-sys-0.7.0 against beta-2023-12-22 for beta-1.76-1
[INFO] extracting crate libui-ng-sys 0.7.0 into /workspace/builds/worker-1-tc2/source
[INFO] validating manifest of crates.io crate libui-ng-sys 0.7.0 on toolchain beta-2023-12-22
[INFO] running `Command { std: CARGO_HOME="/workspace/cargo-home" RUSTUP_HOME="/workspace/rustup-home" "/workspace/cargo-home/bin/cargo" "+beta-2023-12-22" "metadata" "--manifest-path" "Cargo.toml" "--no-deps", kill_on_drop: false }`
[INFO] started tweaking crates.io crate libui-ng-sys 0.7.0
[INFO] finished tweaking crates.io crate libui-ng-sys 0.7.0
[INFO] tweaked toml for crates.io crate libui-ng-sys 0.7.0 written to /workspace/builds/worker-1-tc2/source/Cargo.toml
[INFO] crate crates.io crate libui-ng-sys 0.7.0 already has a lockfile, it will not be regenerated
[INFO] running `Command { std: CARGO_HOME="/workspace/cargo-home" RUSTUP_HOME="/workspace/rustup-home" "/workspace/cargo-home/bin/cargo" "+beta-2023-12-22" "fetch" "--manifest-path" "Cargo.toml", kill_on_drop: false }`
[INFO] running `Command { std: "docker" "create" "-v" "/var/lib/crater-agent-workspace/builds/worker-1-tc2/target:/opt/rustwide/target:rw,Z" "-v" "/var/lib/crater-agent-workspace/builds/worker-1-tc2/source:/opt/rustwide/workdir:ro,Z" "-v" "/var/lib/crater-agent-workspace/cargo-home:/opt/rustwide/cargo-home:ro,Z" "-v" "/var/lib/crater-agent-workspace/rustup-home:/opt/rustwide/rustup-home:ro,Z" "-e" "SOURCE_DIR=/opt/rustwide/workdir" "-e" "CARGO_TARGET_DIR=/opt/rustwide/target" "-e" "CARGO_HOME=/opt/rustwide/cargo-home" "-e" "RUSTUP_HOME=/opt/rustwide/rustup-home" "-w" "/opt/rustwide/workdir" "-m" "1610612736" "--user" "0:0" "--network" "none" "ghcr.io/rust-lang/crates-build-env/linux@sha256:2788e3201cd34a07e3172128adcd8b3090168a8e3bcc40d7c032b9dda1df7d1c" "/opt/rustwide/cargo-home/bin/cargo" "+beta-2023-12-22" "metadata" "--no-deps" "--format-version=1", kill_on_drop: false }`
[INFO] [stdout] 0456895975f4c5ab4d8e3b1f773fc2457294b45577a675d7d7fa32ea89d13e98
[INFO] running `Command { std: "docker" "start" "-a" "0456895975f4c5ab4d8e3b1f773fc2457294b45577a675d7d7fa32ea89d13e98", kill_on_drop: false }`
[INFO] running `Command { std: "docker" "inspect" "0456895975f4c5ab4d8e3b1f773fc2457294b45577a675d7d7fa32ea89d13e98", kill_on_drop: false }`
[INFO] running `Command { std: "docker" "rm" "-f" "0456895975f4c5ab4d8e3b1f773fc2457294b45577a675d7d7fa32ea89d13e98", kill_on_drop: false }`
[INFO] [stdout] 0456895975f4c5ab4d8e3b1f773fc2457294b45577a675d7d7fa32ea89d13e98
[INFO] running `Command { std: "docker" "create" "-v" "/var/lib/crater-agent-workspace/builds/worker-1-tc2/target:/opt/rustwide/target:rw,Z" "-v" "/var/lib/crater-agent-workspace/builds/worker-1-tc2/source:/opt/rustwide/workdir:ro,Z" "-v" "/var/lib/crater-agent-workspace/cargo-home:/opt/rustwide/cargo-home:ro,Z" "-v" "/var/lib/crater-agent-workspace/rustup-home:/opt/rustwide/rustup-home:ro,Z" "-e" "SOURCE_DIR=/opt/rustwide/workdir" "-e" "CARGO_TARGET_DIR=/opt/rustwide/target" "-e" "CARGO_INCREMENTAL=0" "-e" "RUST_BACKTRACE=full" "-e" "RUSTFLAGS=--cap-lints=warn" "-e" "RUSTDOCFLAGS=--cap-lints=warn" "-e" "CARGO_HOME=/opt/rustwide/cargo-home" "-e" "RUSTUP_HOME=/opt/rustwide/rustup-home" "-w" "/opt/rustwide/workdir" "-m" "1610612736" "--user" "0:0" "--network" "none" "ghcr.io/rust-lang/crates-build-env/linux@sha256:2788e3201cd34a07e3172128adcd8b3090168a8e3bcc40d7c032b9dda1df7d1c" "/opt/rustwide/cargo-home/bin/cargo" "+beta-2023-12-22" "build" "--frozen" "--message-format=json", kill_on_drop: false }`
[INFO] [stdout] 35fbb35f7f87d3811e6f86623a21436f2d3856d03cf23716b4bc17c894577c59
[INFO] running `Command { std: "docker" "start" "-a" "35fbb35f7f87d3811e6f86623a21436f2d3856d03cf23716b4bc17c894577c59", kill_on_drop: false }`
[INFO] [stderr]    Compiling serde v1.0.150
[INFO] [stderr]    Compiling pkg-config v0.3.26
[INFO] [stderr]    Compiling smallvec v1.10.0
[INFO] [stderr]    Compiling version-compare v0.1.1
[INFO] [stderr]    Compiling heck v0.4.0
[INFO] [stderr]    Compiling libc v0.2.138
[INFO] [stderr]    Compiling proc-macro2 v1.0.47
[INFO] [stderr]    Compiling quote v1.0.21
[INFO] [stderr]    Compiling unicode-ident v1.0.5
[INFO] [stderr]    Compiling semver v1.0.16
[INFO] [stderr]    Compiling glob v0.3.0
[INFO] [stderr]    Compiling syn v1.0.105
[INFO] [stderr]    Compiling is_ci v1.1.1
[INFO] [stderr]    Compiling cfg-if v1.0.0
[INFO] [stderr]    Compiling minimal-lexical v0.2.1
[INFO] [stderr]    Compiling memchr v2.5.0
[INFO] [stderr]    Compiling libloading v0.7.4
[INFO] [stderr]    Compiling bindgen v0.63.0
[INFO] [stderr]    Compiling cfg-expr v0.11.0
[INFO] [stderr]    Compiling regex-syntax v0.6.28
[INFO] [stderr]    Compiling either v1.8.0
[INFO] [stderr]    Compiling thiserror v1.0.38
[INFO] [stderr]    Compiling lazycell v1.3.0
[INFO] [stderr]    Compiling shlex v1.1.0
[INFO] [stderr]    Compiling bitflags v1.3.2
[INFO] [stderr]    Compiling rustc-hash v1.1.0
[INFO] [stderr]    Compiling peeking_take_while v0.1.2
[INFO] [stderr]    Compiling nom v7.1.1
[INFO] [stderr]    Compiling clang-sys v1.4.0
[INFO] [stderr]    Compiling rustc_version v0.4.0
[INFO] [stderr]    Compiling error-stack v0.2.4
[INFO] [stderr]    Compiling atty v0.2.14
[INFO] [stderr]    Compiling which v4.3.0
[INFO] [stderr]    Compiling supports-color v1.3.1
[INFO] [stderr]    Compiling owo-colors v3.5.0
[INFO] [stderr]    Compiling cexpr v0.6.0
[INFO] [stderr]    Compiling regex v1.7.0
[INFO] [stderr]    Compiling toml v0.5.9
[INFO] [stderr]    Compiling system-deps v6.0.3
[INFO] [stderr]    Compiling glib-sys v0.16.3
[INFO] [stderr]    Compiling gobject-sys v0.16.3
[INFO] [stderr]    Compiling gio-sys v0.16.3
[INFO] [stderr]    Compiling atk-sys v0.16.0
[INFO] [stderr]    Compiling gdk-sys v0.16.0
[INFO] [stderr]    Compiling pango-sys v0.16.3
[INFO] [stderr]    Compiling cairo-sys-rs v0.16.3
[INFO] [stderr]    Compiling gdk-pixbuf-sys v0.16.3
[INFO] [stderr]    Compiling gtk-sys v0.16.0
[INFO] [stderr]    Compiling thiserror-impl v1.0.38
[INFO] [stderr]    Compiling libui-ng-sys v0.7.0 (/opt/rustwide/workdir)
[INFO] [stderr] error: failed to run custom build command for `libui-ng-sys v0.7.0 (/opt/rustwide/workdir)`
[INFO] [stderr] note: To improve backtraces for build dependencies, set the CARGO_PROFILE_DEV_BUILD_OVERRIDE_DEBUG=true environment variable to enable debug information generation.
[INFO] [stderr] 
[INFO] [stderr] Caused by:
[INFO] [stderr]   process didn't exit successfully: `/opt/rustwide/target/debug/build/libui-ng-sys-60a8cab7f1ccf72a/build-script-build` (exit status: 1)
[INFO] [stderr]   --- stdout
[INFO] [stderr]   cargo:rerun-if-env-changed=LIBUI_NG_NO_PKG_CONFIG
[INFO] [stderr]   cargo:rerun-if-env-changed=PKG_CONFIG_x86_64-unknown-linux-gnu
[INFO] [stderr]   cargo:rerun-if-env-changed=PKG_CONFIG_x86_64_unknown_linux_gnu
[INFO] [stderr]   cargo:rerun-if-env-changed=HOST_PKG_CONFIG
[INFO] [stderr]   cargo:rerun-if-env-changed=PKG_CONFIG
[INFO] [stderr]   cargo:rerun-if-env-changed=PKG_CONFIG_PATH_x86_64-unknown-linux-gnu
[INFO] [stderr]   cargo:rerun-if-env-changed=PKG_CONFIG_PATH_x86_64_unknown_linux_gnu
[INFO] [stderr]   cargo:rerun-if-env-changed=HOST_PKG_CONFIG_PATH
[INFO] [stderr]   cargo:rerun-if-env-changed=PKG_CONFIG_PATH
[INFO] [stderr]   cargo:rerun-if-env-changed=PKG_CONFIG_LIBDIR_x86_64-unknown-linux-gnu
[INFO] [stderr]   cargo:rerun-if-env-changed=PKG_CONFIG_LIBDIR_x86_64_unknown_linux_gnu
[INFO] [stderr]   cargo:rerun-if-env-changed=HOST_PKG_CONFIG_LIBDIR
[INFO] [stderr]   cargo:rerun-if-env-changed=PKG_CONFIG_LIBDIR
[INFO] [stderr]   cargo:rerun-if-env-changed=PKG_CONFIG_SYSROOT_DIR_x86_64-unknown-linux-gnu
[INFO] [stderr]   cargo:rerun-if-env-changed=PKG_CONFIG_SYSROOT_DIR_x86_64_unknown_linux_gnu
[INFO] [stderr]   cargo:rerun-if-env-changed=HOST_PKG_CONFIG_SYSROOT_DIR
[INFO] [stderr]   cargo:rerun-if-env-changed=PKG_CONFIG_SYSROOT_DIR
[INFO] [stderr] 
[INFO] [stderr]   --- stderr
[INFO] [stderr]   failed to build libui-ng
[INFO] [stderr]   ├╴ build.rs:113:18
[INFO] [stderr]   │
[INFO] [stderr]   ├─▶ failed to build Ninja
[INFO] [stderr]   │   ╰╴ build.rs:474:46
[INFO] [stderr]   │
[INFO] [stderr]   ╰─▶ Output { status: ExitStatus(unix_wait_status(256)), stdout: "[1/34] RE2C src/depfile_parser.cc\n[2/34] RE2C src/lexer.cc\n[3/34] CXX build/debug_flags.o\n[4/34] INLINE build/browse_py.h\n[5/34] CXX build/browse.o\n[6/34] CXX build/json.o\n[7/34] CXX build/line_printer.o\n[8/34] CXX build/edit_distance.o\n[9/34] CXX build/clparser.o\n[10/34] CXX build/lexer.o\n[11/34] CXX build/disk_interface.o\n[12/34] CXX build/depfile_parser.o\n[13/34] CXX build/graphviz.o\n[14/34] CXX build/metrics.o\n[15/34] CXX build/parser.o\n[16/34] CXX build/deps_log.o\n[17/34] CXX build/string_piece_util.o\n[18/34] CXX build/build.o\nFAILED: build/build.o \nc++ -MMD -MT build/build.o -MF build/build.o.d -g -Wall -Wextra -Wno-deprecated -Wno-missing-field-initializers -Wno-unused-parameter -fno-rtti -fno-exceptions -fvisibility=hidden -pipe '-DNINJA_PYTHON=\"python3\"' -O2 -DNDEBUG -fdiagnostics-color -DUSE_PPOLL -DNINJA_HAVE_BROWSE -I. -c src/build.cc -o build/build.o\nc++: fatal error: Killed signal terminated program cc1plus\ncompilation terminated.\n[19/34] CXX build/clean.o\n[20/34] CXX build/dyndep_parser.o\n[21/34] CXX build/version.o\n[22/34] CXX build/eval_env.o\n[23/34] CXX build/dyndep.o\n[24/34] CXX build/build_log.o\n[25/34] CXX build/subprocess-posix.o\n[26/34] CXX build/util.o\n[27/34] CXX build/status.o\n[28/34] CXX build/manifest_parser.o\n[29/34] CXX build/missing_deps.o\n[30/34] CXX build/graph.o\n[31/34] CXX build/state.o\n[32/34] CXX build/ninja.o\nninja: build stopped: subcommand failed.\nbootstrapping ninja...\nwrote build.ninja.\nbootstrap complete.  rebuilding...\n", stderr: "Traceback (most recent call last):\n  File \"/opt/rustwide/target/debug/build/libui-ng-sys-e6cf869f20bd7c17/out/ninja/configure.py\", line 720, in <module>\n    subprocess.check_call(rebuild_args)\n  File \"/usr/lib/python3.10/subprocess.py\", line 369, in check_call\n    raise CalledProcessError(retcode, cmd)\nsubprocess.CalledProcessError: Command '['./ninja']' returned non-zero exit status 1.\n" }
[INFO] [stderr]       ├╴ build.rs:509:21
[INFO] [stderr]       ╰╴ backtrace (1)
[INFO] [stderr] 
[INFO] [stderr]   ━━━━━━━━━━━━━━━━━━━━━━━━━━━━━━━━━━━━━━━━
[INFO] [stderr] 
[INFO] [stderr]   backtrace no. 1
[INFO] [stderr]      0: error_stack::report::Report<C>::from_frame
[INFO] [stderr]      1: error_stack::report::Report<C>::new
[INFO] [stderr]      2: error_stack::macros::__private::specialization::ContextReporter::report
[INFO] [stderr]      3: build_script_build::build::Backend::run_python
[INFO] [stderr]      4: build_script_build::build::Backend::build_ninja
[INFO] [stderr]      5: build_script_build::build::Backend::build_libui
[INFO] [stderr]      6: build_script_build::main_impl
[INFO] [stderr]      7: build_script_build::main
[INFO] [stderr]      8: core::ops::function::FnOnce::call_once
[INFO] [stderr]      9: std::sys_common::backtrace::__rust_begin_short_backtrace
[INFO] [stderr]     10: std::rt::lang_start::{{closure}}
[INFO] [stderr]     11: core::ops::function::impls::<impl core::ops::function::FnOnce<A> for &F>::call_once
[INFO] [stderr]                at /rustc/0e09125c6c3c2fd70d7de961bcf0e51575235fad/library/core/src/ops/function.rs:284:13
[INFO] [stderr]     12: std::panicking::try::do_call
[INFO] [stderr]                at /rustc/0e09125c6c3c2fd70d7de961bcf0e51575235fad/library/std/src/panicking.rs:552:40
[INFO] [stderr]     13: std::panicking::try
[INFO] [stderr]                at /rustc/0e09125c6c3c2fd70d7de961bcf0e51575235fad/library/std/src/panicking.rs:516:19
[INFO] [stderr]     14: std::panic::catch_unwind
[INFO] [stderr]                at /rustc/0e09125c6c3c2fd70d7de961bcf0e51575235fad/library/std/src/panic.rs:142:14
[INFO] [stderr]     15: std::rt::lang_start_internal::{{closure}}
[INFO] [stderr]                at /rustc/0e09125c6c3c2fd70d7de961bcf0e51575235fad/library/std/src/rt.rs:148:48
[INFO] [stderr]     16: std::panicking::try::do_call
[INFO] [stderr]                at /rustc/0e09125c6c3c2fd70d7de961bcf0e51575235fad/library/std/src/panicking.rs:552:40
[INFO] [stderr]     17: std::panicking::try
[INFO] [stderr]                at /rustc/0e09125c6c3c2fd70d7de961bcf0e51575235fad/library/std/src/panicking.rs:516:19
[INFO] [stderr]     18: std::panic::catch_unwind
[INFO] [stderr]                at /rustc/0e09125c6c3c2fd70d7de961bcf0e51575235fad/library/std/src/panic.rs:142:14
[INFO] [stderr]     19: std::rt::lang_start_internal
[INFO] [stderr]                at /rustc/0e09125c6c3c2fd70d7de961bcf0e51575235fad/library/std/src/rt.rs:148:20
[INFO] [stderr]     20: std::rt::lang_start
[INFO] [stderr]     21: main
[INFO] [stderr]     22: <unknown>
[INFO] [stderr]     23: __libc_start_main
[INFO] [stderr]     24: _start
[INFO] running `Command { std: "docker" "inspect" "35fbb35f7f87d3811e6f86623a21436f2d3856d03cf23716b4bc17c894577c59", kill_on_drop: false }`
[INFO] running `Command { std: "docker" "rm" "-f" "35fbb35f7f87d3811e6f86623a21436f2d3856d03cf23716b4bc17c894577c59", kill_on_drop: false }`
[INFO] [stdout] 35fbb35f7f87d3811e6f86623a21436f2d3856d03cf23716b4bc17c894577c59
