[INFO] fetching crate libtracecmd 0.2.1...
[INFO] testing libtracecmd-0.2.1 against 1.75.0 for beta-1.76-1
[INFO] extracting crate libtracecmd 0.2.1 into /workspace/builds/worker-1-tc1/source
[INFO] validating manifest of crates.io crate libtracecmd 0.2.1 on toolchain 1.75.0
[INFO] running `Command { std: CARGO_HOME="/workspace/cargo-home" RUSTUP_HOME="/workspace/rustup-home" "/workspace/cargo-home/bin/cargo" "+1.75.0" "metadata" "--manifest-path" "Cargo.toml" "--no-deps", kill_on_drop: false }`
[INFO] started tweaking crates.io crate libtracecmd 0.2.1
[INFO] removed 0 missing examples
[INFO] finished tweaking crates.io crate libtracecmd 0.2.1
[INFO] tweaked toml for crates.io crate libtracecmd 0.2.1 written to /workspace/builds/worker-1-tc1/source/Cargo.toml
[INFO] crate crates.io crate libtracecmd 0.2.1 already has a lockfile, it will not be regenerated
[INFO] running `Command { std: CARGO_HOME="/workspace/cargo-home" RUSTUP_HOME="/workspace/rustup-home" "/workspace/cargo-home/bin/cargo" "+1.75.0" "fetch" "--manifest-path" "Cargo.toml", kill_on_drop: false }`
[INFO] [stderr]  Downloading crates ...
[INFO] [stderr]   Downloaded regex v1.8.3
[INFO] [stderr]   Downloaded prettyplease v0.2.6
[INFO] running `Command { std: "docker" "create" "-v" "/var/lib/crater-agent-workspace/builds/worker-1-tc1/target:/opt/rustwide/target:rw,Z" "-v" "/var/lib/crater-agent-workspace/builds/worker-1-tc1/source:/opt/rustwide/workdir:ro,Z" "-v" "/var/lib/crater-agent-workspace/cargo-home:/opt/rustwide/cargo-home:ro,Z" "-v" "/var/lib/crater-agent-workspace/rustup-home:/opt/rustwide/rustup-home:ro,Z" "-e" "SOURCE_DIR=/opt/rustwide/workdir" "-e" "CARGO_TARGET_DIR=/opt/rustwide/target" "-e" "CARGO_HOME=/opt/rustwide/cargo-home" "-e" "RUSTUP_HOME=/opt/rustwide/rustup-home" "-w" "/opt/rustwide/workdir" "-m" "1610612736" "--user" "0:0" "--network" "none" "ghcr.io/rust-lang/crates-build-env/linux@sha256:2788e3201cd34a07e3172128adcd8b3090168a8e3bcc40d7c032b9dda1df7d1c" "/opt/rustwide/cargo-home/bin/cargo" "+1.75.0" "metadata" "--no-deps" "--format-version=1", kill_on_drop: false }`
[INFO] [stdout] 266e78865e36955e2e2926a3abd83fe4de9096cf64adc0acdda421fa9a271aa7
[INFO] running `Command { std: "docker" "start" "-a" "266e78865e36955e2e2926a3abd83fe4de9096cf64adc0acdda421fa9a271aa7", kill_on_drop: false }`
[INFO] running `Command { std: "docker" "inspect" "266e78865e36955e2e2926a3abd83fe4de9096cf64adc0acdda421fa9a271aa7", kill_on_drop: false }`
[INFO] running `Command { std: "docker" "rm" "-f" "266e78865e36955e2e2926a3abd83fe4de9096cf64adc0acdda421fa9a271aa7", kill_on_drop: false }`
[INFO] [stdout] 266e78865e36955e2e2926a3abd83fe4de9096cf64adc0acdda421fa9a271aa7
[INFO] running `Command { std: "docker" "create" "-v" "/var/lib/crater-agent-workspace/builds/worker-1-tc1/target:/opt/rustwide/target:rw,Z" "-v" "/var/lib/crater-agent-workspace/builds/worker-1-tc1/source:/opt/rustwide/workdir:ro,Z" "-v" "/var/lib/crater-agent-workspace/cargo-home:/opt/rustwide/cargo-home:ro,Z" "-v" "/var/lib/crater-agent-workspace/rustup-home:/opt/rustwide/rustup-home:ro,Z" "-e" "SOURCE_DIR=/opt/rustwide/workdir" "-e" "CARGO_TARGET_DIR=/opt/rustwide/target" "-e" "CARGO_INCREMENTAL=0" "-e" "RUST_BACKTRACE=full" "-e" "RUSTFLAGS=--cap-lints=warn" "-e" "RUSTDOCFLAGS=--cap-lints=warn" "-e" "CARGO_HOME=/opt/rustwide/cargo-home" "-e" "RUSTUP_HOME=/opt/rustwide/rustup-home" "-w" "/opt/rustwide/workdir" "-m" "1610612736" "--user" "0:0" "--network" "none" "ghcr.io/rust-lang/crates-build-env/linux@sha256:2788e3201cd34a07e3172128adcd8b3090168a8e3bcc40d7c032b9dda1df7d1c" "/opt/rustwide/cargo-home/bin/cargo" "+1.75.0" "build" "--frozen" "--message-format=json", kill_on_drop: false }`
[INFO] [stdout] 603fc009154a4f3bf4afa3ff19b89f9d53a28db72ae668e95b1889139fd11f1e
[INFO] running `Command { std: "docker" "start" "-a" "603fc009154a4f3bf4afa3ff19b89f9d53a28db72ae668e95b1889139fd11f1e", kill_on_drop: false }`
[INFO] [stderr]    Compiling proc-macro2 v1.0.59
[INFO] [stderr]    Compiling unicode-ident v1.0.9
[INFO] [stderr]    Compiling quote v1.0.28
[INFO] [stderr]    Compiling glob v0.3.1
[INFO] [stderr]    Compiling memchr v2.5.0
[INFO] [stderr]    Compiling libc v0.2.144
[INFO] [stderr]    Compiling prettyplease v0.2.6
[INFO] [stderr]    Compiling cfg-if v1.0.0
[INFO] [stderr]    Compiling minimal-lexical v0.2.1
[INFO] [stderr]    Compiling log v0.4.18
[INFO] [stderr]    Compiling regex-syntax v0.7.2
[INFO] [stderr]    Compiling either v1.8.1
[INFO] [stderr]    Compiling anyhow v1.0.71
[INFO] [stderr]    Compiling bindgen v0.65.1
[INFO] [stderr]    Compiling shlex v1.1.0
[INFO] [stderr]    Compiling lazycell v1.3.0
[INFO] [stderr]    Compiling libloading v0.7.4
[INFO] [stderr]    Compiling rustc-hash v1.1.0
[INFO] [stderr]    Compiling bitflags v1.3.2
[INFO] [stderr]    Compiling lazy_static v1.4.0
[INFO] [stderr]    Compiling peeking_take_while v0.1.2
[INFO] [stderr]    Compiling pkg-config v0.3.27
[INFO] [stderr]    Compiling thiserror v1.0.40
[INFO] [stderr]    Compiling clang-sys v1.6.1
[INFO] [stderr]    Compiling nom v7.1.3
[INFO] [stderr]    Compiling syn v2.0.18
[INFO] [stderr]    Compiling which v4.4.0
[INFO] [stderr]    Compiling regex v1.8.3
[INFO] [stderr]    Compiling cexpr v0.6.0
[INFO] [stderr]    Compiling thiserror-impl v1.0.40
[INFO] [stderr]    Compiling libtracecmd v0.2.1 (/opt/rustwide/workdir)
[INFO] [stdout] error[E0425]: cannot find function `tep_record_print_fields` in module `bindings`
[INFO] [stdout]    --> src/lib.rs:229:23
[INFO] [stdout]     |
[INFO] [stdout] 229 |             bindings::tep_record_print_fields(&mut seq, rec.0, self.ptr);
[INFO] [stdout]     |                       ^^^^^^^^^^^^^^^^^^^^^^^ help: a function with a similar name exists: `tep_print_fields`
[INFO] [stdout]     |
[INFO] [stdout]    ::: /opt/rustwide/target/debug/build/libtracecmd-2fd5ea0398f16aa4/out/bindings.rs:3:157372
[INFO] [stdout]     |
[INFO] [stdout] 3   | ... { pub fn tep_print_fields (s : * mut trace_seq , data : * mut :: std :: os :: raw :: c_void , size : :: std :: os :: raw :: c_int , event : * mut tep_event) ; } ...
[INFO] [stdout]     |       ------------------------------------------------------------------------------------------------------------------------------------------------------------ similarly named function `tep_print_fields` defined here
[INFO] [stdout] 
[INFO] [stdout] 
[INFO] [stdout] error[E0425]: cannot find function `tracecmd_iterate_events` in module `bindings`
[INFO] [stdout]    --> src/lib.rs:301:23
[INFO] [stdout]     |
[INFO] [stdout] 301 |             bindings::tracecmd_iterate_events(
[INFO] [stdout]     |                       ^^^^^^^^^^^^^^^^^^^^^^^ help: a function with a similar name exists: `tracefs_iterate_raw_events`
[INFO] [stdout]     |
[INFO] [stdout]    ::: /opt/rustwide/target/debug/build/libtracecmd-2fd5ea0398f16aa4/out/bindings.rs:3:201250
[INFO] [stdout]     |
[INFO] [stdout] 3   | ... { pub fn tracefs_iterate_raw_events (tep : * mut tep_handle , instance : * mut tracefs_instance , cpus : * mut cpu_set_t , cpu_size : :: std :: os :: raw :: c_int , callback : :: std :: option :: Option < unsafe extern "C" fn (arg1 : * mut tep_event , arg2 : * mut tep_record , arg3 : :: std :: os :: raw :: c_int , arg4 : * mut :: std :: os :: raw :: c_void) -> :: std :: os :: raw :: c_int > , callback_context : * mut :: std :: os :: raw :: c_void) -> :: std :: os :: raw :: c_int ; } ...
[INFO] [stdout]     |       --------------------------------------------------------------------------------------------------------------------------------------------------------------------------------------------------------------------------------------------------------------------------------------------------------------------------------------------------------------------------------------------------------------------------------------------------------------------------------------------------- similarly named function `tracefs_iterate_raw_events` defined here
[INFO] [stdout] 
[INFO] [stdout] 
[INFO] [stdout] error[E0425]: cannot find function `tracecmd_iterate_events_multi` in module `bindings`
[INFO] [stdout]    --> src/lib.rs:329:23
[INFO] [stdout]     |
[INFO] [stdout] 329 |             bindings::tracecmd_iterate_events_multi(
[INFO] [stdout]     |                       ^^^^^^^^^^^^^^^^^^^^^^^^^^^^^ not found in `bindings`
[INFO] [stdout] 
[INFO] [stdout] 
[INFO] [stdout] error: aborting due to 3 previous errors
[INFO] [stdout] 
[INFO] [stdout] 
[INFO] [stdout] For more information about this error, try `rustc --explain E0425`.
[INFO] [stdout] 
[INFO] [stderr] error: could not compile `libtracecmd` (lib) due to 4 previous errors
[INFO] running `Command { std: "docker" "inspect" "603fc009154a4f3bf4afa3ff19b89f9d53a28db72ae668e95b1889139fd11f1e", kill_on_drop: false }`
[INFO] running `Command { std: "docker" "rm" "-f" "603fc009154a4f3bf4afa3ff19b89f9d53a28db72ae668e95b1889139fd11f1e", kill_on_drop: false }`
[INFO] [stdout] 603fc009154a4f3bf4afa3ff19b89f9d53a28db72ae668e95b1889139fd11f1e
