[INFO] fetching crate libsql 0.1.11...
[INFO] testing libsql-0.1.11 against 1.75.0 for beta-1.76-1
[INFO] extracting crate libsql 0.1.11 into /workspace/builds/worker-2-tc1/source
[INFO] validating manifest of crates.io crate libsql 0.1.11 on toolchain 1.75.0
[INFO] running `Command { std: CARGO_HOME="/workspace/cargo-home" RUSTUP_HOME="/workspace/rustup-home" "/workspace/cargo-home/bin/cargo" "+1.75.0" "metadata" "--manifest-path" "Cargo.toml" "--no-deps", kill_on_drop: false }`
[INFO] started tweaking crates.io crate libsql 0.1.11
[INFO] finished tweaking crates.io crate libsql 0.1.11
[INFO] tweaked toml for crates.io crate libsql 0.1.11 written to /workspace/builds/worker-2-tc1/source/Cargo.toml
[INFO] crate crates.io crate libsql 0.1.11 already has a lockfile, it will not be regenerated
[INFO] running `Command { std: CARGO_HOME="/workspace/cargo-home" RUSTUP_HOME="/workspace/rustup-home" "/workspace/cargo-home/bin/cargo" "+1.75.0" "fetch" "--manifest-path" "Cargo.toml", kill_on_drop: false }`
[INFO] [stderr]     Updating crates.io index
[INFO] [stderr]  Downloading crates ...
[INFO] [stderr]   Downloaded pprof v0.12.1
[INFO] [stderr]   Downloaded default-env v0.1.1
[INFO] [stderr]   Downloaded symbolic-common v12.3.0
[INFO] [stderr]   Downloaded hrana-client-proto v0.2.1
[INFO] [stderr]   Downloaded str_stack v0.1.0
[INFO] [stderr]   Downloaded prost v0.12.0
[INFO] [stderr]   Downloaded findshlibs v0.10.2
[INFO] [stderr]   Downloaded prost-derive v0.12.0
[INFO] [stderr]   Downloaded which v4.4.1
[INFO] [stderr]   Downloaded tonic v0.10.0
[INFO] [stderr]   Downloaded inferno v0.11.16
[INFO] [stderr]   Downloaded symbolic-demangle v12.3.0
[INFO] [stderr]   Downloaded tonic-web v0.10.0
[INFO] [stderr]   Downloaded libsql_replication v0.0.5
[INFO] [stderr]   Downloaded libsql-sys v0.2.13
[INFO] running `Command { std: "docker" "create" "-v" "/var/lib/crater-agent-workspace/builds/worker-2-tc1/target:/opt/rustwide/target:rw,Z" "-v" "/var/lib/crater-agent-workspace/builds/worker-2-tc1/source:/opt/rustwide/workdir:ro,Z" "-v" "/var/lib/crater-agent-workspace/cargo-home:/opt/rustwide/cargo-home:ro,Z" "-v" "/var/lib/crater-agent-workspace/rustup-home:/opt/rustwide/rustup-home:ro,Z" "-e" "SOURCE_DIR=/opt/rustwide/workdir" "-e" "CARGO_TARGET_DIR=/opt/rustwide/target" "-e" "CARGO_HOME=/opt/rustwide/cargo-home" "-e" "RUSTUP_HOME=/opt/rustwide/rustup-home" "-w" "/opt/rustwide/workdir" "-m" "1610612736" "--user" "0:0" "--network" "none" "ghcr.io/rust-lang/crates-build-env/linux@sha256:2788e3201cd34a07e3172128adcd8b3090168a8e3bcc40d7c032b9dda1df7d1c" "/opt/rustwide/cargo-home/bin/cargo" "+1.75.0" "metadata" "--no-deps" "--format-version=1", kill_on_drop: false }`
[INFO] [stdout] 4f3a7ce5e3f1b983554014c3d3aa9f632cd67b58e4ea92a5cb9868772bc48aed
[INFO] running `Command { std: "docker" "start" "-a" "4f3a7ce5e3f1b983554014c3d3aa9f632cd67b58e4ea92a5cb9868772bc48aed", kill_on_drop: false }`
[INFO] running `Command { std: "docker" "inspect" "4f3a7ce5e3f1b983554014c3d3aa9f632cd67b58e4ea92a5cb9868772bc48aed", kill_on_drop: false }`
[INFO] running `Command { std: "docker" "rm" "-f" "4f3a7ce5e3f1b983554014c3d3aa9f632cd67b58e4ea92a5cb9868772bc48aed", kill_on_drop: false }`
[INFO] [stdout] 4f3a7ce5e3f1b983554014c3d3aa9f632cd67b58e4ea92a5cb9868772bc48aed
[INFO] running `Command { std: "docker" "create" "-v" "/var/lib/crater-agent-workspace/builds/worker-2-tc1/target:/opt/rustwide/target:rw,Z" "-v" "/var/lib/crater-agent-workspace/builds/worker-2-tc1/source:/opt/rustwide/workdir:ro,Z" "-v" "/var/lib/crater-agent-workspace/cargo-home:/opt/rustwide/cargo-home:ro,Z" "-v" "/var/lib/crater-agent-workspace/rustup-home:/opt/rustwide/rustup-home:ro,Z" "-e" "SOURCE_DIR=/opt/rustwide/workdir" "-e" "CARGO_TARGET_DIR=/opt/rustwide/target" "-e" "CARGO_INCREMENTAL=0" "-e" "RUST_BACKTRACE=full" "-e" "RUSTFLAGS=--cap-lints=warn" "-e" "RUSTDOCFLAGS=--cap-lints=warn" "-e" "CARGO_HOME=/opt/rustwide/cargo-home" "-e" "RUSTUP_HOME=/opt/rustwide/rustup-home" "-w" "/opt/rustwide/workdir" "-m" "1610612736" "--user" "0:0" "--network" "none" "ghcr.io/rust-lang/crates-build-env/linux@sha256:2788e3201cd34a07e3172128adcd8b3090168a8e3bcc40d7c032b9dda1df7d1c" "/opt/rustwide/cargo-home/bin/cargo" "+1.75.0" "build" "--frozen" "--message-format=json", kill_on_drop: false }`
[INFO] [stdout] e325f86924b827aa0522040ff0ad2e8dfafb24ab192cb705fb97f20f2f0f4087
[INFO] running `Command { std: "docker" "start" "-a" "e325f86924b827aa0522040ff0ad2e8dfafb24ab192cb705fb97f20f2f0f4087", kill_on_drop: false }`
[INFO] [stderr]    Compiling proc-macro2 v1.0.66
[INFO] [stderr]    Compiling unicode-ident v1.0.11
[INFO] [stderr]    Compiling libc v0.2.147
[INFO] [stderr]    Compiling serde v1.0.188
[INFO] [stderr]    Compiling once_cell v1.18.0
[INFO] [stderr]    Compiling futures-core v0.3.28
[INFO] [stderr]    Compiling log v0.4.20
[INFO] [stderr]    Compiling memchr v2.6.3
[INFO] [stderr]    Compiling futures-channel v0.3.28
[INFO] [stderr]    Compiling futures-sink v0.3.28
[INFO] [stderr]    Compiling futures-task v0.3.28
[INFO] [stderr]    Compiling futures-util v0.3.28
[INFO] [stderr]    Compiling futures-io v0.3.28
[INFO] [stderr]    Compiling itoa v1.0.9
[INFO] [stderr]    Compiling indexmap v1.9.3
[INFO] [stderr]    Compiling spin v0.5.2
[INFO] [stderr]    Compiling untrusted v0.7.1
[INFO] [stderr]    Compiling tracing-core v0.1.31
[INFO] [stderr]    Compiling bitflags v2.4.0
[INFO] [stderr]    Compiling rustversion v1.0.14
[INFO] [stderr]    Compiling hashbrown v0.12.3
[INFO] [stderr]    Compiling either v1.9.0
[INFO] [stderr]    Compiling tower-service v0.3.2
[INFO] [stderr]    Compiling glob v0.3.1
[INFO] [stderr]    Compiling httparse v1.8.0
[INFO] [stderr]    Compiling linux-raw-sys v0.4.5
[INFO] [stderr]    Compiling crossbeam-utils v0.8.16
[INFO] [stderr]    Compiling anyhow v1.0.75
[INFO] [stderr]    Compiling try-lock v0.2.4
[INFO] [stderr]    Compiling prettyplease v0.2.14
[INFO] [stderr]    Compiling rustix v0.38.11
[INFO] [stderr]    Compiling option-ext v0.2.0
[INFO] [stderr]    Compiling want v0.3.1
[INFO] [stderr]    Compiling async-trait v0.1.73
[INFO] [stderr]    Compiling base64 v0.21.3
[INFO] [stderr]    Compiling httpdate v1.0.3
[INFO] [stderr]    Compiling minimal-lexical v0.2.1
[INFO] [stderr]    Compiling clang-sys v1.6.1
[INFO] [stderr]    Compiling regex-syntax v0.7.5
[INFO] [stderr]    Compiling proc-macro2 v0.4.30
[INFO] [stderr]    Compiling rustls v0.21.7
[INFO] [stderr]    Compiling quote v1.0.33
[INFO] [stderr]    Compiling tower-layer v0.3.2
[INFO] [stderr]    Compiling syn v2.0.31
[INFO] [stderr]    Compiling cc v1.0.83
[INFO] [stderr]    Compiling dirs-sys v0.4.1
[INFO] [stderr]    Compiling nom v7.1.3
[INFO] [stderr]    Compiling libloading v0.7.4
[INFO] [stderr]    Compiling memoffset v0.9.0
[INFO] [stderr]    Compiling dirs v5.0.1
[INFO] [stderr]    Compiling unicode-xid v0.1.0
[INFO] [stderr]    Compiling bindgen v0.66.1
[INFO] [stderr]    Compiling rustls-pemfile v1.0.3
[INFO] [stderr]    Compiling itertools v0.10.5
[INFO] [stderr]    Compiling crossbeam-epoch v0.9.15
[INFO] [stderr]    Compiling axum-core v0.3.4
[INFO] [stderr]    Compiling axum v0.6.20
[INFO] [stderr]    Compiling openssl-probe v0.1.5
[INFO] [stderr]    Compiling shlex v1.1.0
[INFO] [stderr]    Compiling syn v0.15.44
[INFO] [stderr]    Compiling mime v0.3.17
[INFO] [stderr]    Compiling rustls-native-certs v0.6.3
[INFO] [stderr]    Compiling quote v0.6.13
[INFO] [stderr]    Compiling memoffset v0.7.1
[INFO] [stderr]    Compiling lock_api v0.4.10
[INFO] [stderr]    Compiling mio v0.8.8
[INFO] [stderr]    Compiling socket2 v0.5.3
[INFO] [stderr]    Compiling getrandom v0.2.10
[INFO] [stderr]    Compiling socket2 v0.4.9
[INFO] [stderr]    Compiling percent-encoding v2.3.0
[INFO] [stderr]    Compiling sync_wrapper v0.1.2
[INFO] [stderr]    Compiling parking_lot_core v0.9.8
[INFO] [stderr]    Compiling crossbeam-queue v0.3.8
[INFO] [stderr]    Compiling matchit v0.7.2
[INFO] [stderr]    Compiling rand_core v0.6.4
[INFO] [stderr]    Compiling serde_json v1.0.105
[INFO] [stderr]    Compiling smallvec v1.11.0
[INFO] [stderr]    Compiling rand_chacha v0.3.1
[INFO] [stderr]    Compiling aho-corasick v1.0.5
[INFO] [stderr]    Compiling webpki-roots v0.25.2
[INFO] [stderr]    Compiling ryu v1.0.15
[INFO] [stderr]    Compiling http-range-header v0.3.1
[INFO] [stderr]    Compiling ring v0.16.20
[INFO] [stderr]    Compiling rand v0.8.5
[INFO] [stderr]    Compiling which v4.4.1
[INFO] [stderr]    Compiling thiserror v1.0.48
[INFO] [stderr]    Compiling crossbeam-deque v0.8.3
[INFO] [stderr]    Compiling regex-automata v0.3.8
[INFO] [stderr]    Compiling cexpr v0.6.0
[INFO] [stderr]    Compiling crossbeam-channel v0.5.8
[INFO] [stderr]    Compiling fastrand v2.0.0
[INFO] [stderr]    Compiling nix v0.26.4
[INFO] [stderr]    Compiling parking_lot v0.12.1
[INFO] [stderr]    Compiling memmap v0.7.0
[INFO] [stderr]    Compiling tracing-log v0.1.3
[INFO] [stderr]    Compiling crossbeam v0.8.2
[INFO] [stderr]    Compiling sharded-slab v0.1.4
[INFO] [stderr]    Compiling thread_local v1.1.7
[INFO] [stderr]    Compiling tracing-subscriber v0.3.17
[INFO] [stderr]    Compiling default-env v0.1.1
[INFO] [stderr]    Compiling tempfile v3.8.0
[INFO] [stderr]    Compiling regex v1.9.5
[INFO] [stderr]    Compiling serde_derive v1.0.188
[INFO] [stderr]    Compiling tokio-macros v2.1.0
[INFO] [stderr]    Compiling futures-macro v0.3.28
[INFO] [stderr]    Compiling tracing-attributes v0.1.26
[INFO] [stderr]    Compiling pin-project-internal v1.1.3
[INFO] [stderr]    Compiling async-stream-impl v0.3.5
[INFO] [stderr]    Compiling prost-derive v0.12.0
[INFO] [stderr]    Compiling thiserror-impl v1.0.48
[INFO] [stderr]    Compiling bytemuck_derive v1.4.1
[INFO] [stderr]    Compiling sct v0.7.0
[INFO] [stderr]    Compiling rustls-webpki v0.101.4
[INFO] [stderr]    Compiling rustls-webpki v0.100.2
[INFO] [stderr]    Compiling async-stream v0.3.5
[INFO] [stderr]    Compiling webpki-roots v0.23.1
[INFO] [stderr]    Compiling bytemuck v1.13.1
[INFO] [stderr]    Compiling pin-project v1.1.3
[INFO] [stderr]    Compiling tracing v0.1.37
[INFO] [stderr]    Compiling futures-executor v0.3.28
[INFO] [stderr]    Compiling libsql-sys v0.2.13
[INFO] [stderr]    Compiling futures v0.3.28
[INFO] [stderr]    Compiling bytes v1.4.0
[INFO] [stderr]    Compiling bincode v1.3.3
[INFO] [stderr]    Compiling uuid v1.4.1
[INFO] [stderr]    Compiling tokio v1.32.0
[INFO] [stderr]    Compiling http v0.2.9
[INFO] [stderr]    Compiling prost v0.12.0
[INFO] [stderr]    Compiling hrana-client-proto v0.2.1
[INFO] [stderr]    Compiling http-body v0.4.5
[INFO] [stderr]    Compiling tokio-util v0.7.8
[INFO] [stderr]    Compiling tokio-io-timeout v1.2.0
[INFO] [stderr]    Compiling tokio-rustls v0.24.1
[INFO] [stderr]    Compiling tokio-stream v0.1.14
[INFO] [stderr]    Compiling h2 v0.3.21
[INFO] [stderr]    Compiling tower v0.4.13
[INFO] [stderr]    Compiling tower-http v0.4.4
[INFO] [stderr]    Compiling hyper v0.14.27
[INFO] [stderr]    Compiling hyper-timeout v0.4.1
[INFO] [stderr]    Compiling hyper-rustls v0.24.1
[INFO] [stderr]    Compiling tonic v0.10.0
[INFO] [stderr]    Compiling tonic-web v0.10.0
[INFO] [stderr]    Compiling libsql_replication v0.0.5
[INFO] [stderr]    Compiling libsql v0.1.11 (/opt/rustwide/workdir)
[INFO] [stdout] warning: unused import: `TempSnapshot`
[INFO] [stdout]  --> src/v1/database.rs:6:38
[INFO] [stdout]   |
[INFO] [stdout] 6 | pub use libsql_replication::{Frames, TempSnapshot};
[INFO] [stdout]   |                                      ^^^^^^^^^^^^
[INFO] [stdout]   |
[INFO] [stdout]   = note: `#[warn(unused_imports)]` on by default
[INFO] [stdout] 
[INFO] [stdout] 
[INFO] [stdout] warning: unused import: `libsql_sys::ValueType`
[INFO] [stdout]  --> src/v1/mod.rs:9:9
[INFO] [stdout]   |
[INFO] [stdout] 9 | pub use libsql_sys::ValueType;
[INFO] [stdout]   |         ^^^^^^^^^^^^^^^^^^^^^
[INFO] [stdout] 
[INFO] [stdout] 
[INFO] [stdout] warning: unused import: `errors`
[INFO] [stdout]   --> src/v1/mod.rs:11:17
[INFO] [stdout]    |
[INFO] [stdout] 11 | pub use crate::{errors, Error, Result};
[INFO] [stdout]    |                 ^^^^^^
[INFO] [stdout] 
[INFO] [stdout] 
[INFO] [stdout] warning: unused import: `database::Opts`
[INFO] [stdout]   --> src/v1/mod.rs:15:9
[INFO] [stdout]    |
[INFO] [stdout] 15 | pub use database::Opts;
[INFO] [stdout]    |         ^^^^^^^^^^^^^^
[INFO] [stdout] 
[INFO] [stdout] 
[INFO] [stdout] warning: unused import: `params_from_iter`
[INFO] [stdout]   --> src/v1/mod.rs:17:18
[INFO] [stdout]    |
[INFO] [stdout] 17 | pub use params::{params_from_iter, Value, ValueRef};
[INFO] [stdout]    |                  ^^^^^^^^^^^^^^^^
[INFO] [stdout] 
[INFO] [stdout] 
[INFO] [stdout] warning: unused import: `Client`
[INFO] [stdout]   --> src/v2/mod.rs:10:17
[INFO] [stdout]    |
[INFO] [stdout] 10 | pub use hrana::{Client, HranaError};
[INFO] [stdout]    |                 ^^^^^^
[INFO] [stdout] 
[INFO] [stdout] 
[INFO] [stdout] warning: associated items `handle`, `from_handle`, `query`, `execute_async`, `transaction`, and `transaction_with_behavior` are never used
[INFO] [stdout]    --> src/v1/connection.rs:63:12
[INFO] [stdout]     |
[INFO] [stdout] 32  | impl Connection {
[INFO] [stdout]     | --------------- associated items in this implementation
[INFO] [stdout] ...
[INFO] [stdout] 63  |     pub fn handle(&self) -> *mut ffi::sqlite3 {
[INFO] [stdout]     |            ^^^^^^
[INFO] [stdout] ...
[INFO] [stdout] 68  |     pub fn from_handle(raw: *mut ffi::sqlite3) -> Self {
[INFO] [stdout]     |            ^^^^^^^^^^^
[INFO] [stdout] ...
[INFO] [stdout] 99  |     pub fn query<S, P>(&self, sql: S, params: P) -> Result<Option<Rows>>
[INFO] [stdout]     |            ^^^^^
[INFO] [stdout] ...
[INFO] [stdout] 185 |     pub fn execute_async<S, P>(&self, sql: S, params: P) -> RowsFuture
[INFO] [stdout]     |            ^^^^^^^^^^^^^
[INFO] [stdout] ...
[INFO] [stdout] 198 |     pub fn transaction(&self) -> Result<Transaction> {
[INFO] [stdout]     |            ^^^^^^^^^^^
[INFO] [stdout] ...
[INFO] [stdout] 218 |     pub fn transaction_with_behavior(
[INFO] [stdout]     |            ^^^^^^^^^^^^^^^^^^^^^^^^^
[INFO] [stdout]     |
[INFO] [stdout]     = note: `#[warn(dead_code)]` on by default
[INFO] [stdout] 
[INFO] [stdout] 
[INFO] [stdout] warning: method `close` is never used
[INFO] [stdout]   --> src/v1/database.rs:99:12
[INFO] [stdout]    |
[INFO] [stdout] 53 | impl Database {
[INFO] [stdout]    | ------------- method in this implementation
[INFO] [stdout] ...
[INFO] [stdout] 99 |     pub fn close(&self) {}
[INFO] [stdout]    |            ^^^^^
[INFO] [stdout] 
[INFO] [stdout] 
[INFO] [stdout] warning: variants `Commit`, `Ignore`, and `Panic` are never constructed
[INFO] [stdout]   --> src/v1/transaction.rs:14:5
[INFO] [stdout]    |
[INFO] [stdout] 12 | pub enum DropBehavior {
[INFO] [stdout]    |          ------------ variants in this enum
[INFO] [stdout] 13 |     Rollback,
[INFO] [stdout] 14 |     Commit,
[INFO] [stdout]    |     ^^^^^^
[INFO] [stdout] 15 |     Ignore,
[INFO] [stdout]    |     ^^^^^^
[INFO] [stdout] 16 |     Panic,
[INFO] [stdout]    |     ^^^^^
[INFO] [stdout]    |
[INFO] [stdout]    = note: `DropBehavior` has derived impls for the traits `Clone` and `Debug`, but these are intentionally ignored during dead code analysis
[INFO] [stdout] 
[INFO] [stdout] 
[INFO] [stdout] warning: methods `drop_behavior` and `set_drop_behavior` are never used
[INFO] [stdout]   --> src/v1/transaction.rs:47:12
[INFO] [stdout]    |
[INFO] [stdout] 46 | impl Transaction {
[INFO] [stdout]    | ---------------- methods in this implementation
[INFO] [stdout] 47 |     pub fn drop_behavior(&self) -> DropBehavior {
[INFO] [stdout]    |            ^^^^^^^^^^^^^
[INFO] [stdout] ...
[INFO] [stdout] 51 |     pub fn set_drop_behavior(&mut self, drop_behavior: DropBehavior) {
[INFO] [stdout]    |            ^^^^^^^^^^^^^^^^^
[INFO] [stdout] 
[INFO] [stdout] 
[INFO] [stdout] warning: 10 warnings emitted
[INFO] [stdout] 
[INFO] [stdout] 
[INFO] [stderr]     Finished dev [unoptimized + debuginfo] target(s) in 28.71s
[INFO] running `Command { std: "docker" "inspect" "e325f86924b827aa0522040ff0ad2e8dfafb24ab192cb705fb97f20f2f0f4087", kill_on_drop: false }`
[INFO] running `Command { std: "docker" "rm" "-f" "e325f86924b827aa0522040ff0ad2e8dfafb24ab192cb705fb97f20f2f0f4087", kill_on_drop: false }`
[INFO] [stdout] e325f86924b827aa0522040ff0ad2e8dfafb24ab192cb705fb97f20f2f0f4087
[INFO] running `Command { std: "docker" "create" "-v" "/var/lib/crater-agent-workspace/builds/worker-2-tc1/target:/opt/rustwide/target:rw,Z" "-v" "/var/lib/crater-agent-workspace/builds/worker-2-tc1/source:/opt/rustwide/workdir:ro,Z" "-v" "/var/lib/crater-agent-workspace/cargo-home:/opt/rustwide/cargo-home:ro,Z" "-v" "/var/lib/crater-agent-workspace/rustup-home:/opt/rustwide/rustup-home:ro,Z" "-e" "SOURCE_DIR=/opt/rustwide/workdir" "-e" "CARGO_TARGET_DIR=/opt/rustwide/target" "-e" "CARGO_INCREMENTAL=0" "-e" "RUST_BACKTRACE=full" "-e" "RUSTFLAGS=--cap-lints=warn" "-e" "RUSTDOCFLAGS=--cap-lints=warn" "-e" "CARGO_HOME=/opt/rustwide/cargo-home" "-e" "RUSTUP_HOME=/opt/rustwide/rustup-home" "-w" "/opt/rustwide/workdir" "-m" "1610612736" "--user" "0:0" "--network" "none" "ghcr.io/rust-lang/crates-build-env/linux@sha256:2788e3201cd34a07e3172128adcd8b3090168a8e3bcc40d7c032b9dda1df7d1c" "/opt/rustwide/cargo-home/bin/cargo" "+1.75.0" "test" "--frozen" "--no-run" "--message-format=json", kill_on_drop: false }`
[INFO] [stdout] 089ee23a12d12f454e39692a81380689cfcc7a7cd9c19f27d54654b00bc55235
[INFO] running `Command { std: "docker" "start" "-a" "089ee23a12d12f454e39692a81380689cfcc7a7cd9c19f27d54654b00bc55235", kill_on_drop: false }`
[INFO] [stderr]    Compiling once_cell v1.18.0
[INFO] [stderr]    Compiling crossbeam-utils v0.8.16
[INFO] [stderr]    Compiling num_cpus v1.16.0
[INFO] [stderr]    Compiling signal-hook-registry v1.4.1
[INFO] [stderr]    Compiling rustix v0.38.11
[INFO] [stderr]    Compiling num-traits v0.2.16
[INFO] [stderr]    Compiling either v1.9.0
[INFO] [stderr]    Compiling rayon-core v1.11.0
[INFO] [stderr]    Compiling ahash v0.8.3
[INFO] [stderr]    Compiling anstyle v1.0.2
[INFO] [stderr]    Compiling clap_lex v0.5.1
[INFO] [stderr]    Compiling cpp_demangle v0.4.3
[INFO] [stderr]    Compiling half v1.8.2
[INFO] [stderr]    Compiling plotters-backend v0.3.5
[INFO] [stderr]    Compiling ciborium-io v0.2.1
[INFO] [stderr]    Compiling debugid v0.8.0
[INFO] [stderr]    Compiling backtrace v0.3.69
[INFO] [stderr]    Compiling tokio v1.32.0
[INFO] [stderr]    Compiling tracing-core v0.1.31
[INFO] [stderr]    Compiling ring v0.16.20
[INFO] [stderr]    Compiling plotters-svg v0.3.5
[INFO] [stderr]    Compiling ciborium-ll v0.2.1
[INFO] [stderr]    Compiling clap_builder v4.4.2
[INFO] [stderr]    Compiling itertools v0.10.5
[INFO] [stderr]    Compiling findshlibs v0.10.2
[INFO] [stderr]    Compiling memmap2 v0.5.10
[INFO] [stderr]    Compiling arrayvec v0.7.4
[INFO] [stderr]    Compiling stable_deref_trait v1.2.0
[INFO] [stderr]    Compiling same-file v1.0.6
[INFO] [stderr]    Compiling hashbrown v0.14.0
[INFO] [stderr]    Compiling symbolic-demangle v12.3.0
[INFO] [stderr]    Compiling gimli v0.28.0
[INFO] [stderr]    Compiling cast v0.3.0
[INFO] [stderr]    Compiling tracing v0.1.37
[INFO] [stderr]    Compiling equivalent v1.0.1
[INFO] [stderr]    Compiling crossbeam-epoch v0.9.15
[INFO] [stderr]    Compiling crossbeam-channel v0.5.8
[INFO] [stderr]    Compiling crossbeam-queue v0.3.8
[INFO] [stderr]    Compiling num-format v0.4.4
[INFO] [stderr]    Compiling tracing-log v0.1.3
[INFO] [stderr]    Compiling libsql-sys v0.2.13
[INFO] [stderr]    Compiling walkdir v2.3.3
[INFO] [stderr]    Compiling crossbeam-deque v0.8.3
[INFO] [stderr]    Compiling symbolic-common v12.3.0
[INFO] [stderr]    Compiling indexmap v2.0.0
[INFO] [stderr]    Compiling ciborium v0.2.1
[INFO] [stderr]    Compiling crossbeam v0.8.2
[INFO] [stderr]    Compiling sct v0.7.0
[INFO] [stderr]    Compiling rustls-webpki v0.101.4
[INFO] [stderr]    Compiling rustls-webpki v0.100.2
[INFO] [stderr]    Compiling plotters v0.3.5
[INFO] [stderr]    Compiling thread_local v1.1.7
[INFO] [stderr]    Compiling rgb v0.8.36
[INFO] [stderr]    Compiling tinytemplate v1.2.1
[INFO] [stderr]    Compiling quick-xml v0.26.0
[INFO] [stderr]    Compiling rustls v0.21.7
[INFO] [stderr]    Compiling webpki-roots v0.23.1
[INFO] [stderr]    Compiling criterion-plot v0.5.0
[INFO] [stderr]    Compiling rayon v1.7.0
[INFO] [stderr]    Compiling object v0.32.1
[INFO] [stderr]    Compiling clap v4.4.2
[INFO] [stderr]    Compiling oorandom v11.1.3
[INFO] [stderr]    Compiling pprof v0.12.1
[INFO] [stderr]    Compiling anes v0.1.6
[INFO] [stderr]    Compiling str_stack v0.1.0
[INFO] [stderr]    Compiling tracing-subscriber v0.3.17
[INFO] [stderr]    Compiling derive_arbitrary v1.3.1
[INFO] [stderr]    Compiling is-terminal v0.4.9
[INFO] [stderr]    Compiling tempfile v3.8.0
[INFO] [stderr]    Compiling inferno v0.11.16
[INFO] [stderr]    Compiling addr2line v0.21.0
[INFO] [stderr]    Compiling arbitrary v1.3.0
[INFO] [stderr]    Compiling tokio-util v0.7.8
[INFO] [stderr]    Compiling tokio-rustls v0.24.1
[INFO] [stderr]    Compiling tokio-io-timeout v1.2.0
[INFO] [stderr]    Compiling tokio-stream v0.1.14
[INFO] [stderr]    Compiling criterion v0.5.1
[INFO] [stderr]    Compiling h2 v0.3.21
[INFO] [stderr]    Compiling tower v0.4.13
[INFO] [stderr]    Compiling tower-http v0.4.4
[INFO] [stderr]    Compiling hyper v0.14.27
[INFO] [stderr]    Compiling axum v0.6.20
[INFO] [stderr]    Compiling hyper-timeout v0.4.1
[INFO] [stderr]    Compiling hyper-rustls v0.24.1
[INFO] [stderr]    Compiling tonic v0.10.0
[INFO] [stderr]    Compiling tonic-web v0.10.0
[INFO] [stderr]    Compiling libsql_replication v0.0.5
[INFO] [stderr]    Compiling libsql v0.1.11 (/opt/rustwide/workdir)
[INFO] [stdout] warning: unused import: `TempSnapshot`
[INFO] [stdout]  --> src/v1/database.rs:6:38
[INFO] [stdout]   |
[INFO] [stdout] 6 | pub use libsql_replication::{Frames, TempSnapshot};
[INFO] [stdout]   |                                      ^^^^^^^^^^^^
[INFO] [stdout]   |
[INFO] [stdout]   = note: `#[warn(unused_imports)]` on by default
[INFO] [stdout] 
[INFO] [stdout] 
[INFO] [stdout] warning: unused import: `libsql_sys::ValueType`
[INFO] [stdout]  --> src/v1/mod.rs:9:9
[INFO] [stdout]   |
[INFO] [stdout] 9 | pub use libsql_sys::ValueType;
[INFO] [stdout]   |         ^^^^^^^^^^^^^^^^^^^^^
[INFO] [stdout] 
[INFO] [stdout] 
[INFO] [stdout] warning: unused import: `errors`
[INFO] [stdout]   --> src/v1/mod.rs:11:17
[INFO] [stdout]    |
[INFO] [stdout] 11 | pub use crate::{errors, Error, Result};
[INFO] [stdout]    |                 ^^^^^^
[INFO] [stdout] 
[INFO] [stdout] 
[INFO] [stdout] warning: unused import: `database::Opts`
[INFO] [stdout]   --> src/v1/mod.rs:15:9
[INFO] [stdout]    |
[INFO] [stdout] 15 | pub use database::Opts;
[INFO] [stdout]    |         ^^^^^^^^^^^^^^
[INFO] [stdout] 
[INFO] [stdout] 
[INFO] [stdout] warning: unused import: `params_from_iter`
[INFO] [stdout]   --> src/v1/mod.rs:17:18
[INFO] [stdout]    |
[INFO] [stdout] 17 | pub use params::{params_from_iter, Value, ValueRef};
[INFO] [stdout]    |                  ^^^^^^^^^^^^^^^^
[INFO] [stdout] 
[INFO] [stdout] 
[INFO] [stdout] warning: unused import: `Client`
[INFO] [stdout]   --> src/v2/mod.rs:10:17
[INFO] [stdout]    |
[INFO] [stdout] 10 | pub use hrana::{Client, HranaError};
[INFO] [stdout]    |                 ^^^^^^
[INFO] [stdout] 
[INFO] [stdout] 
[INFO] [stdout] warning: associated items `handle`, `from_handle`, `query`, `execute_async`, `transaction`, and `transaction_with_behavior` are never used
[INFO] [stdout]    --> src/v1/connection.rs:63:12
[INFO] [stdout]     |
[INFO] [stdout] 32  | impl Connection {
[INFO] [stdout]     | --------------- associated items in this implementation
[INFO] [stdout] ...
[INFO] [stdout] 63  |     pub fn handle(&self) -> *mut ffi::sqlite3 {
[INFO] [stdout]     |            ^^^^^^
[INFO] [stdout] ...
[INFO] [stdout] 68  |     pub fn from_handle(raw: *mut ffi::sqlite3) -> Self {
[INFO] [stdout]     |            ^^^^^^^^^^^
[INFO] [stdout] ...
[INFO] [stdout] 99  |     pub fn query<S, P>(&self, sql: S, params: P) -> Result<Option<Rows>>
[INFO] [stdout]     |            ^^^^^
[INFO] [stdout] ...
[INFO] [stdout] 185 |     pub fn execute_async<S, P>(&self, sql: S, params: P) -> RowsFuture
[INFO] [stdout]     |            ^^^^^^^^^^^^^
[INFO] [stdout] ...
[INFO] [stdout] 198 |     pub fn transaction(&self) -> Result<Transaction> {
[INFO] [stdout]     |            ^^^^^^^^^^^
[INFO] [stdout] ...
[INFO] [stdout] 218 |     pub fn transaction_with_behavior(
[INFO] [stdout]     |            ^^^^^^^^^^^^^^^^^^^^^^^^^
[INFO] [stdout]     |
[INFO] [stdout]     = note: `#[warn(dead_code)]` on by default
[INFO] [stdout] 
[INFO] [stdout] 
[INFO] [stdout] warning: method `close` is never used
[INFO] [stdout]   --> src/v1/database.rs:99:12
[INFO] [stdout]    |
[INFO] [stdout] 53 | impl Database {
[INFO] [stdout]    | ------------- method in this implementation
[INFO] [stdout] ...
[INFO] [stdout] 99 |     pub fn close(&self) {}
[INFO] [stdout]    |            ^^^^^
[INFO] [stdout] 
[INFO] [stdout] 
[INFO] [stdout] warning: variants `Commit`, `Ignore`, and `Panic` are never constructed
[INFO] [stdout]   --> src/v1/transaction.rs:14:5
[INFO] [stdout]    |
[INFO] [stdout] 12 | pub enum DropBehavior {
[INFO] [stdout]    |          ------------ variants in this enum
[INFO] [stdout] 13 |     Rollback,
[INFO] [stdout] 14 |     Commit,
[INFO] [stdout]    |     ^^^^^^
[INFO] [stdout] 15 |     Ignore,
[INFO] [stdout]    |     ^^^^^^
[INFO] [stdout] 16 |     Panic,
[INFO] [stdout]    |     ^^^^^
[INFO] [stdout]    |
[INFO] [stdout]    = note: `DropBehavior` has derived impls for the traits `Clone` and `Debug`, but these are intentionally ignored during dead code analysis
[INFO] [stdout] 
[INFO] [stdout] 
[INFO] [stdout] warning: methods `drop_behavior` and `set_drop_behavior` are never used
[INFO] [stdout]   --> src/v1/transaction.rs:47:12
[INFO] [stdout]    |
[INFO] [stdout] 46 | impl Transaction {
[INFO] [stdout]    | ---------------- methods in this implementation
[INFO] [stdout] 47 |     pub fn drop_behavior(&self) -> DropBehavior {
[INFO] [stdout]    |            ^^^^^^^^^^^^^
[INFO] [stdout] ...
[INFO] [stdout] 51 |     pub fn set_drop_behavior(&mut self, drop_behavior: DropBehavior) {
[INFO] [stdout]    |            ^^^^^^^^^^^^^^^^^
[INFO] [stdout] 
[INFO] [stdout] 
[INFO] [stdout] warning: unused import: `TempSnapshot`
[INFO] [stdout]  --> src/v1/database.rs:6:38
[INFO] [stdout]   |
[INFO] [stdout] 6 | pub use libsql_replication::{Frames, TempSnapshot};
[INFO] [stdout]   |                                      ^^^^^^^^^^^^
[INFO] [stdout]   |
[INFO] [stdout]   = note: `#[warn(unused_imports)]` on by default
[INFO] [stdout] 
[INFO] [stdout] 
[INFO] [stdout] warning: unused import: `libsql_sys::ValueType`
[INFO] [stdout]  --> src/v1/mod.rs:9:9
[INFO] [stdout]   |
[INFO] [stdout] 9 | pub use libsql_sys::ValueType;
[INFO] [stdout]   |         ^^^^^^^^^^^^^^^^^^^^^
[INFO] [stdout] 
[INFO] [stdout] 
[INFO] [stdout] warning: unused import: `errors`
[INFO] [stdout]   --> src/v1/mod.rs:11:17
[INFO] [stdout]    |
[INFO] [stdout] 11 | pub use crate::{errors, Error, Result};
[INFO] [stdout]    |                 ^^^^^^
[INFO] [stdout] 
[INFO] [stdout] 
[INFO] [stdout] warning: unused import: `database::Opts`
[INFO] [stdout]   --> src/v1/mod.rs:15:9
[INFO] [stdout]    |
[INFO] [stdout] 15 | pub use database::Opts;
[INFO] [stdout]    |         ^^^^^^^^^^^^^^
[INFO] [stdout] 
[INFO] [stdout] 
[INFO] [stdout] warning: unused import: `params_from_iter`
[INFO] [stdout]   --> src/v1/mod.rs:17:18
[INFO] [stdout]    |
[INFO] [stdout] 17 | pub use params::{params_from_iter, Value, ValueRef};
[INFO] [stdout]    |                  ^^^^^^^^^^^^^^^^
[INFO] [stdout] 
[INFO] [stdout] 
[INFO] [stdout] warning: unused import: `Client`
[INFO] [stdout]   --> src/v2/mod.rs:10:17
[INFO] [stdout]    |
[INFO] [stdout] 10 | pub use hrana::{Client, HranaError};
[INFO] [stdout]    |                 ^^^^^^
[INFO] [stdout] 
[INFO] [stdout] 
[INFO] [stdout] warning: associated items `handle`, `from_handle`, `query`, `execute_async`, `transaction`, and `transaction_with_behavior` are never used
[INFO] [stdout]    --> src/v1/connection.rs:63:12
[INFO] [stdout]     |
[INFO] [stdout] 32  | impl Connection {
[INFO] [stdout]     | --------------- associated items in this implementation
[INFO] [stdout] ...
[INFO] [stdout] 63  |     pub fn handle(&self) -> *mut ffi::sqlite3 {
[INFO] [stdout]     |            ^^^^^^
[INFO] [stdout] ...
[INFO] [stdout] 68  |     pub fn from_handle(raw: *mut ffi::sqlite3) -> Self {
[INFO] [stdout]     |            ^^^^^^^^^^^
[INFO] [stdout] ...
[INFO] [stdout] 99  |     pub fn query<S, P>(&self, sql: S, params: P) -> Result<Option<Rows>>
[INFO] [stdout]     |            ^^^^^
[INFO] [stdout] ...
[INFO] [stdout] 185 |     pub fn execute_async<S, P>(&self, sql: S, params: P) -> RowsFuture
[INFO] [stdout]     |            ^^^^^^^^^^^^^
[INFO] [stdout] ...
[INFO] [stdout] 198 |     pub fn transaction(&self) -> Result<Transaction> {
[INFO] [stdout]     |            ^^^^^^^^^^^
[INFO] [stdout] ...
[INFO] [stdout] 218 |     pub fn transaction_with_behavior(
[INFO] [stdout]     |            ^^^^^^^^^^^^^^^^^^^^^^^^^
[INFO] [stdout]     |
[INFO] [stdout]     = note: `#[warn(dead_code)]` on by default
[INFO] [stdout] 
[INFO] [stdout] 
[INFO] [stdout] warning: method `close` is never used
[INFO] [stdout]   --> src/v1/database.rs:99:12
[INFO] [stdout]    |
[INFO] [stdout] 53 | impl Database {
[INFO] [stdout]    | ------------- method in this implementation
[INFO] [stdout] ...
[INFO] [stdout] 99 |     pub fn close(&self) {}
[INFO] [stdout]    |            ^^^^^
[INFO] [stdout] 
[INFO] [stdout] 
[INFO] [stdout] warning: variants `Commit`, `Ignore`, and `Panic` are never constructed
[INFO] [stdout]   --> src/v1/transaction.rs:14:5
[INFO] [stdout]    |
[INFO] [stdout] 12 | pub enum DropBehavior {
[INFO] [stdout]    |          ------------ variants in this enum
[INFO] [stdout] 13 |     Rollback,
[INFO] [stdout] 14 |     Commit,
[INFO] [stdout]    |     ^^^^^^
[INFO] [stdout] 15 |     Ignore,
[INFO] [stdout]    |     ^^^^^^
[INFO] [stdout] 16 |     Panic,
[INFO] [stdout]    |     ^^^^^
[INFO] [stdout]    |
[INFO] [stdout]    = note: `DropBehavior` has derived impls for the traits `Clone` and `Debug`, but these are intentionally ignored during dead code analysis
[INFO] [stdout] 
[INFO] [stdout] 
[INFO] [stdout] warning: methods `drop_behavior` and `set_drop_behavior` are never used
[INFO] [stdout]   --> src/v1/transaction.rs:47:12
[INFO] [stdout]    |
[INFO] [stdout] 46 | impl Transaction {
[INFO] [stdout]    | ---------------- methods in this implementation
[INFO] [stdout] 47 |     pub fn drop_behavior(&self) -> DropBehavior {
[INFO] [stdout]    |            ^^^^^^^^^^^^^
[INFO] [stdout] ...
[INFO] [stdout] 51 |     pub fn set_drop_behavior(&mut self, drop_behavior: DropBehavior) {
[INFO] [stdout]    |            ^^^^^^^^^^^^^^^^^
[INFO] [stdout] 
[INFO] [stdout] 
[INFO] [stdout] warning: 10 warnings emitted
[INFO] [stdout] 
[INFO] [stdout] 
[INFO] [stdout] warning: 10 warnings emitted
[INFO] [stdout] 
[INFO] [stdout] 
[INFO] [stdout] error: linking with `cc` failed: exit status: 1
[INFO] [stdout]   |
[INFO] [stdout]   = note: LC_ALL="C" PATH="/opt/rustwide/rustup-home/toolchains/1.75.0-x86_64-unknown-linux-gnu/lib/rustlib/x86_64-unknown-linux-gnu/bin:/opt/rustwide/cargo-home/bin:/usr/local/sbin:/usr/local/bin:/usr/sbin:/usr/bin:/sbin:/bin" VSLANG="1033" "cc" "-m64" "/tmp/rustcOVMZn4/symbols.o" "/opt/rustwide/target/debug/examples/example_v2-37f7522c09c66aa6.example_v2.648a7a384b71371d-cgu.0.rcgu.o" "/opt/rustwide/target/debug/examples/example_v2-37f7522c09c66aa6.example_v2.648a7a384b71371d-cgu.1.rcgu.o" "/opt/rustwide/target/debug/examples/example_v2-37f7522c09c66aa6.example_v2.648a7a384b71371d-cgu.2.rcgu.o" "/opt/rustwide/target/debug/examples/example_v2-37f7522c09c66aa6.example_v2.648a7a384b71371d-cgu.3.rcgu.o" "/opt/rustwide/target/debug/examples/example_v2-37f7522c09c66aa6.example_v2.648a7a384b71371d-cgu.4.rcgu.o" "/opt/rustwide/target/debug/examples/example_v2-37f7522c09c66aa6.example_v2.648a7a384b71371d-cgu.5.rcgu.o" "/opt/rustwide/target/debug/examples/example_v2-37f7522c09c66aa6.example_v2.648a7a384b71371d-cgu.6.rcgu.o" "/opt/rustwide/target/debug/examples/example_v2-37f7522c09c66aa6.example_v2.648a7a384b71371d-cgu.7.rcgu.o" "/opt/rustwide/target/debug/examples/example_v2-37f7522c09c66aa6.uh1oba0shqjjb1v.rcgu.o" "-Wl,--as-needed" "-L" "/opt/rustwide/target/debug/deps" "-L" "/opt/rustwide/target/debug/build/ring-2c34f88fdbb6811e/out" "-L" "/opt/rustwide/target/debug/build/libsql-sys-69ab6e67db89598c/out" "-L" "/opt/rustwide/target/debug/build/libsql-sys-69ab6e67db89598c/out" "-L" "/opt/rustwide/rustup-home/toolchains/1.75.0-x86_64-unknown-linux-gnu/lib/rustlib/x86_64-unknown-linux-gnu/lib" "-Wl,-Bstatic" "/opt/rustwide/target/debug/deps/liblibsql-1c40625a2b3babd6.rlib" "/opt/rustwide/target/debug/deps/libbincode-d071ec1b66489193.rlib" "/opt/rustwide/target/debug/deps/libserde_json-c95e9dc004576f74.rlib" "/opt/rustwide/target/debug/deps/libryu-f8e8abf733224b36.rlib" "/opt/rustwide/target/debug/deps/liblibsql_replication-4058cca5ef229c07.rlib" "/opt/rustwide/target/debug/deps/libmemmap-5f71c3114fe4b7b4.rlib" "/opt/rustwide/target/debug/deps/libthiserror-7384ea2568f9fa44.rlib" "/opt/rustwide/target/debug/deps/libtempfile-3f6515a4cd4f5d6b.rlib" "/opt/rustwide/target/debug/deps/libfastrand-d107eca59cf81e96.rlib" "/opt/rustwide/target/debug/deps/librustix-f836766ebac570fd.rlib" "/opt/rustwide/target/debug/deps/liblinux_raw_sys-0e58d797574ec608.rlib" "/opt/rustwide/target/debug/deps/libfutures-67ec52e49aeb8946.rlib" "/opt/rustwide/target/debug/deps/libfutures_executor-d09a3ac433d1b4f1.rlib" "/opt/rustwide/target/debug/deps/libbytemuck-a663d1b0a7752fe4.rlib" "/opt/rustwide/target/debug/deps/libuuid-b1e23e78da3546db.rlib" "/opt/rustwide/target/debug/deps/libtonic_web-f739b710c0d0ac06.rlib" "/opt/rustwide/target/debug/deps/libtower_http-79cdb29d16441ab0.rlib" "/opt/rustwide/target/debug/deps/libbitflags-78da337a9db99d1b.rlib" "/opt/rustwide/target/debug/deps/libtonic-2cf2096a2af6f9fd.rlib" "/opt/rustwide/target/debug/deps/libwebpki_roots-3d5f3cb9e43374e0.rlib" "/opt/rustwide/target/debug/deps/libhyper_timeout-db88d4a6ef653807.rlib" "/opt/rustwide/target/debug/deps/libtokio_io_timeout-2841d6ccb9577404.rlib" "/opt/rustwide/target/debug/deps/libasync_stream-21683dcdaee4b54d.rlib" "/opt/rustwide/target/debug/deps/libaxum-8140d4cb199eabfd.rlib" "/opt/rustwide/target/debug/deps/libpercent_encoding-5d42724fd4d173a7.rlib" "/opt/rustwide/target/debug/deps/libmatchit-85df7f180076685a.rlib" "/opt/rustwide/target/debug/deps/libbitflags-b7cee2ca4fb438d0.rlib" "/opt/rustwide/target/debug/deps/libsync_wrapper-04fa76556045b729.rlib" "/opt/rustwide/target/debug/deps/libaxum_core-937e482cb3dc78b5.rlib" "/opt/rustwide/target/debug/deps/libmime-7e306270d8ceb372.rlib" "/opt/rustwide/target/debug/deps/libtower-cf3937fecbca8a13.rlib" "/opt/rustwide/target/debug/deps/librand-716023b8308ddbf6.rlib" "/opt/rustwide/target/debug/deps/librand_chacha-d17c2c6ce6707a00.rlib" "/opt/rustwide/target/debug/deps/libppv_lite86-9f808eb911999ef2.rlib" "/opt/rustwide/target/debug/deps/librand_core-7a5ec661fff38ee5.rlib" "/opt/rustwide/target/debug/deps/libgetrandom-48f05dc085dd925d.rlib" "/opt/rustwide/target/debug/deps/libtower_layer-294cdac6576ba675.rlib" "/opt/rustwide/target/debug/deps/libprost-680d14e08bb6e2ae.rlib" "/opt/rustwide/target/debug/deps/libpin_project-223f68804cb50bc3.rlib" "/opt/rustwide/target/debug/deps/libtokio_stream-7fb3ceddd145e11b.rlib" "/opt/rustwide/target/debug/deps/libhyper_rustls-50657f4235db311f.rlib" "/opt/rustwide/target/debug/deps/libwebpki_roots-c45df5fe3c0d326e.rlib" "/opt/rustwide/target/debug/deps/libwebpki-cf7e1ec04fd9b6e6.rlib" "/opt/rustwide/target/debug/deps/librustls_native_certs-2d17f24826ec4e3e.rlib" "/opt/rustwide/target/debug/deps/librustls_pemfile-4cd9e093a8ef0ee1.rlib" "/opt/rustwide/target/debug/deps/libbase64-86b82d2e6a36b5f6.rlib" "/opt/rustwide/target/debug/deps/libopenssl_probe-d850575132083d7c.rlib" "/opt/rustwide/target/debug/deps/libtokio_rustls-afe123ec534f308d.rlib" "/opt/rustwide/target/debug/deps/librustls-3059bf39f775fed3.rlib" "/opt/rustwide/target/debug/deps/libsct-070acb0064dc3f0a.rlib" "/opt/rustwide/target/debug/deps/libwebpki-139b76f5379a847d.rlib" "/opt/rustwide/target/debug/deps/libring-eb61243a16addeb2.rlib" "/opt/rustwide/target/debug/deps/libspin-c4098cd951aef6c9.rlib" "/opt/rustwide/target/debug/deps/libuntrusted-5ec0aa78ed8cda5c.rlib" "/opt/rustwide/target/debug/deps/libhyper-6a8b66102e445365.rlib" "/opt/rustwide/target/debug/deps/libwant-0e59d2771cba3a35.rlib" "/opt/rustwide/target/debug/deps/libtry_lock-51271589248cd7d9.rlib" "/opt/rustwide/target/debug/deps/libsocket2-cf21f738568b340e.rlib" "/opt/rustwide/target/debug/deps/libhttparse-64f1ffbeda450424.rlib" "/opt/rustwide/target/debug/deps/libh2-5a8199f124044dc4.rlib" "/opt/rustwide/target/debug/deps/libindexmap-93f72862478380d0.rlib" "/opt/rustwide/target/debug/deps/libhashbrown-567986452cb9bc94.rlib" "/opt/rustwide/target/debug/deps/libtokio_util-c99e670aeebf365b.rlib" "/opt/rustwide/target/debug/deps/libtower_service-104d6e83d5ce383d.rlib" "/opt/rustwide/target/debug/deps/libhttp_body-cf2b95cdc28fad03.rlib" "/opt/rustwide/target/debug/deps/libtokio-015f12a44b8613f5.rlib" "/opt/rustwide/target/debug/deps/libsignal_hook_registry-2ea00c6cd795b312.rlib" "/opt/rustwide/target/debug/deps/libnum_cpus-1ee7f52348815e16.rlib" "/opt/rustwide/target/debug/deps/libsocket2-2c6472bad816bd72.rlib" "/opt/rustwide/target/debug/deps/libmio-49166677833a74a3.rlib" "/opt/rustwide/target/debug/deps/libparking_lot-74f7b81d562399e8.rlib" "/opt/rustwide/target/debug/deps/libparking_lot_core-24da644042b44a8b.rlib" "/opt/rustwide/target/debug/deps/liblibc-eb440e55dfb137ff.rlib" "/opt/rustwide/target/debug/deps/libsmallvec-33da69ee6a49df81.rlib" "/opt/rustwide/target/debug/deps/liblock_api-6d695fe916f3ef34.rlib" "/opt/rustwide/target/debug/deps/libscopeguard-012e5ed929fc2fe6.rlib" "/opt/rustwide/target/debug/deps/libhttpdate-60c45fdec07c28d7.rlib" "/opt/rustwide/target/debug/deps/libfutures_util-084ed1db3533ba39.rlib" "/opt/rustwide/target/debug/deps/libmemchr-a76ee3fe84a5d757.rlib" "/opt/rustwide/target/debug/deps/libfutures_io-e29e1f931c78f5ad.rlib" "/opt/rustwide/target/debug/deps/libslab-6eb39baadbe9101c.rlib" "/opt/rustwide/target/debug/deps/libfutures_channel-b11b4e3e73ae8576.rlib" "/opt/rustwide/target/debug/deps/libfutures_sink-4afe6e57e5588fde.rlib" "/opt/rustwide/target/debug/deps/libfutures_task-ec207c36a8b1b716.rlib" "/opt/rustwide/target/debug/deps/libpin_utils-741f7d9d160e4a16.rlib" "/opt/rustwide/target/debug/deps/libfutures_core-02b74ed2f49284a7.rlib" "/opt/rustwide/target/debug/deps/libhttp-125e9c3bbf514223.rlib" "/opt/rustwide/target/debug/deps/libitoa-05fb7c91ffbc0a79.rlib" "/opt/rustwide/target/debug/deps/libbytes-b85f8fd772dd41ad.rlib" "/opt/rustwide/target/debug/deps/libserde-8fcc5987cb9d46b0.rlib" "/opt/rustwide/target/debug/deps/libfnv-18bf5144d055e772.rlib" "/opt/rustwide/target/debug/deps/libanyhow-477edb6dbb409be2.rlib" "/opt/rustwide/target/debug/deps/liblibsql_sys-a99827d0f92799ca.rlib" "/opt/rustwide/target/debug/deps/libtracing-f7e64ebdb6636a43.rlib" "/opt/rustwide/target/debug/deps/libcfg_if-61dc7a6799e72b18.rlib" "/opt/rustwide/target/debug/deps/liblog-e491f2c1d0b13538.rlib" "/opt/rustwide/target/debug/deps/libpin_project_lite-e0757e0deaa2f8a0.rlib" "/opt/rustwide/target/debug/deps/libtracing_core-8427029d59b32596.rlib" "/opt/rustwide/target/debug/deps/libonce_cell-a342312cc2ec3f6b.rlib" "/opt/rustwide/rustup-home/toolchains/1.75.0-x86_64-unknown-linux-gnu/lib/rustlib/x86_64-unknown-linux-gnu/lib/libstd-90f6ddbf82de36ec.rlib" "/opt/rustwide/rustup-home/toolchains/1.75.0-x86_64-unknown-linux-gnu/lib/rustlib/x86_64-unknown-linux-gnu/lib/libpanic_unwind-480c41e9d4e1f677.rlib" "/opt/rustwide/rustup-home/toolchains/1.75.0-x86_64-unknown-linux-gnu/lib/rustlib/x86_64-unknown-linux-gnu/lib/libobject-db744c0ca03eed1d.rlib" "/opt/rustwide/rustup-home/toolchains/1.75.0-x86_64-unknown-linux-gnu/lib/rustlib/x86_64-unknown-linux-gnu/lib/libmemchr-8ba652dc7d4b285a.rlib" "/opt/rustwide/rustup-home/toolchains/1.75.0-x86_64-unknown-linux-gnu/lib/rustlib/x86_64-unknown-linux-gnu/lib/libaddr2line-d5f4520a9ebc0d58.rlib" "/opt/rustwide/rustup-home/toolchains/1.75.0-x86_64-unknown-linux-gnu/lib/rustlib/x86_64-unknown-linux-gnu/lib/libgimli-4ad84de58f0cb463.rlib" "/opt/rustwide/rustup-home/toolchains/1.75.0-x86_64-unknown-linux-gnu/lib/rustlib/x86_64-unknown-linux-gnu/lib/librustc_demangle-0d10aae2e0f38735.rlib" "/opt/rustwide/rustup-home/toolchains/1.75.0-x86_64-unknown-linux-gnu/lib/rustlib/x86_64-unknown-linux-gnu/lib/libstd_detect-0c17cff739e6745b.rlib" "/opt/rustwide/rustup-home/toolchains/1.75.0-x86_64-unknown-linux-gnu/lib/rustlib/x86_64-unknown-linux-gnu/lib/libhashbrown-b29e17139dde1aa8.rlib" "/opt/rustwide/rustup-home/toolchains/1.75.0-x86_64-unknown-linux-gnu/lib/rustlib/x86_64-unknown-linux-gnu/lib/librustc_std_workspace_alloc-1f975299829cc7bd.rlib" "/opt/rustwide/rustup-home/toolchains/1.75.0-x86_64-unknown-linux-gnu/lib/rustlib/x86_64-unknown-linux-gnu/lib/libminiz_oxide-86bae3bc3079f89b.rlib" "/opt/rustwide/rustup-home/toolchains/1.75.0-x86_64-unknown-linux-gnu/lib/rustlib/x86_64-unknown-linux-gnu/lib/libadler-321b82c30dffdf5f.rlib" "/opt/rustwide/rustup-home/toolchains/1.75.0-x86_64-unknown-linux-gnu/lib/rustlib/x86_64-unknown-linux-gnu/lib/libunwind-3dd8a6810a0bdfef.rlib" "/opt/rustwide/rustup-home/toolchains/1.75.0-x86_64-unknown-linux-gnu/lib/rustlib/x86_64-unknown-linux-gnu/lib/libcfg_if-eb39a61c0c879984.rlib" "/opt/rustwide/rustup-home/toolchains/1.75.0-x86_64-unknown-linux-gnu/lib/rustlib/x86_64-unknown-linux-gnu/lib/liblibc-aa769569f91c3548.rlib" "/opt/rustwide/rustup-home/toolchains/1.75.0-x86_64-unknown-linux-gnu/lib/rustlib/x86_64-unknown-linux-gnu/lib/liballoc-510a192a50a983ed.rlib" "/opt/rustwide/rustup-home/toolchains/1.75.0-x86_64-unknown-linux-gnu/lib/rustlib/x86_64-unknown-linux-gnu/lib/librustc_std_workspace_core-0577018320f99037.rlib" "/opt/rustwide/rustup-home/toolchains/1.75.0-x86_64-unknown-linux-gnu/lib/rustlib/x86_64-unknown-linux-gnu/lib/libcore-193cf992125ccd4c.rlib" "/opt/rustwide/rustup-home/toolchains/1.75.0-x86_64-unknown-linux-gnu/lib/rustlib/x86_64-unknown-linux-gnu/lib/libcompiler_builtins-8e138eaf26ebb4a8.rlib" "-Wl,-Bdynamic" "-lgcc_s" "-lutil" "-lrt" "-lpthread" "-lm" "-ldl" "-lc" "-Wl,--eh-frame-hdr" "-Wl,-z,noexecstack" "-L" "/opt/rustwide/rustup-home/toolchains/1.75.0-x86_64-unknown-linux-gnu/lib/rustlib/x86_64-unknown-linux-gnu/lib" "-o" "/opt/rustwide/target/debug/examples/example_v2-37f7522c09c66aa6" "-Wl,--gc-sections" "-pie" "-Wl,-z,relro,-z,now" "-nodefaultlibs"
[INFO] [stdout]   = note: collect2: fatal error: ld terminated with signal 9 [Killed]
[INFO] [stdout]           compilation terminated.
[INFO] [stdout]           
[INFO] [stdout] 
[INFO] [stdout] 
[INFO] [stdout] error: aborting due to previous error
[INFO] [stdout] 
[INFO] [stdout] 
[INFO] [stderr] error: could not compile `libsql` (example "example_v2") due to 2 previous errors
[INFO] [stderr] warning: build failed, waiting for other jobs to finish...
[INFO] [stdout] error: linking with `cc` failed: exit status: 1
[INFO] [stdout]   |
[INFO] [stdout]   = note: LC_ALL="C" PATH="/opt/rustwide/rustup-home/toolchains/1.75.0-x86_64-unknown-linux-gnu/lib/rustlib/x86_64-unknown-linux-gnu/bin:/opt/rustwide/cargo-home/bin:/usr/local/sbin:/usr/local/bin:/usr/sbin:/usr/bin:/sbin:/bin" VSLANG="1033" "cc" "-m64" "/tmp/rustc0bDl7t/symbols.o" "/opt/rustwide/target/debug/examples/replica-fa63eef4019bbf76.replica.46c88e032e63bc24-cgu.0.rcgu.o" "/opt/rustwide/target/debug/examples/replica-fa63eef4019bbf76.replica.46c88e032e63bc24-cgu.1.rcgu.o" "/opt/rustwide/target/debug/examples/replica-fa63eef4019bbf76.replica.46c88e032e63bc24-cgu.2.rcgu.o" "/opt/rustwide/target/debug/examples/replica-fa63eef4019bbf76.replica.46c88e032e63bc24-cgu.3.rcgu.o" "/opt/rustwide/target/debug/examples/replica-fa63eef4019bbf76.replica.46c88e032e63bc24-cgu.4.rcgu.o" "/opt/rustwide/target/debug/examples/replica-fa63eef4019bbf76.replica.46c88e032e63bc24-cgu.5.rcgu.o" "/opt/rustwide/target/debug/examples/replica-fa63eef4019bbf76.replica.46c88e032e63bc24-cgu.6.rcgu.o" "/opt/rustwide/target/debug/examples/replica-fa63eef4019bbf76.replica.46c88e032e63bc24-cgu.7.rcgu.o" "/opt/rustwide/target/debug/examples/replica-fa63eef4019bbf76.replica.46c88e032e63bc24-cgu.8.rcgu.o" "/opt/rustwide/target/debug/examples/replica-fa63eef4019bbf76.2i3q80m2qq2kyk6m.rcgu.o" "-Wl,--as-needed" "-L" "/opt/rustwide/target/debug/deps" "-L" "/opt/rustwide/target/debug/build/ring-2c34f88fdbb6811e/out" "-L" "/opt/rustwide/target/debug/build/libsql-sys-69ab6e67db89598c/out" "-L" "/opt/rustwide/target/debug/build/libsql-sys-69ab6e67db89598c/out" "-L" "/opt/rustwide/rustup-home/toolchains/1.75.0-x86_64-unknown-linux-gnu/lib/rustlib/x86_64-unknown-linux-gnu/lib" "-Wl,-Bstatic" "/opt/rustwide/target/debug/deps/libtracing_subscriber-61e815c6ad05b97f.rlib" "/opt/rustwide/target/debug/deps/libnu_ansi_term-3e05c43b33054704.rlib" "/opt/rustwide/target/debug/deps/liboverload-ed04f4baf105cbd4.rlib" "/opt/rustwide/target/debug/deps/libthread_local-c04a4f54c4d2fd9e.rlib" "/opt/rustwide/target/debug/deps/libsharded_slab-02c3102eff4edbd9.rlib" "/opt/rustwide/target/debug/deps/libtracing_log-d30238a9257b3896.rlib" "/opt/rustwide/target/debug/deps/liblazy_static-591486ebcb9a7ead.rlib" "/opt/rustwide/target/debug/deps/liblibsql-1c40625a2b3babd6.rlib" "/opt/rustwide/target/debug/deps/libbincode-d071ec1b66489193.rlib" "/opt/rustwide/target/debug/deps/libserde_json-c95e9dc004576f74.rlib" "/opt/rustwide/target/debug/deps/libryu-f8e8abf733224b36.rlib" "/opt/rustwide/target/debug/deps/liblibsql_replication-4058cca5ef229c07.rlib" "/opt/rustwide/target/debug/deps/libmemmap-5f71c3114fe4b7b4.rlib" "/opt/rustwide/target/debug/deps/libthiserror-7384ea2568f9fa44.rlib" "/opt/rustwide/target/debug/deps/libtempfile-3f6515a4cd4f5d6b.rlib" "/opt/rustwide/target/debug/deps/libfastrand-d107eca59cf81e96.rlib" "/opt/rustwide/target/debug/deps/librustix-f836766ebac570fd.rlib" "/opt/rustwide/target/debug/deps/liblinux_raw_sys-0e58d797574ec608.rlib" "/opt/rustwide/target/debug/deps/libfutures-67ec52e49aeb8946.rlib" "/opt/rustwide/target/debug/deps/libfutures_executor-d09a3ac433d1b4f1.rlib" "/opt/rustwide/target/debug/deps/libbytemuck-a663d1b0a7752fe4.rlib" "/opt/rustwide/target/debug/deps/libuuid-b1e23e78da3546db.rlib" "/opt/rustwide/target/debug/deps/libtonic_web-f739b710c0d0ac06.rlib" "/opt/rustwide/target/debug/deps/libtower_http-79cdb29d16441ab0.rlib" "/opt/rustwide/target/debug/deps/libbitflags-78da337a9db99d1b.rlib" "/opt/rustwide/target/debug/deps/libtonic-2cf2096a2af6f9fd.rlib" "/opt/rustwide/target/debug/deps/libwebpki_roots-3d5f3cb9e43374e0.rlib" "/opt/rustwide/target/debug/deps/libhyper_timeout-db88d4a6ef653807.rlib" "/opt/rustwide/target/debug/deps/libtokio_io_timeout-2841d6ccb9577404.rlib" "/opt/rustwide/target/debug/deps/libasync_stream-21683dcdaee4b54d.rlib" "/opt/rustwide/target/debug/deps/libaxum-8140d4cb199eabfd.rlib" "/opt/rustwide/target/debug/deps/libpercent_encoding-5d42724fd4d173a7.rlib" "/opt/rustwide/target/debug/deps/libmatchit-85df7f180076685a.rlib" "/opt/rustwide/target/debug/deps/libbitflags-b7cee2ca4fb438d0.rlib" "/opt/rustwide/target/debug/deps/libsync_wrapper-04fa76556045b729.rlib" "/opt/rustwide/target/debug/deps/libaxum_core-937e482cb3dc78b5.rlib" "/opt/rustwide/target/debug/deps/libmime-7e306270d8ceb372.rlib" "/opt/rustwide/target/debug/deps/libtower-cf3937fecbca8a13.rlib" "/opt/rustwide/target/debug/deps/librand-716023b8308ddbf6.rlib" "/opt/rustwide/target/debug/deps/librand_chacha-d17c2c6ce6707a00.rlib" "/opt/rustwide/target/debug/deps/libppv_lite86-9f808eb911999ef2.rlib" "/opt/rustwide/target/debug/deps/librand_core-7a5ec661fff38ee5.rlib" "/opt/rustwide/target/debug/deps/libgetrandom-48f05dc085dd925d.rlib" "/opt/rustwide/target/debug/deps/libtower_layer-294cdac6576ba675.rlib" "/opt/rustwide/target/debug/deps/libprost-680d14e08bb6e2ae.rlib" "/opt/rustwide/target/debug/deps/libpin_project-223f68804cb50bc3.rlib" "/opt/rustwide/target/debug/deps/libtokio_stream-7fb3ceddd145e11b.rlib" "/opt/rustwide/target/debug/deps/libhyper_rustls-50657f4235db311f.rlib" "/opt/rustwide/target/debug/deps/libwebpki_roots-c45df5fe3c0d326e.rlib" "/opt/rustwide/target/debug/deps/libwebpki-cf7e1ec04fd9b6e6.rlib" "/opt/rustwide/target/debug/deps/librustls_native_certs-2d17f24826ec4e3e.rlib" "/opt/rustwide/target/debug/deps/librustls_pemfile-4cd9e093a8ef0ee1.rlib" "/opt/rustwide/target/debug/deps/libbase64-86b82d2e6a36b5f6.rlib" "/opt/rustwide/target/debug/deps/libopenssl_probe-d850575132083d7c.rlib" "/opt/rustwide/target/debug/deps/libtokio_rustls-afe123ec534f308d.rlib" "/opt/rustwide/target/debug/deps/librustls-3059bf39f775fed3.rlib" "/opt/rustwide/target/debug/deps/libsct-070acb0064dc3f0a.rlib" "/opt/rustwide/target/debug/deps/libwebpki-139b76f5379a847d.rlib" "/opt/rustwide/target/debug/deps/libring-eb61243a16addeb2.rlib" "/opt/rustwide/target/debug/deps/libspin-c4098cd951aef6c9.rlib" "/opt/rustwide/target/debug/deps/libuntrusted-5ec0aa78ed8cda5c.rlib" "/opt/rustwide/target/debug/deps/libhyper-6a8b66102e445365.rlib" "/opt/rustwide/target/debug/deps/libwant-0e59d2771cba3a35.rlib" "/opt/rustwide/target/debug/deps/libtry_lock-51271589248cd7d9.rlib" "/opt/rustwide/target/debug/deps/libsocket2-cf21f738568b340e.rlib" "/opt/rustwide/target/debug/deps/libhttparse-64f1ffbeda450424.rlib" "/opt/rustwide/target/debug/deps/libh2-5a8199f124044dc4.rlib" "/opt/rustwide/target/debug/deps/libindexmap-93f72862478380d0.rlib" "/opt/rustwide/target/debug/deps/libhashbrown-567986452cb9bc94.rlib" "/opt/rustwide/target/debug/deps/libtokio_util-c99e670aeebf365b.rlib" "/opt/rustwide/target/debug/deps/libtower_service-104d6e83d5ce383d.rlib" "/opt/rustwide/target/debug/deps/libhttp_body-cf2b95cdc28fad03.rlib" "/opt/rustwide/target/debug/deps/libtokio-015f12a44b8613f5.rlib" "/opt/rustwide/target/debug/deps/libsignal_hook_registry-2ea00c6cd795b312.rlib" "/opt/rustwide/target/debug/deps/libnum_cpus-1ee7f52348815e16.rlib" "/opt/rustwide/target/debug/deps/libsocket2-2c6472bad816bd72.rlib" "/opt/rustwide/target/debug/deps/libmio-49166677833a74a3.rlib" "/opt/rustwide/target/debug/deps/libparking_lot-74f7b81d562399e8.rlib" "/opt/rustwide/target/debug/deps/libparking_lot_core-24da644042b44a8b.rlib" "/opt/rustwide/target/debug/deps/liblibc-eb440e55dfb137ff.rlib" "/opt/rustwide/target/debug/deps/libsmallvec-33da69ee6a49df81.rlib" "/opt/rustwide/target/debug/deps/liblock_api-6d695fe916f3ef34.rlib" "/opt/rustwide/target/debug/deps/libscopeguard-012e5ed929fc2fe6.rlib" "/opt/rustwide/target/debug/deps/libhttpdate-60c45fdec07c28d7.rlib" "/opt/rustwide/target/debug/deps/libfutures_util-084ed1db3533ba39.rlib" "/opt/rustwide/target/debug/deps/libmemchr-a76ee3fe84a5d757.rlib" "/opt/rustwide/target/debug/deps/libfutures_io-e29e1f931c78f5ad.rlib" "/opt/rustwide/target/debug/deps/libslab-6eb39baadbe9101c.rlib" "/opt/rustwide/target/debug/deps/libfutures_channel-b11b4e3e73ae8576.rlib" "/opt/rustwide/target/debug/deps/libfutures_sink-4afe6e57e5588fde.rlib" "/opt/rustwide/target/debug/deps/libfutures_task-ec207c36a8b1b716.rlib" "/opt/rustwide/target/debug/deps/libpin_utils-741f7d9d160e4a16.rlib" "/opt/rustwide/target/debug/deps/libfutures_core-02b74ed2f49284a7.rlib" "/opt/rustwide/target/debug/deps/libhttp-125e9c3bbf514223.rlib" "/opt/rustwide/target/debug/deps/libitoa-05fb7c91ffbc0a79.rlib" "/opt/rustwide/target/debug/deps/libbytes-b85f8fd772dd41ad.rlib" "/opt/rustwide/target/debug/deps/libserde-8fcc5987cb9d46b0.rlib" "/opt/rustwide/target/debug/deps/libfnv-18bf5144d055e772.rlib" "/opt/rustwide/target/debug/deps/libanyhow-477edb6dbb409be2.rlib" "/opt/rustwide/target/debug/deps/liblibsql_sys-a99827d0f92799ca.rlib" "/opt/rustwide/target/debug/deps/libtracing-f7e64ebdb6636a43.rlib" "/opt/rustwide/target/debug/deps/libcfg_if-61dc7a6799e72b18.rlib" "/opt/rustwide/target/debug/deps/liblog-e491f2c1d0b13538.rlib" "/opt/rustwide/target/debug/deps/libpin_project_lite-e0757e0deaa2f8a0.rlib" "/opt/rustwide/target/debug/deps/libtracing_core-8427029d59b32596.rlib" "/opt/rustwide/target/debug/deps/libonce_cell-a342312cc2ec3f6b.rlib" "/opt/rustwide/rustup-home/toolchains/1.75.0-x86_64-unknown-linux-gnu/lib/rustlib/x86_64-unknown-linux-gnu/lib/libstd-90f6ddbf82de36ec.rlib" "/opt/rustwide/rustup-home/toolchains/1.75.0-x86_64-unknown-linux-gnu/lib/rustlib/x86_64-unknown-linux-gnu/lib/libpanic_unwind-480c41e9d4e1f677.rlib" "/opt/rustwide/rustup-home/toolchains/1.75.0-x86_64-unknown-linux-gnu/lib/rustlib/x86_64-unknown-linux-gnu/lib/libobject-db744c0ca03eed1d.rlib" "/opt/rustwide/rustup-home/toolchains/1.75.0-x86_64-unknown-linux-gnu/lib/rustlib/x86_64-unknown-linux-gnu/lib/libmemchr-8ba652dc7d4b285a.rlib" "/opt/rustwide/rustup-home/toolchains/1.75.0-x86_64-unknown-linux-gnu/lib/rustlib/x86_64-unknown-linux-gnu/lib/libaddr2line-d5f4520a9ebc0d58.rlib" "/opt/rustwide/rustup-home/toolchains/1.75.0-x86_64-unknown-linux-gnu/lib/rustlib/x86_64-unknown-linux-gnu/lib/libgimli-4ad84de58f0cb463.rlib" "/opt/rustwide/rustup-home/toolchains/1.75.0-x86_64-unknown-linux-gnu/lib/rustlib/x86_64-unknown-linux-gnu/lib/librustc_demangle-0d10aae2e0f38735.rlib" "/opt/rustwide/rustup-home/toolchains/1.75.0-x86_64-unknown-linux-gnu/lib/rustlib/x86_64-unknown-linux-gnu/lib/libstd_detect-0c17cff739e6745b.rlib" "/opt/rustwide/rustup-home/toolchains/1.75.0-x86_64-unknown-linux-gnu/lib/rustlib/x86_64-unknown-linux-gnu/lib/libhashbrown-b29e17139dde1aa8.rlib" "/opt/rustwide/rustup-home/toolchains/1.75.0-x86_64-unknown-linux-gnu/lib/rustlib/x86_64-unknown-linux-gnu/lib/librustc_std_workspace_alloc-1f975299829cc7bd.rlib" "/opt/rustwide/rustup-home/toolchains/1.75.0-x86_64-unknown-linux-gnu/lib/rustlib/x86_64-unknown-linux-gnu/lib/libminiz_oxide-86bae3bc3079f89b.rlib" "/opt/rustwide/rustup-home/toolchains/1.75.0-x86_64-unknown-linux-gnu/lib/rustlib/x86_64-unknown-linux-gnu/lib/libadler-321b82c30dffdf5f.rlib" "/opt/rustwide/rustup-home/toolchains/1.75.0-x86_64-unknown-linux-gnu/lib/rustlib/x86_64-unknown-linux-gnu/lib/libunwind-3dd8a6810a0bdfef.rlib" "/opt/rustwide/rustup-home/toolchains/1.75.0-x86_64-unknown-linux-gnu/lib/rustlib/x86_64-unknown-linux-gnu/lib/libcfg_if-eb39a61c0c879984.rlib" "/opt/rustwide/rustup-home/toolchains/1.75.0-x86_64-unknown-linux-gnu/lib/rustlib/x86_64-unknown-linux-gnu/lib/liblibc-aa769569f91c3548.rlib" "/opt/rustwide/rustup-home/toolchains/1.75.0-x86_64-unknown-linux-gnu/lib/rustlib/x86_64-unknown-linux-gnu/lib/liballoc-510a192a50a983ed.rlib" "/opt/rustwide/rustup-home/toolchains/1.75.0-x86_64-unknown-linux-gnu/lib/rustlib/x86_64-unknown-linux-gnu/lib/librustc_std_workspace_core-0577018320f99037.rlib" "/opt/rustwide/rustup-home/toolchains/1.75.0-x86_64-unknown-linux-gnu/lib/rustlib/x86_64-unknown-linux-gnu/lib/libcore-193cf992125ccd4c.rlib" "/opt/rustwide/rustup-home/toolchains/1.75.0-x86_64-unknown-linux-gnu/lib/rustlib/x86_64-unknown-linux-gnu/lib/libcompiler_builtins-8e138eaf26ebb4a8.rlib" "-Wl,-Bdynamic" "-lgcc_s" "-lutil" "-lrt" "-lpthread" "-lm" "-ldl" "-lc" "-Wl,--eh-frame-hdr" "-Wl,-z,noexecstack" "-L" "/opt/rustwide/rustup-home/toolchains/1.75.0-x86_64-unknown-linux-gnu/lib/rustlib/x86_64-unknown-linux-gnu/lib" "-o" "/opt/rustwide/target/debug/examples/replica-fa63eef4019bbf76" "-Wl,--gc-sections" "-pie" "-Wl,-z,relro,-z,now" "-nodefaultlibs"
[INFO] [stdout]   = note: collect2: fatal error: ld terminated with signal 9 [Killed]
[INFO] [stdout]           compilation terminated.
[INFO] [stdout]           
[INFO] [stdout] 
[INFO] [stdout] 
[INFO] [stdout] error: aborting due to previous error
[INFO] [stdout] 
[INFO] [stdout] 
[INFO] [stderr] error: could not compile `libsql` (example "replica") due to 2 previous errors
[INFO] running `Command { std: "docker" "inspect" "089ee23a12d12f454e39692a81380689cfcc7a7cd9c19f27d54654b00bc55235", kill_on_drop: false }`
[INFO] running `Command { std: "docker" "rm" "-f" "089ee23a12d12f454e39692a81380689cfcc7a7cd9c19f27d54654b00bc55235", kill_on_drop: false }`
[INFO] [stdout] 089ee23a12d12f454e39692a81380689cfcc7a7cd9c19f27d54654b00bc55235
[INFO] testing libsql-0.1.11 against beta-2023-12-22 for beta-1.76-1
[INFO] extracting crate libsql 0.1.11 into /workspace/builds/worker-2-tc2/source
[INFO] validating manifest of crates.io crate libsql 0.1.11 on toolchain beta-2023-12-22
[INFO] running `Command { std: CARGO_HOME="/workspace/cargo-home" RUSTUP_HOME="/workspace/rustup-home" "/workspace/cargo-home/bin/cargo" "+beta-2023-12-22" "metadata" "--manifest-path" "Cargo.toml" "--no-deps", kill_on_drop: false }`
[INFO] started tweaking crates.io crate libsql 0.1.11
[INFO] finished tweaking crates.io crate libsql 0.1.11
[INFO] tweaked toml for crates.io crate libsql 0.1.11 written to /workspace/builds/worker-2-tc2/source/Cargo.toml
[INFO] crate crates.io crate libsql 0.1.11 already has a lockfile, it will not be regenerated
[INFO] running `Command { std: CARGO_HOME="/workspace/cargo-home" RUSTUP_HOME="/workspace/rustup-home" "/workspace/cargo-home/bin/cargo" "+beta-2023-12-22" "fetch" "--manifest-path" "Cargo.toml", kill_on_drop: false }`
[INFO] running `Command { std: "docker" "create" "-v" "/var/lib/crater-agent-workspace/builds/worker-2-tc2/target:/opt/rustwide/target:rw,Z" "-v" "/var/lib/crater-agent-workspace/builds/worker-2-tc2/source:/opt/rustwide/workdir:ro,Z" "-v" "/var/lib/crater-agent-workspace/cargo-home:/opt/rustwide/cargo-home:ro,Z" "-v" "/var/lib/crater-agent-workspace/rustup-home:/opt/rustwide/rustup-home:ro,Z" "-e" "SOURCE_DIR=/opt/rustwide/workdir" "-e" "CARGO_TARGET_DIR=/opt/rustwide/target" "-e" "CARGO_HOME=/opt/rustwide/cargo-home" "-e" "RUSTUP_HOME=/opt/rustwide/rustup-home" "-w" "/opt/rustwide/workdir" "-m" "1610612736" "--user" "0:0" "--network" "none" "ghcr.io/rust-lang/crates-build-env/linux@sha256:2788e3201cd34a07e3172128adcd8b3090168a8e3bcc40d7c032b9dda1df7d1c" "/opt/rustwide/cargo-home/bin/cargo" "+beta-2023-12-22" "metadata" "--no-deps" "--format-version=1", kill_on_drop: false }`
[INFO] [stdout] 13181d02e934759a167bea980200b080a7de94eb98b26d0154e3c7dc26e494e6
[INFO] running `Command { std: "docker" "start" "-a" "13181d02e934759a167bea980200b080a7de94eb98b26d0154e3c7dc26e494e6", kill_on_drop: false }`
[INFO] running `Command { std: "docker" "inspect" "13181d02e934759a167bea980200b080a7de94eb98b26d0154e3c7dc26e494e6", kill_on_drop: false }`
[INFO] running `Command { std: "docker" "rm" "-f" "13181d02e934759a167bea980200b080a7de94eb98b26d0154e3c7dc26e494e6", kill_on_drop: false }`
[INFO] [stdout] 13181d02e934759a167bea980200b080a7de94eb98b26d0154e3c7dc26e494e6
[INFO] running `Command { std: "docker" "create" "-v" "/var/lib/crater-agent-workspace/builds/worker-2-tc2/target:/opt/rustwide/target:rw,Z" "-v" "/var/lib/crater-agent-workspace/builds/worker-2-tc2/source:/opt/rustwide/workdir:ro,Z" "-v" "/var/lib/crater-agent-workspace/cargo-home:/opt/rustwide/cargo-home:ro,Z" "-v" "/var/lib/crater-agent-workspace/rustup-home:/opt/rustwide/rustup-home:ro,Z" "-e" "SOURCE_DIR=/opt/rustwide/workdir" "-e" "CARGO_TARGET_DIR=/opt/rustwide/target" "-e" "CARGO_INCREMENTAL=0" "-e" "RUST_BACKTRACE=full" "-e" "RUSTFLAGS=--cap-lints=warn" "-e" "RUSTDOCFLAGS=--cap-lints=warn" "-e" "CARGO_HOME=/opt/rustwide/cargo-home" "-e" "RUSTUP_HOME=/opt/rustwide/rustup-home" "-w" "/opt/rustwide/workdir" "-m" "1610612736" "--user" "0:0" "--network" "none" "ghcr.io/rust-lang/crates-build-env/linux@sha256:2788e3201cd34a07e3172128adcd8b3090168a8e3bcc40d7c032b9dda1df7d1c" "/opt/rustwide/cargo-home/bin/cargo" "+beta-2023-12-22" "build" "--frozen" "--message-format=json", kill_on_drop: false }`
[INFO] [stdout] 63b93ae0141b19e55872db9c069a4178dc283367505c23887daabe2812f9525a
[INFO] running `Command { std: "docker" "start" "-a" "63b93ae0141b19e55872db9c069a4178dc283367505c23887daabe2812f9525a", kill_on_drop: false }`
[INFO] [stderr]    Compiling proc-macro2 v1.0.66
[INFO] [stderr]    Compiling unicode-ident v1.0.11
[INFO] [stderr]    Compiling libc v0.2.147
[INFO] [stderr]    Compiling serde v1.0.188
[INFO] [stderr]    Compiling once_cell v1.18.0
[INFO] [stderr]    Compiling futures-core v0.3.28
[INFO] [stderr]    Compiling memchr v2.6.3
[INFO] [stderr]    Compiling log v0.4.20
[INFO] [stderr]    Compiling futures-channel v0.3.28
[INFO] [stderr]    Compiling futures-sink v0.3.28
[INFO] [stderr]    Compiling futures-task v0.3.28
[INFO] [stderr]    Compiling futures-util v0.3.28
[INFO] [stderr]    Compiling itoa v1.0.9
[INFO] [stderr]    Compiling futures-io v0.3.28
[INFO] [stderr]    Compiling indexmap v1.9.3
[INFO] [stderr]    Compiling hashbrown v0.12.3
[INFO] [stderr]    Compiling rustversion v1.0.14
[INFO] [stderr]    Compiling tracing-core v0.1.31
[INFO] [stderr]    Compiling untrusted v0.7.1
[INFO] [stderr]    Compiling bitflags v2.4.0
[INFO] [stderr]    Compiling spin v0.5.2
[INFO] [stderr]    Compiling either v1.9.0
[INFO] [stderr]    Compiling tower-service v0.3.2
[INFO] [stderr]    Compiling httparse v1.8.0
[INFO] [stderr]    Compiling linux-raw-sys v0.4.5
[INFO] [stderr]    Compiling glob v0.3.1
[INFO] [stderr]    Compiling crossbeam-utils v0.8.16
[INFO] [stderr]    Compiling option-ext v0.2.0
[INFO] [stderr]    Compiling prettyplease v0.2.14
[INFO] [stderr]    Compiling anyhow v1.0.75
[INFO] [stderr]    Compiling rustix v0.38.11
[INFO] [stderr]    Compiling try-lock v0.2.4
[INFO] [stderr]    Compiling want v0.3.1
[INFO] [stderr]    Compiling minimal-lexical v0.2.1
[INFO] [stderr]    Compiling base64 v0.21.3
[INFO] [stderr]    Compiling httpdate v1.0.3
[INFO] [stderr]    Compiling proc-macro2 v0.4.30
[INFO] [stderr]    Compiling quote v1.0.33
[INFO] [stderr]    Compiling clang-sys v1.6.1
[INFO] [stderr]    Compiling rustls v0.21.7
[INFO] [stderr]    Compiling regex-syntax v0.7.5
[INFO] [stderr]    Compiling async-trait v0.1.73
[INFO] [stderr]    Compiling tower-layer v0.3.2
[INFO] [stderr]    Compiling syn v2.0.31
[INFO] [stderr]    Compiling cc v1.0.83
[INFO] [stderr]    Compiling dirs-sys v0.4.1
[INFO] [stderr]    Compiling libloading v0.7.4
[INFO] [stderr]    Compiling memoffset v0.9.0
[INFO] [stderr]    Compiling nom v7.1.3
[INFO] [stderr]    Compiling dirs v5.0.1
[INFO] [stderr]    Compiling unicode-xid v0.1.0
[INFO] [stderr]    Compiling bindgen v0.66.1
[INFO] [stderr]    Compiling rustls-pemfile v1.0.3
[INFO] [stderr]    Compiling axum-core v0.3.4
[INFO] [stderr]    Compiling axum v0.6.20
[INFO] [stderr]    Compiling itertools v0.10.5
[INFO] [stderr]    Compiling crossbeam-epoch v0.9.15
[INFO] [stderr]    Compiling openssl-probe v0.1.5
[INFO] [stderr]    Compiling shlex v1.1.0
[INFO] [stderr]    Compiling mime v0.3.17
[INFO] [stderr]    Compiling syn v0.15.44
[INFO] [stderr]    Compiling rustls-native-certs v0.6.3
[INFO] [stderr]    Compiling socket2 v0.5.3
[INFO] [stderr]    Compiling mio v0.8.8
[INFO] [stderr]    Compiling getrandom v0.2.10
[INFO] [stderr]    Compiling socket2 v0.4.9
[INFO] [stderr]    Compiling rand_core v0.6.4
[INFO] [stderr]    Compiling quote v0.6.13
[INFO] [stderr]    Compiling lock_api v0.4.10
[INFO] [stderr]    Compiling memoffset v0.7.1
[INFO] [stderr]    Compiling smallvec v1.11.0
[INFO] [stderr]    Compiling rand_chacha v0.3.1
[INFO] [stderr]    Compiling percent-encoding v2.3.0
[INFO] [stderr]    Compiling sync_wrapper v0.1.2
[INFO] [stderr]    Compiling matchit v0.7.2
[INFO] [stderr]    Compiling parking_lot_core v0.9.8
[INFO] [stderr]    Compiling crossbeam-queue v0.3.8
[INFO] [stderr]    Compiling rand v0.8.5
[INFO] [stderr]    Compiling serde_json v1.0.105
[INFO] [stderr]    Compiling ring v0.16.20
[INFO] [stderr]    Compiling aho-corasick v1.0.5
[INFO] [stderr]    Compiling ryu v1.0.15
[INFO] [stderr]    Compiling webpki-roots v0.25.2
[INFO] [stderr]    Compiling http-range-header v0.3.1
[INFO] [stderr]    Compiling thiserror v1.0.48
[INFO] [stderr]    Compiling regex-automata v0.3.8
[INFO] [stderr]    Compiling crossbeam-deque v0.8.3
[INFO] [stderr]    Compiling which v4.4.1
[INFO] [stderr]    Compiling cexpr v0.6.0
[INFO] [stderr]    Compiling crossbeam-channel v0.5.8
[INFO] [stderr]    Compiling fastrand v2.0.0
[INFO] [stderr]    Compiling parking_lot v0.12.1
[INFO] [stderr]    Compiling nix v0.26.4
[INFO] [stderr]    Compiling memmap v0.7.0
[INFO] [stderr]    Compiling tracing-log v0.1.3
[INFO] [stderr]    Compiling sharded-slab v0.1.4
[INFO] [stderr]    Compiling thread_local v1.1.7
[INFO] [stderr]    Compiling crossbeam v0.8.2
[INFO] [stderr]    Compiling tracing-subscriber v0.3.17
[INFO] [stderr]    Compiling default-env v0.1.1
[INFO] [stderr]    Compiling regex v1.9.5
[INFO] [stderr]    Compiling tempfile v3.8.0
[INFO] [stderr]    Compiling serde_derive v1.0.188
[INFO] [stderr]    Compiling tokio-macros v2.1.0
[INFO] [stderr]    Compiling futures-macro v0.3.28
[INFO] [stderr]    Compiling tracing-attributes v0.1.26
[INFO] [stderr]    Compiling pin-project-internal v1.1.3
[INFO] [stderr]    Compiling async-stream-impl v0.3.5
[INFO] [stderr]    Compiling prost-derive v0.12.0
[INFO] [stderr]    Compiling thiserror-impl v1.0.48
[INFO] [stderr]    Compiling bytemuck_derive v1.4.1
[INFO] [stderr]    Compiling sct v0.7.0
[INFO] [stderr]    Compiling rustls-webpki v0.101.4
[INFO] [stderr]    Compiling async-stream v0.3.5
[INFO] [stderr]    Compiling rustls-webpki v0.100.2
[INFO] [stderr]    Compiling bytemuck v1.13.1
[INFO] [stderr]    Compiling webpki-roots v0.23.1
[INFO] [stderr]    Compiling pin-project v1.1.3
[INFO] [stderr]    Compiling tracing v0.1.37
[INFO] [stderr]    Compiling futures-executor v0.3.28
[INFO] [stderr]    Compiling libsql-sys v0.2.13
[INFO] [stderr]    Compiling futures v0.3.28
[INFO] [stderr]    Compiling bytes v1.4.0
[INFO] [stderr]    Compiling uuid v1.4.1
[INFO] [stderr]    Compiling bincode v1.3.3
[INFO] [stderr]    Compiling tokio v1.32.0
[INFO] [stderr]    Compiling http v0.2.9
[INFO] [stderr]    Compiling prost v0.12.0
[INFO] [stderr]    Compiling hrana-client-proto v0.2.1
[INFO] [stderr]    Compiling http-body v0.4.5
[INFO] [stderr]    Compiling tokio-util v0.7.8
[INFO] [stderr]    Compiling tokio-io-timeout v1.2.0
[INFO] [stderr]    Compiling tokio-rustls v0.24.1
[INFO] [stderr]    Compiling tokio-stream v0.1.14
[INFO] [stderr]    Compiling h2 v0.3.21
[INFO] [stderr]    Compiling tower v0.4.13
[INFO] [stderr]    Compiling tower-http v0.4.4
[INFO] [stderr]    Compiling hyper v0.14.27
[INFO] [stderr]    Compiling hyper-timeout v0.4.1
[INFO] [stderr]    Compiling hyper-rustls v0.24.1
[INFO] [stderr]    Compiling tonic v0.10.0
[INFO] [stderr]    Compiling tonic-web v0.10.0
[INFO] [stderr]    Compiling libsql_replication v0.0.5
[INFO] [stderr]    Compiling libsql v0.1.11 (/opt/rustwide/workdir)
[INFO] [stdout] warning: unused import: `TempSnapshot`
[INFO] [stdout]  --> src/v1/database.rs:6:38
[INFO] [stdout]   |
[INFO] [stdout] 6 | pub use libsql_replication::{Frames, TempSnapshot};
[INFO] [stdout]   |                                      ^^^^^^^^^^^^
[INFO] [stdout]   |
[INFO] [stdout]   = note: `#[warn(unused_imports)]` on by default
[INFO] [stdout] 
[INFO] [stdout] 
[INFO] [stdout] warning: unused import: `libsql_sys::ValueType`
[INFO] [stdout]  --> src/v1/mod.rs:9:9
[INFO] [stdout]   |
[INFO] [stdout] 9 | pub use libsql_sys::ValueType;
[INFO] [stdout]   |         ^^^^^^^^^^^^^^^^^^^^^
[INFO] [stdout] 
[INFO] [stdout] 
[INFO] [stdout] warning: unused import: `errors`
[INFO] [stdout]   --> src/v1/mod.rs:11:17
[INFO] [stdout]    |
[INFO] [stdout] 11 | pub use crate::{errors, Error, Result};
[INFO] [stdout]    |                 ^^^^^^
[INFO] [stdout] 
[INFO] [stdout] 
[INFO] [stdout] warning: unused import: `database::Opts`
[INFO] [stdout]   --> src/v1/mod.rs:15:9
[INFO] [stdout]    |
[INFO] [stdout] 15 | pub use database::Opts;
[INFO] [stdout]    |         ^^^^^^^^^^^^^^
[INFO] [stdout] 
[INFO] [stdout] 
[INFO] [stdout] warning: unused import: `params_from_iter`
[INFO] [stdout]   --> src/v1/mod.rs:17:18
[INFO] [stdout]    |
[INFO] [stdout] 17 | pub use params::{params_from_iter, Value, ValueRef};
[INFO] [stdout]    |                  ^^^^^^^^^^^^^^^^
[INFO] [stdout] 
[INFO] [stdout] 
[INFO] [stdout] warning: unused import: `Client`
[INFO] [stdout]   --> src/v2/mod.rs:10:17
[INFO] [stdout]    |
[INFO] [stdout] 10 | pub use hrana::{Client, HranaError};
[INFO] [stdout]    |                 ^^^^^^
[INFO] [stdout] 
[INFO] [stdout] 
[INFO] [stdout] warning: associated items `handle`, `from_handle`, `query`, `execute_async`, `transaction`, and `transaction_with_behavior` are never used
[INFO] [stdout]    --> src/v1/connection.rs:63:12
[INFO] [stdout]     |
[INFO] [stdout] 32  | impl Connection {
[INFO] [stdout]     | --------------- associated items in this implementation
[INFO] [stdout] ...
[INFO] [stdout] 63  |     pub fn handle(&self) -> *mut ffi::sqlite3 {
[INFO] [stdout]     |            ^^^^^^
[INFO] [stdout] ...
[INFO] [stdout] 68  |     pub fn from_handle(raw: *mut ffi::sqlite3) -> Self {
[INFO] [stdout]     |            ^^^^^^^^^^^
[INFO] [stdout] ...
[INFO] [stdout] 99  |     pub fn query<S, P>(&self, sql: S, params: P) -> Result<Option<Rows>>
[INFO] [stdout]     |            ^^^^^
[INFO] [stdout] ...
[INFO] [stdout] 185 |     pub fn execute_async<S, P>(&self, sql: S, params: P) -> RowsFuture
[INFO] [stdout]     |            ^^^^^^^^^^^^^
[INFO] [stdout] ...
[INFO] [stdout] 198 |     pub fn transaction(&self) -> Result<Transaction> {
[INFO] [stdout]     |            ^^^^^^^^^^^
[INFO] [stdout] ...
[INFO] [stdout] 218 |     pub fn transaction_with_behavior(
[INFO] [stdout]     |            ^^^^^^^^^^^^^^^^^^^^^^^^^
[INFO] [stdout]     |
[INFO] [stdout]     = note: `#[warn(dead_code)]` on by default
[INFO] [stdout] 
[INFO] [stdout] 
[INFO] [stdout] warning: method `close` is never used
[INFO] [stdout]   --> src/v1/database.rs:99:12
[INFO] [stdout]    |
[INFO] [stdout] 53 | impl Database {
[INFO] [stdout]    | ------------- method in this implementation
[INFO] [stdout] ...
[INFO] [stdout] 99 |     pub fn close(&self) {}
[INFO] [stdout]    |            ^^^^^
[INFO] [stdout] 
[INFO] [stdout] 
[INFO] [stdout] warning: variants `Commit`, `Ignore`, and `Panic` are never constructed
[INFO] [stdout]   --> src/v1/transaction.rs:14:5
[INFO] [stdout]    |
[INFO] [stdout] 12 | pub enum DropBehavior {
[INFO] [stdout]    |          ------------ variants in this enum
[INFO] [stdout] 13 |     Rollback,
[INFO] [stdout] 14 |     Commit,
[INFO] [stdout]    |     ^^^^^^
[INFO] [stdout] 15 |     Ignore,
[INFO] [stdout]    |     ^^^^^^
[INFO] [stdout] 16 |     Panic,
[INFO] [stdout]    |     ^^^^^
[INFO] [stdout]    |
[INFO] [stdout]    = note: `DropBehavior` has derived impls for the traits `Clone` and `Debug`, but these are intentionally ignored during dead code analysis
[INFO] [stdout] 
[INFO] [stdout] 
[INFO] [stdout] warning: methods `drop_behavior` and `set_drop_behavior` are never used
[INFO] [stdout]   --> src/v1/transaction.rs:47:12
[INFO] [stdout]    |
[INFO] [stdout] 46 | impl Transaction {
[INFO] [stdout]    | ---------------- methods in this implementation
[INFO] [stdout] 47 |     pub fn drop_behavior(&self) -> DropBehavior {
[INFO] [stdout]    |            ^^^^^^^^^^^^^
[INFO] [stdout] ...
[INFO] [stdout] 51 |     pub fn set_drop_behavior(&mut self, drop_behavior: DropBehavior) {
[INFO] [stdout]    |            ^^^^^^^^^^^^^^^^^
[INFO] [stdout] 
[INFO] [stdout] 
[INFO] [stdout] warning: 10 warnings emitted
[INFO] [stdout] 
[INFO] [stdout] 
[INFO] [stderr]     Finished dev [unoptimized + debuginfo] target(s) in 27.79s
[INFO] running `Command { std: "docker" "inspect" "63b93ae0141b19e55872db9c069a4178dc283367505c23887daabe2812f9525a", kill_on_drop: false }`
[INFO] running `Command { std: "docker" "rm" "-f" "63b93ae0141b19e55872db9c069a4178dc283367505c23887daabe2812f9525a", kill_on_drop: false }`
[INFO] [stdout] 63b93ae0141b19e55872db9c069a4178dc283367505c23887daabe2812f9525a
[INFO] running `Command { std: "docker" "create" "-v" "/var/lib/crater-agent-workspace/builds/worker-2-tc2/target:/opt/rustwide/target:rw,Z" "-v" "/var/lib/crater-agent-workspace/builds/worker-2-tc2/source:/opt/rustwide/workdir:ro,Z" "-v" "/var/lib/crater-agent-workspace/cargo-home:/opt/rustwide/cargo-home:ro,Z" "-v" "/var/lib/crater-agent-workspace/rustup-home:/opt/rustwide/rustup-home:ro,Z" "-e" "SOURCE_DIR=/opt/rustwide/workdir" "-e" "CARGO_TARGET_DIR=/opt/rustwide/target" "-e" "CARGO_INCREMENTAL=0" "-e" "RUST_BACKTRACE=full" "-e" "RUSTFLAGS=--cap-lints=warn" "-e" "RUSTDOCFLAGS=--cap-lints=warn" "-e" "CARGO_HOME=/opt/rustwide/cargo-home" "-e" "RUSTUP_HOME=/opt/rustwide/rustup-home" "-w" "/opt/rustwide/workdir" "-m" "1610612736" "--user" "0:0" "--network" "none" "ghcr.io/rust-lang/crates-build-env/linux@sha256:2788e3201cd34a07e3172128adcd8b3090168a8e3bcc40d7c032b9dda1df7d1c" "/opt/rustwide/cargo-home/bin/cargo" "+beta-2023-12-22" "test" "--frozen" "--no-run" "--message-format=json", kill_on_drop: false }`
[INFO] [stdout] 650e0dfe966e27bf1cfb85a07b74dd2dc6f28cf33579e9056ec5c0ae0796ff71
[INFO] running `Command { std: "docker" "start" "-a" "650e0dfe966e27bf1cfb85a07b74dd2dc6f28cf33579e9056ec5c0ae0796ff71", kill_on_drop: false }`
[INFO] [stderr]    Compiling once_cell v1.18.0
[INFO] [stderr]    Compiling crossbeam-utils v0.8.16
[INFO] [stderr]    Compiling num_cpus v1.16.0
[INFO] [stderr]    Compiling signal-hook-registry v1.4.1
[INFO] [stderr]    Compiling rustix v0.38.11
[INFO] [stderr]    Compiling num-traits v0.2.16
[INFO] [stderr]    Compiling rayon-core v1.11.0
[INFO] [stderr]    Compiling either v1.9.0
[INFO] [stderr]    Compiling ahash v0.8.3
[INFO] [stderr]    Compiling plotters-backend v0.3.5
[INFO] [stderr]    Compiling cpp_demangle v0.4.3
[INFO] [stderr]    Compiling clap_lex v0.5.1
[INFO] [stderr]    Compiling ciborium-io v0.2.1
[INFO] [stderr]    Compiling anstyle v1.0.2
[INFO] [stderr]    Compiling half v1.8.2
[INFO] [stderr]    Compiling debugid v0.8.0
[INFO] [stderr]    Compiling backtrace v0.3.69
[INFO] [stderr]    Compiling tracing-core v0.1.31
[INFO] [stderr]    Compiling tokio v1.32.0
[INFO] [stderr]    Compiling ring v0.16.20
[INFO] [stderr]    Compiling ciborium-ll v0.2.1
[INFO] [stderr]    Compiling plotters-svg v0.3.5
[INFO] [stderr]    Compiling clap_builder v4.4.2
[INFO] [stderr]    Compiling itertools v0.10.5
[INFO] [stderr]    Compiling findshlibs v0.10.2
[INFO] [stderr]    Compiling memmap2 v0.5.10
[INFO] [stderr]    Compiling hashbrown v0.14.0
[INFO] [stderr]    Compiling stable_deref_trait v1.2.0
[INFO] [stderr]    Compiling same-file v1.0.6
[INFO] [stderr]    Compiling gimli v0.28.0
[INFO] [stderr]    Compiling arrayvec v0.7.4
[INFO] [stderr]    Compiling symbolic-demangle v12.3.0
[INFO] [stderr]    Compiling tracing v0.1.37
[INFO] [stderr]    Compiling cast v0.3.0
[INFO] [stderr]    Compiling equivalent v1.0.1
[INFO] [stderr]    Compiling crossbeam-epoch v0.9.15
[INFO] [stderr]    Compiling crossbeam-channel v0.5.8
[INFO] [stderr]    Compiling crossbeam-queue v0.3.8
[INFO] [stderr]    Compiling num-format v0.4.4
[INFO] [stderr]    Compiling libsql-sys v0.2.13
[INFO] [stderr]    Compiling tracing-log v0.1.3
[INFO] [stderr]    Compiling crossbeam-deque v0.8.3
[INFO] [stderr]    Compiling walkdir v2.3.3
[INFO] [stderr]    Compiling indexmap v2.0.0
[INFO] [stderr]    Compiling symbolic-common v12.3.0
[INFO] [stderr]    Compiling crossbeam v0.8.2
[INFO] [stderr]    Compiling ciborium v0.2.1
[INFO] [stderr]    Compiling thread_local v1.1.7
[INFO] [stderr]    Compiling sct v0.7.0
[INFO] [stderr]    Compiling rustls-webpki v0.101.4
[INFO] [stderr]    Compiling rustls-webpki v0.100.2
[INFO] [stderr]    Compiling rgb v0.8.36
[INFO] [stderr]    Compiling tinytemplate v1.2.1
[INFO] [stderr]    Compiling rayon v1.7.0
[INFO] [stderr]    Compiling plotters v0.3.5
[INFO] [stderr]    Compiling criterion-plot v0.5.0
[INFO] [stderr]    Compiling object v0.32.1
[INFO] [stderr]    Compiling quick-xml v0.26.0
[INFO] [stderr]    Compiling rustls v0.21.7
[INFO] [stderr]    Compiling webpki-roots v0.23.1
[INFO] [stderr]    Compiling str_stack v0.1.0
[INFO] [stderr]    Compiling clap v4.4.2
[INFO] [stderr]    Compiling anes v0.1.6
[INFO] [stderr]    Compiling pprof v0.12.1
[INFO] [stderr]    Compiling oorandom v11.1.3
[INFO] [stderr]    Compiling tracing-subscriber v0.3.17
[INFO] [stderr]    Compiling is-terminal v0.4.9
[INFO] [stderr]    Compiling tempfile v3.8.0
[INFO] [stderr]    Compiling inferno v0.11.16
[INFO] [stderr]    Compiling addr2line v0.21.0
[INFO] [stderr]    Compiling derive_arbitrary v1.3.1
[INFO] [stderr]    Compiling arbitrary v1.3.0
[INFO] [stderr]    Compiling tokio-util v0.7.8
[INFO] [stderr]    Compiling tokio-io-timeout v1.2.0
[INFO] [stderr]    Compiling tokio-rustls v0.24.1
[INFO] [stderr]    Compiling tokio-stream v0.1.14
[INFO] [stderr]    Compiling criterion v0.5.1
[INFO] [stderr]    Compiling h2 v0.3.21
[INFO] [stderr]    Compiling tower v0.4.13
[INFO] [stderr]    Compiling tower-http v0.4.4
[INFO] [stderr]    Compiling hyper v0.14.27
[INFO] [stderr]    Compiling hyper-timeout v0.4.1
[INFO] [stderr]    Compiling axum v0.6.20
[INFO] [stderr]    Compiling hyper-rustls v0.24.1
[INFO] [stderr]    Compiling tonic v0.10.0
[INFO] [stderr]    Compiling tonic-web v0.10.0
[INFO] [stderr]    Compiling libsql_replication v0.0.5
[INFO] [stderr]    Compiling libsql v0.1.11 (/opt/rustwide/workdir)
[INFO] [stdout] warning: unused import: `TempSnapshot`
[INFO] [stdout]  --> src/v1/database.rs:6:38
[INFO] [stdout]   |
[INFO] [stdout] 6 | pub use libsql_replication::{Frames, TempSnapshot};
[INFO] [stdout]   |                                      ^^^^^^^^^^^^
[INFO] [stdout]   |
[INFO] [stdout]   = note: `#[warn(unused_imports)]` on by default
[INFO] [stdout] 
[INFO] [stdout] 
[INFO] [stdout] warning: unused import: `libsql_sys::ValueType`
[INFO] [stdout]  --> src/v1/mod.rs:9:9
[INFO] [stdout]   |
[INFO] [stdout] 9 | pub use libsql_sys::ValueType;
[INFO] [stdout]   |         ^^^^^^^^^^^^^^^^^^^^^
[INFO] [stdout] 
[INFO] [stdout] 
[INFO] [stdout] warning: unused import: `errors`
[INFO] [stdout]   --> src/v1/mod.rs:11:17
[INFO] [stdout]    |
[INFO] [stdout] 11 | pub use crate::{errors, Error, Result};
[INFO] [stdout]    |                 ^^^^^^
[INFO] [stdout] 
[INFO] [stdout] 
[INFO] [stdout] warning: unused import: `database::Opts`
[INFO] [stdout]   --> src/v1/mod.rs:15:9
[INFO] [stdout]    |
[INFO] [stdout] 15 | pub use database::Opts;
[INFO] [stdout]    |         ^^^^^^^^^^^^^^
[INFO] [stdout] 
[INFO] [stdout] 
[INFO] [stdout] warning: unused import: `params_from_iter`
[INFO] [stdout]   --> src/v1/mod.rs:17:18
[INFO] [stdout]    |
[INFO] [stdout] 17 | pub use params::{params_from_iter, Value, ValueRef};
[INFO] [stdout]    |                  ^^^^^^^^^^^^^^^^
[INFO] [stdout] 
[INFO] [stdout] 
[INFO] [stdout] warning: unused import: `Client`
[INFO] [stdout]   --> src/v2/mod.rs:10:17
[INFO] [stdout]    |
[INFO] [stdout] 10 | pub use hrana::{Client, HranaError};
[INFO] [stdout]    |                 ^^^^^^
[INFO] [stdout] 
[INFO] [stdout] 
[INFO] [stdout] warning: associated items `handle`, `from_handle`, `query`, `execute_async`, `transaction`, and `transaction_with_behavior` are never used
[INFO] [stdout]    --> src/v1/connection.rs:63:12
[INFO] [stdout]     |
[INFO] [stdout] 32  | impl Connection {
[INFO] [stdout]     | --------------- associated items in this implementation
[INFO] [stdout] ...
[INFO] [stdout] 63  |     pub fn handle(&self) -> *mut ffi::sqlite3 {
[INFO] [stdout]     |            ^^^^^^
[INFO] [stdout] ...
[INFO] [stdout] 68  |     pub fn from_handle(raw: *mut ffi::sqlite3) -> Self {
[INFO] [stdout]     |            ^^^^^^^^^^^
[INFO] [stdout] ...
[INFO] [stdout] 99  |     pub fn query<S, P>(&self, sql: S, params: P) -> Result<Option<Rows>>
[INFO] [stdout]     |            ^^^^^
[INFO] [stdout] ...
[INFO] [stdout] 185 |     pub fn execute_async<S, P>(&self, sql: S, params: P) -> RowsFuture
[INFO] [stdout]     |            ^^^^^^^^^^^^^
[INFO] [stdout] ...
[INFO] [stdout] 198 |     pub fn transaction(&self) -> Result<Transaction> {
[INFO] [stdout]     |            ^^^^^^^^^^^
[INFO] [stdout] ...
[INFO] [stdout] 218 |     pub fn transaction_with_behavior(
[INFO] [stdout]     |            ^^^^^^^^^^^^^^^^^^^^^^^^^
[INFO] [stdout]     |
[INFO] [stdout]     = note: `#[warn(dead_code)]` on by default
[INFO] [stdout] 
[INFO] [stdout] 
[INFO] [stdout] warning: method `close` is never used
[INFO] [stdout]   --> src/v1/database.rs:99:12
[INFO] [stdout]    |
[INFO] [stdout] 53 | impl Database {
[INFO] [stdout]    | ------------- method in this implementation
[INFO] [stdout] ...
[INFO] [stdout] 99 |     pub fn close(&self) {}
[INFO] [stdout]    |            ^^^^^
[INFO] [stdout] 
[INFO] [stdout] 
[INFO] [stdout] warning: variants `Commit`, `Ignore`, and `Panic` are never constructed
[INFO] [stdout]   --> src/v1/transaction.rs:14:5
[INFO] [stdout]    |
[INFO] [stdout] 12 | pub enum DropBehavior {
[INFO] [stdout]    |          ------------ variants in this enum
[INFO] [stdout] 13 |     Rollback,
[INFO] [stdout] 14 |     Commit,
[INFO] [stdout]    |     ^^^^^^
[INFO] [stdout] 15 |     Ignore,
[INFO] [stdout]    |     ^^^^^^
[INFO] [stdout] 16 |     Panic,
[INFO] [stdout]    |     ^^^^^
[INFO] [stdout]    |
[INFO] [stdout]    = note: `DropBehavior` has derived impls for the traits `Clone` and `Debug`, but these are intentionally ignored during dead code analysis
[INFO] [stdout] 
[INFO] [stdout] 
[INFO] [stdout] warning: methods `drop_behavior` and `set_drop_behavior` are never used
[INFO] [stdout]   --> src/v1/transaction.rs:47:12
[INFO] [stdout]    |
[INFO] [stdout] 46 | impl Transaction {
[INFO] [stdout]    | ---------------- methods in this implementation
[INFO] [stdout] 47 |     pub fn drop_behavior(&self) -> DropBehavior {
[INFO] [stdout]    |            ^^^^^^^^^^^^^
[INFO] [stdout] ...
[INFO] [stdout] 51 |     pub fn set_drop_behavior(&mut self, drop_behavior: DropBehavior) {
[INFO] [stdout]    |            ^^^^^^^^^^^^^^^^^
[INFO] [stdout] 
[INFO] [stdout] 
[INFO] [stdout] warning: unused import: `TempSnapshot`
[INFO] [stdout]  --> src/v1/database.rs:6:38
[INFO] [stdout]   |
[INFO] [stdout] 6 | pub use libsql_replication::{Frames, TempSnapshot};
[INFO] [stdout]   |                                      ^^^^^^^^^^^^
[INFO] [stdout]   |
[INFO] [stdout]   = note: `#[warn(unused_imports)]` on by default
[INFO] [stdout] 
[INFO] [stdout] 
[INFO] [stdout] warning: unused import: `libsql_sys::ValueType`
[INFO] [stdout]  --> src/v1/mod.rs:9:9
[INFO] [stdout]   |
[INFO] [stdout] 9 | pub use libsql_sys::ValueType;
[INFO] [stdout]   |         ^^^^^^^^^^^^^^^^^^^^^
[INFO] [stdout] 
[INFO] [stdout] 
[INFO] [stdout] warning: unused import: `errors`
[INFO] [stdout]   --> src/v1/mod.rs:11:17
[INFO] [stdout]    |
[INFO] [stdout] 11 | pub use crate::{errors, Error, Result};
[INFO] [stdout]    |                 ^^^^^^
[INFO] [stdout] 
[INFO] [stdout] 
[INFO] [stdout] warning: unused import: `database::Opts`
[INFO] [stdout]   --> src/v1/mod.rs:15:9
[INFO] [stdout]    |
[INFO] [stdout] 15 | pub use database::Opts;
[INFO] [stdout]    |         ^^^^^^^^^^^^^^
[INFO] [stdout] 
[INFO] [stdout] 
[INFO] [stdout] warning: unused import: `params_from_iter`
[INFO] [stdout]   --> src/v1/mod.rs:17:18
[INFO] [stdout]    |
[INFO] [stdout] 17 | pub use params::{params_from_iter, Value, ValueRef};
[INFO] [stdout]    |                  ^^^^^^^^^^^^^^^^
[INFO] [stdout] 
[INFO] [stdout] 
[INFO] [stdout] warning: unused import: `Client`
[INFO] [stdout]   --> src/v2/mod.rs:10:17
[INFO] [stdout]    |
[INFO] [stdout] 10 | pub use hrana::{Client, HranaError};
[INFO] [stdout]    |                 ^^^^^^
[INFO] [stdout] 
[INFO] [stdout] 
[INFO] [stdout] warning: associated items `handle`, `from_handle`, `query`, `execute_async`, `transaction`, and `transaction_with_behavior` are never used
[INFO] [stdout]    --> src/v1/connection.rs:63:12
[INFO] [stdout]     |
[INFO] [stdout] 32  | impl Connection {
[INFO] [stdout]     | --------------- associated items in this implementation
[INFO] [stdout] ...
[INFO] [stdout] 63  |     pub fn handle(&self) -> *mut ffi::sqlite3 {
[INFO] [stdout]     |            ^^^^^^
[INFO] [stdout] ...
[INFO] [stdout] 68  |     pub fn from_handle(raw: *mut ffi::sqlite3) -> Self {
[INFO] [stdout]     |            ^^^^^^^^^^^
[INFO] [stdout] ...
[INFO] [stdout] 99  |     pub fn query<S, P>(&self, sql: S, params: P) -> Result<Option<Rows>>
[INFO] [stdout]     |            ^^^^^
[INFO] [stdout] ...
[INFO] [stdout] 185 |     pub fn execute_async<S, P>(&self, sql: S, params: P) -> RowsFuture
[INFO] [stdout]     |            ^^^^^^^^^^^^^
[INFO] [stdout] ...
[INFO] [stdout] 198 |     pub fn transaction(&self) -> Result<Transaction> {
[INFO] [stdout]     |            ^^^^^^^^^^^
[INFO] [stdout] ...
[INFO] [stdout] 218 |     pub fn transaction_with_behavior(
[INFO] [stdout]     |            ^^^^^^^^^^^^^^^^^^^^^^^^^
[INFO] [stdout]     |
[INFO] [stdout]     = note: `#[warn(dead_code)]` on by default
[INFO] [stdout] 
[INFO] [stdout] 
[INFO] [stdout] warning: method `close` is never used
[INFO] [stdout]   --> src/v1/database.rs:99:12
[INFO] [stdout]    |
[INFO] [stdout] 53 | impl Database {
[INFO] [stdout]    | ------------- method in this implementation
[INFO] [stdout] ...
[INFO] [stdout] 99 |     pub fn close(&self) {}
[INFO] [stdout]    |            ^^^^^
[INFO] [stdout] 
[INFO] [stdout] 
[INFO] [stdout] warning: variants `Commit`, `Ignore`, and `Panic` are never constructed
[INFO] [stdout]   --> src/v1/transaction.rs:14:5
[INFO] [stdout]    |
[INFO] [stdout] 12 | pub enum DropBehavior {
[INFO] [stdout]    |          ------------ variants in this enum
[INFO] [stdout] 13 |     Rollback,
[INFO] [stdout] 14 |     Commit,
[INFO] [stdout]    |     ^^^^^^
[INFO] [stdout] 15 |     Ignore,
[INFO] [stdout]    |     ^^^^^^
[INFO] [stdout] 16 |     Panic,
[INFO] [stdout]    |     ^^^^^
[INFO] [stdout]    |
[INFO] [stdout]    = note: `DropBehavior` has derived impls for the traits `Clone` and `Debug`, but these are intentionally ignored during dead code analysis
[INFO] [stdout] 
[INFO] [stdout] 
[INFO] [stdout] warning: methods `drop_behavior` and `set_drop_behavior` are never used
[INFO] [stdout]   --> src/v1/transaction.rs:47:12
[INFO] [stdout]    |
[INFO] [stdout] 46 | impl Transaction {
[INFO] [stdout]    | ---------------- methods in this implementation
[INFO] [stdout] 47 |     pub fn drop_behavior(&self) -> DropBehavior {
[INFO] [stdout]    |            ^^^^^^^^^^^^^
[INFO] [stdout] ...
[INFO] [stdout] 51 |     pub fn set_drop_behavior(&mut self, drop_behavior: DropBehavior) {
[INFO] [stdout]    |            ^^^^^^^^^^^^^^^^^
[INFO] [stdout] 
[INFO] [stdout] 
[INFO] [stdout] warning: 10 warnings emitted
[INFO] [stdout] 
[INFO] [stdout] 
[INFO] [stdout] warning: 10 warnings emitted
[INFO] [stdout] 
[INFO] [stdout] 
[INFO] [stdout] error: linking with `cc` failed: exit status: 1
[INFO] [stdout]   |
[INFO] [stdout]   = note: LC_ALL="C" PATH="/opt/rustwide/rustup-home/toolchains/beta-2023-12-22-x86_64-unknown-linux-gnu/lib/rustlib/x86_64-unknown-linux-gnu/bin:/opt/rustwide/cargo-home/bin:/usr/local/sbin:/usr/local/bin:/usr/sbin:/usr/bin:/sbin:/bin" VSLANG="1033" "cc" "-m64" "/tmp/rustcmVlrbZ/symbols.o" "/opt/rustwide/target/debug/examples/replica-7e24ca10e51ea01c.replica.f2cfa995eb3b8567-cgu.0.rcgu.o" "/opt/rustwide/target/debug/examples/replica-7e24ca10e51ea01c.replica.f2cfa995eb3b8567-cgu.1.rcgu.o" "/opt/rustwide/target/debug/examples/replica-7e24ca10e51ea01c.replica.f2cfa995eb3b8567-cgu.2.rcgu.o" "/opt/rustwide/target/debug/examples/replica-7e24ca10e51ea01c.replica.f2cfa995eb3b8567-cgu.3.rcgu.o" "/opt/rustwide/target/debug/examples/replica-7e24ca10e51ea01c.replica.f2cfa995eb3b8567-cgu.4.rcgu.o" "/opt/rustwide/target/debug/examples/replica-7e24ca10e51ea01c.replica.f2cfa995eb3b8567-cgu.5.rcgu.o" "/opt/rustwide/target/debug/examples/replica-7e24ca10e51ea01c.replica.f2cfa995eb3b8567-cgu.6.rcgu.o" "/opt/rustwide/target/debug/examples/replica-7e24ca10e51ea01c.replica.f2cfa995eb3b8567-cgu.7.rcgu.o" "/opt/rustwide/target/debug/examples/replica-7e24ca10e51ea01c.replica.f2cfa995eb3b8567-cgu.8.rcgu.o" "/opt/rustwide/target/debug/examples/replica-7e24ca10e51ea01c.4fu83zcnpm2xjz4t.rcgu.o" "-Wl,--as-needed" "-L" "/opt/rustwide/target/debug/deps" "-L" "/opt/rustwide/target/debug/build/ring-a26ab824bd9a9142/out" "-L" "/opt/rustwide/target/debug/build/libsql-sys-6fa836a07818cce6/out" "-L" "/opt/rustwide/target/debug/build/libsql-sys-6fa836a07818cce6/out" "-L" "/opt/rustwide/rustup-home/toolchains/beta-2023-12-22-x86_64-unknown-linux-gnu/lib/rustlib/x86_64-unknown-linux-gnu/lib" "-Wl,-Bstatic" "/opt/rustwide/target/debug/deps/libtracing_subscriber-24ab4121d815fb9d.rlib" "/opt/rustwide/target/debug/deps/libnu_ansi_term-573528bd560ec1a5.rlib" "/opt/rustwide/target/debug/deps/liboverload-983ca80356c666b7.rlib" "/opt/rustwide/target/debug/deps/libthread_local-8c2816eef0cc0cfa.rlib" "/opt/rustwide/target/debug/deps/libsharded_slab-bb331dccd6fe0513.rlib" "/opt/rustwide/target/debug/deps/libtracing_log-9cde22ab432fbedf.rlib" "/opt/rustwide/target/debug/deps/liblazy_static-efa3519517df6cf0.rlib" "/opt/rustwide/target/debug/deps/liblibsql-5a23fbcf66611d02.rlib" "/opt/rustwide/target/debug/deps/libbincode-647e9484b90f4d55.rlib" "/opt/rustwide/target/debug/deps/libserde_json-4dab7b8d5253bb1e.rlib" "/opt/rustwide/target/debug/deps/libryu-d2c3aff9aeca12bd.rlib" "/opt/rustwide/target/debug/deps/liblibsql_replication-8cd56d2b730ae542.rlib" "/opt/rustwide/target/debug/deps/libmemmap-9585675759125f47.rlib" "/opt/rustwide/target/debug/deps/libthiserror-d3d3fb6232cc00f4.rlib" "/opt/rustwide/target/debug/deps/libtempfile-04fd6c39e5c11c18.rlib" "/opt/rustwide/target/debug/deps/libfastrand-d242b1c61650cadf.rlib" "/opt/rustwide/target/debug/deps/librustix-149531b5aba941a0.rlib" "/opt/rustwide/target/debug/deps/liblinux_raw_sys-0974f98f4368384c.rlib" "/opt/rustwide/target/debug/deps/libfutures-1a9f6323bb2f27fc.rlib" "/opt/rustwide/target/debug/deps/libfutures_executor-0c1c5df811123b90.rlib" "/opt/rustwide/target/debug/deps/libbytemuck-b95bc8177d8cb697.rlib" "/opt/rustwide/target/debug/deps/libuuid-c585b8d30fdb0056.rlib" "/opt/rustwide/target/debug/deps/libtonic_web-1514453d3913049d.rlib" "/opt/rustwide/target/debug/deps/libtower_http-d817b097cf90ca01.rlib" "/opt/rustwide/target/debug/deps/libbitflags-55f80abe000d3e83.rlib" "/opt/rustwide/target/debug/deps/libtonic-245b2a0d3f8f6761.rlib" "/opt/rustwide/target/debug/deps/libwebpki_roots-ccf3be5f1776ee45.rlib" "/opt/rustwide/target/debug/deps/libhyper_timeout-908b4d6dc24cfc21.rlib" "/opt/rustwide/target/debug/deps/libtokio_io_timeout-f68a96a750e3577d.rlib" "/opt/rustwide/target/debug/deps/libasync_stream-bb79e81ed1f68d74.rlib" "/opt/rustwide/target/debug/deps/libaxum-9fbd1127e8eb59ba.rlib" "/opt/rustwide/target/debug/deps/libpercent_encoding-c878b6f40f2978b2.rlib" "/opt/rustwide/target/debug/deps/libmatchit-a468e55992c6f738.rlib" "/opt/rustwide/target/debug/deps/libbitflags-85e13ed1e0c6d910.rlib" "/opt/rustwide/target/debug/deps/libsync_wrapper-55c3b4389accb38c.rlib" "/opt/rustwide/target/debug/deps/libaxum_core-c0547197a0887799.rlib" "/opt/rustwide/target/debug/deps/libmime-a9df5a780629fb7d.rlib" "/opt/rustwide/target/debug/deps/libtower-ddf533a5e16da69a.rlib" "/opt/rustwide/target/debug/deps/librand-1cf63d9837293807.rlib" "/opt/rustwide/target/debug/deps/librand_chacha-664f6f9ba44dab1b.rlib" "/opt/rustwide/target/debug/deps/libppv_lite86-db48c90fa293bcfe.rlib" "/opt/rustwide/target/debug/deps/librand_core-5a9ed4b6b3d1b199.rlib" "/opt/rustwide/target/debug/deps/libgetrandom-8b22c2a8d664de18.rlib" "/opt/rustwide/target/debug/deps/libtower_layer-66a55883bc31ce2e.rlib" "/opt/rustwide/target/debug/deps/libprost-8471be773aab02c3.rlib" "/opt/rustwide/target/debug/deps/libpin_project-b12d7e5fa8738d95.rlib" "/opt/rustwide/target/debug/deps/libtokio_stream-b09757fe9e7dfa06.rlib" "/opt/rustwide/target/debug/deps/libhyper_rustls-49d3be6d403da15c.rlib" "/opt/rustwide/target/debug/deps/libwebpki_roots-9870d54bbb7b1b72.rlib" "/opt/rustwide/target/debug/deps/libwebpki-7ceb35d53914f4da.rlib" "/opt/rustwide/target/debug/deps/librustls_native_certs-7551a07483e3999e.rlib" "/opt/rustwide/target/debug/deps/librustls_pemfile-3f641796f2486191.rlib" "/opt/rustwide/target/debug/deps/libbase64-2b534aee40fff6b4.rlib" "/opt/rustwide/target/debug/deps/libopenssl_probe-01da96bec2dfd166.rlib" "/opt/rustwide/target/debug/deps/libtokio_rustls-063de25fcf5eded7.rlib" "/opt/rustwide/target/debug/deps/librustls-a4fd5cffed684cc0.rlib" "/opt/rustwide/target/debug/deps/libsct-92ef00b616b043ff.rlib" "/opt/rustwide/target/debug/deps/libwebpki-7e6a7444146171a5.rlib" "/opt/rustwide/target/debug/deps/libring-5d1c7b12c7d5a5c7.rlib" "/opt/rustwide/target/debug/deps/libspin-e858d3468b8e3abd.rlib" "/opt/rustwide/target/debug/deps/libuntrusted-6cf40e3a64622ff0.rlib" "/opt/rustwide/target/debug/deps/libhyper-1ed223db4ad9febc.rlib" "/opt/rustwide/target/debug/deps/libwant-a53deb880f5b4491.rlib" "/opt/rustwide/target/debug/deps/libtry_lock-539bdf1ed77a7a8a.rlib" "/opt/rustwide/target/debug/deps/libsocket2-5cf61b9b3a345bec.rlib" "/opt/rustwide/target/debug/deps/libhttparse-2dbc320ca65411a3.rlib" "/opt/rustwide/target/debug/deps/libh2-ef1eca75622e6e99.rlib" "/opt/rustwide/target/debug/deps/libindexmap-7ff1a537f445f359.rlib" "/opt/rustwide/target/debug/deps/libhashbrown-e273ba0f8cdcbe5b.rlib" "/opt/rustwide/target/debug/deps/libtokio_util-84c436dd9024b6f8.rlib" "/opt/rustwide/target/debug/deps/libtower_service-92bbc7b5a1dd8782.rlib" "/opt/rustwide/target/debug/deps/libhttp_body-d990fa865d26e9d7.rlib" "/opt/rustwide/target/debug/deps/libtokio-5cd6095ac8571895.rlib" "/opt/rustwide/target/debug/deps/libsignal_hook_registry-f0e4f155ea1a5eec.rlib" "/opt/rustwide/target/debug/deps/libnum_cpus-a31d4e68c20cc774.rlib" "/opt/rustwide/target/debug/deps/libsocket2-42d0ec2385e1b8ab.rlib" "/opt/rustwide/target/debug/deps/libmio-8a8138a00e876cb8.rlib" "/opt/rustwide/target/debug/deps/libparking_lot-1249227baab028e3.rlib" "/opt/rustwide/target/debug/deps/libparking_lot_core-ad2d49563d597ea9.rlib" "/opt/rustwide/target/debug/deps/liblibc-28cb6a1af7d75d80.rlib" "/opt/rustwide/target/debug/deps/libsmallvec-e3d8269c0db97757.rlib" "/opt/rustwide/target/debug/deps/liblock_api-01b7e6f95550bc19.rlib" "/opt/rustwide/target/debug/deps/libscopeguard-f937485db0060aca.rlib" "/opt/rustwide/target/debug/deps/libhttpdate-bf64bff9ff5092d8.rlib" "/opt/rustwide/target/debug/deps/libfutures_util-427ae5d6fd6c2f00.rlib" "/opt/rustwide/target/debug/deps/libmemchr-28f7d340dd19ea23.rlib" "/opt/rustwide/target/debug/deps/libfutures_io-bb2605a304778a77.rlib" "/opt/rustwide/target/debug/deps/libslab-0a39a638bccea296.rlib" "/opt/rustwide/target/debug/deps/libfutures_channel-b7720f9d993fe4fe.rlib" "/opt/rustwide/target/debug/deps/libfutures_sink-3387e8374b45be05.rlib" "/opt/rustwide/target/debug/deps/libfutures_task-44fabbc3ce50b4f3.rlib" "/opt/rustwide/target/debug/deps/libpin_utils-9c5dcf17efb91bff.rlib" "/opt/rustwide/target/debug/deps/libfutures_core-eae31d72cfa7dcb2.rlib" "/opt/rustwide/target/debug/deps/libhttp-135f6fc7b857b838.rlib" "/opt/rustwide/target/debug/deps/libitoa-c3a42249f065e11e.rlib" "/opt/rustwide/target/debug/deps/libbytes-4a0a4987d8b67719.rlib" "/opt/rustwide/target/debug/deps/libserde-e1ed0ff6c6f2f1b6.rlib" "/opt/rustwide/target/debug/deps/libfnv-953831fe314029b4.rlib" "/opt/rustwide/target/debug/deps/libanyhow-4ba56e5ce709e35c.rlib" "/opt/rustwide/target/debug/deps/liblibsql_sys-9025abe8a0fee56a.rlib" "/opt/rustwide/target/debug/deps/libtracing-48ee0e611f58f909.rlib" "/opt/rustwide/target/debug/deps/libcfg_if-e7002d307f97bc56.rlib" "/opt/rustwide/target/debug/deps/liblog-2cf4a51dfa4e790a.rlib" "/opt/rustwide/target/debug/deps/libpin_project_lite-085b19c93bbb2231.rlib" "/opt/rustwide/target/debug/deps/libtracing_core-de4103d37353a762.rlib" "/opt/rustwide/target/debug/deps/libonce_cell-fadaa1d866399a17.rlib" "/opt/rustwide/rustup-home/toolchains/beta-2023-12-22-x86_64-unknown-linux-gnu/lib/rustlib/x86_64-unknown-linux-gnu/lib/libstd-0672489a78b613de.rlib" "/opt/rustwide/rustup-home/toolchains/beta-2023-12-22-x86_64-unknown-linux-gnu/lib/rustlib/x86_64-unknown-linux-gnu/lib/libpanic_unwind-7eb3ffc34a49f675.rlib" "/opt/rustwide/rustup-home/toolchains/beta-2023-12-22-x86_64-unknown-linux-gnu/lib/rustlib/x86_64-unknown-linux-gnu/lib/libobject-6478a9daa4bee8e2.rlib" "/opt/rustwide/rustup-home/toolchains/beta-2023-12-22-x86_64-unknown-linux-gnu/lib/rustlib/x86_64-unknown-linux-gnu/lib/libmemchr-0c75d871a5c3923d.rlib" "/opt/rustwide/rustup-home/toolchains/beta-2023-12-22-x86_64-unknown-linux-gnu/lib/rustlib/x86_64-unknown-linux-gnu/lib/libaddr2line-d163ef63ad37bb71.rlib" "/opt/rustwide/rustup-home/toolchains/beta-2023-12-22-x86_64-unknown-linux-gnu/lib/rustlib/x86_64-unknown-linux-gnu/lib/libgimli-8a3fd810a85b9f4c.rlib" "/opt/rustwide/rustup-home/toolchains/beta-2023-12-22-x86_64-unknown-linux-gnu/lib/rustlib/x86_64-unknown-linux-gnu/lib/librustc_demangle-462a2cde8c5dfc10.rlib" "/opt/rustwide/rustup-home/toolchains/beta-2023-12-22-x86_64-unknown-linux-gnu/lib/rustlib/x86_64-unknown-linux-gnu/lib/libstd_detect-cb06ac9f54713f71.rlib" "/opt/rustwide/rustup-home/toolchains/beta-2023-12-22-x86_64-unknown-linux-gnu/lib/rustlib/x86_64-unknown-linux-gnu/lib/libhashbrown-f20bfd1f8e59b393.rlib" "/opt/rustwide/rustup-home/toolchains/beta-2023-12-22-x86_64-unknown-linux-gnu/lib/rustlib/x86_64-unknown-linux-gnu/lib/librustc_std_workspace_alloc-1ef460949b49da4b.rlib" "/opt/rustwide/rustup-home/toolchains/beta-2023-12-22-x86_64-unknown-linux-gnu/lib/rustlib/x86_64-unknown-linux-gnu/lib/libminiz_oxide-2cb0c0ffe4f87514.rlib" "/opt/rustwide/rustup-home/toolchains/beta-2023-12-22-x86_64-unknown-linux-gnu/lib/rustlib/x86_64-unknown-linux-gnu/lib/libadler-58d841eb322a11a2.rlib" "/opt/rustwide/rustup-home/toolchains/beta-2023-12-22-x86_64-unknown-linux-gnu/lib/rustlib/x86_64-unknown-linux-gnu/lib/libunwind-aa2ae0b0a9d11533.rlib" "/opt/rustwide/rustup-home/toolchains/beta-2023-12-22-x86_64-unknown-linux-gnu/lib/rustlib/x86_64-unknown-linux-gnu/lib/libcfg_if-23874e15830ed336.rlib" "/opt/rustwide/rustup-home/toolchains/beta-2023-12-22-x86_64-unknown-linux-gnu/lib/rustlib/x86_64-unknown-linux-gnu/lib/liblibc-e47cddc003bce885.rlib" "/opt/rustwide/rustup-home/toolchains/beta-2023-12-22-x86_64-unknown-linux-gnu/lib/rustlib/x86_64-unknown-linux-gnu/lib/liballoc-c22b13b48a8f128e.rlib" "/opt/rustwide/rustup-home/toolchains/beta-2023-12-22-x86_64-unknown-linux-gnu/lib/rustlib/x86_64-unknown-linux-gnu/lib/librustc_std_workspace_core-e46bc3da6d7c462f.rlib" "/opt/rustwide/rustup-home/toolchains/beta-2023-12-22-x86_64-unknown-linux-gnu/lib/rustlib/x86_64-unknown-linux-gnu/lib/libcore-8d1ac131d3cb2645.rlib" "/opt/rustwide/rustup-home/toolchains/beta-2023-12-22-x86_64-unknown-linux-gnu/lib/rustlib/x86_64-unknown-linux-gnu/lib/libcompiler_builtins-a1b43df8c6899c1f.rlib" "-Wl,-Bdynamic" "-lgcc_s" "-lutil" "-lrt" "-lpthread" "-lm" "-ldl" "-lc" "-Wl,--eh-frame-hdr" "-Wl,-z,noexecstack" "-L" "/opt/rustwide/rustup-home/toolchains/beta-2023-12-22-x86_64-unknown-linux-gnu/lib/rustlib/x86_64-unknown-linux-gnu/lib" "-o" "/opt/rustwide/target/debug/examples/replica-7e24ca10e51ea01c" "-Wl,--gc-sections" "-pie" "-Wl,-z,relro,-z,now" "-nodefaultlibs"
[INFO] [stdout]   = note: collect2: fatal error: ld terminated with signal 9 [Killed]
[INFO] [stdout]           compilation terminated.
[INFO] [stdout]           
[INFO] [stdout] 
[INFO] [stdout] 
[INFO] [stdout] error: aborting due to 1 previous error
[INFO] [stdout] 
[INFO] [stdout] 
[INFO] [stderr] error: could not compile `libsql` (example "replica") due to 2 previous errors
[INFO] [stderr] warning: build failed, waiting for other jobs to finish...
[INFO] [stdout] error: linking with `cc` failed: exit status: 1
[INFO] [stdout]   |
[INFO] [stdout]   = note: LC_ALL="C" PATH="/opt/rustwide/rustup-home/toolchains/beta-2023-12-22-x86_64-unknown-linux-gnu/lib/rustlib/x86_64-unknown-linux-gnu/bin:/opt/rustwide/cargo-home/bin:/usr/local/sbin:/usr/local/bin:/usr/sbin:/usr/bin:/sbin:/bin" VSLANG="1033" "cc" "-m64" "/tmp/rustc9zLuvi/symbols.o" "/opt/rustwide/target/debug/examples/from_snapshot-c10b9b9fbac75ccd.from_snapshot.2581f6bc2631f8c9-cgu.0.rcgu.o" "/opt/rustwide/target/debug/examples/from_snapshot-c10b9b9fbac75ccd.from_snapshot.2581f6bc2631f8c9-cgu.1.rcgu.o" "/opt/rustwide/target/debug/examples/from_snapshot-c10b9b9fbac75ccd.from_snapshot.2581f6bc2631f8c9-cgu.2.rcgu.o" "/opt/rustwide/target/debug/examples/from_snapshot-c10b9b9fbac75ccd.from_snapshot.2581f6bc2631f8c9-cgu.3.rcgu.o" "/opt/rustwide/target/debug/examples/from_snapshot-c10b9b9fbac75ccd.1bojm8s9ilg7doiw.rcgu.o" "-Wl,--as-needed" "-L" "/opt/rustwide/target/debug/deps" "-L" "/opt/rustwide/target/debug/build/ring-a26ab824bd9a9142/out" "-L" "/opt/rustwide/target/debug/build/libsql-sys-6fa836a07818cce6/out" "-L" "/opt/rustwide/target/debug/build/libsql-sys-6fa836a07818cce6/out" "-L" "/opt/rustwide/rustup-home/toolchains/beta-2023-12-22-x86_64-unknown-linux-gnu/lib/rustlib/x86_64-unknown-linux-gnu/lib" "-Wl,-Bstatic" "/opt/rustwide/target/debug/deps/libtracing_subscriber-24ab4121d815fb9d.rlib" "/opt/rustwide/target/debug/deps/libnu_ansi_term-573528bd560ec1a5.rlib" "/opt/rustwide/target/debug/deps/liboverload-983ca80356c666b7.rlib" "/opt/rustwide/target/debug/deps/libthread_local-8c2816eef0cc0cfa.rlib" "/opt/rustwide/target/debug/deps/libsharded_slab-bb331dccd6fe0513.rlib" "/opt/rustwide/target/debug/deps/libtracing_log-9cde22ab432fbedf.rlib" "/opt/rustwide/target/debug/deps/liblazy_static-efa3519517df6cf0.rlib" "/opt/rustwide/target/debug/deps/liblibsql-5a23fbcf66611d02.rlib" "/opt/rustwide/target/debug/deps/libbincode-647e9484b90f4d55.rlib" "/opt/rustwide/target/debug/deps/libserde_json-4dab7b8d5253bb1e.rlib" "/opt/rustwide/target/debug/deps/libryu-d2c3aff9aeca12bd.rlib" "/opt/rustwide/target/debug/deps/liblibsql_replication-8cd56d2b730ae542.rlib" "/opt/rustwide/target/debug/deps/libmemmap-9585675759125f47.rlib" "/opt/rustwide/target/debug/deps/libthiserror-d3d3fb6232cc00f4.rlib" "/opt/rustwide/target/debug/deps/libtempfile-04fd6c39e5c11c18.rlib" "/opt/rustwide/target/debug/deps/libfastrand-d242b1c61650cadf.rlib" "/opt/rustwide/target/debug/deps/librustix-149531b5aba941a0.rlib" "/opt/rustwide/target/debug/deps/liblinux_raw_sys-0974f98f4368384c.rlib" "/opt/rustwide/target/debug/deps/libfutures-1a9f6323bb2f27fc.rlib" "/opt/rustwide/target/debug/deps/libfutures_executor-0c1c5df811123b90.rlib" "/opt/rustwide/target/debug/deps/libbytemuck-b95bc8177d8cb697.rlib" "/opt/rustwide/target/debug/deps/libuuid-c585b8d30fdb0056.rlib" "/opt/rustwide/target/debug/deps/libtonic_web-1514453d3913049d.rlib" "/opt/rustwide/target/debug/deps/libtower_http-d817b097cf90ca01.rlib" "/opt/rustwide/target/debug/deps/libbitflags-55f80abe000d3e83.rlib" "/opt/rustwide/target/debug/deps/libtonic-245b2a0d3f8f6761.rlib" "/opt/rustwide/target/debug/deps/libwebpki_roots-ccf3be5f1776ee45.rlib" "/opt/rustwide/target/debug/deps/libhyper_timeout-908b4d6dc24cfc21.rlib" "/opt/rustwide/target/debug/deps/libtokio_io_timeout-f68a96a750e3577d.rlib" "/opt/rustwide/target/debug/deps/libasync_stream-bb79e81ed1f68d74.rlib" "/opt/rustwide/target/debug/deps/libaxum-9fbd1127e8eb59ba.rlib" "/opt/rustwide/target/debug/deps/libpercent_encoding-c878b6f40f2978b2.rlib" "/opt/rustwide/target/debug/deps/libmatchit-a468e55992c6f738.rlib" "/opt/rustwide/target/debug/deps/libbitflags-85e13ed1e0c6d910.rlib" "/opt/rustwide/target/debug/deps/libsync_wrapper-55c3b4389accb38c.rlib" "/opt/rustwide/target/debug/deps/libaxum_core-c0547197a0887799.rlib" "/opt/rustwide/target/debug/deps/libmime-a9df5a780629fb7d.rlib" "/opt/rustwide/target/debug/deps/libtower-ddf533a5e16da69a.rlib" "/opt/rustwide/target/debug/deps/librand-1cf63d9837293807.rlib" "/opt/rustwide/target/debug/deps/librand_chacha-664f6f9ba44dab1b.rlib" "/opt/rustwide/target/debug/deps/libppv_lite86-db48c90fa293bcfe.rlib" "/opt/rustwide/target/debug/deps/librand_core-5a9ed4b6b3d1b199.rlib" "/opt/rustwide/target/debug/deps/libgetrandom-8b22c2a8d664de18.rlib" "/opt/rustwide/target/debug/deps/libtower_layer-66a55883bc31ce2e.rlib" "/opt/rustwide/target/debug/deps/libprost-8471be773aab02c3.rlib" "/opt/rustwide/target/debug/deps/libpin_project-b12d7e5fa8738d95.rlib" "/opt/rustwide/target/debug/deps/libtokio_stream-b09757fe9e7dfa06.rlib" "/opt/rustwide/target/debug/deps/libhyper_rustls-49d3be6d403da15c.rlib" "/opt/rustwide/target/debug/deps/libwebpki_roots-9870d54bbb7b1b72.rlib" "/opt/rustwide/target/debug/deps/libwebpki-7ceb35d53914f4da.rlib" "/opt/rustwide/target/debug/deps/librustls_native_certs-7551a07483e3999e.rlib" "/opt/rustwide/target/debug/deps/librustls_pemfile-3f641796f2486191.rlib" "/opt/rustwide/target/debug/deps/libbase64-2b534aee40fff6b4.rlib" "/opt/rustwide/target/debug/deps/libopenssl_probe-01da96bec2dfd166.rlib" "/opt/rustwide/target/debug/deps/libtokio_rustls-063de25fcf5eded7.rlib" "/opt/rustwide/target/debug/deps/librustls-a4fd5cffed684cc0.rlib" "/opt/rustwide/target/debug/deps/libsct-92ef00b616b043ff.rlib" "/opt/rustwide/target/debug/deps/libwebpki-7e6a7444146171a5.rlib" "/opt/rustwide/target/debug/deps/libring-5d1c7b12c7d5a5c7.rlib" "/opt/rustwide/target/debug/deps/libspin-e858d3468b8e3abd.rlib" "/opt/rustwide/target/debug/deps/libuntrusted-6cf40e3a64622ff0.rlib" "/opt/rustwide/target/debug/deps/libhyper-1ed223db4ad9febc.rlib" "/opt/rustwide/target/debug/deps/libwant-a53deb880f5b4491.rlib" "/opt/rustwide/target/debug/deps/libtry_lock-539bdf1ed77a7a8a.rlib" "/opt/rustwide/target/debug/deps/libsocket2-5cf61b9b3a345bec.rlib" "/opt/rustwide/target/debug/deps/libhttparse-2dbc320ca65411a3.rlib" "/opt/rustwide/target/debug/deps/libh2-ef1eca75622e6e99.rlib" "/opt/rustwide/target/debug/deps/libindexmap-7ff1a537f445f359.rlib" "/opt/rustwide/target/debug/deps/libhashbrown-e273ba0f8cdcbe5b.rlib" "/opt/rustwide/target/debug/deps/libtokio_util-84c436dd9024b6f8.rlib" "/opt/rustwide/target/debug/deps/libtower_service-92bbc7b5a1dd8782.rlib" "/opt/rustwide/target/debug/deps/libhttp_body-d990fa865d26e9d7.rlib" "/opt/rustwide/target/debug/deps/libtokio-5cd6095ac8571895.rlib" "/opt/rustwide/target/debug/deps/libsignal_hook_registry-f0e4f155ea1a5eec.rlib" "/opt/rustwide/target/debug/deps/libnum_cpus-a31d4e68c20cc774.rlib" "/opt/rustwide/target/debug/deps/libsocket2-42d0ec2385e1b8ab.rlib" "/opt/rustwide/target/debug/deps/libmio-8a8138a00e876cb8.rlib" "/opt/rustwide/target/debug/deps/libparking_lot-1249227baab028e3.rlib" "/opt/rustwide/target/debug/deps/libparking_lot_core-ad2d49563d597ea9.rlib" "/opt/rustwide/target/debug/deps/liblibc-28cb6a1af7d75d80.rlib" "/opt/rustwide/target/debug/deps/libsmallvec-e3d8269c0db97757.rlib" "/opt/rustwide/target/debug/deps/liblock_api-01b7e6f95550bc19.rlib" "/opt/rustwide/target/debug/deps/libscopeguard-f937485db0060aca.rlib" "/opt/rustwide/target/debug/deps/libhttpdate-bf64bff9ff5092d8.rlib" "/opt/rustwide/target/debug/deps/libfutures_util-427ae5d6fd6c2f00.rlib" "/opt/rustwide/target/debug/deps/libmemchr-28f7d340dd19ea23.rlib" "/opt/rustwide/target/debug/deps/libfutures_io-bb2605a304778a77.rlib" "/opt/rustwide/target/debug/deps/libslab-0a39a638bccea296.rlib" "/opt/rustwide/target/debug/deps/libfutures_channel-b7720f9d993fe4fe.rlib" "/opt/rustwide/target/debug/deps/libfutures_sink-3387e8374b45be05.rlib" "/opt/rustwide/target/debug/deps/libfutures_task-44fabbc3ce50b4f3.rlib" "/opt/rustwide/target/debug/deps/libpin_utils-9c5dcf17efb91bff.rlib" "/opt/rustwide/target/debug/deps/libfutures_core-eae31d72cfa7dcb2.rlib" "/opt/rustwide/target/debug/deps/libhttp-135f6fc7b857b838.rlib" "/opt/rustwide/target/debug/deps/libitoa-c3a42249f065e11e.rlib" "/opt/rustwide/target/debug/deps/libbytes-4a0a4987d8b67719.rlib" "/opt/rustwide/target/debug/deps/libserde-e1ed0ff6c6f2f1b6.rlib" "/opt/rustwide/target/debug/deps/libfnv-953831fe314029b4.rlib" "/opt/rustwide/target/debug/deps/libanyhow-4ba56e5ce709e35c.rlib" "/opt/rustwide/target/debug/deps/liblibsql_sys-9025abe8a0fee56a.rlib" "/opt/rustwide/target/debug/deps/libtracing-48ee0e611f58f909.rlib" "/opt/rustwide/target/debug/deps/libcfg_if-e7002d307f97bc56.rlib" "/opt/rustwide/target/debug/deps/liblog-2cf4a51dfa4e790a.rlib" "/opt/rustwide/target/debug/deps/libpin_project_lite-085b19c93bbb2231.rlib" "/opt/rustwide/target/debug/deps/libtracing_core-de4103d37353a762.rlib" "/opt/rustwide/target/debug/deps/libonce_cell-fadaa1d866399a17.rlib" "/opt/rustwide/rustup-home/toolchains/beta-2023-12-22-x86_64-unknown-linux-gnu/lib/rustlib/x86_64-unknown-linux-gnu/lib/libstd-0672489a78b613de.rlib" "/opt/rustwide/rustup-home/toolchains/beta-2023-12-22-x86_64-unknown-linux-gnu/lib/rustlib/x86_64-unknown-linux-gnu/lib/libpanic_unwind-7eb3ffc34a49f675.rlib" "/opt/rustwide/rustup-home/toolchains/beta-2023-12-22-x86_64-unknown-linux-gnu/lib/rustlib/x86_64-unknown-linux-gnu/lib/libobject-6478a9daa4bee8e2.rlib" "/opt/rustwide/rustup-home/toolchains/beta-2023-12-22-x86_64-unknown-linux-gnu/lib/rustlib/x86_64-unknown-linux-gnu/lib/libmemchr-0c75d871a5c3923d.rlib" "/opt/rustwide/rustup-home/toolchains/beta-2023-12-22-x86_64-unknown-linux-gnu/lib/rustlib/x86_64-unknown-linux-gnu/lib/libaddr2line-d163ef63ad37bb71.rlib" "/opt/rustwide/rustup-home/toolchains/beta-2023-12-22-x86_64-unknown-linux-gnu/lib/rustlib/x86_64-unknown-linux-gnu/lib/libgimli-8a3fd810a85b9f4c.rlib" "/opt/rustwide/rustup-home/toolchains/beta-2023-12-22-x86_64-unknown-linux-gnu/lib/rustlib/x86_64-unknown-linux-gnu/lib/librustc_demangle-462a2cde8c5dfc10.rlib" "/opt/rustwide/rustup-home/toolchains/beta-2023-12-22-x86_64-unknown-linux-gnu/lib/rustlib/x86_64-unknown-linux-gnu/lib/libstd_detect-cb06ac9f54713f71.rlib" "/opt/rustwide/rustup-home/toolchains/beta-2023-12-22-x86_64-unknown-linux-gnu/lib/rustlib/x86_64-unknown-linux-gnu/lib/libhashbrown-f20bfd1f8e59b393.rlib" "/opt/rustwide/rustup-home/toolchains/beta-2023-12-22-x86_64-unknown-linux-gnu/lib/rustlib/x86_64-unknown-linux-gnu/lib/librustc_std_workspace_alloc-1ef460949b49da4b.rlib" "/opt/rustwide/rustup-home/toolchains/beta-2023-12-22-x86_64-unknown-linux-gnu/lib/rustlib/x86_64-unknown-linux-gnu/lib/libminiz_oxide-2cb0c0ffe4f87514.rlib" "/opt/rustwide/rustup-home/toolchains/beta-2023-12-22-x86_64-unknown-linux-gnu/lib/rustlib/x86_64-unknown-linux-gnu/lib/libadler-58d841eb322a11a2.rlib" "/opt/rustwide/rustup-home/toolchains/beta-2023-12-22-x86_64-unknown-linux-gnu/lib/rustlib/x86_64-unknown-linux-gnu/lib/libunwind-aa2ae0b0a9d11533.rlib" "/opt/rustwide/rustup-home/toolchains/beta-2023-12-22-x86_64-unknown-linux-gnu/lib/rustlib/x86_64-unknown-linux-gnu/lib/libcfg_if-23874e15830ed336.rlib" "/opt/rustwide/rustup-home/toolchains/beta-2023-12-22-x86_64-unknown-linux-gnu/lib/rustlib/x86_64-unknown-linux-gnu/lib/liblibc-e47cddc003bce885.rlib" "/opt/rustwide/rustup-home/toolchains/beta-2023-12-22-x86_64-unknown-linux-gnu/lib/rustlib/x86_64-unknown-linux-gnu/lib/liballoc-c22b13b48a8f128e.rlib" "/opt/rustwide/rustup-home/toolchains/beta-2023-12-22-x86_64-unknown-linux-gnu/lib/rustlib/x86_64-unknown-linux-gnu/lib/librustc_std_workspace_core-e46bc3da6d7c462f.rlib" "/opt/rustwide/rustup-home/toolchains/beta-2023-12-22-x86_64-unknown-linux-gnu/lib/rustlib/x86_64-unknown-linux-gnu/lib/libcore-8d1ac131d3cb2645.rlib" "/opt/rustwide/rustup-home/toolchains/beta-2023-12-22-x86_64-unknown-linux-gnu/lib/rustlib/x86_64-unknown-linux-gnu/lib/libcompiler_builtins-a1b43df8c6899c1f.rlib" "-Wl,-Bdynamic" "-lgcc_s" "-lutil" "-lrt" "-lpthread" "-lm" "-ldl" "-lc" "-Wl,--eh-frame-hdr" "-Wl,-z,noexecstack" "-L" "/opt/rustwide/rustup-home/toolchains/beta-2023-12-22-x86_64-unknown-linux-gnu/lib/rustlib/x86_64-unknown-linux-gnu/lib" "-o" "/opt/rustwide/target/debug/examples/from_snapshot-c10b9b9fbac75ccd" "-Wl,--gc-sections" "-pie" "-Wl,-z,relro,-z,now" "-nodefaultlibs"
[INFO] [stdout]   = note: collect2: fatal error: ld terminated with signal 9 [Killed]
[INFO] [stdout]           compilation terminated.
[INFO] [stdout]           
[INFO] [stdout] 
[INFO] [stdout] 
[INFO] [stdout] error: aborting due to 1 previous error
[INFO] [stdout] 
[INFO] [stdout] 
[INFO] [stderr] error: could not compile `libsql` (example "from_snapshot") due to 2 previous errors
[INFO] running `Command { std: "docker" "inspect" "650e0dfe966e27bf1cfb85a07b74dd2dc6f28cf33579e9056ec5c0ae0796ff71", kill_on_drop: false }`
[INFO] running `Command { std: "docker" "rm" "-f" "650e0dfe966e27bf1cfb85a07b74dd2dc6f28cf33579e9056ec5c0ae0796ff71", kill_on_drop: false }`
[INFO] [stdout] 650e0dfe966e27bf1cfb85a07b74dd2dc6f28cf33579e9056ec5c0ae0796ff71
