[INFO] fetching crate libradicl 0.6.0...
[INFO] testing libradicl-0.6.0 against 1.75.0 for beta-1.76-1
[INFO] extracting crate libradicl 0.6.0 into /workspace/builds/worker-1-tc1/source
[INFO] validating manifest of crates.io crate libradicl 0.6.0 on toolchain 1.75.0
[INFO] running `Command { std: CARGO_HOME="/workspace/cargo-home" RUSTUP_HOME="/workspace/rustup-home" "/workspace/cargo-home/bin/cargo" "+1.75.0" "metadata" "--manifest-path" "Cargo.toml" "--no-deps", kill_on_drop: false }`
[INFO] started tweaking crates.io crate libradicl 0.6.0
[INFO] finished tweaking crates.io crate libradicl 0.6.0
[INFO] tweaked toml for crates.io crate libradicl 0.6.0 written to /workspace/builds/worker-1-tc1/source/Cargo.toml
[INFO] running `Command { std: CARGO_HOME="/workspace/cargo-home" RUSTUP_HOME="/workspace/rustup-home" "/workspace/cargo-home/bin/cargo" "+1.75.0" "generate-lockfile" "--manifest-path" "Cargo.toml", kill_on_drop: false }`
[INFO] [stderr]     Updating crates.io index
[INFO] running `Command { std: CARGO_HOME="/workspace/cargo-home" RUSTUP_HOME="/workspace/rustup-home" "/workspace/cargo-home/bin/cargo" "+1.75.0" "fetch" "--manifest-path" "Cargo.toml", kill_on_drop: false }`
[INFO] [stderr]  Downloading crates ...
[INFO] [stderr]   Downloaded rust-htslib v0.44.1
[INFO] [stderr]   Downloaded hts-sys v2.1.1
[INFO] running `Command { std: "docker" "create" "-v" "/var/lib/crater-agent-workspace/builds/worker-1-tc1/target:/opt/rustwide/target:rw,Z" "-v" "/var/lib/crater-agent-workspace/builds/worker-1-tc1/source:/opt/rustwide/workdir:ro,Z" "-v" "/var/lib/crater-agent-workspace/cargo-home:/opt/rustwide/cargo-home:ro,Z" "-v" "/var/lib/crater-agent-workspace/rustup-home:/opt/rustwide/rustup-home:ro,Z" "-e" "SOURCE_DIR=/opt/rustwide/workdir" "-e" "CARGO_TARGET_DIR=/opt/rustwide/target" "-e" "CARGO_HOME=/opt/rustwide/cargo-home" "-e" "RUSTUP_HOME=/opt/rustwide/rustup-home" "-w" "/opt/rustwide/workdir" "-m" "1610612736" "--user" "0:0" "--network" "none" "ghcr.io/rust-lang/crates-build-env/linux@sha256:2788e3201cd34a07e3172128adcd8b3090168a8e3bcc40d7c032b9dda1df7d1c" "/opt/rustwide/cargo-home/bin/cargo" "+1.75.0" "metadata" "--no-deps" "--format-version=1", kill_on_drop: false }`
[INFO] [stdout] b1a7a22c5e02384548ea887a2259170bee49324d174b38f06fb793bc02c9c683
[INFO] running `Command { std: "docker" "start" "-a" "b1a7a22c5e02384548ea887a2259170bee49324d174b38f06fb793bc02c9c683", kill_on_drop: false }`
[INFO] running `Command { std: "docker" "inspect" "b1a7a22c5e02384548ea887a2259170bee49324d174b38f06fb793bc02c9c683", kill_on_drop: false }`
[INFO] running `Command { std: "docker" "rm" "-f" "b1a7a22c5e02384548ea887a2259170bee49324d174b38f06fb793bc02c9c683", kill_on_drop: false }`
[INFO] [stdout] b1a7a22c5e02384548ea887a2259170bee49324d174b38f06fb793bc02c9c683
[INFO] running `Command { std: "docker" "create" "-v" "/var/lib/crater-agent-workspace/builds/worker-1-tc1/target:/opt/rustwide/target:rw,Z" "-v" "/var/lib/crater-agent-workspace/builds/worker-1-tc1/source:/opt/rustwide/workdir:ro,Z" "-v" "/var/lib/crater-agent-workspace/cargo-home:/opt/rustwide/cargo-home:ro,Z" "-v" "/var/lib/crater-agent-workspace/rustup-home:/opt/rustwide/rustup-home:ro,Z" "-e" "SOURCE_DIR=/opt/rustwide/workdir" "-e" "CARGO_TARGET_DIR=/opt/rustwide/target" "-e" "CARGO_INCREMENTAL=0" "-e" "RUST_BACKTRACE=full" "-e" "RUSTFLAGS=--cap-lints=warn" "-e" "RUSTDOCFLAGS=--cap-lints=warn" "-e" "CARGO_HOME=/opt/rustwide/cargo-home" "-e" "RUSTUP_HOME=/opt/rustwide/rustup-home" "-w" "/opt/rustwide/workdir" "-m" "1610612736" "--user" "0:0" "--network" "none" "ghcr.io/rust-lang/crates-build-env/linux@sha256:2788e3201cd34a07e3172128adcd8b3090168a8e3bcc40d7c032b9dda1df7d1c" "/opt/rustwide/cargo-home/bin/cargo" "+1.75.0" "build" "--frozen" "--message-format=json", kill_on_drop: false }`
[INFO] [stdout] cf4f0b2280f922d0998d256c94467a833931fd72ea62984382eb65f70c690bdc
[INFO] running `Command { std: "docker" "start" "-a" "cf4f0b2280f922d0998d256c94467a833931fd72ea62984382eb65f70c690bdc", kill_on_drop: false }`
[INFO] [stderr]    Compiling vcpkg v0.2.15
[INFO] [stderr]    Compiling syn v1.0.109
[INFO] [stderr]    Compiling rustversion v1.0.14
[INFO] [stderr]    Compiling semver v0.1.20
[INFO] [stderr]    Compiling quick-error v1.2.3
[INFO] [stderr]    Compiling num-traits v0.2.17
[INFO] [stderr]    Compiling num-integer v0.1.45
[INFO] [stderr]    Compiling num-bigint v0.4.4
[INFO] [stderr]    Compiling num-rational v0.4.1
[INFO] [stderr]    Compiling num-iter v0.1.43
[INFO] [stderr]    Compiling jobserver v0.1.27
[INFO] [stderr]    Compiling syn v2.0.48
[INFO] [stderr]    Compiling ahash v0.8.7
[INFO] [stderr]    Compiling snap v1.1.1
[INFO] [stderr]    Compiling getrandom v0.2.11
[INFO] [stderr]    Compiling zerocopy v0.7.32
[INFO] [stderr]    Compiling fs-utils v1.1.4
[INFO] [stderr]    Compiling cc v1.0.83
[INFO] [stderr]    Compiling rustc_version v0.1.7
[INFO] [stderr]    Compiling linear-map v1.2.0
[INFO] [stderr]    Compiling custom_derive v0.1.7
[INFO] [stderr]    Compiling hashbrown v0.14.3
[INFO] [stderr]    Compiling ieee754 v0.2.6
[INFO] [stderr]    Compiling scroll v0.11.0
[INFO] [stderr]    Compiling newtype_derive v0.1.6
[INFO] [stderr]    Compiling cmake v0.1.50
[INFO] [stderr]    Compiling dashmap v5.5.3
[INFO] [stderr]    Compiling bzip2-sys v0.1.11+1.0.8
[INFO] [stderr]    Compiling lzma-sys v0.1.20
[INFO] [stderr]    Compiling hts-sys v2.1.1
[INFO] [stderr]    Compiling libz-sys v1.1.12
[INFO] [stderr]    Compiling num-complex v0.4.4
[INFO] [stderr]    Compiling derive-new v0.5.9
[INFO] [stderr]    Compiling thiserror-impl v1.0.56
[INFO] [stderr]    Compiling strum_macros v0.25.3
[INFO] [stderr]    Compiling serde_derive v1.0.194
[INFO] [stderr]    Compiling num v0.4.1
[INFO] [stderr]    Compiling thiserror v1.0.56
[INFO] [stderr]    Compiling bio-types v1.0.1
[INFO] [stderr]    Compiling serde v1.0.194
[INFO] [stderr]    Compiling rust-htslib v0.44.1
[INFO] [stderr]    Compiling libradicl v0.6.0 (/opt/rustwide/workdir)
[INFO] [stderr]     Finished dev [unoptimized + debuginfo] target(s) in 9.95s
[INFO] running `Command { std: "docker" "inspect" "cf4f0b2280f922d0998d256c94467a833931fd72ea62984382eb65f70c690bdc", kill_on_drop: false }`
[INFO] running `Command { std: "docker" "rm" "-f" "cf4f0b2280f922d0998d256c94467a833931fd72ea62984382eb65f70c690bdc", kill_on_drop: false }`
[INFO] [stdout] cf4f0b2280f922d0998d256c94467a833931fd72ea62984382eb65f70c690bdc
[INFO] running `Command { std: "docker" "create" "-v" "/var/lib/crater-agent-workspace/builds/worker-1-tc1/target:/opt/rustwide/target:rw,Z" "-v" "/var/lib/crater-agent-workspace/builds/worker-1-tc1/source:/opt/rustwide/workdir:ro,Z" "-v" "/var/lib/crater-agent-workspace/cargo-home:/opt/rustwide/cargo-home:ro,Z" "-v" "/var/lib/crater-agent-workspace/rustup-home:/opt/rustwide/rustup-home:ro,Z" "-e" "SOURCE_DIR=/opt/rustwide/workdir" "-e" "CARGO_TARGET_DIR=/opt/rustwide/target" "-e" "CARGO_INCREMENTAL=0" "-e" "RUST_BACKTRACE=full" "-e" "RUSTFLAGS=--cap-lints=warn" "-e" "RUSTDOCFLAGS=--cap-lints=warn" "-e" "CARGO_HOME=/opt/rustwide/cargo-home" "-e" "RUSTUP_HOME=/opt/rustwide/rustup-home" "-w" "/opt/rustwide/workdir" "-m" "1610612736" "--user" "0:0" "--network" "none" "ghcr.io/rust-lang/crates-build-env/linux@sha256:2788e3201cd34a07e3172128adcd8b3090168a8e3bcc40d7c032b9dda1df7d1c" "/opt/rustwide/cargo-home/bin/cargo" "+1.75.0" "test" "--frozen" "--no-run" "--message-format=json", kill_on_drop: false }`
[INFO] [stdout] a68d924acb80708717564f90d437165b5aa5a2443a3dc66f9d39d650a5452a3c
[INFO] running `Command { std: "docker" "start" "-a" "a68d924acb80708717564f90d437165b5aa5a2443a3dc66f9d39d650a5452a3c", kill_on_drop: false }`
[INFO] [stderr]    Compiling libradicl v0.6.0 (/opt/rustwide/workdir)
[INFO] [stdout] error[E0433]: failed to resolve: use of undeclared crate or module `needletail`
[INFO] [stdout]    --> src/lib.rs:711:17
[INFO] [stdout]     |
[INFO] [stdout] 711 |                 needletail::bitkmer::BitNuclKmer::new(&b[..], b.len() as u8, false).next()
[INFO] [stdout]     |                 ^^^^^^^^^^ use of undeclared crate or module `needletail`
[INFO] [stdout] 
[INFO] [stdout] 
[INFO] [stdout] error[E0433]: failed to resolve: use of undeclared crate or module `needletail`
[INFO] [stdout]    --> src/lib.rs:719:17
[INFO] [stdout]     |
[INFO] [stdout] 719 |                 needletail::bitkmer::BitNuclKmer::new(&b[..], b.len() as u8, false).next()
[INFO] [stdout]     |                 ^^^^^^^^^^ use of undeclared crate or module `needletail`
[INFO] [stdout] 
[INFO] [stdout] 
[INFO] [stdout] error[E0433]: failed to resolve: use of undeclared crate or module `needletail`
[INFO] [stdout]    --> src/lib.rs:730:13
[INFO] [stdout]     |
[INFO] [stdout] 730 |             needletail::bitkmer::BitNuclKmer::new(&x[..], x.len() as u8, false).next()
[INFO] [stdout]     |             ^^^^^^^^^^ use of undeclared crate or module `needletail`
[INFO] [stdout] 
[INFO] [stdout] 
[INFO] [stdout] error[E0433]: failed to resolve: use of undeclared crate or module `needletail`
[INFO] [stdout]    --> src/lib.rs:736:13
[INFO] [stdout]     |
[INFO] [stdout] 736 |             needletail::bitkmer::BitNuclKmer::new(&x[..], x.len() as u8, false).next()
[INFO] [stdout]     |             ^^^^^^^^^^ use of undeclared crate or module `needletail`
[INFO] [stdout] 
[INFO] [stdout] 
[INFO] [stdout] error: aborting due to 4 previous errors
[INFO] [stdout] 
[INFO] [stdout] 
[INFO] [stdout] For more information about this error, try `rustc --explain E0433`.
[INFO] [stdout] 
[INFO] [stderr] error: could not compile `libradicl` (lib test) due to 5 previous errors
[INFO] running `Command { std: "docker" "inspect" "a68d924acb80708717564f90d437165b5aa5a2443a3dc66f9d39d650a5452a3c", kill_on_drop: false }`
[INFO] running `Command { std: "docker" "rm" "-f" "a68d924acb80708717564f90d437165b5aa5a2443a3dc66f9d39d650a5452a3c", kill_on_drop: false }`
[INFO] [stdout] a68d924acb80708717564f90d437165b5aa5a2443a3dc66f9d39d650a5452a3c
