[INFO] fetching crate libproxy 0.1.1...
[INFO] testing libproxy-0.1.1 against 1.75.0 for beta-1.76-1
[INFO] extracting crate libproxy 0.1.1 into /workspace/builds/worker-6-tc1/source
[INFO] validating manifest of crates.io crate libproxy 0.1.1 on toolchain 1.75.0
[INFO] running `Command { std: CARGO_HOME="/workspace/cargo-home" RUSTUP_HOME="/workspace/rustup-home" "/workspace/cargo-home/bin/cargo" "+1.75.0" "metadata" "--manifest-path" "Cargo.toml" "--no-deps", kill_on_drop: false }`
[INFO] started tweaking crates.io crate libproxy 0.1.1
[INFO] finished tweaking crates.io crate libproxy 0.1.1
[INFO] tweaked toml for crates.io crate libproxy 0.1.1 written to /workspace/builds/worker-6-tc1/source/Cargo.toml
[INFO] crate crates.io crate libproxy 0.1.1 already has a lockfile, it will not be regenerated
[INFO] running `Command { std: CARGO_HOME="/workspace/cargo-home" RUSTUP_HOME="/workspace/rustup-home" "/workspace/cargo-home/bin/cargo" "+1.75.0" "fetch" "--manifest-path" "Cargo.toml", kill_on_drop: false }`
[INFO] running `Command { std: "docker" "create" "-v" "/var/lib/crater-agent-workspace/builds/worker-6-tc1/target:/opt/rustwide/target:rw,Z" "-v" "/var/lib/crater-agent-workspace/builds/worker-6-tc1/source:/opt/rustwide/workdir:ro,Z" "-v" "/var/lib/crater-agent-workspace/cargo-home:/opt/rustwide/cargo-home:ro,Z" "-v" "/var/lib/crater-agent-workspace/rustup-home:/opt/rustwide/rustup-home:ro,Z" "-e" "SOURCE_DIR=/opt/rustwide/workdir" "-e" "CARGO_TARGET_DIR=/opt/rustwide/target" "-e" "CARGO_HOME=/opt/rustwide/cargo-home" "-e" "RUSTUP_HOME=/opt/rustwide/rustup-home" "-w" "/opt/rustwide/workdir" "-m" "1610612736" "--user" "0:0" "--network" "none" "ghcr.io/rust-lang/crates-build-env/linux@sha256:2788e3201cd34a07e3172128adcd8b3090168a8e3bcc40d7c032b9dda1df7d1c" "/opt/rustwide/cargo-home/bin/cargo" "+1.75.0" "metadata" "--no-deps" "--format-version=1", kill_on_drop: false }`
[INFO] [stdout] f40ed1d6a511926c1ff81462372599424e48d440db63b9fd7ce181945f8e32ee
[INFO] running `Command { std: "docker" "start" "-a" "f40ed1d6a511926c1ff81462372599424e48d440db63b9fd7ce181945f8e32ee", kill_on_drop: false }`
[INFO] running `Command { std: "docker" "inspect" "f40ed1d6a511926c1ff81462372599424e48d440db63b9fd7ce181945f8e32ee", kill_on_drop: false }`
[INFO] running `Command { std: "docker" "rm" "-f" "f40ed1d6a511926c1ff81462372599424e48d440db63b9fd7ce181945f8e32ee", kill_on_drop: false }`
[INFO] [stdout] f40ed1d6a511926c1ff81462372599424e48d440db63b9fd7ce181945f8e32ee
[INFO] running `Command { std: "docker" "create" "-v" "/var/lib/crater-agent-workspace/builds/worker-6-tc1/target:/opt/rustwide/target:rw,Z" "-v" "/var/lib/crater-agent-workspace/builds/worker-6-tc1/source:/opt/rustwide/workdir:ro,Z" "-v" "/var/lib/crater-agent-workspace/cargo-home:/opt/rustwide/cargo-home:ro,Z" "-v" "/var/lib/crater-agent-workspace/rustup-home:/opt/rustwide/rustup-home:ro,Z" "-e" "SOURCE_DIR=/opt/rustwide/workdir" "-e" "CARGO_TARGET_DIR=/opt/rustwide/target" "-e" "CARGO_INCREMENTAL=0" "-e" "RUST_BACKTRACE=full" "-e" "RUSTFLAGS=--cap-lints=warn" "-e" "RUSTDOCFLAGS=--cap-lints=warn" "-e" "CARGO_HOME=/opt/rustwide/cargo-home" "-e" "RUSTUP_HOME=/opt/rustwide/rustup-home" "-w" "/opt/rustwide/workdir" "-m" "1610612736" "--user" "0:0" "--network" "none" "ghcr.io/rust-lang/crates-build-env/linux@sha256:2788e3201cd34a07e3172128adcd8b3090168a8e3bcc40d7c032b9dda1df7d1c" "/opt/rustwide/cargo-home/bin/cargo" "+1.75.0" "build" "--frozen" "--message-format=json", kill_on_drop: false }`
[INFO] [stdout] 982546e017be52eab109150445a99bc4166ef671797e3a943f35cfcc4da8a265
[INFO] running `Command { std: "docker" "start" "-a" "982546e017be52eab109150445a99bc4166ef671797e3a943f35cfcc4da8a265", kill_on_drop: false }`
[INFO] [stderr]    Compiling libc v0.2.65
[INFO] [stderr]    Compiling libproxy v0.1.1 (/opt/rustwide/workdir)
[INFO] [stdout] warning: `#[no_mangle]` has no effect on a foreign function
[INFO] [stdout]   --> src/proxy_sys.rs:16:5
[INFO] [stdout]    |
[INFO] [stdout] 16 |     #[no_mangle]
[INFO] [stdout]    |     ^^^^^^^^^^^^ help: remove this attribute
[INFO] [stdout] 17 |     pub fn px_proxy_factory_new() -> *mut pxProxyFactory;
[INFO] [stdout]    |     ----------------------------------------------------- foreign function
[INFO] [stdout]    |
[INFO] [stdout]    = warning: this was previously accepted by the compiler but is being phased out; it will become a hard error in a future release!
[INFO] [stdout]    = note: symbol names in extern blocks are not mangled
[INFO] [stdout]    = note: `#[warn(unused_attributes)]` on by default
[INFO] [stdout] 
[INFO] [stdout] 
[INFO] [stdout] warning: `#[no_mangle]` has no effect on a foreign function
[INFO] [stdout]   --> src/proxy_sys.rs:70:5
[INFO] [stdout]    |
[INFO] [stdout] 70 |       #[no_mangle]
[INFO] [stdout]    |       ^^^^^^^^^^^^ help: remove this attribute
[INFO] [stdout] 71 | /     pub fn px_proxy_factory_get_proxies(
[INFO] [stdout] 72 | |         proxy_factory: *mut pxProxyFactory,
[INFO] [stdout] 73 | |         url: *const c_char,
[INFO] [stdout] 74 | |     ) -> *mut *mut c_char;
[INFO] [stdout]    | |__________________________- foreign function
[INFO] [stdout]    |
[INFO] [stdout]    = warning: this was previously accepted by the compiler but is being phased out; it will become a hard error in a future release!
[INFO] [stdout]    = note: symbol names in extern blocks are not mangled
[INFO] [stdout] 
[INFO] [stdout] 
[INFO] [stdout] warning: `#[no_mangle]` has no effect on a foreign function
[INFO] [stdout]   --> src/proxy_sys.rs:79:5
[INFO] [stdout]    |
[INFO] [stdout] 79 |     #[no_mangle]
[INFO] [stdout]    |     ^^^^^^^^^^^^ help: remove this attribute
[INFO] [stdout] 80 |     pub fn px_proxy_factory_free(proxy_factory: *mut pxProxyFactory);
[INFO] [stdout]    |     ----------------------------------------------------------------- foreign function
[INFO] [stdout]    |
[INFO] [stdout]    = warning: this was previously accepted by the compiler but is being phased out; it will become a hard error in a future release!
[INFO] [stdout]    = note: symbol names in extern blocks are not mangled
[INFO] [stdout] 
[INFO] [stdout] 
[INFO] [stdout] warning: missing documentation for a module
[INFO] [stdout]   --> src/lib.rs:13:1
[INFO] [stdout]    |
[INFO] [stdout] 13 | pub mod error;
[INFO] [stdout]    | ^^^^^^^^^^^^^
[INFO] [stdout]    |
[INFO] [stdout] note: the lint level is defined here
[INFO] [stdout]   --> src/lib.rs:7:9
[INFO] [stdout]    |
[INFO] [stdout] 7  | #![warn(missing_docs)]
[INFO] [stdout]    |         ^^^^^^^^^^^^
[INFO] [stdout] 
[INFO] [stdout] 
[INFO] [stdout] warning: missing documentation for a module
[INFO] [stdout]   --> src/lib.rs:14:1
[INFO] [stdout]    |
[INFO] [stdout] 14 | pub mod ffi;
[INFO] [stdout]    | ^^^^^^^^^^^
[INFO] [stdout] 
[INFO] [stdout] 
[INFO] [stdout] warning: missing documentation for a module
[INFO] [stdout]   --> src/lib.rs:15:1
[INFO] [stdout]    |
[INFO] [stdout] 15 | pub mod proxies;
[INFO] [stdout]    | ^^^^^^^^^^^^^^^
[INFO] [stdout] 
[INFO] [stdout] 
[INFO] [stdout] warning: missing documentation for an enum
[INFO] [stdout]  --> src/error.rs:9:1
[INFO] [stdout]   |
[INFO] [stdout] 9 | pub enum Error {
[INFO] [stdout]   | ^^^^^^^^^^^^^^
[INFO] [stdout] 
[INFO] [stdout] 
[INFO] [stdout] warning: 7 warnings emitted
[INFO] [stdout] 
[INFO] [stdout] 
[INFO] [stderr]     Finished dev [unoptimized + debuginfo] target(s) in 0.96s
[INFO] running `Command { std: "docker" "inspect" "982546e017be52eab109150445a99bc4166ef671797e3a943f35cfcc4da8a265", kill_on_drop: false }`
[INFO] running `Command { std: "docker" "rm" "-f" "982546e017be52eab109150445a99bc4166ef671797e3a943f35cfcc4da8a265", kill_on_drop: false }`
[INFO] [stdout] 982546e017be52eab109150445a99bc4166ef671797e3a943f35cfcc4da8a265
[INFO] running `Command { std: "docker" "create" "-v" "/var/lib/crater-agent-workspace/builds/worker-6-tc1/target:/opt/rustwide/target:rw,Z" "-v" "/var/lib/crater-agent-workspace/builds/worker-6-tc1/source:/opt/rustwide/workdir:ro,Z" "-v" "/var/lib/crater-agent-workspace/cargo-home:/opt/rustwide/cargo-home:ro,Z" "-v" "/var/lib/crater-agent-workspace/rustup-home:/opt/rustwide/rustup-home:ro,Z" "-e" "SOURCE_DIR=/opt/rustwide/workdir" "-e" "CARGO_TARGET_DIR=/opt/rustwide/target" "-e" "CARGO_INCREMENTAL=0" "-e" "RUST_BACKTRACE=full" "-e" "RUSTFLAGS=--cap-lints=warn" "-e" "RUSTDOCFLAGS=--cap-lints=warn" "-e" "CARGO_HOME=/opt/rustwide/cargo-home" "-e" "RUSTUP_HOME=/opt/rustwide/rustup-home" "-w" "/opt/rustwide/workdir" "-m" "1610612736" "--user" "0:0" "--network" "none" "ghcr.io/rust-lang/crates-build-env/linux@sha256:2788e3201cd34a07e3172128adcd8b3090168a8e3bcc40d7c032b9dda1df7d1c" "/opt/rustwide/cargo-home/bin/cargo" "+1.75.0" "test" "--frozen" "--no-run" "--message-format=json", kill_on_drop: false }`
[INFO] [stdout] 9509628eea1ea33bffe9a03f7dfd75d0c121001f48d08d12881f7603a151056f
[INFO] running `Command { std: "docker" "start" "-a" "9509628eea1ea33bffe9a03f7dfd75d0c121001f48d08d12881f7603a151056f", kill_on_drop: false }`
[INFO] [stdout] warning: `#[no_mangle]` has no effect on a foreign function
[INFO] [stdout]   --> src/proxy_sys.rs:16:5
[INFO] [stdout]    |
[INFO] [stdout] 16 |     #[no_mangle]
[INFO] [stdout]    |     ^^^^^^^^^^^^ help: remove this attribute
[INFO] [stdout] 17 |     pub fn px_proxy_factory_new() -> *mut pxProxyFactory;
[INFO] [stdout]    |     ----------------------------------------------------- foreign function
[INFO] [stdout]    |
[INFO] [stdout]    = warning: this was previously accepted by the compiler but is being phased out; it will become a hard error in a future release!
[INFO] [stdout]    = note: symbol names in extern blocks are not mangled
[INFO] [stdout]    = note: `#[warn(unused_attributes)]` on by default
[INFO] [stdout] 
[INFO] [stdout] 
[INFO] [stdout] warning: `#[no_mangle]` has no effect on a foreign function
[INFO] [stdout]   --> src/proxy_sys.rs:70:5
[INFO] [stdout]    |
[INFO] [stdout] 70 |       #[no_mangle]
[INFO] [stdout]    |       ^^^^^^^^^^^^ help: remove this attribute
[INFO] [stdout] 71 | /     pub fn px_proxy_factory_get_proxies(
[INFO] [stdout] 72 | |         proxy_factory: *mut pxProxyFactory,
[INFO] [stdout] 73 | |         url: *const c_char,
[INFO] [stdout] 74 | |     ) -> *mut *mut c_char;
[INFO] [stdout]    | |__________________________- foreign function
[INFO] [stdout]    |
[INFO] [stdout]    = warning: this was previously accepted by the compiler but is being phased out; it will become a hard error in a future release!
[INFO] [stdout]    = note: symbol names in extern blocks are not mangled
[INFO] [stdout] 
[INFO] [stdout] 
[INFO] [stdout] warning: `#[no_mangle]` has no effect on a foreign function
[INFO] [stdout]   --> src/proxy_sys.rs:79:5
[INFO] [stdout]    |
[INFO] [stdout] 79 |     #[no_mangle]
[INFO] [stdout]    |     ^^^^^^^^^^^^ help: remove this attribute
[INFO] [stdout] 80 |     pub fn px_proxy_factory_free(proxy_factory: *mut pxProxyFactory);
[INFO] [stdout]    |     ----------------------------------------------------------------- foreign function
[INFO] [stdout]    |
[INFO] [stdout]    = warning: this was previously accepted by the compiler but is being phased out; it will become a hard error in a future release!
[INFO] [stdout]    = note: symbol names in extern blocks are not mangled
[INFO] [stdout] 
[INFO] [stdout] 
[INFO] [stdout] warning: missing documentation for a module
[INFO] [stdout]   --> src/lib.rs:13:1
[INFO] [stdout]    |
[INFO] [stdout] 13 | pub mod error;
[INFO] [stdout]    | ^^^^^^^^^^^^^
[INFO] [stdout]    |
[INFO] [stdout] note: the lint level is defined here
[INFO] [stdout]   --> src/lib.rs:7:9
[INFO] [stdout]    |
[INFO] [stdout] 7  | #![warn(missing_docs)]
[INFO] [stdout]    |         ^^^^^^^^^^^^
[INFO] [stdout] 
[INFO] [stdout] 
[INFO] [stderr]    Compiling libproxy v0.1.1 (/opt/rustwide/workdir)
[INFO] [stdout] warning: missing documentation for a module
[INFO] [stdout]   --> src/lib.rs:14:1
[INFO] [stdout]    |
[INFO] [stdout] 14 | pub mod ffi;
[INFO] [stdout]    | ^^^^^^^^^^^
[INFO] [stdout] 
[INFO] [stdout] 
[INFO] [stdout] warning: missing documentation for a module
[INFO] [stdout]   --> src/lib.rs:15:1
[INFO] [stdout]    |
[INFO] [stdout] 15 | pub mod proxies;
[INFO] [stdout]    | ^^^^^^^^^^^^^^^
[INFO] [stdout] 
[INFO] [stdout] 
[INFO] [stdout] warning: missing documentation for an enum
[INFO] [stdout]  --> src/error.rs:9:1
[INFO] [stdout]   |
[INFO] [stdout] 9 | pub enum Error {
[INFO] [stdout]   | ^^^^^^^^^^^^^^
[INFO] [stdout] 
[INFO] [stdout] 
[INFO] [stdout] warning: 7 warnings emitted
[INFO] [stdout] 
[INFO] [stdout] 
[INFO] [stdout] warning: `#[no_mangle]` has no effect on a foreign function
[INFO] [stdout]   --> src/proxy_sys.rs:16:5
[INFO] [stdout]    |
[INFO] [stdout] 16 |     #[no_mangle]
[INFO] [stdout]    |     ^^^^^^^^^^^^ help: remove this attribute
[INFO] [stdout] 17 |     pub fn px_proxy_factory_new() -> *mut pxProxyFactory;
[INFO] [stdout]    |     ----------------------------------------------------- foreign function
[INFO] [stdout]    |
[INFO] [stdout]    = warning: this was previously accepted by the compiler but is being phased out; it will become a hard error in a future release!
[INFO] [stdout]    = note: symbol names in extern blocks are not mangled
[INFO] [stdout]    = note: `#[warn(unused_attributes)]` on by default
[INFO] [stdout] 
[INFO] [stdout] 
[INFO] [stdout] warning: `#[no_mangle]` has no effect on a foreign function
[INFO] [stdout]   --> src/proxy_sys.rs:70:5
[INFO] [stdout]    |
[INFO] [stdout] 70 |       #[no_mangle]
[INFO] [stdout]    |       ^^^^^^^^^^^^ help: remove this attribute
[INFO] [stdout] 71 | /     pub fn px_proxy_factory_get_proxies(
[INFO] [stdout] 72 | |         proxy_factory: *mut pxProxyFactory,
[INFO] [stdout] 73 | |         url: *const c_char,
[INFO] [stdout] 74 | |     ) -> *mut *mut c_char;
[INFO] [stdout]    | |__________________________- foreign function
[INFO] [stdout]    |
[INFO] [stdout]    = warning: this was previously accepted by the compiler but is being phased out; it will become a hard error in a future release!
[INFO] [stdout]    = note: symbol names in extern blocks are not mangled
[INFO] [stdout] 
[INFO] [stdout] 
[INFO] [stdout] warning: `#[no_mangle]` has no effect on a foreign function
[INFO] [stdout]   --> src/proxy_sys.rs:79:5
[INFO] [stdout]    |
[INFO] [stdout] 79 |     #[no_mangle]
[INFO] [stdout]    |     ^^^^^^^^^^^^ help: remove this attribute
[INFO] [stdout] 80 |     pub fn px_proxy_factory_free(proxy_factory: *mut pxProxyFactory);
[INFO] [stdout]    |     ----------------------------------------------------------------- foreign function
[INFO] [stdout]    |
[INFO] [stdout]    = warning: this was previously accepted by the compiler but is being phased out; it will become a hard error in a future release!
[INFO] [stdout]    = note: symbol names in extern blocks are not mangled
[INFO] [stdout] 
[INFO] [stdout] 
[INFO] [stdout] error: linking with `cc` failed: exit status: 1
[INFO] [stdout]   |
[INFO] [stdout]   = note: LC_ALL="C" PATH="/opt/rustwide/rustup-home/toolchains/1.75.0-x86_64-unknown-linux-gnu/lib/rustlib/x86_64-unknown-linux-gnu/bin:/opt/rustwide/cargo-home/bin:/usr/local/sbin:/usr/local/bin:/usr/sbin:/usr/bin:/sbin:/bin" VSLANG="1033" "cc" "-m64" "/tmp/rustcUghVn6/symbols.o" "/opt/rustwide/target/debug/deps/libproxy-fc1e3a7e5636513d.libproxy.e9c2d6c3e4b80c0d-cgu.0.rcgu.o" "/opt/rustwide/target/debug/deps/libproxy-fc1e3a7e5636513d.2t9mur0nh5gckpny.rcgu.o" "-Wl,--as-needed" "-L" "/opt/rustwide/target/debug/deps" "-L" "/opt/rustwide/rustup-home/toolchains/1.75.0-x86_64-unknown-linux-gnu/lib/rustlib/x86_64-unknown-linux-gnu/lib" "-Wl,-Bdynamic" "-lproxy" "-Wl,-Bstatic" "/opt/rustwide/rustup-home/toolchains/1.75.0-x86_64-unknown-linux-gnu/lib/rustlib/x86_64-unknown-linux-gnu/lib/libtest-3df1bed8075ce1de.rlib" "/opt/rustwide/rustup-home/toolchains/1.75.0-x86_64-unknown-linux-gnu/lib/rustlib/x86_64-unknown-linux-gnu/lib/libgetopts-2076fd86b325cb5d.rlib" "/opt/rustwide/rustup-home/toolchains/1.75.0-x86_64-unknown-linux-gnu/lib/rustlib/x86_64-unknown-linux-gnu/lib/libunicode_width-caa7152ee70c190f.rlib" "/opt/rustwide/rustup-home/toolchains/1.75.0-x86_64-unknown-linux-gnu/lib/rustlib/x86_64-unknown-linux-gnu/lib/librustc_std_workspace_std-04e6425e07f02a3c.rlib" "/opt/rustwide/target/debug/deps/liblibc-260666736c8a7e14.rlib" "/opt/rustwide/rustup-home/toolchains/1.75.0-x86_64-unknown-linux-gnu/lib/rustlib/x86_64-unknown-linux-gnu/lib/libstd-90f6ddbf82de36ec.rlib" "/opt/rustwide/rustup-home/toolchains/1.75.0-x86_64-unknown-linux-gnu/lib/rustlib/x86_64-unknown-linux-gnu/lib/libpanic_unwind-480c41e9d4e1f677.rlib" "/opt/rustwide/rustup-home/toolchains/1.75.0-x86_64-unknown-linux-gnu/lib/rustlib/x86_64-unknown-linux-gnu/lib/libobject-db744c0ca03eed1d.rlib" "/opt/rustwide/rustup-home/toolchains/1.75.0-x86_64-unknown-linux-gnu/lib/rustlib/x86_64-unknown-linux-gnu/lib/libmemchr-8ba652dc7d4b285a.rlib" "/opt/rustwide/rustup-home/toolchains/1.75.0-x86_64-unknown-linux-gnu/lib/rustlib/x86_64-unknown-linux-gnu/lib/libaddr2line-d5f4520a9ebc0d58.rlib" "/opt/rustwide/rustup-home/toolchains/1.75.0-x86_64-unknown-linux-gnu/lib/rustlib/x86_64-unknown-linux-gnu/lib/libgimli-4ad84de58f0cb463.rlib" "/opt/rustwide/rustup-home/toolchains/1.75.0-x86_64-unknown-linux-gnu/lib/rustlib/x86_64-unknown-linux-gnu/lib/librustc_demangle-0d10aae2e0f38735.rlib" "/opt/rustwide/rustup-home/toolchains/1.75.0-x86_64-unknown-linux-gnu/lib/rustlib/x86_64-unknown-linux-gnu/lib/libstd_detect-0c17cff739e6745b.rlib" "/opt/rustwide/rustup-home/toolchains/1.75.0-x86_64-unknown-linux-gnu/lib/rustlib/x86_64-unknown-linux-gnu/lib/libhashbrown-b29e17139dde1aa8.rlib" "/opt/rustwide/rustup-home/toolchains/1.75.0-x86_64-unknown-linux-gnu/lib/rustlib/x86_64-unknown-linux-gnu/lib/librustc_std_workspace_alloc-1f975299829cc7bd.rlib" "/opt/rustwide/rustup-home/toolchains/1.75.0-x86_64-unknown-linux-gnu/lib/rustlib/x86_64-unknown-linux-gnu/lib/libminiz_oxide-86bae3bc3079f89b.rlib" "/opt/rustwide/rustup-home/toolchains/1.75.0-x86_64-unknown-linux-gnu/lib/rustlib/x86_64-unknown-linux-gnu/lib/libadler-321b82c30dffdf5f.rlib" "/opt/rustwide/rustup-home/toolchains/1.75.0-x86_64-unknown-linux-gnu/lib/rustlib/x86_64-unknown-linux-gnu/lib/libunwind-3dd8a6810a0bdfef.rlib" "/opt/rustwide/rustup-home/toolchains/1.75.0-x86_64-unknown-linux-gnu/lib/rustlib/x86_64-unknown-linux-gnu/lib/libcfg_if-eb39a61c0c879984.rlib" "/opt/rustwide/rustup-home/toolchains/1.75.0-x86_64-unknown-linux-gnu/lib/rustlib/x86_64-unknown-linux-gnu/lib/liblibc-aa769569f91c3548.rlib" "/opt/rustwide/rustup-home/toolchains/1.75.0-x86_64-unknown-linux-gnu/lib/rustlib/x86_64-unknown-linux-gnu/lib/liballoc-510a192a50a983ed.rlib" "/opt/rustwide/rustup-home/toolchains/1.75.0-x86_64-unknown-linux-gnu/lib/rustlib/x86_64-unknown-linux-gnu/lib/librustc_std_workspace_core-0577018320f99037.rlib" "/opt/rustwide/rustup-home/toolchains/1.75.0-x86_64-unknown-linux-gnu/lib/rustlib/x86_64-unknown-linux-gnu/lib/libcore-193cf992125ccd4c.rlib" "/opt/rustwide/rustup-home/toolchains/1.75.0-x86_64-unknown-linux-gnu/lib/rustlib/x86_64-unknown-linux-gnu/lib/libcompiler_builtins-8e138eaf26ebb4a8.rlib" "-Wl,-Bdynamic" "-lutil" "-lgcc_s" "-lutil" "-lrt" "-lpthread" "-lm" "-ldl" "-lc" "-Wl,--eh-frame-hdr" "-Wl,-z,noexecstack" "-L" "/opt/rustwide/rustup-home/toolchains/1.75.0-x86_64-unknown-linux-gnu/lib/rustlib/x86_64-unknown-linux-gnu/lib" "-o" "/opt/rustwide/target/debug/deps/libproxy-fc1e3a7e5636513d" "-Wl,--gc-sections" "-pie" "-Wl,-z,relro,-z,now" "-nodefaultlibs"
[INFO] [stdout]   = note: /usr/bin/ld: cannot find -lproxy: No such file or directory
[INFO] [stdout]           collect2: error: ld returned 1 exit status
[INFO] [stdout]           
[INFO] [stdout] 
[INFO] [stdout] 
[INFO] [stdout] error: aborting due to previous error; 3 warnings emitted
[INFO] [stdout] 
[INFO] [stdout] 
[INFO] [stdout] error: linking with `cc` failed: exit status: 1
[INFO] [stdout]   |
[INFO] [stdout]   = note: LC_ALL="C" PATH="/opt/rustwide/rustup-home/toolchains/1.75.0-x86_64-unknown-linux-gnu/lib/rustlib/x86_64-unknown-linux-gnu/bin:/opt/rustwide/cargo-home/bin:/usr/local/sbin:/usr/local/bin:/usr/sbin:/usr/bin:/sbin:/bin" VSLANG="1033" "cc" "-m64" "/tmp/rustcl2D4FF/symbols.o" "/opt/rustwide/target/debug/examples/proxy-597c57f3f96934d0.proxy.2c7891e6c8a5ed42-cgu.0.rcgu.o" "/opt/rustwide/target/debug/examples/proxy-597c57f3f96934d0.41j8ycp0122k469w.rcgu.o" "-Wl,--as-needed" "-L" "/opt/rustwide/target/debug/deps" "-L" "/opt/rustwide/rustup-home/toolchains/1.75.0-x86_64-unknown-linux-gnu/lib/rustlib/x86_64-unknown-linux-gnu/lib" "-Wl,-Bstatic" "/opt/rustwide/target/debug/deps/liblibproxy-2f59f1c8e98cb9be.rlib" "/opt/rustwide/target/debug/deps/liblibc-260666736c8a7e14.rlib" "/opt/rustwide/rustup-home/toolchains/1.75.0-x86_64-unknown-linux-gnu/lib/rustlib/x86_64-unknown-linux-gnu/lib/libstd-90f6ddbf82de36ec.rlib" "/opt/rustwide/rustup-home/toolchains/1.75.0-x86_64-unknown-linux-gnu/lib/rustlib/x86_64-unknown-linux-gnu/lib/libpanic_unwind-480c41e9d4e1f677.rlib" "/opt/rustwide/rustup-home/toolchains/1.75.0-x86_64-unknown-linux-gnu/lib/rustlib/x86_64-unknown-linux-gnu/lib/libobject-db744c0ca03eed1d.rlib" "/opt/rustwide/rustup-home/toolchains/1.75.0-x86_64-unknown-linux-gnu/lib/rustlib/x86_64-unknown-linux-gnu/lib/libmemchr-8ba652dc7d4b285a.rlib" "/opt/rustwide/rustup-home/toolchains/1.75.0-x86_64-unknown-linux-gnu/lib/rustlib/x86_64-unknown-linux-gnu/lib/libaddr2line-d5f4520a9ebc0d58.rlib" "/opt/rustwide/rustup-home/toolchains/1.75.0-x86_64-unknown-linux-gnu/lib/rustlib/x86_64-unknown-linux-gnu/lib/libgimli-4ad84de58f0cb463.rlib" "/opt/rustwide/rustup-home/toolchains/1.75.0-x86_64-unknown-linux-gnu/lib/rustlib/x86_64-unknown-linux-gnu/lib/librustc_demangle-0d10aae2e0f38735.rlib" "/opt/rustwide/rustup-home/toolchains/1.75.0-x86_64-unknown-linux-gnu/lib/rustlib/x86_64-unknown-linux-gnu/lib/libstd_detect-0c17cff739e6745b.rlib" "/opt/rustwide/rustup-home/toolchains/1.75.0-x86_64-unknown-linux-gnu/lib/rustlib/x86_64-unknown-linux-gnu/lib/libhashbrown-b29e17139dde1aa8.rlib" "/opt/rustwide/rustup-home/toolchains/1.75.0-x86_64-unknown-linux-gnu/lib/rustlib/x86_64-unknown-linux-gnu/lib/librustc_std_workspace_alloc-1f975299829cc7bd.rlib" "/opt/rustwide/rustup-home/toolchains/1.75.0-x86_64-unknown-linux-gnu/lib/rustlib/x86_64-unknown-linux-gnu/lib/libminiz_oxide-86bae3bc3079f89b.rlib" "/opt/rustwide/rustup-home/toolchains/1.75.0-x86_64-unknown-linux-gnu/lib/rustlib/x86_64-unknown-linux-gnu/lib/libadler-321b82c30dffdf5f.rlib" "/opt/rustwide/rustup-home/toolchains/1.75.0-x86_64-unknown-linux-gnu/lib/rustlib/x86_64-unknown-linux-gnu/lib/libunwind-3dd8a6810a0bdfef.rlib" "/opt/rustwide/rustup-home/toolchains/1.75.0-x86_64-unknown-linux-gnu/lib/rustlib/x86_64-unknown-linux-gnu/lib/libcfg_if-eb39a61c0c879984.rlib" "/opt/rustwide/rustup-home/toolchains/1.75.0-x86_64-unknown-linux-gnu/lib/rustlib/x86_64-unknown-linux-gnu/lib/liblibc-aa769569f91c3548.rlib" "/opt/rustwide/rustup-home/toolchains/1.75.0-x86_64-unknown-linux-gnu/lib/rustlib/x86_64-unknown-linux-gnu/lib/liballoc-510a192a50a983ed.rlib" "/opt/rustwide/rustup-home/toolchains/1.75.0-x86_64-unknown-linux-gnu/lib/rustlib/x86_64-unknown-linux-gnu/lib/librustc_std_workspace_core-0577018320f99037.rlib" "/opt/rustwide/rustup-home/toolchains/1.75.0-x86_64-unknown-linux-gnu/lib/rustlib/x86_64-unknown-linux-gnu/lib/libcore-193cf992125ccd4c.rlib" "/opt/rustwide/rustup-home/toolchains/1.75.0-x86_64-unknown-linux-gnu/lib/rustlib/x86_64-unknown-linux-gnu/lib/libcompiler_builtins-8e138eaf26ebb4a8.rlib" "-Wl,-Bdynamic" "-lproxy" "-lutil" "-lgcc_s" "-lutil" "-lrt" "-lpthread" "-lm" "-ldl" "-lc" "-Wl,--eh-frame-hdr" "-Wl,-z,noexecstack" "-L" "/opt/rustwide/rustup-home/toolchains/1.75.0-x86_64-unknown-linux-gnu/lib/rustlib/x86_64-unknown-linux-gnu/lib" "-o" "/opt/rustwide/target/debug/examples/proxy-597c57f3f96934d0" "-Wl,--gc-sections" "-pie" "-Wl,-z,relro,-z,now" "-nodefaultlibs"
[INFO] [stdout]   = note: /usr/bin/ld: cannot find -lproxy: No such file or directory
[INFO] [stdout]           collect2: error: ld returned 1 exit status
[INFO] [stdout]           
[INFO] [stdout] 
[INFO] [stdout] 
[INFO] [stdout] error: aborting due to previous error
[INFO] [stdout] 
[INFO] [stdout] 
[INFO] [stderr] error: could not compile `libproxy` (lib test) due to 2 previous errors; 3 warnings emitted
[INFO] [stderr] warning: build failed, waiting for other jobs to finish...
[INFO] [stderr] error: could not compile `libproxy` (example "proxy") due to 2 previous errors
[INFO] running `Command { std: "docker" "inspect" "9509628eea1ea33bffe9a03f7dfd75d0c121001f48d08d12881f7603a151056f", kill_on_drop: false }`
[INFO] running `Command { std: "docker" "rm" "-f" "9509628eea1ea33bffe9a03f7dfd75d0c121001f48d08d12881f7603a151056f", kill_on_drop: false }`
[INFO] [stdout] 9509628eea1ea33bffe9a03f7dfd75d0c121001f48d08d12881f7603a151056f
[INFO] testing libproxy-0.1.1 against beta-2023-12-22 for beta-1.76-1
[INFO] extracting crate libproxy 0.1.1 into /workspace/builds/worker-6-tc2/source
[INFO] validating manifest of crates.io crate libproxy 0.1.1 on toolchain beta-2023-12-22
[INFO] running `Command { std: CARGO_HOME="/workspace/cargo-home" RUSTUP_HOME="/workspace/rustup-home" "/workspace/cargo-home/bin/cargo" "+beta-2023-12-22" "metadata" "--manifest-path" "Cargo.toml" "--no-deps", kill_on_drop: false }`
[INFO] started tweaking crates.io crate libproxy 0.1.1
[INFO] finished tweaking crates.io crate libproxy 0.1.1
[INFO] tweaked toml for crates.io crate libproxy 0.1.1 written to /workspace/builds/worker-6-tc2/source/Cargo.toml
[INFO] crate crates.io crate libproxy 0.1.1 already has a lockfile, it will not be regenerated
[INFO] running `Command { std: CARGO_HOME="/workspace/cargo-home" RUSTUP_HOME="/workspace/rustup-home" "/workspace/cargo-home/bin/cargo" "+beta-2023-12-22" "fetch" "--manifest-path" "Cargo.toml", kill_on_drop: false }`
[INFO] running `Command { std: "docker" "create" "-v" "/var/lib/crater-agent-workspace/builds/worker-6-tc2/target:/opt/rustwide/target:rw,Z" "-v" "/var/lib/crater-agent-workspace/builds/worker-6-tc2/source:/opt/rustwide/workdir:ro,Z" "-v" "/var/lib/crater-agent-workspace/cargo-home:/opt/rustwide/cargo-home:ro,Z" "-v" "/var/lib/crater-agent-workspace/rustup-home:/opt/rustwide/rustup-home:ro,Z" "-e" "SOURCE_DIR=/opt/rustwide/workdir" "-e" "CARGO_TARGET_DIR=/opt/rustwide/target" "-e" "CARGO_HOME=/opt/rustwide/cargo-home" "-e" "RUSTUP_HOME=/opt/rustwide/rustup-home" "-w" "/opt/rustwide/workdir" "-m" "1610612736" "--user" "0:0" "--network" "none" "ghcr.io/rust-lang/crates-build-env/linux@sha256:2788e3201cd34a07e3172128adcd8b3090168a8e3bcc40d7c032b9dda1df7d1c" "/opt/rustwide/cargo-home/bin/cargo" "+beta-2023-12-22" "metadata" "--no-deps" "--format-version=1", kill_on_drop: false }`
[INFO] [stdout] 67ada714a34ba152da524ff9b8b0bb207ee5e44f648d53da573eba6dc558eef3
[INFO] running `Command { std: "docker" "start" "-a" "67ada714a34ba152da524ff9b8b0bb207ee5e44f648d53da573eba6dc558eef3", kill_on_drop: false }`
[INFO] running `Command { std: "docker" "inspect" "67ada714a34ba152da524ff9b8b0bb207ee5e44f648d53da573eba6dc558eef3", kill_on_drop: false }`
[INFO] running `Command { std: "docker" "rm" "-f" "67ada714a34ba152da524ff9b8b0bb207ee5e44f648d53da573eba6dc558eef3", kill_on_drop: false }`
[INFO] [stdout] 67ada714a34ba152da524ff9b8b0bb207ee5e44f648d53da573eba6dc558eef3
[INFO] running `Command { std: "docker" "create" "-v" "/var/lib/crater-agent-workspace/builds/worker-6-tc2/target:/opt/rustwide/target:rw,Z" "-v" "/var/lib/crater-agent-workspace/builds/worker-6-tc2/source:/opt/rustwide/workdir:ro,Z" "-v" "/var/lib/crater-agent-workspace/cargo-home:/opt/rustwide/cargo-home:ro,Z" "-v" "/var/lib/crater-agent-workspace/rustup-home:/opt/rustwide/rustup-home:ro,Z" "-e" "SOURCE_DIR=/opt/rustwide/workdir" "-e" "CARGO_TARGET_DIR=/opt/rustwide/target" "-e" "CARGO_INCREMENTAL=0" "-e" "RUST_BACKTRACE=full" "-e" "RUSTFLAGS=--cap-lints=warn" "-e" "RUSTDOCFLAGS=--cap-lints=warn" "-e" "CARGO_HOME=/opt/rustwide/cargo-home" "-e" "RUSTUP_HOME=/opt/rustwide/rustup-home" "-w" "/opt/rustwide/workdir" "-m" "1610612736" "--user" "0:0" "--network" "none" "ghcr.io/rust-lang/crates-build-env/linux@sha256:2788e3201cd34a07e3172128adcd8b3090168a8e3bcc40d7c032b9dda1df7d1c" "/opt/rustwide/cargo-home/bin/cargo" "+beta-2023-12-22" "build" "--frozen" "--message-format=json", kill_on_drop: false }`
[INFO] [stdout] ca005da16e975e156e5b6a29b33c9d446c8fe5213b22af4ab0c87cf453ba0fdf
[INFO] running `Command { std: "docker" "start" "-a" "ca005da16e975e156e5b6a29b33c9d446c8fe5213b22af4ab0c87cf453ba0fdf", kill_on_drop: false }`
[INFO] [stderr]    Compiling libc v0.2.65
[INFO] [stderr]    Compiling libproxy v0.1.1 (/opt/rustwide/workdir)
[INFO] [stdout] warning: `#[no_mangle]` has no effect on a foreign function
[INFO] [stdout]   --> src/proxy_sys.rs:16:5
[INFO] [stdout]    |
[INFO] [stdout] 16 |     #[no_mangle]
[INFO] [stdout]    |     ^^^^^^^^^^^^ help: remove this attribute
[INFO] [stdout] 17 |     pub fn px_proxy_factory_new() -> *mut pxProxyFactory;
[INFO] [stdout]    |     ----------------------------------------------------- foreign function
[INFO] [stdout]    |
[INFO] [stdout]    = warning: this was previously accepted by the compiler but is being phased out; it will become a hard error in a future release!
[INFO] [stdout]    = note: symbol names in extern blocks are not mangled
[INFO] [stdout]    = note: `#[warn(unused_attributes)]` on by default
[INFO] [stdout] 
[INFO] [stdout] 
[INFO] [stdout] warning: `#[no_mangle]` has no effect on a foreign function
[INFO] [stdout]   --> src/proxy_sys.rs:70:5
[INFO] [stdout]    |
[INFO] [stdout] 70 |       #[no_mangle]
[INFO] [stdout]    |       ^^^^^^^^^^^^ help: remove this attribute
[INFO] [stdout] 71 | /     pub fn px_proxy_factory_get_proxies(
[INFO] [stdout] 72 | |         proxy_factory: *mut pxProxyFactory,
[INFO] [stdout] 73 | |         url: *const c_char,
[INFO] [stdout] 74 | |     ) -> *mut *mut c_char;
[INFO] [stdout]    | |__________________________- foreign function
[INFO] [stdout]    |
[INFO] [stdout]    = warning: this was previously accepted by the compiler but is being phased out; it will become a hard error in a future release!
[INFO] [stdout]    = note: symbol names in extern blocks are not mangled
[INFO] [stdout] 
[INFO] [stdout] 
[INFO] [stdout] warning: `#[no_mangle]` has no effect on a foreign function
[INFO] [stdout]   --> src/proxy_sys.rs:79:5
[INFO] [stdout]    |
[INFO] [stdout] 79 |     #[no_mangle]
[INFO] [stdout]    |     ^^^^^^^^^^^^ help: remove this attribute
[INFO] [stdout] 80 |     pub fn px_proxy_factory_free(proxy_factory: *mut pxProxyFactory);
[INFO] [stdout]    |     ----------------------------------------------------------------- foreign function
[INFO] [stdout]    |
[INFO] [stdout]    = warning: this was previously accepted by the compiler but is being phased out; it will become a hard error in a future release!
[INFO] [stdout]    = note: symbol names in extern blocks are not mangled
[INFO] [stdout] 
[INFO] [stdout] 
[INFO] [stdout] warning: missing documentation for a module
[INFO] [stdout]   --> src/lib.rs:13:1
[INFO] [stdout]    |
[INFO] [stdout] 13 | pub mod error;
[INFO] [stdout]    | ^^^^^^^^^^^^^
[INFO] [stdout]    |
[INFO] [stdout] note: the lint level is defined here
[INFO] [stdout]   --> src/lib.rs:7:9
[INFO] [stdout]    |
[INFO] [stdout] 7  | #![warn(missing_docs)]
[INFO] [stdout]    |         ^^^^^^^^^^^^
[INFO] [stdout] 
[INFO] [stdout] 
[INFO] [stdout] warning: missing documentation for a module
[INFO] [stdout]   --> src/lib.rs:14:1
[INFO] [stdout]    |
[INFO] [stdout] 14 | pub mod ffi;
[INFO] [stdout]    | ^^^^^^^^^^^
[INFO] [stdout] 
[INFO] [stdout] 
[INFO] [stdout] warning: missing documentation for a module
[INFO] [stdout]   --> src/lib.rs:15:1
[INFO] [stdout]    |
[INFO] [stdout] 15 | pub mod proxies;
[INFO] [stdout]    | ^^^^^^^^^^^^^^^
[INFO] [stdout] 
[INFO] [stdout] 
[INFO] [stdout] warning: missing documentation for an enum
[INFO] [stdout]  --> src/error.rs:9:1
[INFO] [stdout]   |
[INFO] [stdout] 9 | pub enum Error {
[INFO] [stdout]   | ^^^^^^^^^^^^^^
[INFO] [stdout] 
[INFO] [stdout] 
[INFO] [stdout] warning: 7 warnings emitted
[INFO] [stdout] 
[INFO] [stdout] 
[INFO] [stderr]     Finished dev [unoptimized + debuginfo] target(s) in 0.75s
[INFO] running `Command { std: "docker" "inspect" "ca005da16e975e156e5b6a29b33c9d446c8fe5213b22af4ab0c87cf453ba0fdf", kill_on_drop: false }`
[INFO] running `Command { std: "docker" "rm" "-f" "ca005da16e975e156e5b6a29b33c9d446c8fe5213b22af4ab0c87cf453ba0fdf", kill_on_drop: false }`
[INFO] [stdout] ca005da16e975e156e5b6a29b33c9d446c8fe5213b22af4ab0c87cf453ba0fdf
[INFO] running `Command { std: "docker" "create" "-v" "/var/lib/crater-agent-workspace/builds/worker-6-tc2/target:/opt/rustwide/target:rw,Z" "-v" "/var/lib/crater-agent-workspace/builds/worker-6-tc2/source:/opt/rustwide/workdir:ro,Z" "-v" "/var/lib/crater-agent-workspace/cargo-home:/opt/rustwide/cargo-home:ro,Z" "-v" "/var/lib/crater-agent-workspace/rustup-home:/opt/rustwide/rustup-home:ro,Z" "-e" "SOURCE_DIR=/opt/rustwide/workdir" "-e" "CARGO_TARGET_DIR=/opt/rustwide/target" "-e" "CARGO_INCREMENTAL=0" "-e" "RUST_BACKTRACE=full" "-e" "RUSTFLAGS=--cap-lints=warn" "-e" "RUSTDOCFLAGS=--cap-lints=warn" "-e" "CARGO_HOME=/opt/rustwide/cargo-home" "-e" "RUSTUP_HOME=/opt/rustwide/rustup-home" "-w" "/opt/rustwide/workdir" "-m" "1610612736" "--user" "0:0" "--network" "none" "ghcr.io/rust-lang/crates-build-env/linux@sha256:2788e3201cd34a07e3172128adcd8b3090168a8e3bcc40d7c032b9dda1df7d1c" "/opt/rustwide/cargo-home/bin/cargo" "+beta-2023-12-22" "test" "--frozen" "--no-run" "--message-format=json", kill_on_drop: false }`
[INFO] [stdout] fa5a941c63e2dd1cb562f601d80993ee6055e5c89b2f279068e8a17663b989d0
[INFO] running `Command { std: "docker" "start" "-a" "fa5a941c63e2dd1cb562f601d80993ee6055e5c89b2f279068e8a17663b989d0", kill_on_drop: false }`
[INFO] [stdout] warning: `#[no_mangle]` has no effect on a foreign function
[INFO] [stdout]   --> src/proxy_sys.rs:16:5
[INFO] [stdout]    |
[INFO] [stdout] 16 |     #[no_mangle]
[INFO] [stdout]    |     ^^^^^^^^^^^^ help: remove this attribute
[INFO] [stdout] 17 |     pub fn px_proxy_factory_new() -> *mut pxProxyFactory;
[INFO] [stdout]    |     ----------------------------------------------------- foreign function
[INFO] [stdout]    |
[INFO] [stdout]    = warning: this was previously accepted by the compiler but is being phased out; it will become a hard error in a future release!
[INFO] [stdout]    = note: symbol names in extern blocks are not mangled
[INFO] [stdout]    = note: `#[warn(unused_attributes)]` on by default
[INFO] [stdout] 
[INFO] [stdout] 
[INFO] [stderr]    Compiling libproxy v0.1.1 (/opt/rustwide/workdir)
[INFO] [stdout] warning: `#[no_mangle]` has no effect on a foreign function
[INFO] [stdout]   --> src/proxy_sys.rs:70:5
[INFO] [stdout]    |
[INFO] [stdout] 70 |       #[no_mangle]
[INFO] [stdout]    |       ^^^^^^^^^^^^ help: remove this attribute
[INFO] [stdout] 71 | /     pub fn px_proxy_factory_get_proxies(
[INFO] [stdout] 72 | |         proxy_factory: *mut pxProxyFactory,
[INFO] [stdout] 73 | |         url: *const c_char,
[INFO] [stdout] 74 | |     ) -> *mut *mut c_char;
[INFO] [stdout]    | |__________________________- foreign function
[INFO] [stdout]    |
[INFO] [stdout]    = warning: this was previously accepted by the compiler but is being phased out; it will become a hard error in a future release!
[INFO] [stdout]    = note: symbol names in extern blocks are not mangled
[INFO] [stdout] 
[INFO] [stdout] 
[INFO] [stdout] warning: `#[no_mangle]` has no effect on a foreign function
[INFO] [stdout]   --> src/proxy_sys.rs:79:5
[INFO] [stdout]    |
[INFO] [stdout] 79 |     #[no_mangle]
[INFO] [stdout]    |     ^^^^^^^^^^^^ help: remove this attribute
[INFO] [stdout] 80 |     pub fn px_proxy_factory_free(proxy_factory: *mut pxProxyFactory);
[INFO] [stdout]    |     ----------------------------------------------------------------- foreign function
[INFO] [stdout]    |
[INFO] [stdout]    = warning: this was previously accepted by the compiler but is being phased out; it will become a hard error in a future release!
[INFO] [stdout]    = note: symbol names in extern blocks are not mangled
[INFO] [stdout] 
[INFO] [stdout] 
[INFO] [stdout] warning: missing documentation for a module
[INFO] [stdout]   --> src/lib.rs:13:1
[INFO] [stdout]    |
[INFO] [stdout] 13 | pub mod error;
[INFO] [stdout]    | ^^^^^^^^^^^^^
[INFO] [stdout]    |
[INFO] [stdout] note: the lint level is defined here
[INFO] [stdout]   --> src/lib.rs:7:9
[INFO] [stdout]    |
[INFO] [stdout] 7  | #![warn(missing_docs)]
[INFO] [stdout]    |         ^^^^^^^^^^^^
[INFO] [stdout] 
[INFO] [stdout] 
[INFO] [stdout] warning: missing documentation for a module
[INFO] [stdout]   --> src/lib.rs:14:1
[INFO] [stdout]    |
[INFO] [stdout] 14 | pub mod ffi;
[INFO] [stdout]    | ^^^^^^^^^^^
[INFO] [stdout] 
[INFO] [stdout] 
[INFO] [stdout] warning: missing documentation for a module
[INFO] [stdout]   --> src/lib.rs:15:1
[INFO] [stdout]    |
[INFO] [stdout] 15 | pub mod proxies;
[INFO] [stdout]    | ^^^^^^^^^^^^^^^
[INFO] [stdout] 
[INFO] [stdout] 
[INFO] [stdout] warning: missing documentation for an enum
[INFO] [stdout]  --> src/error.rs:9:1
[INFO] [stdout]   |
[INFO] [stdout] 9 | pub enum Error {
[INFO] [stdout]   | ^^^^^^^^^^^^^^
[INFO] [stdout] 
[INFO] [stdout] 
[INFO] [stdout] warning: 7 warnings emitted
[INFO] [stdout] 
[INFO] [stdout] 
[INFO] [stdout] warning: `#[no_mangle]` has no effect on a foreign function
[INFO] [stdout]   --> src/proxy_sys.rs:16:5
[INFO] [stdout]    |
[INFO] [stdout] 16 |     #[no_mangle]
[INFO] [stdout]    |     ^^^^^^^^^^^^ help: remove this attribute
[INFO] [stdout] 17 |     pub fn px_proxy_factory_new() -> *mut pxProxyFactory;
[INFO] [stdout]    |     ----------------------------------------------------- foreign function
[INFO] [stdout]    |
[INFO] [stdout]    = warning: this was previously accepted by the compiler but is being phased out; it will become a hard error in a future release!
[INFO] [stdout]    = note: symbol names in extern blocks are not mangled
[INFO] [stdout]    = note: `#[warn(unused_attributes)]` on by default
[INFO] [stdout] 
[INFO] [stdout] 
[INFO] [stdout] warning: `#[no_mangle]` has no effect on a foreign function
[INFO] [stdout]   --> src/proxy_sys.rs:70:5
[INFO] [stdout]    |
[INFO] [stdout] 70 |       #[no_mangle]
[INFO] [stdout]    |       ^^^^^^^^^^^^ help: remove this attribute
[INFO] [stdout] 71 | /     pub fn px_proxy_factory_get_proxies(
[INFO] [stdout] 72 | |         proxy_factory: *mut pxProxyFactory,
[INFO] [stdout] 73 | |         url: *const c_char,
[INFO] [stdout] 74 | |     ) -> *mut *mut c_char;
[INFO] [stdout]    | |__________________________- foreign function
[INFO] [stdout]    |
[INFO] [stdout]    = warning: this was previously accepted by the compiler but is being phased out; it will become a hard error in a future release!
[INFO] [stdout]    = note: symbol names in extern blocks are not mangled
[INFO] [stdout] 
[INFO] [stdout] 
[INFO] [stdout] warning: `#[no_mangle]` has no effect on a foreign function
[INFO] [stdout]   --> src/proxy_sys.rs:79:5
[INFO] [stdout]    |
[INFO] [stdout] 79 |     #[no_mangle]
[INFO] [stdout]    |     ^^^^^^^^^^^^ help: remove this attribute
[INFO] [stdout] 80 |     pub fn px_proxy_factory_free(proxy_factory: *mut pxProxyFactory);
[INFO] [stdout]    |     ----------------------------------------------------------------- foreign function
[INFO] [stdout]    |
[INFO] [stdout]    = warning: this was previously accepted by the compiler but is being phased out; it will become a hard error in a future release!
[INFO] [stdout]    = note: symbol names in extern blocks are not mangled
[INFO] [stdout] 
[INFO] [stdout] 
[INFO] [stdout] error: linking with `cc` failed: exit status: 1
[INFO] [stdout]   |
[INFO] [stdout]   = note: LC_ALL="C" PATH="/opt/rustwide/rustup-home/toolchains/beta-2023-12-22-x86_64-unknown-linux-gnu/lib/rustlib/x86_64-unknown-linux-gnu/bin:/opt/rustwide/cargo-home/bin:/usr/local/sbin:/usr/local/bin:/usr/sbin:/usr/bin:/sbin:/bin" VSLANG="1033" "cc" "-m64" "/tmp/rustc1pzmRY/symbols.o" "/opt/rustwide/target/debug/deps/libproxy-b2f65f23782f9421.libproxy.62c6906b7417787a-cgu.0.rcgu.o" "/opt/rustwide/target/debug/deps/libproxy-b2f65f23782f9421.2k2siv4tfovc51hv.rcgu.o" "-Wl,--as-needed" "-L" "/opt/rustwide/target/debug/deps" "-L" "/opt/rustwide/rustup-home/toolchains/beta-2023-12-22-x86_64-unknown-linux-gnu/lib/rustlib/x86_64-unknown-linux-gnu/lib" "-Wl,-Bdynamic" "-lproxy" "-Wl,-Bstatic" "/opt/rustwide/rustup-home/toolchains/beta-2023-12-22-x86_64-unknown-linux-gnu/lib/rustlib/x86_64-unknown-linux-gnu/lib/libtest-cbab71697df97b00.rlib" "/opt/rustwide/rustup-home/toolchains/beta-2023-12-22-x86_64-unknown-linux-gnu/lib/rustlib/x86_64-unknown-linux-gnu/lib/libgetopts-2a2cf8f16c536007.rlib" "/opt/rustwide/rustup-home/toolchains/beta-2023-12-22-x86_64-unknown-linux-gnu/lib/rustlib/x86_64-unknown-linux-gnu/lib/libunicode_width-c5f3cc3cceaf9070.rlib" "/opt/rustwide/rustup-home/toolchains/beta-2023-12-22-x86_64-unknown-linux-gnu/lib/rustlib/x86_64-unknown-linux-gnu/lib/librustc_std_workspace_std-a31324ec815b09db.rlib" "/opt/rustwide/target/debug/deps/liblibc-f8f493fb250ff8ce.rlib" "/opt/rustwide/rustup-home/toolchains/beta-2023-12-22-x86_64-unknown-linux-gnu/lib/rustlib/x86_64-unknown-linux-gnu/lib/libstd-0672489a78b613de.rlib" "/opt/rustwide/rustup-home/toolchains/beta-2023-12-22-x86_64-unknown-linux-gnu/lib/rustlib/x86_64-unknown-linux-gnu/lib/libpanic_unwind-7eb3ffc34a49f675.rlib" "/opt/rustwide/rustup-home/toolchains/beta-2023-12-22-x86_64-unknown-linux-gnu/lib/rustlib/x86_64-unknown-linux-gnu/lib/libobject-6478a9daa4bee8e2.rlib" "/opt/rustwide/rustup-home/toolchains/beta-2023-12-22-x86_64-unknown-linux-gnu/lib/rustlib/x86_64-unknown-linux-gnu/lib/libmemchr-0c75d871a5c3923d.rlib" "/opt/rustwide/rustup-home/toolchains/beta-2023-12-22-x86_64-unknown-linux-gnu/lib/rustlib/x86_64-unknown-linux-gnu/lib/libaddr2line-d163ef63ad37bb71.rlib" "/opt/rustwide/rustup-home/toolchains/beta-2023-12-22-x86_64-unknown-linux-gnu/lib/rustlib/x86_64-unknown-linux-gnu/lib/libgimli-8a3fd810a85b9f4c.rlib" "/opt/rustwide/rustup-home/toolchains/beta-2023-12-22-x86_64-unknown-linux-gnu/lib/rustlib/x86_64-unknown-linux-gnu/lib/librustc_demangle-462a2cde8c5dfc10.rlib" "/opt/rustwide/rustup-home/toolchains/beta-2023-12-22-x86_64-unknown-linux-gnu/lib/rustlib/x86_64-unknown-linux-gnu/lib/libstd_detect-cb06ac9f54713f71.rlib" "/opt/rustwide/rustup-home/toolchains/beta-2023-12-22-x86_64-unknown-linux-gnu/lib/rustlib/x86_64-unknown-linux-gnu/lib/libhashbrown-f20bfd1f8e59b393.rlib" "/opt/rustwide/rustup-home/toolchains/beta-2023-12-22-x86_64-unknown-linux-gnu/lib/rustlib/x86_64-unknown-linux-gnu/lib/librustc_std_workspace_alloc-1ef460949b49da4b.rlib" "/opt/rustwide/rustup-home/toolchains/beta-2023-12-22-x86_64-unknown-linux-gnu/lib/rustlib/x86_64-unknown-linux-gnu/lib/libminiz_oxide-2cb0c0ffe4f87514.rlib" "/opt/rustwide/rustup-home/toolchains/beta-2023-12-22-x86_64-unknown-linux-gnu/lib/rustlib/x86_64-unknown-linux-gnu/lib/libadler-58d841eb322a11a2.rlib" "/opt/rustwide/rustup-home/toolchains/beta-2023-12-22-x86_64-unknown-linux-gnu/lib/rustlib/x86_64-unknown-linux-gnu/lib/libunwind-aa2ae0b0a9d11533.rlib" "/opt/rustwide/rustup-home/toolchains/beta-2023-12-22-x86_64-unknown-linux-gnu/lib/rustlib/x86_64-unknown-linux-gnu/lib/libcfg_if-23874e15830ed336.rlib" "/opt/rustwide/rustup-home/toolchains/beta-2023-12-22-x86_64-unknown-linux-gnu/lib/rustlib/x86_64-unknown-linux-gnu/lib/liblibc-e47cddc003bce885.rlib" "/opt/rustwide/rustup-home/toolchains/beta-2023-12-22-x86_64-unknown-linux-gnu/lib/rustlib/x86_64-unknown-linux-gnu/lib/liballoc-c22b13b48a8f128e.rlib" "/opt/rustwide/rustup-home/toolchains/beta-2023-12-22-x86_64-unknown-linux-gnu/lib/rustlib/x86_64-unknown-linux-gnu/lib/librustc_std_workspace_core-e46bc3da6d7c462f.rlib" "/opt/rustwide/rustup-home/toolchains/beta-2023-12-22-x86_64-unknown-linux-gnu/lib/rustlib/x86_64-unknown-linux-gnu/lib/libcore-8d1ac131d3cb2645.rlib" "/opt/rustwide/rustup-home/toolchains/beta-2023-12-22-x86_64-unknown-linux-gnu/lib/rustlib/x86_64-unknown-linux-gnu/lib/libcompiler_builtins-a1b43df8c6899c1f.rlib" "-Wl,-Bdynamic" "-lutil" "-lgcc_s" "-lutil" "-lrt" "-lpthread" "-lm" "-ldl" "-lc" "-Wl,--eh-frame-hdr" "-Wl,-z,noexecstack" "-L" "/opt/rustwide/rustup-home/toolchains/beta-2023-12-22-x86_64-unknown-linux-gnu/lib/rustlib/x86_64-unknown-linux-gnu/lib" "-o" "/opt/rustwide/target/debug/deps/libproxy-b2f65f23782f9421" "-Wl,--gc-sections" "-pie" "-Wl,-z,relro,-z,now" "-nodefaultlibs"
[INFO] [stdout]   = note: /usr/bin/ld: cannot find -lproxy: No such file or directory
[INFO] [stdout]           collect2: error: ld returned 1 exit status
[INFO] [stdout]           
[INFO] [stdout] 
[INFO] [stdout] 
[INFO] [stdout] error: linking with `cc` failed: exit status: 1
[INFO] [stdout]   |
[INFO] [stdout]   = note: LC_ALL="C" PATH="/opt/rustwide/rustup-home/toolchains/beta-2023-12-22-x86_64-unknown-linux-gnu/lib/rustlib/x86_64-unknown-linux-gnu/bin:/opt/rustwide/cargo-home/bin:/usr/local/sbin:/usr/local/bin:/usr/sbin:/usr/bin:/sbin:/bin" VSLANG="1033" "cc" "-m64" "/tmp/rustcdhZRus/symbols.o" "/opt/rustwide/target/debug/examples/proxy-5df7091ecb1c70fc.proxy.e0c59601c1fcaede-cgu.0.rcgu.o" "/opt/rustwide/target/debug/examples/proxy-5df7091ecb1c70fc.3ljaz48xz9p5zaww.rcgu.o" "-Wl,--as-needed" "-L" "/opt/rustwide/target/debug/deps" "-L" "/opt/rustwide/rustup-home/toolchains/beta-2023-12-22-x86_64-unknown-linux-gnu/lib/rustlib/x86_64-unknown-linux-gnu/lib" "-Wl,-Bstatic" "/opt/rustwide/target/debug/deps/liblibproxy-7529d918861446c9.rlib" "/opt/rustwide/target/debug/deps/liblibc-f8f493fb250ff8ce.rlib" "/opt/rustwide/rustup-home/toolchains/beta-2023-12-22-x86_64-unknown-linux-gnu/lib/rustlib/x86_64-unknown-linux-gnu/lib/libstd-0672489a78b613de.rlib" "/opt/rustwide/rustup-home/toolchains/beta-2023-12-22-x86_64-unknown-linux-gnu/lib/rustlib/x86_64-unknown-linux-gnu/lib/libpanic_unwind-7eb3ffc34a49f675.rlib" "/opt/rustwide/rustup-home/toolchains/beta-2023-12-22-x86_64-unknown-linux-gnu/lib/rustlib/x86_64-unknown-linux-gnu/lib/libobject-6478a9daa4bee8e2.rlib" "/opt/rustwide/rustup-home/toolchains/beta-2023-12-22-x86_64-unknown-linux-gnu/lib/rustlib/x86_64-unknown-linux-gnu/lib/libmemchr-0c75d871a5c3923d.rlib" "/opt/rustwide/rustup-home/toolchains/beta-2023-12-22-x86_64-unknown-linux-gnu/lib/rustlib/x86_64-unknown-linux-gnu/lib/libaddr2line-d163ef63ad37bb71.rlib" "/opt/rustwide/rustup-home/toolchains/beta-2023-12-22-x86_64-unknown-linux-gnu/lib/rustlib/x86_64-unknown-linux-gnu/lib/libgimli-8a3fd810a85b9f4c.rlib" "/opt/rustwide/rustup-home/toolchains/beta-2023-12-22-x86_64-unknown-linux-gnu/lib/rustlib/x86_64-unknown-linux-gnu/lib/librustc_demangle-462a2cde8c5dfc10.rlib" "/opt/rustwide/rustup-home/toolchains/beta-2023-12-22-x86_64-unknown-linux-gnu/lib/rustlib/x86_64-unknown-linux-gnu/lib/libstd_detect-cb06ac9f54713f71.rlib" "/opt/rustwide/rustup-home/toolchains/beta-2023-12-22-x86_64-unknown-linux-gnu/lib/rustlib/x86_64-unknown-linux-gnu/lib/libhashbrown-f20bfd1f8e59b393.rlib" "/opt/rustwide/rustup-home/toolchains/beta-2023-12-22-x86_64-unknown-linux-gnu/lib/rustlib/x86_64-unknown-linux-gnu/lib/librustc_std_workspace_alloc-1ef460949b49da4b.rlib" "/opt/rustwide/rustup-home/toolchains/beta-2023-12-22-x86_64-unknown-linux-gnu/lib/rustlib/x86_64-unknown-linux-gnu/lib/libminiz_oxide-2cb0c0ffe4f87514.rlib" "/opt/rustwide/rustup-home/toolchains/beta-2023-12-22-x86_64-unknown-linux-gnu/lib/rustlib/x86_64-unknown-linux-gnu/lib/libadler-58d841eb322a11a2.rlib" "/opt/rustwide/rustup-home/toolchains/beta-2023-12-22-x86_64-unknown-linux-gnu/lib/rustlib/x86_64-unknown-linux-gnu/lib/libunwind-aa2ae0b0a9d11533.rlib" "/opt/rustwide/rustup-home/toolchains/beta-2023-12-22-x86_64-unknown-linux-gnu/lib/rustlib/x86_64-unknown-linux-gnu/lib/libcfg_if-23874e15830ed336.rlib" "/opt/rustwide/rustup-home/toolchains/beta-2023-12-22-x86_64-unknown-linux-gnu/lib/rustlib/x86_64-unknown-linux-gnu/lib/liblibc-e47cddc003bce885.rlib" "/opt/rustwide/rustup-home/toolchains/beta-2023-12-22-x86_64-unknown-linux-gnu/lib/rustlib/x86_64-unknown-linux-gnu/lib/liballoc-c22b13b48a8f128e.rlib" "/opt/rustwide/rustup-home/toolchains/beta-2023-12-22-x86_64-unknown-linux-gnu/lib/rustlib/x86_64-unknown-linux-gnu/lib/librustc_std_workspace_core-e46bc3da6d7c462f.rlib" "/opt/rustwide/rustup-home/toolchains/beta-2023-12-22-x86_64-unknown-linux-gnu/lib/rustlib/x86_64-unknown-linux-gnu/lib/libcore-8d1ac131d3cb2645.rlib" "/opt/rustwide/rustup-home/toolchains/beta-2023-12-22-x86_64-unknown-linux-gnu/lib/rustlib/x86_64-unknown-linux-gnu/lib/libcompiler_builtins-a1b43df8c6899c1f.rlib" "-Wl,-Bdynamic" "-lproxy" "-lutil" "-lgcc_s" "-lutil" "-lrt" "-lpthread" "-lm" "-ldl" "-lc" "-Wl,--eh-frame-hdr" "-Wl,-z,noexecstack" "-L" "/opt/rustwide/rustup-home/toolchains/beta-2023-12-22-x86_64-unknown-linux-gnu/lib/rustlib/x86_64-unknown-linux-gnu/lib" "-o" "/opt/rustwide/target/debug/examples/proxy-5df7091ecb1c70fc" "-Wl,--gc-sections" "-pie" "-Wl,-z,relro,-z,now" "-nodefaultlibs"
[INFO] [stdout]   = note: /usr/bin/ld: cannot find -lproxy: No such file or directory
[INFO] [stdout]           collect2: error: ld returned 1 exit status
[INFO] [stdout]           
[INFO] [stdout] 
[INFO] [stdout] 
[INFO] [stdout] error: aborting due to 1 previous error
[INFO] [stdout] 
[INFO] [stdout] 
[INFO] [stdout] error: aborting due to 1 previous error; 3 warnings emitted
[INFO] [stdout] 
[INFO] [stdout] 
[INFO] [stderr] error: could not compile `libproxy` (example "proxy") due to 2 previous errors
[INFO] [stderr] warning: build failed, waiting for other jobs to finish...
[INFO] [stderr] error: could not compile `libproxy` (lib test) due to 2 previous errors; 3 warnings emitted
[INFO] running `Command { std: "docker" "inspect" "fa5a941c63e2dd1cb562f601d80993ee6055e5c89b2f279068e8a17663b989d0", kill_on_drop: false }`
[INFO] running `Command { std: "docker" "rm" "-f" "fa5a941c63e2dd1cb562f601d80993ee6055e5c89b2f279068e8a17663b989d0", kill_on_drop: false }`
[INFO] [stdout] fa5a941c63e2dd1cb562f601d80993ee6055e5c89b2f279068e8a17663b989d0
