[INFO] fetching crate libplist 0.1.0...
[INFO] testing libplist-0.1.0 against 1.75.0 for beta-1.76-1
[INFO] extracting crate libplist 0.1.0 into /workspace/builds/worker-1-tc1/source
[INFO] validating manifest of crates.io crate libplist 0.1.0 on toolchain 1.75.0
[INFO] running `Command { std: CARGO_HOME="/workspace/cargo-home" RUSTUP_HOME="/workspace/rustup-home" "/workspace/cargo-home/bin/cargo" "+1.75.0" "metadata" "--manifest-path" "Cargo.toml" "--no-deps", kill_on_drop: false }`
[INFO] started tweaking crates.io crate libplist 0.1.0
[INFO] finished tweaking crates.io crate libplist 0.1.0
[INFO] tweaked toml for crates.io crate libplist 0.1.0 written to /workspace/builds/worker-1-tc1/source/Cargo.toml
[INFO] running `Command { std: CARGO_HOME="/workspace/cargo-home" RUSTUP_HOME="/workspace/rustup-home" "/workspace/cargo-home/bin/cargo" "+1.75.0" "generate-lockfile" "--manifest-path" "Cargo.toml", kill_on_drop: false }`
[INFO] [stderr]     Updating crates.io index
[INFO] running `Command { std: CARGO_HOME="/workspace/cargo-home" RUSTUP_HOME="/workspace/rustup-home" "/workspace/cargo-home/bin/cargo" "+1.75.0" "fetch" "--manifest-path" "Cargo.toml", kill_on_drop: false }`
[INFO] running `Command { std: "docker" "create" "-v" "/var/lib/crater-agent-workspace/builds/worker-1-tc1/target:/opt/rustwide/target:rw,Z" "-v" "/var/lib/crater-agent-workspace/builds/worker-1-tc1/source:/opt/rustwide/workdir:ro,Z" "-v" "/var/lib/crater-agent-workspace/cargo-home:/opt/rustwide/cargo-home:ro,Z" "-v" "/var/lib/crater-agent-workspace/rustup-home:/opt/rustwide/rustup-home:ro,Z" "-e" "SOURCE_DIR=/opt/rustwide/workdir" "-e" "CARGO_TARGET_DIR=/opt/rustwide/target" "-e" "CARGO_HOME=/opt/rustwide/cargo-home" "-e" "RUSTUP_HOME=/opt/rustwide/rustup-home" "-w" "/opt/rustwide/workdir" "-m" "1610612736" "--user" "0:0" "--network" "none" "ghcr.io/rust-lang/crates-build-env/linux@sha256:2788e3201cd34a07e3172128adcd8b3090168a8e3bcc40d7c032b9dda1df7d1c" "/opt/rustwide/cargo-home/bin/cargo" "+1.75.0" "metadata" "--no-deps" "--format-version=1", kill_on_drop: false }`
[INFO] [stdout] 926b5eb8913c7667ac8125450e67c082c119f5c4ae4ecc24062d4df5172262da
[INFO] running `Command { std: "docker" "start" "-a" "926b5eb8913c7667ac8125450e67c082c119f5c4ae4ecc24062d4df5172262da", kill_on_drop: false }`
[INFO] running `Command { std: "docker" "inspect" "926b5eb8913c7667ac8125450e67c082c119f5c4ae4ecc24062d4df5172262da", kill_on_drop: false }`
[INFO] running `Command { std: "docker" "rm" "-f" "926b5eb8913c7667ac8125450e67c082c119f5c4ae4ecc24062d4df5172262da", kill_on_drop: false }`
[INFO] [stdout] 926b5eb8913c7667ac8125450e67c082c119f5c4ae4ecc24062d4df5172262da
[INFO] running `Command { std: "docker" "create" "-v" "/var/lib/crater-agent-workspace/builds/worker-1-tc1/target:/opt/rustwide/target:rw,Z" "-v" "/var/lib/crater-agent-workspace/builds/worker-1-tc1/source:/opt/rustwide/workdir:ro,Z" "-v" "/var/lib/crater-agent-workspace/cargo-home:/opt/rustwide/cargo-home:ro,Z" "-v" "/var/lib/crater-agent-workspace/rustup-home:/opt/rustwide/rustup-home:ro,Z" "-e" "SOURCE_DIR=/opt/rustwide/workdir" "-e" "CARGO_TARGET_DIR=/opt/rustwide/target" "-e" "CARGO_INCREMENTAL=0" "-e" "RUST_BACKTRACE=full" "-e" "RUSTFLAGS=--cap-lints=warn" "-e" "RUSTDOCFLAGS=--cap-lints=warn" "-e" "CARGO_HOME=/opt/rustwide/cargo-home" "-e" "RUSTUP_HOME=/opt/rustwide/rustup-home" "-w" "/opt/rustwide/workdir" "-m" "1610612736" "--user" "0:0" "--network" "none" "ghcr.io/rust-lang/crates-build-env/linux@sha256:2788e3201cd34a07e3172128adcd8b3090168a8e3bcc40d7c032b9dda1df7d1c" "/opt/rustwide/cargo-home/bin/cargo" "+1.75.0" "build" "--frozen" "--message-format=json", kill_on_drop: false }`
[INFO] [stdout] 526ce35e8f29adcc36fff38a915ec2aff18e19381404df9f5dc54a656e24a315
[INFO] running `Command { std: "docker" "start" "-a" "526ce35e8f29adcc36fff38a915ec2aff18e19381404df9f5dc54a656e24a315", kill_on_drop: false }`
[INFO] [stderr]    Compiling libc v0.2.151
[INFO] [stderr]    Compiling memchr v2.7.1
[INFO] [stderr]    Compiling glob v0.3.1
[INFO] [stderr]    Compiling version_check v0.9.4
[INFO] [stderr]    Compiling regex-syntax v0.8.2
[INFO] [stderr]    Compiling proc-macro2 v1.0.75
[INFO] [stderr]    Compiling unicode-ident v1.0.12
[INFO] [stderr]    Compiling quick-error v1.2.3
[INFO] [stderr]    Compiling unicode-width v0.1.11
[INFO] [stderr]    Compiling humantime v1.3.0
[INFO] [stderr]    Compiling textwrap v0.11.0
[INFO] [stderr]    Compiling ansi_term v0.12.1
[INFO] [stderr]    Compiling termcolor v1.4.0
[INFO] [stderr]    Compiling nom v5.1.3
[INFO] [stderr]    Compiling clang-sys v0.29.3
[INFO] [stderr]    Compiling vec_map v0.8.2
[INFO] [stderr]    Compiling bindgen v0.53.3
[INFO] [stderr]    Compiling aho-corasick v1.1.2
[INFO] [stderr]    Compiling bitflags v1.3.2
[INFO] [stderr]    Compiling autocfg v1.1.0
[INFO] [stderr]    Compiling log v0.4.20
[INFO] [stderr]    Compiling strsim v0.8.0
[INFO] [stderr]    Compiling cc v1.0.83
[INFO] [stderr]    Compiling atty v0.2.14
[INFO] [stderr]    Compiling clap v2.34.0
[INFO] [stderr]    Compiling which v3.1.1
[INFO] [stderr]    Compiling quote v1.0.35
[INFO] [stderr]    Compiling num-traits v0.2.17
[INFO] [stderr]    Compiling cfg-if v0.1.10
[INFO] [stderr]    Compiling lazy_static v1.4.0
[INFO] [stderr]    Compiling lazycell v1.3.0
[INFO] [stderr]    Compiling rustc-hash v1.1.0
[INFO] [stderr]    Compiling peeking_take_while v0.1.2
[INFO] [stderr]    Compiling shlex v0.1.1
[INFO] [stderr]    Compiling pkg-config v0.3.28
[INFO] [stderr]    Compiling iana-time-zone v0.1.59
[INFO] [stderr]    Compiling regex-automata v0.4.3
[INFO] [stderr]    Compiling libloading v0.5.2
[INFO] [stderr]    Compiling cexpr v0.4.0
[INFO] [stderr]    Compiling chrono v0.4.31
[INFO] [stderr]    Compiling regex v1.10.2
[INFO] [stderr]    Compiling env_logger v0.7.1
[INFO] [stderr]    Compiling libplist v0.1.0 (/opt/rustwide/workdir)
[INFO] [stdout] error[E0425]: cannot find function `plist_mem_free` in module `ffi`
[INFO] [stdout]    --> src/plist.rs:374:26
[INFO] [stdout]     |
[INFO] [stdout] 374 |                     ffi::plist_mem_free(buffer as *mut c_void);
[INFO] [stdout]     |                          ^^^^^^^^^^^^^^ help: a function with a similar name exists: `plist_free`
[INFO] [stdout]     |
[INFO] [stdout]    ::: /opt/rustwide/target/debug/build/libplist-4f9912153dc37ed9/out/libplist_bindings.rs:3:1452
[INFO] [stdout]     |
[INFO] [stdout] 3   | ...ist_t ; } extern "C" { pub fn plist_free (plist : plist_t) ; } extern "C" { pub fn plist_copy (node : plist_t) -> plist_t ; } extern "...
[INFO] [stdout]     |                           ------------------------------------- similarly named function `plist_free` defined here
[INFO] [stdout] 
[INFO] [stdout] 
[INFO] [stdout] error[E0425]: cannot find function `plist_mem_free` in module `ffi`
[INFO] [stdout]    --> src/plist.rs:400:26
[INFO] [stdout]     |
[INFO] [stdout] 400 |                     ffi::plist_mem_free(buffer as *mut c_void);
[INFO] [stdout]     |                          ^^^^^^^^^^^^^^ help: a function with a similar name exists: `plist_free`
[INFO] [stdout]     |
[INFO] [stdout]    ::: /opt/rustwide/target/debug/build/libplist-4f9912153dc37ed9/out/libplist_bindings.rs:3:1452
[INFO] [stdout]     |
[INFO] [stdout] 3   | ...ist_t ; } extern "C" { pub fn plist_free (plist : plist_t) ; } extern "C" { pub fn plist_copy (node : plist_t) -> plist_t ; } extern "...
[INFO] [stdout]     |                           ------------------------------------- similarly named function `plist_free` defined here
[INFO] [stdout] 
[INFO] [stdout] 
[INFO] [stdout] warning: use of deprecated method `chrono::TimeZone::timestamp`: use `timestamp_opt()` instead
[INFO] [stdout]    --> src/plist.rs:263:32
[INFO] [stdout]     |
[INFO] [stdout] 263 |             let datetime = Utc.timestamp(secs as i64, (usecs as u32) * 1000);
[INFO] [stdout]     |                                ^^^^^^^^^
[INFO] [stdout]     |
[INFO] [stdout]     = note: `#[warn(deprecated)]` on by default
[INFO] [stdout] 
[INFO] [stdout] 
[INFO] [stdout] warning: use of deprecated method `chrono::TimeZone::timestamp`: use `timestamp_opt()` instead
[INFO] [stdout]    --> src/plist.rs:594:32
[INFO] [stdout]     |
[INFO] [stdout] 594 |             let datetime = Utc.timestamp(secs, (usec * 1000) as u32);
[INFO] [stdout]     |                                ^^^^^^^^^
[INFO] [stdout] 
[INFO] [stdout] 
[INFO] [stdout] error: aborting due to 2 previous errors; 2 warnings emitted
[INFO] [stdout] 
[INFO] [stdout] 
[INFO] [stdout] For more information about this error, try `rustc --explain E0425`.
[INFO] [stdout] 
[INFO] [stderr] error: could not compile `libplist` (lib) due to 3 previous errors; 2 warnings emitted
[INFO] running `Command { std: "docker" "inspect" "526ce35e8f29adcc36fff38a915ec2aff18e19381404df9f5dc54a656e24a315", kill_on_drop: false }`
[INFO] running `Command { std: "docker" "rm" "-f" "526ce35e8f29adcc36fff38a915ec2aff18e19381404df9f5dc54a656e24a315", kill_on_drop: false }`
[INFO] [stdout] 526ce35e8f29adcc36fff38a915ec2aff18e19381404df9f5dc54a656e24a315
[INFO] testing libplist-0.1.0 against beta-2023-12-22 for beta-1.76-1
[INFO] extracting crate libplist 0.1.0 into /workspace/builds/worker-1-tc2/source
[INFO] validating manifest of crates.io crate libplist 0.1.0 on toolchain beta-2023-12-22
[INFO] running `Command { std: CARGO_HOME="/workspace/cargo-home" RUSTUP_HOME="/workspace/rustup-home" "/workspace/cargo-home/bin/cargo" "+beta-2023-12-22" "metadata" "--manifest-path" "Cargo.toml" "--no-deps", kill_on_drop: false }`
[INFO] started tweaking crates.io crate libplist 0.1.0
[INFO] finished tweaking crates.io crate libplist 0.1.0
[INFO] tweaked toml for crates.io crate libplist 0.1.0 written to /workspace/builds/worker-1-tc2/source/Cargo.toml
[INFO] running `Command { std: CARGO_HOME="/workspace/cargo-home" RUSTUP_HOME="/workspace/rustup-home" "/workspace/cargo-home/bin/cargo" "+beta-2023-12-22" "generate-lockfile" "--manifest-path" "Cargo.toml", kill_on_drop: false }`
[INFO] [stderr]     Blocking waiting for file lock on package cache
[INFO] [stderr]     Updating crates.io index
[INFO] running `Command { std: CARGO_HOME="/workspace/cargo-home" RUSTUP_HOME="/workspace/rustup-home" "/workspace/cargo-home/bin/cargo" "+beta-2023-12-22" "fetch" "--manifest-path" "Cargo.toml", kill_on_drop: false }`
[INFO] [stderr]     Blocking waiting for file lock on package cache
[INFO] running `Command { std: "docker" "create" "-v" "/var/lib/crater-agent-workspace/builds/worker-1-tc2/target:/opt/rustwide/target:rw,Z" "-v" "/var/lib/crater-agent-workspace/builds/worker-1-tc2/source:/opt/rustwide/workdir:ro,Z" "-v" "/var/lib/crater-agent-workspace/cargo-home:/opt/rustwide/cargo-home:ro,Z" "-v" "/var/lib/crater-agent-workspace/rustup-home:/opt/rustwide/rustup-home:ro,Z" "-e" "SOURCE_DIR=/opt/rustwide/workdir" "-e" "CARGO_TARGET_DIR=/opt/rustwide/target" "-e" "CARGO_HOME=/opt/rustwide/cargo-home" "-e" "RUSTUP_HOME=/opt/rustwide/rustup-home" "-w" "/opt/rustwide/workdir" "-m" "1610612736" "--user" "0:0" "--network" "none" "ghcr.io/rust-lang/crates-build-env/linux@sha256:2788e3201cd34a07e3172128adcd8b3090168a8e3bcc40d7c032b9dda1df7d1c" "/opt/rustwide/cargo-home/bin/cargo" "+beta-2023-12-22" "metadata" "--no-deps" "--format-version=1", kill_on_drop: false }`
[INFO] [stdout] 5ed508afc851aa1bf8a26bd791efdf130f0fffe56581de809c84d58291e6e4ca
[INFO] running `Command { std: "docker" "start" "-a" "5ed508afc851aa1bf8a26bd791efdf130f0fffe56581de809c84d58291e6e4ca", kill_on_drop: false }`
[INFO] running `Command { std: "docker" "inspect" "5ed508afc851aa1bf8a26bd791efdf130f0fffe56581de809c84d58291e6e4ca", kill_on_drop: false }`
[INFO] running `Command { std: "docker" "rm" "-f" "5ed508afc851aa1bf8a26bd791efdf130f0fffe56581de809c84d58291e6e4ca", kill_on_drop: false }`
[INFO] [stdout] 5ed508afc851aa1bf8a26bd791efdf130f0fffe56581de809c84d58291e6e4ca
[INFO] running `Command { std: "docker" "create" "-v" "/var/lib/crater-agent-workspace/builds/worker-1-tc2/target:/opt/rustwide/target:rw,Z" "-v" "/var/lib/crater-agent-workspace/builds/worker-1-tc2/source:/opt/rustwide/workdir:ro,Z" "-v" "/var/lib/crater-agent-workspace/cargo-home:/opt/rustwide/cargo-home:ro,Z" "-v" "/var/lib/crater-agent-workspace/rustup-home:/opt/rustwide/rustup-home:ro,Z" "-e" "SOURCE_DIR=/opt/rustwide/workdir" "-e" "CARGO_TARGET_DIR=/opt/rustwide/target" "-e" "CARGO_INCREMENTAL=0" "-e" "RUST_BACKTRACE=full" "-e" "RUSTFLAGS=--cap-lints=warn" "-e" "RUSTDOCFLAGS=--cap-lints=warn" "-e" "CARGO_HOME=/opt/rustwide/cargo-home" "-e" "RUSTUP_HOME=/opt/rustwide/rustup-home" "-w" "/opt/rustwide/workdir" "-m" "1610612736" "--user" "0:0" "--network" "none" "ghcr.io/rust-lang/crates-build-env/linux@sha256:2788e3201cd34a07e3172128adcd8b3090168a8e3bcc40d7c032b9dda1df7d1c" "/opt/rustwide/cargo-home/bin/cargo" "+beta-2023-12-22" "build" "--frozen" "--message-format=json", kill_on_drop: false }`
[INFO] [stdout] 773dd026f618cd83ecdfc417af1d3c733830f1a914acd9bdaf9dbb3e85b10fc3
[INFO] running `Command { std: "docker" "start" "-a" "773dd026f618cd83ecdfc417af1d3c733830f1a914acd9bdaf9dbb3e85b10fc3", kill_on_drop: false }`
[INFO] [stderr]    Compiling libc v0.2.151
[INFO] [stderr]    Compiling memchr v2.7.1
[INFO] [stderr]    Compiling glob v0.3.1
[INFO] [stderr]    Compiling version_check v0.9.4
[INFO] [stderr]    Compiling proc-macro2 v1.0.75
[INFO] [stderr]    Compiling regex-syntax v0.8.2
[INFO] [stderr]    Compiling quick-error v1.2.3
[INFO] [stderr]    Compiling unicode-width v0.1.11
[INFO] [stderr]    Compiling unicode-ident v1.0.12
[INFO] [stderr]    Compiling textwrap v0.11.0
[INFO] [stderr]    Compiling humantime v1.3.0
[INFO] [stderr]    Compiling ansi_term v0.12.1
[INFO] [stderr]    Compiling strsim v0.8.0
[INFO] [stderr]    Compiling clang-sys v0.29.3
[INFO] [stderr]    Compiling nom v5.1.3
[INFO] [stderr]    Compiling aho-corasick v1.1.2
[INFO] [stderr]    Compiling vec_map v0.8.2
[INFO] [stderr]    Compiling bitflags v1.3.2
[INFO] [stderr]    Compiling autocfg v1.1.0
[INFO] [stderr]    Compiling termcolor v1.4.0
[INFO] [stderr]    Compiling log v0.4.20
[INFO] [stderr]    Compiling bindgen v0.53.3
[INFO] [stderr]    Compiling quote v1.0.35
[INFO] [stderr]    Compiling num-traits v0.2.17
[INFO] [stderr]    Compiling cfg-if v0.1.10
[INFO] [stderr]    Compiling cc v1.0.83
[INFO] [stderr]    Compiling atty v0.2.14
[INFO] [stderr]    Compiling which v3.1.1
[INFO] [stderr]    Compiling clap v2.34.0
[INFO] [stderr]    Compiling lazy_static v1.4.0
[INFO] [stderr]    Compiling rustc-hash v1.1.0
[INFO] [stderr]    Compiling shlex v0.1.1
[INFO] [stderr]    Compiling lazycell v1.3.0
[INFO] [stderr]    Compiling peeking_take_while v0.1.2
[INFO] [stderr]    Compiling pkg-config v0.3.28
[INFO] [stderr]    Compiling iana-time-zone v0.1.59
[INFO] [stderr]    Compiling cexpr v0.4.0
[INFO] [stderr]    Compiling regex-automata v0.4.3
[INFO] [stderr]    Compiling chrono v0.4.31
[INFO] [stderr]    Compiling libloading v0.5.2
[INFO] [stderr]    Compiling regex v1.10.2
[INFO] [stderr]    Compiling env_logger v0.7.1
[INFO] [stderr]    Compiling libplist v0.1.0 (/opt/rustwide/workdir)
[INFO] [stdout] error[E0425]: cannot find function `plist_mem_free` in module `ffi`
[INFO] [stdout]    --> src/plist.rs:374:26
[INFO] [stdout]     |
[INFO] [stdout] 374 |                     ffi::plist_mem_free(buffer as *mut c_void);
[INFO] [stdout]     |                          ^^^^^^^^^^^^^^ help: a function with a similar name exists: `plist_free`
[INFO] [stdout]     |
[INFO] [stdout]    ::: /opt/rustwide/target/debug/build/libplist-4825fc73813b186d/out/libplist_bindings.rs:3:1452
[INFO] [stdout]     |
[INFO] [stdout] 3   | ...ist_t ; } extern "C" { pub fn plist_free (plist : plist_t) ; } extern "C" { pub fn plist_copy (node : plist_t) -> plist_t ; } extern "...
[INFO] [stdout]     |                           ------------------------------------- similarly named function `plist_free` defined here
[INFO] [stdout] 
[INFO] [stdout] 
[INFO] [stdout] error[E0425]: cannot find function `plist_mem_free` in module `ffi`
[INFO] [stdout]    --> src/plist.rs:400:26
[INFO] [stdout]     |
[INFO] [stdout] 400 |                     ffi::plist_mem_free(buffer as *mut c_void);
[INFO] [stdout]     |                          ^^^^^^^^^^^^^^ help: a function with a similar name exists: `plist_free`
[INFO] [stdout]     |
[INFO] [stdout]    ::: /opt/rustwide/target/debug/build/libplist-4825fc73813b186d/out/libplist_bindings.rs:3:1452
[INFO] [stdout]     |
[INFO] [stdout] 3   | ...ist_t ; } extern "C" { pub fn plist_free (plist : plist_t) ; } extern "C" { pub fn plist_copy (node : plist_t) -> plist_t ; } extern "...
[INFO] [stdout]     |                           ------------------------------------- similarly named function `plist_free` defined here
[INFO] [stdout] 
[INFO] [stdout] 
[INFO] [stdout] warning: use of deprecated method `chrono::TimeZone::timestamp`: use `timestamp_opt()` instead
[INFO] [stdout]    --> src/plist.rs:263:32
[INFO] [stdout]     |
[INFO] [stdout] 263 |             let datetime = Utc.timestamp(secs as i64, (usecs as u32) * 1000);
[INFO] [stdout]     |                                ^^^^^^^^^
[INFO] [stdout]     |
[INFO] [stdout]     = note: `#[warn(deprecated)]` on by default
[INFO] [stdout] 
[INFO] [stdout] 
[INFO] [stdout] warning: use of deprecated method `chrono::TimeZone::timestamp`: use `timestamp_opt()` instead
[INFO] [stdout]    --> src/plist.rs:594:32
[INFO] [stdout]     |
[INFO] [stdout] 594 |             let datetime = Utc.timestamp(secs, (usec * 1000) as u32);
[INFO] [stdout]     |                                ^^^^^^^^^
[INFO] [stdout] 
[INFO] [stdout] 
[INFO] [stdout] error: aborting due to 2 previous errors; 2 warnings emitted
[INFO] [stdout] 
[INFO] [stdout] 
[INFO] [stdout] For more information about this error, try `rustc --explain E0425`.
[INFO] [stdout] 
[INFO] [stderr] error: could not compile `libplist` (lib) due to 3 previous errors; 2 warnings emitted
[INFO] running `Command { std: "docker" "inspect" "773dd026f618cd83ecdfc417af1d3c733830f1a914acd9bdaf9dbb3e85b10fc3", kill_on_drop: false }`
[INFO] running `Command { std: "docker" "rm" "-f" "773dd026f618cd83ecdfc417af1d3c733830f1a914acd9bdaf9dbb3e85b10fc3", kill_on_drop: false }`
[INFO] [stdout] 773dd026f618cd83ecdfc417af1d3c733830f1a914acd9bdaf9dbb3e85b10fc3
