[INFO] fetching crate libp2p-swarm 0.44.0...
[INFO] testing libp2p-swarm-0.44.0 against 1.75.0 for beta-1.76-1
[INFO] extracting crate libp2p-swarm 0.44.0 into /workspace/builds/worker-2-tc1/source
[INFO] validating manifest of crates.io crate libp2p-swarm 0.44.0 on toolchain 1.75.0
[INFO] running `Command { std: CARGO_HOME="/workspace/cargo-home" RUSTUP_HOME="/workspace/rustup-home" "/workspace/cargo-home/bin/cargo" "+1.75.0" "metadata" "--manifest-path" "Cargo.toml" "--no-deps", kill_on_drop: false }`
[INFO] started tweaking crates.io crate libp2p-swarm 0.44.0
[INFO] removed 0 missing tests
[INFO] finished tweaking crates.io crate libp2p-swarm 0.44.0
[INFO] tweaked toml for crates.io crate libp2p-swarm 0.44.0 written to /workspace/builds/worker-2-tc1/source/Cargo.toml
[INFO] running `Command { std: CARGO_HOME="/workspace/cargo-home" RUSTUP_HOME="/workspace/rustup-home" "/workspace/cargo-home/bin/cargo" "+1.75.0" "generate-lockfile" "--manifest-path" "Cargo.toml", kill_on_drop: false }`
[INFO] [stderr]     Updating crates.io index
[INFO] running `Command { std: CARGO_HOME="/workspace/cargo-home" RUSTUP_HOME="/workspace/rustup-home" "/workspace/cargo-home/bin/cargo" "+1.75.0" "fetch" "--manifest-path" "Cargo.toml", kill_on_drop: false }`
[INFO] [stderr]  Downloading crates ...
[INFO] [stderr]   Downloaded rw-stream-sink v0.4.0
[INFO] [stderr]   Downloaded libp2p-core v0.41.2
[INFO] [stderr]   Downloaded libp2p-swarm-derive v0.34.0
[INFO] [stderr]   Downloaded multistream-select v0.13.0
[INFO] running `Command { std: "docker" "create" "-v" "/var/lib/crater-agent-workspace/builds/worker-2-tc1/target:/opt/rustwide/target:rw,Z" "-v" "/var/lib/crater-agent-workspace/builds/worker-2-tc1/source:/opt/rustwide/workdir:ro,Z" "-v" "/var/lib/crater-agent-workspace/cargo-home:/opt/rustwide/cargo-home:ro,Z" "-v" "/var/lib/crater-agent-workspace/rustup-home:/opt/rustwide/rustup-home:ro,Z" "-e" "SOURCE_DIR=/opt/rustwide/workdir" "-e" "CARGO_TARGET_DIR=/opt/rustwide/target" "-e" "CARGO_HOME=/opt/rustwide/cargo-home" "-e" "RUSTUP_HOME=/opt/rustwide/rustup-home" "-w" "/opt/rustwide/workdir" "-m" "1610612736" "--user" "0:0" "--network" "none" "ghcr.io/rust-lang/crates-build-env/linux@sha256:2788e3201cd34a07e3172128adcd8b3090168a8e3bcc40d7c032b9dda1df7d1c" "/opt/rustwide/cargo-home/bin/cargo" "+1.75.0" "metadata" "--no-deps" "--format-version=1", kill_on_drop: false }`
[INFO] [stdout] 32aaf8d14ac5e8d1570f16aaadb69d9462d9823ed838b54700b38ab9065e8705
[INFO] running `Command { std: "docker" "start" "-a" "32aaf8d14ac5e8d1570f16aaadb69d9462d9823ed838b54700b38ab9065e8705", kill_on_drop: false }`
[INFO] running `Command { std: "docker" "inspect" "32aaf8d14ac5e8d1570f16aaadb69d9462d9823ed838b54700b38ab9065e8705", kill_on_drop: false }`
[INFO] running `Command { std: "docker" "rm" "-f" "32aaf8d14ac5e8d1570f16aaadb69d9462d9823ed838b54700b38ab9065e8705", kill_on_drop: false }`
[INFO] [stdout] 32aaf8d14ac5e8d1570f16aaadb69d9462d9823ed838b54700b38ab9065e8705
[INFO] running `Command { std: "docker" "create" "-v" "/var/lib/crater-agent-workspace/builds/worker-2-tc1/target:/opt/rustwide/target:rw,Z" "-v" "/var/lib/crater-agent-workspace/builds/worker-2-tc1/source:/opt/rustwide/workdir:ro,Z" "-v" "/var/lib/crater-agent-workspace/cargo-home:/opt/rustwide/cargo-home:ro,Z" "-v" "/var/lib/crater-agent-workspace/rustup-home:/opt/rustwide/rustup-home:ro,Z" "-e" "SOURCE_DIR=/opt/rustwide/workdir" "-e" "CARGO_TARGET_DIR=/opt/rustwide/target" "-e" "CARGO_INCREMENTAL=0" "-e" "RUST_BACKTRACE=full" "-e" "RUSTFLAGS=--cap-lints=warn" "-e" "RUSTDOCFLAGS=--cap-lints=warn" "-e" "CARGO_HOME=/opt/rustwide/cargo-home" "-e" "RUSTUP_HOME=/opt/rustwide/rustup-home" "-w" "/opt/rustwide/workdir" "-m" "1610612736" "--user" "0:0" "--network" "none" "ghcr.io/rust-lang/crates-build-env/linux@sha256:2788e3201cd34a07e3172128adcd8b3090168a8e3bcc40d7c032b9dda1df7d1c" "/opt/rustwide/cargo-home/bin/cargo" "+1.75.0" "build" "--frozen" "--message-format=json", kill_on_drop: false }`
[INFO] [stdout] f3f0d5ad998d613864ae852e30a5193d1215a73ffb4d0018c5500a682f3c0551
[INFO] running `Command { std: "docker" "start" "-a" "f3f0d5ad998d613864ae852e30a5193d1215a73ffb4d0018c5500a682f3c0551", kill_on_drop: false }`
[INFO] [stderr]    Compiling semver v1.0.21
[INFO] [stderr]    Compiling subtle v2.5.0
[INFO] [stderr]    Compiling futures-sink v0.3.30
[INFO] [stderr]    Compiling syn v2.0.48
[INFO] [stderr]    Compiling futures-core v0.3.30
[INFO] [stderr]    Compiling syn v1.0.109
[INFO] [stderr]    Compiling crypto-common v0.1.6
[INFO] [stderr]    Compiling platforms v3.3.0
[INFO] [stderr]    Compiling signature v2.2.0
[INFO] [stderr]    Compiling digest v0.10.7
[INFO] [stderr]    Compiling futures-channel v0.3.30
[INFO] [stderr]    Compiling zeroize v1.7.0
[INFO] [stderr]    Compiling ed25519 v2.2.3
[INFO] [stderr]    Compiling getrandom v0.2.11
[INFO] [stderr]    Compiling core2 v0.4.0
[INFO] [stderr]    Compiling lock_api v0.4.11
[INFO] [stderr]    Compiling smallvec v1.11.2
[INFO] [stderr]    Compiling sha2 v0.10.8
[INFO] [stderr]    Compiling hmac v0.12.1
[INFO] [stderr]    Compiling parking_lot_core v0.9.9
[INFO] [stderr]    Compiling rustc_version v0.4.0
[INFO] [stderr]    Compiling data-encoding v2.5.0
[INFO] [stderr]    Compiling hkdf v0.12.4
[INFO] [stderr]    Compiling multihash v0.19.1
[INFO] [stderr]    Compiling rand_core v0.6.4
[INFO] [stderr]    Compiling quick-protobuf v0.8.1
[INFO] [stderr]    Compiling static_assertions v1.1.0
[INFO] [stderr]    Compiling curve25519-dalek v4.1.1
[INFO] [stderr]    Compiling bs58 v0.5.0
[INFO] [stderr]    Compiling ppv-lite86 v0.2.17
[INFO] [stderr]    Compiling scopeguard v1.2.0
[INFO] [stderr]    Compiling url v2.5.0
[INFO] [stderr]    Compiling instant v0.1.12
[INFO] [stderr]    Compiling either v1.9.0
[INFO] [stderr]    Compiling rand_chacha v0.3.1
[INFO] [stderr]    Compiling parking_lot v0.12.1
[INFO] [stderr]    Compiling futures-timer v3.0.2
[INFO] [stderr]    Compiling void v1.0.2
[INFO] [stderr]    Compiling rand v0.8.5
[INFO] [stderr]    Compiling unsigned-varint v0.8.0
[INFO] [stderr]    Compiling data-encoding-macro-internal v0.1.12
[INFO] [stderr]    Compiling data-encoding-macro v0.1.14
[INFO] [stderr]    Compiling multibase v0.9.1
[INFO] [stderr]    Compiling futures-macro v0.3.30
[INFO] [stderr]    Compiling curve25519-dalek-derive v0.1.1
[INFO] [stderr]    Compiling thiserror-impl v1.0.56
[INFO] [stderr]    Compiling pin-project-internal v1.1.3
[INFO] [stderr]    Compiling tracing-attributes v0.1.27
[INFO] [stderr]    Compiling futures-util v0.3.30
[INFO] [stderr]    Compiling pin-project v1.1.3
[INFO] [stderr]    Compiling thiserror v1.0.56
[INFO] [stderr]    Compiling ed25519-dalek v2.1.0
[INFO] [stderr]    Compiling tracing v0.1.40
[INFO] [stderr]    Compiling libp2p-identity v0.2.8
[INFO] [stderr]    Compiling multiaddr v0.18.1
[INFO] [stderr]    Compiling futures-executor v0.3.30
[INFO] [stderr]    Compiling futures v0.3.30
[INFO] [stderr]    Compiling rw-stream-sink v0.4.0
[INFO] [stderr]    Compiling multistream-select v0.13.0
[INFO] [stderr]    Compiling libp2p-core v0.41.2
[INFO] [stderr]    Compiling libp2p-swarm v0.44.0 (/opt/rustwide/workdir)
[INFO] [stderr]     Finished dev [unoptimized + debuginfo] target(s) in 24.34s
[INFO] running `Command { std: "docker" "inspect" "f3f0d5ad998d613864ae852e30a5193d1215a73ffb4d0018c5500a682f3c0551", kill_on_drop: false }`
[INFO] running `Command { std: "docker" "rm" "-f" "f3f0d5ad998d613864ae852e30a5193d1215a73ffb4d0018c5500a682f3c0551", kill_on_drop: false }`
[INFO] [stdout] f3f0d5ad998d613864ae852e30a5193d1215a73ffb4d0018c5500a682f3c0551
[INFO] running `Command { std: "docker" "create" "-v" "/var/lib/crater-agent-workspace/builds/worker-2-tc1/target:/opt/rustwide/target:rw,Z" "-v" "/var/lib/crater-agent-workspace/builds/worker-2-tc1/source:/opt/rustwide/workdir:ro,Z" "-v" "/var/lib/crater-agent-workspace/cargo-home:/opt/rustwide/cargo-home:ro,Z" "-v" "/var/lib/crater-agent-workspace/rustup-home:/opt/rustwide/rustup-home:ro,Z" "-e" "SOURCE_DIR=/opt/rustwide/workdir" "-e" "CARGO_TARGET_DIR=/opt/rustwide/target" "-e" "CARGO_INCREMENTAL=0" "-e" "RUST_BACKTRACE=full" "-e" "RUSTFLAGS=--cap-lints=warn" "-e" "RUSTDOCFLAGS=--cap-lints=warn" "-e" "CARGO_HOME=/opt/rustwide/cargo-home" "-e" "RUSTUP_HOME=/opt/rustwide/rustup-home" "-w" "/opt/rustwide/workdir" "-m" "1610612736" "--user" "0:0" "--network" "none" "ghcr.io/rust-lang/crates-build-env/linux@sha256:2788e3201cd34a07e3172128adcd8b3090168a8e3bcc40d7c032b9dda1df7d1c" "/opt/rustwide/cargo-home/bin/cargo" "+1.75.0" "test" "--frozen" "--no-run" "--message-format=json", kill_on_drop: false }`
[INFO] [stdout] 4b8c936b819cf69a9337a64c2a6a4c3e8a6de84bd54c5bfd53af5ded0833d6b6
[INFO] running `Command { std: "docker" "start" "-a" "4b8c936b819cf69a9337a64c2a6a4c3e8a6de84bd54c5bfd53af5ded0833d6b6", kill_on_drop: false }`
[INFO] [stderr]    Compiling futures-io v0.3.30
[INFO] [stderr]    Compiling crossbeam-utils v0.8.18
[INFO] [stderr]    Compiling tracing-core v0.1.32
[INFO] [stderr]    Compiling parking v2.2.0
[INFO] [stderr]    Compiling value-bag v1.4.3
[INFO] [stderr]    Compiling futures-channel v0.3.30
[INFO] [stderr]    Compiling fastrand v2.0.1
[INFO] [stderr]    Compiling rustix v0.38.28
[INFO] [stderr]    Compiling log v0.4.20
[INFO] [stderr]    Compiling data-encoding-macro-internal v0.1.12
[INFO] [stderr]    Compiling futures-util v0.3.30
[INFO] [stderr]    Compiling futures-lite v2.1.0
[INFO] [stderr]    Compiling bitflags v2.4.1
[INFO] [stderr]    Compiling io-lifetimes v1.0.11
[INFO] [stderr]    Compiling tracing v0.1.40
[INFO] [stderr]    Compiling linux-raw-sys v0.4.12
[INFO] [stderr]    Compiling polling v2.8.0
[INFO] [stderr]    Compiling concurrent-queue v2.4.0
[INFO] [stderr]    Compiling data-encoding-macro v0.1.14
[INFO] [stderr]    Compiling atomic-waker v1.1.2
[INFO] [stderr]    Compiling rustix v0.37.27
[INFO] [stderr]    Compiling async-task v4.7.0
[INFO] [stderr]    Compiling event-listener v2.5.3
[INFO] [stderr]    Compiling event-listener v4.0.2
[INFO] [stderr]    Compiling libp2p-identity v0.2.8
[INFO] [stderr]    Compiling multibase v0.9.1
[INFO] [stderr]    Compiling piper v0.2.1
[INFO] [stderr]    Compiling event-listener-strategy v0.4.0
[INFO] [stderr]    Compiling async-io v1.13.0
[INFO] [stderr]    Compiling fastrand v1.9.0
[INFO] [stderr]    Compiling regex-syntax v0.8.2
[INFO] [stderr]    Compiling waker-fn v1.1.1
[INFO] [stderr]    Compiling async-lock v3.2.0
[INFO] [stderr]    Compiling async-channel v2.1.1
[INFO] [stderr]    Compiling linux-raw-sys v0.3.8
[INFO] [stderr]    Compiling regex-syntax v0.6.29
[INFO] [stderr]    Compiling multiaddr v0.18.1
[INFO] [stderr]    Compiling futures-lite v1.13.0
[INFO] [stderr]    Compiling async-executor v1.8.0
[INFO] [stderr]    Compiling blocking v1.5.1
[INFO] [stderr]    Compiling async-lock v2.8.0
[INFO] [stderr]    Compiling socket2 v0.4.10
[INFO] [stderr]    Compiling regex-automata v0.4.3
[INFO] [stderr]    Compiling regex-automata v0.1.10
[INFO] [stderr]    Compiling trybuild v1.0.87
[INFO] [stderr]    Compiling futures-executor v0.3.30
[INFO] [stderr]    Compiling futures v0.3.30
[INFO] [stderr]    Compiling rw-stream-sink v0.4.0
[INFO] [stderr]    Compiling multistream-select v0.13.0
[INFO] [stderr]    Compiling overload v0.1.1
[INFO] [stderr]    Compiling libp2p-core v0.41.2
[INFO] [stderr]    Compiling nu-ansi-term v0.46.0
[INFO] [stderr]    Compiling sharded-slab v0.1.7
[INFO] [stderr]    Compiling regex v1.10.2
[INFO] [stderr]    Compiling polling v3.3.1
[INFO] [stderr]    Compiling matchers v0.1.0
[INFO] [stderr]    Compiling async-channel v1.9.0
[INFO] [stderr]    Compiling async-io v2.2.2
[INFO] [stderr]    Compiling tracing-log v0.2.0
[INFO] [stderr]    Compiling kv-log-macro v1.0.7
[INFO] [stderr]    Compiling basic-toml v0.1.8
[INFO] [stderr]    Compiling async-attributes v1.1.2
[INFO] [stderr]    Compiling tokio-macros v2.2.0
[INFO] [stderr]    Compiling serde_derive v1.0.194
[INFO] [stderr]    Compiling thread_local v1.1.7
[INFO] [stderr]    Compiling async-global-executor v2.4.1
[INFO] [stderr]    Compiling tracing-subscriber v0.3.18
[INFO] [stderr]    Compiling async-std v1.12.0
[INFO] [stderr]    Compiling libp2p-swarm v0.44.0 (/opt/rustwide/workdir)
[INFO] [stderr]    Compiling tokio v1.35.1
[INFO] [stdout] error[E0432]: unresolved import `libp2p_swarm_test`
[INFO] [stdout]   --> tests/connection_close.rs:10:5
[INFO] [stdout]    |
[INFO] [stdout] 10 | use libp2p_swarm_test::SwarmExt;
[INFO] [stdout]    |     ^^^^^^^^^^^^^^^^^ use of undeclared crate or module `libp2p_swarm_test`
[INFO] [stdout]    |
[INFO] [stdout] help: there is a crate or module with a similar name
[INFO] [stdout]    |
[INFO] [stdout] 10 | use libp2p_swarm::SwarmExt;
[INFO] [stdout]    |     ~~~~~~~~~~~~
[INFO] [stdout] 
[INFO] [stdout] 
[INFO] [stdout] error[E0432]: unresolved import `libp2p_swarm_test`
[INFO] [stdout]   --> tests/listener.rs:14:5
[INFO] [stdout]    |
[INFO] [stdout] 14 | use libp2p_swarm_test::SwarmExt;
[INFO] [stdout]    |     ^^^^^^^^^^^^^^^^^ use of undeclared crate or module `libp2p_swarm_test`
[INFO] [stdout]    |
[INFO] [stdout] help: there is a crate or module with a similar name
[INFO] [stdout]    |
[INFO] [stdout] 14 | use libp2p_swarm::SwarmExt;
[INFO] [stdout]    |     ~~~~~~~~~~~~
[INFO] [stdout] 
[INFO] [stdout] 
[INFO] [stdout] error[E0432]: unresolved import `quickcheck`
[INFO] [stdout]    --> src/connection.rs:749:9
[INFO] [stdout]     |
[INFO] [stdout] 749 |     use quickcheck::*;
[INFO] [stdout]     |         ^^^^^^^^^^ use of undeclared crate or module `quickcheck`
[INFO] [stdout] 
[INFO] [stdout] 
[INFO] [stdout] error[E0432]: unresolved import `quickcheck`
[INFO] [stdout]     --> src/lib.rs:1790:9
[INFO] [stdout]      |
[INFO] [stdout] 1790 |     use quickcheck::*;
[INFO] [stdout]      |         ^^^^^^^^^^ use of undeclared crate or module `quickcheck`
[INFO] [stdout] 
[INFO] [stdout] 
[INFO] [stdout] error[E0432]: unresolved import `libp2p_plaintext`
[INFO] [stdout]     --> src/lib.rs:1788:9
[INFO] [stdout]      |
[INFO] [stdout] 1788 |     use libp2p_plaintext as plaintext;
[INFO] [stdout]      |         ^^^^^^^^^^^^^^^^^^^^^^^^^^^^^ no external crate `libp2p_plaintext`
[INFO] [stdout] 
[INFO] [stdout] 
[INFO] [stdout] error[E0432]: unresolved import `libp2p_yamux`
[INFO] [stdout]     --> src/lib.rs:1789:9
[INFO] [stdout]      |
[INFO] [stdout] 1789 |     use libp2p_yamux as yamux;
[INFO] [stdout]      |         ^^^^^^^^^^^^^^^^^^^^^ no external crate `libp2p_yamux`
[INFO] [stdout] 
[INFO] [stdout] 
[INFO] [stdout] error[E0599]: no function or associated item named `new_ephemeral` found for struct `Swarm` in the current scope
[INFO] [stdout]    --> tests/connection_close.rs:16:29
[INFO] [stdout]     |
[INFO] [stdout] 16  |     let mut swarm1 = Swarm::new_ephemeral(|_| Behaviour::new(3));
[INFO] [stdout]     |                             ^^^^^^^^^^^^^ function or associated item not found in `Swarm<_>`
[INFO] [stdout]     |
[INFO] [stdout] note: if you're trying to build a new `Swarm<_>`, consider using `Swarm::<TBehaviour>::new` which returns `Swarm<TBehaviour>`
[INFO] [stdout]    --> /opt/rustwide/workdir/src/lib.rs:360:5
[INFO] [stdout]     |
[INFO] [stdout] 360 | /     pub fn new(
[INFO] [stdout] 361 | |         transport: transport::Boxed<(PeerId, StreamMuxerBox)>,
[INFO] [stdout] 362 | |         behaviour: TBehaviour,
[INFO] [stdout] 363 | |         local_peer_id: PeerId,
[INFO] [stdout] 364 | |         config: Config,
[INFO] [stdout] 365 | |     ) -> Self {
[INFO] [stdout]     | |_____________^
[INFO] [stdout] 
[INFO] [stdout] 
[INFO] [stdout] error[E0599]: no function or associated item named `new_ephemeral` found for struct `Swarm` in the current scope
[INFO] [stdout]    --> tests/listener.rs:18:28
[INFO] [stdout]     |
[INFO] [stdout] 18  |     let mut swarm = Swarm::new_ephemeral(|_| Behaviour::default());
[INFO] [stdout]     |                            ^^^^^^^^^^^^^ function or associated item not found in `Swarm<_>`
[INFO] [stdout]     |
[INFO] [stdout] note: if you're trying to build a new `Swarm<_>`, consider using `Swarm::<TBehaviour>::new` which returns `Swarm<TBehaviour>`
[INFO] [stdout]    --> /opt/rustwide/workdir/src/lib.rs:360:5
[INFO] [stdout]     |
[INFO] [stdout] 360 | /     pub fn new(
[INFO] [stdout] 361 | |         transport: transport::Boxed<(PeerId, StreamMuxerBox)>,
[INFO] [stdout] 362 | |         behaviour: TBehaviour,
[INFO] [stdout] 363 | |         local_peer_id: PeerId,
[INFO] [stdout] 364 | |         config: Config,
[INFO] [stdout] 365 | |     ) -> Self {
[INFO] [stdout]     | |_____________^
[INFO] [stdout] 
[INFO] [stdout] 
[INFO] [stdout] error[E0599]: no function or associated item named `new_ephemeral` found for struct `Swarm` in the current scope
[INFO] [stdout]    --> tests/connection_close.rs:17:29
[INFO] [stdout]     |
[INFO] [stdout] 17  |     let mut swarm2 = Swarm::new_ephemeral(|_| Behaviour::new(3));
[INFO] [stdout]     |                             ^^^^^^^^^^^^^ function or associated item not found in `Swarm<_>`
[INFO] [stdout]     |
[INFO] [stdout] note: if you're trying to build a new `Swarm<_>`, consider using `Swarm::<TBehaviour>::new` which returns `Swarm<TBehaviour>`
[INFO] [stdout]    --> /opt/rustwide/workdir/src/lib.rs:360:5
[INFO] [stdout]     |
[INFO] [stdout] 360 | /     pub fn new(
[INFO] [stdout] 361 | |         transport: transport::Boxed<(PeerId, StreamMuxerBox)>,
[INFO] [stdout] 362 | |         behaviour: TBehaviour,
[INFO] [stdout] 363 | |         local_peer_id: PeerId,
[INFO] [stdout] 364 | |         config: Config,
[INFO] [stdout] 365 | |     ) -> Self {
[INFO] [stdout]     | |_____________^
[INFO] [stdout] 
[INFO] [stdout] 
[INFO] [stdout] error[E0433]: failed to resolve: use of undeclared crate or module `libp2p_swarm_test`
[INFO] [stdout]   --> tests/connection_close.rs:24:11
[INFO] [stdout]    |
[INFO] [stdout] 24 |     match libp2p_swarm_test::drive(&mut swarm1, &mut swarm2).await {
[INFO] [stdout]    |           ^^^^^^^^^^^^^^^^^ use of undeclared crate or module `libp2p_swarm_test`
[INFO] [stdout]    |
[INFO] [stdout] help: there is a crate or module with a similar name
[INFO] [stdout]    |
[INFO] [stdout] 24 |     match libp2p_swarm::drive(&mut swarm1, &mut swarm2).await {
[INFO] [stdout]    |           ~~~~~~~~~~~~
[INFO] [stdout] 
[INFO] [stdout] 
[INFO] [stdout] error[E0405]: cannot find trait `Arbitrary` in this scope
[INFO] [stdout]    --> src/connection.rs:962:14
[INFO] [stdout]     |
[INFO] [stdout] 962 |         impl Arbitrary for ArbitraryShutdown {
[INFO] [stdout]     |              ^^^^^^^^^ not found in this scope
[INFO] [stdout] 
[INFO] [stdout] 
[INFO] [stdout] error[E0412]: cannot find type `Gen` in this scope
[INFO] [stdout]    --> src/connection.rs:963:34
[INFO] [stdout]     |
[INFO] [stdout] 963 |             fn arbitrary(g: &mut Gen) -> Self {
[INFO] [stdout]     |                                  ^^^ not found in this scope
[INFO] [stdout] 
[INFO] [stdout] 
[INFO] [stdout] error[E0405]: cannot find trait `Arbitrary` in this scope
[INFO] [stdout]     --> src/lib.rs:2069:14
[INFO] [stdout]      |
[INFO] [stdout] 2069 |         impl Arbitrary for DialConcurrencyFactor {
[INFO] [stdout]      |              ^^^^^^^^^ not found in this scope
[INFO] [stdout] 
[INFO] [stdout] 
[INFO] [stdout] error[E0412]: cannot find type `Gen` in this scope
[INFO] [stdout]     --> src/lib.rs:2070:34
[INFO] [stdout]      |
[INFO] [stdout] 2070 |             fn arbitrary(g: &mut Gen) -> Self {
[INFO] [stdout]      |                                  ^^^ not found in this scope
[INFO] [stdout] 
[INFO] [stdout] 
[INFO] [stdout] error: aborting due to 4 previous errors
[INFO] [stdout] 
[INFO] [stdout] 
[INFO] [stdout] Some errors have detailed explanations: E0432, E0433, E0599.
[INFO] [stdout] 
[INFO] [stdout] For more information about an error, try `rustc --explain E0432`.
[INFO] [stdout] 
[INFO] [stderr] error: could not compile `libp2p-swarm` (test "connection_close") due to 5 previous errors
[INFO] [stderr] warning: build failed, waiting for other jobs to finish...
[INFO] [stdout] error: aborting due to 2 previous errors
[INFO] [stdout] 
[INFO] [stdout] 
[INFO] [stdout] Some errors have detailed explanations: E0432, E0599.
[INFO] [stdout] 
[INFO] [stdout] For more information about an error, try `rustc --explain E0432`.
[INFO] [stdout] 
[INFO] [stderr] error: could not compile `libp2p-swarm` (test "listener") due to 3 previous errors
[INFO] [stdout] error[E0433]: failed to resolve: use of undeclared type `QuickCheck`
[INFO] [stdout]    --> src/connection.rs:785:9
[INFO] [stdout]     |
[INFO] [stdout] 785 |         QuickCheck::new().quickcheck(prop as fn(_));
[INFO] [stdout]     |         ^^^^^^^^^^ use of undeclared type `QuickCheck`
[INFO] [stdout] 
[INFO] [stdout] 
[INFO] [stdout] error[E0433]: failed to resolve: use of undeclared type `QuickCheck`
[INFO] [stdout]    --> src/connection.rs:988:9
[INFO] [stdout]     |
[INFO] [stdout] 988 |         QuickCheck::new().quickcheck(prop as fn(_, _, _));
[INFO] [stdout]     |         ^^^^^^^^^^ use of undeclared type `QuickCheck`
[INFO] [stdout] 
[INFO] [stdout] 
[INFO] [stdout] error[E0433]: failed to resolve: use of undeclared type `QuickCheck`
[INFO] [stdout]     --> src/lib.rs:2133:9
[INFO] [stdout]      |
[INFO] [stdout] 2133 |         QuickCheck::new().tests(10).quickcheck(prop as fn(_) -> _);
[INFO] [stdout]      |         ^^^^^^^^^^ use of undeclared type `QuickCheck`
[INFO] [stdout] 
[INFO] [stdout] 
[INFO] [stdout] error: aborting due to 11 previous errors
[INFO] [stdout] 
[INFO] [stdout] 
[INFO] [stdout] Some errors have detailed explanations: E0405, E0412, E0432, E0433.
[INFO] [stdout] 
[INFO] [stdout] For more information about an error, try `rustc --explain E0405`.
[INFO] [stdout] 
[INFO] [stderr] error: could not compile `libp2p-swarm` (lib test) due to 12 previous errors
[INFO] running `Command { std: "docker" "inspect" "4b8c936b819cf69a9337a64c2a6a4c3e8a6de84bd54c5bfd53af5ded0833d6b6", kill_on_drop: false }`
[INFO] running `Command { std: "docker" "rm" "-f" "4b8c936b819cf69a9337a64c2a6a4c3e8a6de84bd54c5bfd53af5ded0833d6b6", kill_on_drop: false }`
[INFO] [stdout] 4b8c936b819cf69a9337a64c2a6a4c3e8a6de84bd54c5bfd53af5ded0833d6b6
[INFO] testing libp2p-swarm-0.44.0 against beta-2023-12-22 for beta-1.76-1
[INFO] extracting crate libp2p-swarm 0.44.0 into /workspace/builds/worker-2-tc2/source
[INFO] validating manifest of crates.io crate libp2p-swarm 0.44.0 on toolchain beta-2023-12-22
[INFO] running `Command { std: CARGO_HOME="/workspace/cargo-home" RUSTUP_HOME="/workspace/rustup-home" "/workspace/cargo-home/bin/cargo" "+beta-2023-12-22" "metadata" "--manifest-path" "Cargo.toml" "--no-deps", kill_on_drop: false }`
[INFO] started tweaking crates.io crate libp2p-swarm 0.44.0
[INFO] removed 0 missing tests
[INFO] finished tweaking crates.io crate libp2p-swarm 0.44.0
[INFO] tweaked toml for crates.io crate libp2p-swarm 0.44.0 written to /workspace/builds/worker-2-tc2/source/Cargo.toml
[INFO] running `Command { std: CARGO_HOME="/workspace/cargo-home" RUSTUP_HOME="/workspace/rustup-home" "/workspace/cargo-home/bin/cargo" "+beta-2023-12-22" "generate-lockfile" "--manifest-path" "Cargo.toml", kill_on_drop: false }`
[INFO] [stderr]     Updating crates.io index
[INFO] running `Command { std: CARGO_HOME="/workspace/cargo-home" RUSTUP_HOME="/workspace/rustup-home" "/workspace/cargo-home/bin/cargo" "+beta-2023-12-22" "fetch" "--manifest-path" "Cargo.toml", kill_on_drop: false }`
[INFO] [stderr]     Blocking waiting for file lock on package cache
[INFO] [stderr]     Blocking waiting for file lock on package cache
[INFO] running `Command { std: "docker" "create" "-v" "/var/lib/crater-agent-workspace/builds/worker-2-tc2/target:/opt/rustwide/target:rw,Z" "-v" "/var/lib/crater-agent-workspace/builds/worker-2-tc2/source:/opt/rustwide/workdir:ro,Z" "-v" "/var/lib/crater-agent-workspace/cargo-home:/opt/rustwide/cargo-home:ro,Z" "-v" "/var/lib/crater-agent-workspace/rustup-home:/opt/rustwide/rustup-home:ro,Z" "-e" "SOURCE_DIR=/opt/rustwide/workdir" "-e" "CARGO_TARGET_DIR=/opt/rustwide/target" "-e" "CARGO_HOME=/opt/rustwide/cargo-home" "-e" "RUSTUP_HOME=/opt/rustwide/rustup-home" "-w" "/opt/rustwide/workdir" "-m" "1610612736" "--user" "0:0" "--network" "none" "ghcr.io/rust-lang/crates-build-env/linux@sha256:2788e3201cd34a07e3172128adcd8b3090168a8e3bcc40d7c032b9dda1df7d1c" "/opt/rustwide/cargo-home/bin/cargo" "+beta-2023-12-22" "metadata" "--no-deps" "--format-version=1", kill_on_drop: false }`
[INFO] [stdout] f10edc9780666209510d7c7b083ada0b90f1c9c9471bcc0ee18db83d63248d9f
[INFO] running `Command { std: "docker" "start" "-a" "f10edc9780666209510d7c7b083ada0b90f1c9c9471bcc0ee18db83d63248d9f", kill_on_drop: false }`
[INFO] running `Command { std: "docker" "inspect" "f10edc9780666209510d7c7b083ada0b90f1c9c9471bcc0ee18db83d63248d9f", kill_on_drop: false }`
[INFO] running `Command { std: "docker" "rm" "-f" "f10edc9780666209510d7c7b083ada0b90f1c9c9471bcc0ee18db83d63248d9f", kill_on_drop: false }`
[INFO] [stdout] f10edc9780666209510d7c7b083ada0b90f1c9c9471bcc0ee18db83d63248d9f
[INFO] running `Command { std: "docker" "create" "-v" "/var/lib/crater-agent-workspace/builds/worker-2-tc2/target:/opt/rustwide/target:rw,Z" "-v" "/var/lib/crater-agent-workspace/builds/worker-2-tc2/source:/opt/rustwide/workdir:ro,Z" "-v" "/var/lib/crater-agent-workspace/cargo-home:/opt/rustwide/cargo-home:ro,Z" "-v" "/var/lib/crater-agent-workspace/rustup-home:/opt/rustwide/rustup-home:ro,Z" "-e" "SOURCE_DIR=/opt/rustwide/workdir" "-e" "CARGO_TARGET_DIR=/opt/rustwide/target" "-e" "CARGO_INCREMENTAL=0" "-e" "RUST_BACKTRACE=full" "-e" "RUSTFLAGS=--cap-lints=warn" "-e" "RUSTDOCFLAGS=--cap-lints=warn" "-e" "CARGO_HOME=/opt/rustwide/cargo-home" "-e" "RUSTUP_HOME=/opt/rustwide/rustup-home" "-w" "/opt/rustwide/workdir" "-m" "1610612736" "--user" "0:0" "--network" "none" "ghcr.io/rust-lang/crates-build-env/linux@sha256:2788e3201cd34a07e3172128adcd8b3090168a8e3bcc40d7c032b9dda1df7d1c" "/opt/rustwide/cargo-home/bin/cargo" "+beta-2023-12-22" "build" "--frozen" "--message-format=json", kill_on_drop: false }`
[INFO] [stdout] 9e4a62267f385738e981c5261193eab38aa3f80b5b266771e0453c76732e4a7f
[INFO] running `Command { std: "docker" "start" "-a" "9e4a62267f385738e981c5261193eab38aa3f80b5b266771e0453c76732e4a7f", kill_on_drop: false }`
[INFO] [stderr]    Compiling semver v1.0.21
[INFO] [stderr]    Compiling subtle v2.5.0
[INFO] [stderr]    Compiling platforms v3.3.0
[INFO] [stderr]    Compiling syn v2.0.48
[INFO] [stderr]    Compiling syn v1.0.109
[INFO] [stderr]    Compiling futures-core v0.3.30
[INFO] [stderr]    Compiling crypto-common v0.1.6
[INFO] [stderr]    Compiling futures-sink v0.3.30
[INFO] [stderr]    Compiling futures-channel v0.3.30
[INFO] [stderr]    Compiling digest v0.10.7
[INFO] [stderr]    Compiling signature v2.2.0
[INFO] [stderr]    Compiling zeroize v1.7.0
[INFO] [stderr]    Compiling ed25519 v2.2.3
[INFO] [stderr]    Compiling getrandom v0.2.11
[INFO] [stderr]    Compiling hmac v0.12.1
[INFO] [stderr]    Compiling sha2 v0.10.8
[INFO] [stderr]    Compiling rustc_version v0.4.0
[INFO] [stderr]    Compiling core2 v0.4.0
[INFO] [stderr]    Compiling lock_api v0.4.11
[INFO] [stderr]    Compiling smallvec v1.11.2
[INFO] [stderr]    Compiling parking_lot_core v0.9.9
[INFO] [stderr]    Compiling data-encoding v2.5.0
[INFO] [stderr]    Compiling quick-protobuf v0.8.1
[INFO] [stderr]    Compiling curve25519-dalek v4.1.1
[INFO] [stderr]    Compiling multihash v0.19.1
[INFO] [stderr]    Compiling rand_core v0.6.4
[INFO] [stderr]    Compiling hkdf v0.12.4
[INFO] [stderr]    Compiling bs58 v0.5.0
[INFO] [stderr]    Compiling scopeguard v1.2.0
[INFO] [stderr]    Compiling ppv-lite86 v0.2.17
[INFO] [stderr]    Compiling static_assertions v1.1.0
[INFO] [stderr]    Compiling url v2.5.0
[INFO] [stderr]    Compiling instant v0.1.12
[INFO] [stderr]    Compiling futures-timer v3.0.2
[INFO] [stderr]    Compiling either v1.9.0
[INFO] [stderr]    Compiling parking_lot v0.12.1
[INFO] [stderr]    Compiling rand_chacha v0.3.1
[INFO] [stderr]    Compiling data-encoding-macro-internal v0.1.12
[INFO] [stderr]    Compiling void v1.0.2
[INFO] [stderr]    Compiling unsigned-varint v0.8.0
[INFO] [stderr]    Compiling rand v0.8.5
[INFO] [stderr]    Compiling data-encoding-macro v0.1.14
[INFO] [stderr]    Compiling multibase v0.9.1
[INFO] [stderr]    Compiling futures-macro v0.3.30
[INFO] [stderr]    Compiling curve25519-dalek-derive v0.1.1
[INFO] [stderr]    Compiling tracing-attributes v0.1.27
[INFO] [stderr]    Compiling thiserror-impl v1.0.56
[INFO] [stderr]    Compiling pin-project-internal v1.1.3
[INFO] [stderr]    Compiling futures-util v0.3.30
[INFO] [stderr]    Compiling thiserror v1.0.56
[INFO] [stderr]    Compiling pin-project v1.1.3
[INFO] [stderr]    Compiling tracing v0.1.40
[INFO] [stderr]    Compiling ed25519-dalek v2.1.0
[INFO] [stderr]    Compiling libp2p-identity v0.2.8
[INFO] [stderr]    Compiling multiaddr v0.18.1
[INFO] [stderr]    Compiling futures-executor v0.3.30
[INFO] [stderr]    Compiling futures v0.3.30
[INFO] [stderr]    Compiling multistream-select v0.13.0
[INFO] [stderr]    Compiling rw-stream-sink v0.4.0
[INFO] [stderr]    Compiling libp2p-core v0.41.2
[INFO] [stderr]    Compiling libp2p-swarm v0.44.0 (/opt/rustwide/workdir)
[INFO] [stderr]     Finished dev [unoptimized + debuginfo] target(s) in 20.48s
[INFO] running `Command { std: "docker" "inspect" "9e4a62267f385738e981c5261193eab38aa3f80b5b266771e0453c76732e4a7f", kill_on_drop: false }`
[INFO] running `Command { std: "docker" "rm" "-f" "9e4a62267f385738e981c5261193eab38aa3f80b5b266771e0453c76732e4a7f", kill_on_drop: false }`
[INFO] [stdout] 9e4a62267f385738e981c5261193eab38aa3f80b5b266771e0453c76732e4a7f
[INFO] running `Command { std: "docker" "create" "-v" "/var/lib/crater-agent-workspace/builds/worker-2-tc2/target:/opt/rustwide/target:rw,Z" "-v" "/var/lib/crater-agent-workspace/builds/worker-2-tc2/source:/opt/rustwide/workdir:ro,Z" "-v" "/var/lib/crater-agent-workspace/cargo-home:/opt/rustwide/cargo-home:ro,Z" "-v" "/var/lib/crater-agent-workspace/rustup-home:/opt/rustwide/rustup-home:ro,Z" "-e" "SOURCE_DIR=/opt/rustwide/workdir" "-e" "CARGO_TARGET_DIR=/opt/rustwide/target" "-e" "CARGO_INCREMENTAL=0" "-e" "RUST_BACKTRACE=full" "-e" "RUSTFLAGS=--cap-lints=warn" "-e" "RUSTDOCFLAGS=--cap-lints=warn" "-e" "CARGO_HOME=/opt/rustwide/cargo-home" "-e" "RUSTUP_HOME=/opt/rustwide/rustup-home" "-w" "/opt/rustwide/workdir" "-m" "1610612736" "--user" "0:0" "--network" "none" "ghcr.io/rust-lang/crates-build-env/linux@sha256:2788e3201cd34a07e3172128adcd8b3090168a8e3bcc40d7c032b9dda1df7d1c" "/opt/rustwide/cargo-home/bin/cargo" "+beta-2023-12-22" "test" "--frozen" "--no-run" "--message-format=json", kill_on_drop: false }`
[INFO] [stdout] c26ea1cc9d28f43d39c4794233ca137b4ba6d3aa52e9e5da9e470c542f3c90e7
[INFO] running `Command { std: "docker" "start" "-a" "c26ea1cc9d28f43d39c4794233ca137b4ba6d3aa52e9e5da9e470c542f3c90e7", kill_on_drop: false }`
[INFO] [stderr]    Compiling futures-io v0.3.30
[INFO] [stderr]    Compiling crossbeam-utils v0.8.18
[INFO] [stderr]    Compiling tracing-core v0.1.32
[INFO] [stderr]    Compiling parking v2.2.0
[INFO] [stderr]    Compiling value-bag v1.4.3
[INFO] [stderr]    Compiling futures-channel v0.3.30
[INFO] [stderr]    Compiling fastrand v2.0.1
[INFO] [stderr]    Compiling rustix v0.38.28
[INFO] [stderr]    Compiling data-encoding-macro-internal v0.1.12
[INFO] [stderr]    Compiling log v0.4.20
[INFO] [stderr]    Compiling futures-lite v2.1.0
[INFO] [stderr]    Compiling linux-raw-sys v0.4.12
[INFO] [stderr]    Compiling futures-util v0.3.30
[INFO] [stderr]    Compiling tracing v0.1.40
[INFO] [stderr]    Compiling io-lifetimes v1.0.11
[INFO] [stderr]    Compiling concurrent-queue v2.4.0
[INFO] [stderr]    Compiling event-listener v4.0.2
[INFO] [stderr]    Compiling bitflags v2.4.1
[INFO] [stderr]    Compiling data-encoding-macro v0.1.14
[INFO] [stderr]    Compiling polling v2.8.0
[INFO] [stderr]    Compiling rustix v0.37.27
[INFO] [stderr]    Compiling event-listener v2.5.3
[INFO] [stderr]    Compiling async-task v4.7.0
[INFO] [stderr]    Compiling event-listener-strategy v0.4.0
[INFO] [stderr]    Compiling atomic-waker v1.1.2
[INFO] [stderr]    Compiling multibase v0.9.1
[INFO] [stderr]    Compiling async-lock v3.2.0
[INFO] [stderr]    Compiling async-channel v2.1.1
[INFO] [stderr]    Compiling piper v0.2.1
[INFO] [stderr]    Compiling libp2p-identity v0.2.8
[INFO] [stderr]    Compiling async-io v1.13.0
[INFO] [stderr]    Compiling waker-fn v1.1.1
[INFO] [stderr]    Compiling regex-syntax v0.8.2
[INFO] [stderr]    Compiling regex-syntax v0.6.29
[INFO] [stderr]    Compiling fastrand v1.9.0
[INFO] [stderr]    Compiling linux-raw-sys v0.3.8
[INFO] [stderr]    Compiling futures-lite v1.13.0
[INFO] [stderr]    Compiling async-executor v1.8.0
[INFO] [stderr]    Compiling blocking v1.5.1
[INFO] [stderr]    Compiling multiaddr v0.18.1
[INFO] [stderr]    Compiling async-lock v2.8.0
[INFO] [stderr]    Compiling socket2 v0.4.10
[INFO] [stderr]    Compiling overload v0.1.1
[INFO] [stderr]    Compiling trybuild v1.0.87
[INFO] [stderr]    Compiling futures-executor v0.3.30
[INFO] [stderr]    Compiling regex-automata v0.4.3
[INFO] [stderr]    Compiling regex-automata v0.1.10
[INFO] [stderr]    Compiling futures v0.3.30
[INFO] [stderr]    Compiling multistream-select v0.13.0
[INFO] [stderr]    Compiling polling v3.3.1
[INFO] [stderr]    Compiling rw-stream-sink v0.4.0
[INFO] [stderr]    Compiling libp2p-core v0.41.2
[INFO] [stderr]    Compiling async-io v2.2.2
[INFO] [stderr]    Compiling matchers v0.1.0
[INFO] [stderr]    Compiling async-global-executor v2.4.1
[INFO] [stderr]    Compiling regex v1.10.2
[INFO] [stderr]    Compiling nu-ansi-term v0.46.0
[INFO] [stderr]    Compiling sharded-slab v0.1.7
[INFO] [stderr]    Compiling async-channel v1.9.0
[INFO] [stderr]    Compiling tracing-log v0.2.0
[INFO] [stderr]    Compiling kv-log-macro v1.0.7
[INFO] [stderr]    Compiling basic-toml v0.1.8
[INFO] [stderr]    Compiling async-attributes v1.1.2
[INFO] [stderr]    Compiling serde_derive v1.0.194
[INFO] [stderr]    Compiling tokio-macros v2.2.0
[INFO] [stderr]    Compiling thread_local v1.1.7
[INFO] [stderr]    Compiling libp2p-swarm v0.44.0 (/opt/rustwide/workdir)
[INFO] [stderr]    Compiling tracing-subscriber v0.3.18
[INFO] [stderr]    Compiling async-std v1.12.0
[INFO] [stderr]    Compiling tokio v1.35.1
[INFO] [stdout] error[E0432]: unresolved import `libp2p_swarm_test`
[INFO] [stdout]   --> tests/listener.rs:14:5
[INFO] [stdout]    |
[INFO] [stdout] 14 | use libp2p_swarm_test::SwarmExt;
[INFO] [stdout]    |     ^^^^^^^^^^^^^^^^^ use of undeclared crate or module `libp2p_swarm_test`
[INFO] [stdout]    |
[INFO] [stdout] help: there is a crate or module with a similar name
[INFO] [stdout]    |
[INFO] [stdout] 14 | use libp2p_swarm::SwarmExt;
[INFO] [stdout]    |     ~~~~~~~~~~~~
[INFO] [stdout] 
[INFO] [stdout] 
[INFO] [stdout] error[E0432]: unresolved import `libp2p_swarm_test`
[INFO] [stdout]   --> tests/connection_close.rs:10:5
[INFO] [stdout]    |
[INFO] [stdout] 10 | use libp2p_swarm_test::SwarmExt;
[INFO] [stdout]    |     ^^^^^^^^^^^^^^^^^ use of undeclared crate or module `libp2p_swarm_test`
[INFO] [stdout]    |
[INFO] [stdout] help: there is a crate or module with a similar name
[INFO] [stdout]    |
[INFO] [stdout] 10 | use libp2p_swarm::SwarmExt;
[INFO] [stdout]    |     ~~~~~~~~~~~~
[INFO] [stdout] 
[INFO] [stdout] 
[INFO] [stdout] error[E0432]: unresolved import `quickcheck`
[INFO] [stdout]    --> src/connection.rs:749:9
[INFO] [stdout]     |
[INFO] [stdout] 749 |     use quickcheck::*;
[INFO] [stdout]     |         ^^^^^^^^^^ use of undeclared crate or module `quickcheck`
[INFO] [stdout] 
[INFO] [stdout] 
[INFO] [stdout] error[E0432]: unresolved import `quickcheck`
[INFO] [stdout]     --> src/lib.rs:1790:9
[INFO] [stdout]      |
[INFO] [stdout] 1790 |     use quickcheck::*;
[INFO] [stdout]      |         ^^^^^^^^^^ use of undeclared crate or module `quickcheck`
[INFO] [stdout] 
[INFO] [stdout] 
[INFO] [stdout] error[E0432]: unresolved import `libp2p_plaintext`
[INFO] [stdout]     --> src/lib.rs:1788:9
[INFO] [stdout]      |
[INFO] [stdout] 1788 |     use libp2p_plaintext as plaintext;
[INFO] [stdout]      |         ^^^^^^^^^^^^^^^^^^^^^^^^^^^^^ no external crate `libp2p_plaintext`
[INFO] [stdout] 
[INFO] [stdout] 
[INFO] [stdout] error[E0432]: unresolved import `libp2p_yamux`
[INFO] [stdout]     --> src/lib.rs:1789:9
[INFO] [stdout]      |
[INFO] [stdout] 1789 |     use libp2p_yamux as yamux;
[INFO] [stdout]      |         ^^^^^^^^^^^^^^^^^^^^^ no external crate `libp2p_yamux`
[INFO] [stdout] 
[INFO] [stdout] 
[INFO] [stdout] error[E0405]: cannot find trait `Arbitrary` in this scope
[INFO] [stdout]    --> src/connection.rs:962:14
[INFO] [stdout]     |
[INFO] [stdout] 962 |         impl Arbitrary for ArbitraryShutdown {
[INFO] [stdout]     |              ^^^^^^^^^ not found in this scope
[INFO] [stdout] 
[INFO] [stdout] 
[INFO] [stdout] error[E0412]: cannot find type `Gen` in this scope
[INFO] [stdout]    --> src/connection.rs:963:34
[INFO] [stdout]     |
[INFO] [stdout] 963 |             fn arbitrary(g: &mut Gen) -> Self {
[INFO] [stdout]     |                                  ^^^ not found in this scope
[INFO] [stdout] 
[INFO] [stdout] 
[INFO] [stdout] error[E0405]: cannot find trait `Arbitrary` in this scope
[INFO] [stdout]     --> src/lib.rs:2069:14
[INFO] [stdout]      |
[INFO] [stdout] 2069 |         impl Arbitrary for DialConcurrencyFactor {
[INFO] [stdout]      |              ^^^^^^^^^ not found in this scope
[INFO] [stdout] 
[INFO] [stdout] 
[INFO] [stdout] error[E0412]: cannot find type `Gen` in this scope
[INFO] [stdout]     --> src/lib.rs:2070:34
[INFO] [stdout]      |
[INFO] [stdout] 2070 |             fn arbitrary(g: &mut Gen) -> Self {
[INFO] [stdout]      |                                  ^^^ not found in this scope
[INFO] [stdout] 
[INFO] [stdout] 
[INFO] [stdout] error[E0599]: no function or associated item named `new_ephemeral` found for struct `Swarm` in the current scope
[INFO] [stdout]    --> tests/listener.rs:18:28
[INFO] [stdout]     |
[INFO] [stdout] 18  |     let mut swarm = Swarm::new_ephemeral(|_| Behaviour::default());
[INFO] [stdout]     |                            ^^^^^^^^^^^^^ function or associated item not found in `Swarm<_>`
[INFO] [stdout]     |
[INFO] [stdout] note: if you're trying to build a new `Swarm<_>`, consider using `Swarm::<TBehaviour>::new` which returns `Swarm<TBehaviour>`
[INFO] [stdout]    --> /opt/rustwide/workdir/src/lib.rs:360:5
[INFO] [stdout]     |
[INFO] [stdout] 360 | /     pub fn new(
[INFO] [stdout] 361 | |         transport: transport::Boxed<(PeerId, StreamMuxerBox)>,
[INFO] [stdout] 362 | |         behaviour: TBehaviour,
[INFO] [stdout] 363 | |         local_peer_id: PeerId,
[INFO] [stdout] 364 | |         config: Config,
[INFO] [stdout] 365 | |     ) -> Self {
[INFO] [stdout]     | |_____________^
[INFO] [stdout] 
[INFO] [stdout] 
[INFO] [stdout] error[E0599]: no function or associated item named `new_ephemeral` found for struct `Swarm` in the current scope
[INFO] [stdout]    --> tests/connection_close.rs:16:29
[INFO] [stdout]     |
[INFO] [stdout] 16  |     let mut swarm1 = Swarm::new_ephemeral(|_| Behaviour::new(3));
[INFO] [stdout]     |                             ^^^^^^^^^^^^^ function or associated item not found in `Swarm<_>`
[INFO] [stdout]     |
[INFO] [stdout] note: if you're trying to build a new `Swarm<_>`, consider using `Swarm::<TBehaviour>::new` which returns `Swarm<TBehaviour>`
[INFO] [stdout]    --> /opt/rustwide/workdir/src/lib.rs:360:5
[INFO] [stdout]     |
[INFO] [stdout] 360 | /     pub fn new(
[INFO] [stdout] 361 | |         transport: transport::Boxed<(PeerId, StreamMuxerBox)>,
[INFO] [stdout] 362 | |         behaviour: TBehaviour,
[INFO] [stdout] 363 | |         local_peer_id: PeerId,
[INFO] [stdout] 364 | |         config: Config,
[INFO] [stdout] 365 | |     ) -> Self {
[INFO] [stdout]     | |_____________^
[INFO] [stdout] 
[INFO] [stdout] 
[INFO] [stdout] error[E0433]: failed to resolve: use of undeclared type `QuickCheck`
[INFO] [stdout]    --> src/connection.rs:785:9
[INFO] [stdout]     |
[INFO] [stdout] 785 |         QuickCheck::new().quickcheck(prop as fn(_));
[INFO] [stdout]     |         ^^^^^^^^^^ use of undeclared type `QuickCheck`
[INFO] [stdout] 
[INFO] [stdout] 
[INFO] [stdout] error: aborting due to 2 previous errors
[INFO] [stdout] 
[INFO] [stdout] 
[INFO] [stderr] error: could not compile `libp2p-swarm` (test "listener") due to 3 previous errors
[INFO] [stdout] Some errors have detailed explanations: E0432, E0599.
[INFO] [stdout] 
[INFO] [stderr] warning: build failed, waiting for other jobs to finish...
[INFO] [stdout] For more information about an error, try `rustc --explain E0432`.
[INFO] [stdout] 
[INFO] [stderr] error: could not compile `libp2p-swarm` (test "connection_close") due to 5 previous errors
[INFO] [stdout] error[E0433]: failed to resolve: use of undeclared type `QuickCheck`
[INFO] [stdout]    --> src/connection.rs:988:9
[INFO] [stdout]     |
[INFO] [stdout] 988 |         QuickCheck::new().quickcheck(prop as fn(_, _, _));
[INFO] [stdout]     |         ^^^^^^^^^^ use of undeclared type `QuickCheck`
[INFO] [stdout] 
[INFO] [stdout] 
[INFO] [stdout] error[E0433]: failed to resolve: use of undeclared type `QuickCheck`
[INFO] [stdout]     --> src/lib.rs:2133:9
[INFO] [stdout]      |
[INFO] [stdout] 2133 |         QuickCheck::new().tests(10).quickcheck(prop as fn(_) -> _);
[INFO] [stdout]      |         ^^^^^^^^^^ use of undeclared type `QuickCheck`
[INFO] [stdout] 
[INFO] [stdout] 
[INFO] [stdout] error: aborting due to 11 previous errors
[INFO] [stdout] 
[INFO] [stdout] 
[INFO] [stdout] Some errors have detailed explanations: E0405, E0412, E0432, E0433.
[INFO] [stdout] 
[INFO] [stdout] error[E0599]: no function or associated item named `new_ephemeral` found for struct `Swarm` in the current scope
[INFO] [stdout]    --> tests/connection_close.rs:17:29
[INFO] [stdout]     |
[INFO] [stdout] 17  |     let mut swarm2 = Swarm::new_ephemeral(|_| Behaviour::new(3));
[INFO] [stdout]     |                             ^^^^^^^^^^^^^ function or associated item not found in `Swarm<_>`
[INFO] [stdout]     |
[INFO] [stdout] note: if you're trying to build a new `Swarm<_>`, consider using `Swarm::<TBehaviour>::new` which returns `Swarm<TBehaviour>`
[INFO] [stdout]    --> /opt/rustwide/workdir/src/lib.rs:360:5
[INFO] [stdout]     |
[INFO] [stdout] 360 | /     pub fn new(
[INFO] [stdout] 361 | |         transport: transport::Boxed<(PeerId, StreamMuxerBox)>,
[INFO] [stdout] 362 | |         behaviour: TBehaviour,
[INFO] [stdout] 363 | |         local_peer_id: PeerId,
[INFO] [stdout] 364 | |         config: Config,
[INFO] [stdout] 365 | |     ) -> Self {
[INFO] [stdout]     | |_____________^
[INFO] [stdout] 
[INFO] [stdout] 
[INFO] [stdout] error[E0433]: failed to resolve: use of undeclared crate or module `libp2p_swarm_test`
[INFO] [stdout]   --> tests/connection_close.rs:24:11
[INFO] [stdout]    |
[INFO] [stdout] 24 |     match libp2p_swarm_test::drive(&mut swarm1, &mut swarm2).await {
[INFO] [stdout]    |           ^^^^^^^^^^^^^^^^^ use of undeclared crate or module `libp2p_swarm_test`
[INFO] [stdout]    |
[INFO] [stdout] help: there is a crate or module with a similar name
[INFO] [stdout]    |
[INFO] [stdout] 24 |     match libp2p_swarm::drive(&mut swarm1, &mut swarm2).await {
[INFO] [stdout]    |           ~~~~~~~~~~~~
[INFO] [stdout] 
[INFO] [stdout] 
[INFO] [stdout] error: aborting due to 4 previous errors
[INFO] [stdout] 
[INFO] [stdout] 
[INFO] [stdout] Some errors have detailed explanations: E0432, E0433, E0599.
[INFO] [stdout] 
[INFO] [stdout] For more information about an error, try `rustc --explain E0432`.
[INFO] [stdout] 
[INFO] [stdout] For more information about an error, try `rustc --explain E0405`.
[INFO] [stdout] 
[INFO] [stderr] error: could not compile `libp2p-swarm` (lib test) due to 12 previous errors
[INFO] running `Command { std: "docker" "inspect" "c26ea1cc9d28f43d39c4794233ca137b4ba6d3aa52e9e5da9e470c542f3c90e7", kill_on_drop: false }`
[INFO] running `Command { std: "docker" "rm" "-f" "c26ea1cc9d28f43d39c4794233ca137b4ba6d3aa52e9e5da9e470c542f3c90e7", kill_on_drop: false }`
[INFO] [stdout] c26ea1cc9d28f43d39c4794233ca137b4ba6d3aa52e9e5da9e470c542f3c90e7
